NG v0.001_05 Perl 5 v5.27.9 MSWin32-x86-multi-thread-64int

Status
Fail
From
Alexandr Ciornii (CHORNY)
Dist
NG v0.001_05
Platform
Perl 5 v5.27.9 MSWin32-x86-multi-thread-64int
Date
2018-03-23 08:26:16
ID
c4e29340-6c22-1014-b3b6-871f3b76b4a0
This distribution has been tested as part of the CPAN Testers
project, supporting the Perl programming language.  See
http://wiki.cpantesters.org/ for more information or email
questions to cpan-testers-discuss@perl.org


--
Dear Jeff Rao,

This is a computer-generated report for NG-0.001_05
on perl 5.27.9, created by CPAN-Reporter-1.2018.

Thank you for uploading your work to CPAN.  However, there was a problem
testing your distribution.

If you think this report is invalid, please consult the CPAN Testers Wiki
for suggestions on how to avoid getting FAIL reports for missing library
or binary dependencies, unsupported operating systems, and so on:

http://wiki.cpantesters.org/wiki/CPANAuthorNotes

Sections of this report:

    * Tester comments
    * Program output
    * Prerequisites
    * Environment and other context

------------------------------
TESTER COMMENTS
------------------------------

Additional comments from tester:

this report is from an automated smoke testing program
and was not reviewed by a human for accuracy

------------------------------
PROGRAM OUTPUT
------------------------------

Output from 'C:\STRAWB~1\c\bin\gmake.exe test':

"C:\Strawberry279\perl\bin\perl.exe" "-MExtUtils::Command::MM" "-MTest::Harness" "-e" "undef *Test::Harness::Switches; test_harness(0, 'blib\lib', 'blib\arch')" t/*.t
given is experimental at C:\STRAWB~1\cpan\build\NG-0.001_05-0\blib\lib/NG/Excel/Cell.pm line 95.
when is experimental at C:\STRAWB~1\cpan\build\NG-0.001_05-0\blib\lib/NG/Excel/Cell.pm line 96.
given is experimental at C:\STRAWB~1\cpan\build\NG-0.001_05-0\blib\lib/NG/Excel/Cell.pm line 97.
when is experimental at C:\STRAWB~1\cpan\build\NG-0.001_05-0\blib\lib/NG/Excel/Cell.pm line 98.
when is experimental at C:\STRAWB~1\cpan\build\NG-0.001_05-0\blib\lib/NG/Excel/Cell.pm line 99.
when is experimental at C:\STRAWB~1\cpan\build\NG-0.001_05-0\blib\lib/NG/Excel/Cell.pm line 100.
when is experimental at C:\STRAWB~1\cpan\build\NG-0.001_05-0\blib\lib/NG/Excel/Cell.pm line 101.
when is experimental at C:\STRAWB~1\cpan\build\NG-0.001_05-0\blib\lib/NG/Excel/Cell.pm line 105.
given is experimental at C:\STRAWB~1\cpan\build\NG-0.001_05-0\blib\lib/NG/Excel/Cell.pm line 106.
when is experimental at C:\STRAWB~1\cpan\build\NG-0.001_05-0\blib\lib/NG/Excel/Cell.pm line 107.
when is experimental at C:\STRAWB~1\cpan\build\NG-0.001_05-0\blib\lib/NG/Excel/Cell.pm line 108.
when is experimental at C:\STRAWB~1\cpan\build\NG-0.001_05-0\blib\lib/NG/Excel/Cell.pm line 112.
given is experimental at C:\STRAWB~1\cpan\build\NG-0.001_05-0\blib\lib/NG/Excel/Cell.pm line 113.
when is experimental at C:\STRAWB~1\cpan\build\NG-0.001_05-0\blib\lib/NG/Excel/Cell.pm line 114.
when is experimental at C:\STRAWB~1\cpan\build\NG-0.001_05-0\blib\lib/NG/Excel/Cell.pm line 115.
when is experimental at C:\STRAWB~1\cpan\build\NG-0.001_05-0\blib\lib/NG/Excel/Cell.pm line 119.
given is experimental at C:\STRAWB~1\cpan\build\NG-0.001_05-0\blib\lib/NG/Excel/Cell.pm line 120.
when is experimental at C:\STRAWB~1\cpan\build\NG-0.001_05-0\blib\lib/NG/Excel/Cell.pm line 121.
when is experimental at C:\STRAWB~1\cpan\build\NG-0.001_05-0\blib\lib/NG/Excel/Cell.pm line 122.
when is experimental at C:\STRAWB~1\cpan\build\NG-0.001_05-0\blib\lib/NG/Excel/Cell.pm line 126.
when is experimental at C:\STRAWB~1\cpan\build\NG-0.001_05-0\blib\lib/NG/Excel/Cell.pm line 129.
when is experimental at C:\STRAWB~1\cpan\build\NG-0.001_05-0\blib\lib/NG/Excel/Cell.pm line 132.
given is experimental at C:\STRAWB~1\cpan\build\NG-0.001_05-0\blib\lib/NG/Excel/Cell.pm line 141.
when is experimental at C:\STRAWB~1\cpan\build\NG-0.001_05-0\blib\lib/NG/Excel/Cell.pm line 142.
when is experimental at C:\STRAWB~1\cpan\build\NG-0.001_05-0\blib\lib/NG/Excel/Cell.pm line 143.
when is experimental at C:\STRAWB~1\cpan\build\NG-0.001_05-0\blib\lib/NG/Excel/Cell.pm line 144.
when is experimental at C:\STRAWB~1\cpan\build\NG-0.001_05-0\blib\lib/NG/Excel/Cell.pm line 145.
when is experimental at C:\STRAWB~1\cpan\build\NG-0.001_05-0\blib\lib/NG/Excel/Cell.pm line 146.
when is experimental at C:\STRAWB~1\cpan\build\NG-0.001_05-0\blib\lib/NG/Excel/Cell.pm line 147.
when is experimental at C:\STRAWB~1\cpan\build\NG-0.001_05-0\blib\lib/NG/Excel/Cell.pm line 148.
when is experimental at C:\STRAWB~1\cpan\build\NG-0.001_05-0\blib\lib/NG/Excel/Cell.pm line 149.
when is experimental at C:\STRAWB~1\cpan\build\NG-0.001_05-0\blib\lib/NG/Excel/Cell.pm line 150.
when is experimental at C:\STRAWB~1\cpan\build\NG-0.001_05-0\blib\lib/NG/Excel/Cell.pm line 151.
when is experimental at C:\STRAWB~1\cpan\build\NG-0.001_05-0\blib\lib/NG/Excel/Cell.pm line 152.
when is experimental at C:\STRAWB~1\cpan\build\NG-0.001_05-0\blib\lib/NG/Excel/Cell.pm line 153.
when is experimental at C:\STRAWB~1\cpan\build\NG-0.001_05-0\blib\lib/NG/Excel/Cell.pm line 154.
when is experimental at C:\STRAWB~1\cpan\build\NG-0.001_05-0\blib\lib/NG/Excel/Cell.pm line 155.
# Testing NG 0.001_05, Perl 5.027009, C:\Strawberry279\perl\bin\perl.exe
t/00-load.t ......... ok
t/01-array.t ........ ok
t/02-hashtable.t .... ok
t/03-shashtable.t ... ok
t/04-time.t ......... ok

#   Failed test at t/05-file-stat.t line 13.
#          got: '0666'
#     expected: '0644'

#   Failed test at t/05-file-stat.t line 14.
#          got: '0'
#     expected: '1000'
# Looks like you failed 2 tests of 6.
t/05-file-stat.t .... 
Dubious, test returned 2 (wstat 512, 0x200)
Failed 2/6 subtests 
t/06-file-read.t .... ok
Use of uninitialized value in subroutine entry at C:/Strawberry279/perl/vendor/lib/HTML/TreeBuilder.pm line 151.
t/07-http-dom.t ..... ok
t/08-http-client.t .. ok
Use of uninitialized value within @_ in list assignment at C:/Strawberry279/perl/lib/Test/Builder.pm line 764, <GEN2> line 2.

#   Failed test at t/09-system.t line 11.
#          got: ''
#     expected: 'USER'
# Looks like you failed 1 test of 3.
t/09-system.t ....... 
Dubious, test returned 1 (wstat 256, 0x100)
Failed 1/3 subtests 
	(less 1 skipped subtest: 1 okay)
Smartmatch is experimental at t/10-log.t line 13.
t/10-log.t .......... ok
t/11-email.t ........ ok
given is experimental at C:\STRAWB~1\cpan\build\NG-0.001_05-0\blib\lib/NG/Excel/Cell.pm line 95.
when is experimental at C:\STRAWB~1\cpan\build\NG-0.001_05-0\blib\lib/NG/Excel/Cell.pm line 96.
given is experimental at C:\STRAWB~1\cpan\build\NG-0.001_05-0\blib\lib/NG/Excel/Cell.pm line 97.
when is experimental at C:\STRAWB~1\cpan\build\NG-0.001_05-0\blib\lib/NG/Excel/Cell.pm line 98.
when is experimental at C:\STRAWB~1\cpan\build\NG-0.001_05-0\blib\lib/NG/Excel/Cell.pm line 99.
when is experimental at C:\STRAWB~1\cpan\build\NG-0.001_05-0\blib\lib/NG/Excel/Cell.pm line 100.
when is experimental at C:\STRAWB~1\cpan\build\NG-0.001_05-0\blib\lib/NG/Excel/Cell.pm line 101.
when is experimental at C:\STRAWB~1\cpan\build\NG-0.001_05-0\blib\lib/NG/Excel/Cell.pm line 105.
given is experimental at C:\STRAWB~1\cpan\build\NG-0.001_05-0\blib\lib/NG/Excel/Cell.pm line 106.
when is experimental at C:\STRAWB~1\cpan\build\NG-0.001_05-0\blib\lib/NG/Excel/Cell.pm line 107.
when is experimental at C:\STRAWB~1\cpan\build\NG-0.001_05-0\blib\lib/NG/Excel/Cell.pm line 108.
when is experimental at C:\STRAWB~1\cpan\build\NG-0.001_05-0\blib\lib/NG/Excel/Cell.pm line 112.
given is experimental at C:\STRAWB~1\cpan\build\NG-0.001_05-0\blib\lib/NG/Excel/Cell.pm line 113.
when is experimental at C:\STRAWB~1\cpan\build\NG-0.001_05-0\blib\lib/NG/Excel/Cell.pm line 114.
when is experimental at C:\STRAWB~1\cpan\build\NG-0.001_05-0\blib\lib/NG/Excel/Cell.pm line 115.
when is experimental at C:\STRAWB~1\cpan\build\NG-0.001_05-0\blib\lib/NG/Excel/Cell.pm line 119.
given is experimental at C:\STRAWB~1\cpan\build\NG-0.001_05-0\blib\lib/NG/Excel/Cell.pm line 120.
when is experimental at C:\STRAWB~1\cpan\build\NG-0.001_05-0\blib\lib/NG/Excel/Cell.pm line 121.
when is experimental at C:\STRAWB~1\cpan\build\NG-0.001_05-0\blib\lib/NG/Excel/Cell.pm line 122.
when is experimental at C:\STRAWB~1\cpan\build\NG-0.001_05-0\blib\lib/NG/Excel/Cell.pm line 126.
when is experimental at C:\STRAWB~1\cpan\build\NG-0.001_05-0\blib\lib/NG/Excel/Cell.pm line 129.
when is experimental at C:\STRAWB~1\cpan\build\NG-0.001_05-0\blib\lib/NG/Excel/Cell.pm line 132.
given is experimental at C:\STRAWB~1\cpan\build\NG-0.001_05-0\blib\lib/NG/Excel/Cell.pm line 141.
when is experimental at C:\STRAWB~1\cpan\build\NG-0.001_05-0\blib\lib/NG/Excel/Cell.pm line 142.
when is experimental at C:\STRAWB~1\cpan\build\NG-0.001_05-0\blib\lib/NG/Excel/Cell.pm line 143.
when is experimental at C:\STRAWB~1\cpan\build\NG-0.001_05-0\blib\lib/NG/Excel/Cell.pm line 144.
when is experimental at C:\STRAWB~1\cpan\build\NG-0.001_05-0\blib\lib/NG/Excel/Cell.pm line 145.
when is experimental at C:\STRAWB~1\cpan\build\NG-0.001_05-0\blib\lib/NG/Excel/Cell.pm line 146.
when is experimental at C:\STRAWB~1\cpan\build\NG-0.001_05-0\blib\lib/NG/Excel/Cell.pm line 147.
when is experimental at C:\STRAWB~1\cpan\build\NG-0.001_05-0\blib\lib/NG/Excel/Cell.pm line 148.
when is experimental at C:\STRAWB~1\cpan\build\NG-0.001_05-0\blib\lib/NG/Excel/Cell.pm line 149.
when is experimental at C:\STRAWB~1\cpan\build\NG-0.001_05-0\blib\lib/NG/Excel/Cell.pm line 150.
when is experimental at C:\STRAWB~1\cpan\build\NG-0.001_05-0\blib\lib/NG/Excel/Cell.pm line 151.
when is experimental at C:\STRAWB~1\cpan\build\NG-0.001_05-0\blib\lib/NG/Excel/Cell.pm line 152.
when is experimental at C:\STRAWB~1\cpan\build\NG-0.001_05-0\blib\lib/NG/Excel/Cell.pm line 153.
when is experimental at C:\STRAWB~1\cpan\build\NG-0.001_05-0\blib\lib/NG/Excel/Cell.pm line 154.
when is experimental at C:\STRAWB~1\cpan\build\NG-0.001_05-0\blib\lib/NG/Excel/Cell.pm line 155.
t/12-parse-excel.t .. ok
t/13-autobox.t ...... ok
given is experimental at C:\STRAWB~1\cpan\build\NG-0.001_05-0\blib\lib/NG/Excel/Cell.pm line 95.
when is experimental at C:\STRAWB~1\cpan\build\NG-0.001_05-0\blib\lib/NG/Excel/Cell.pm line 96.
given is experimental at C:\STRAWB~1\cpan\build\NG-0.001_05-0\blib\lib/NG/Excel/Cell.pm line 97.
when is experimental at C:\STRAWB~1\cpan\build\NG-0.001_05-0\blib\lib/NG/Excel/Cell.pm line 98.
when is experimental at C:\STRAWB~1\cpan\build\NG-0.001_05-0\blib\lib/NG/Excel/Cell.pm line 99.
when is experimental at C:\STRAWB~1\cpan\build\NG-0.001_05-0\blib\lib/NG/Excel/Cell.pm line 100.
when is experimental at C:\STRAWB~1\cpan\build\NG-0.001_05-0\blib\lib/NG/Excel/Cell.pm line 101.
when is experimental at C:\STRAWB~1\cpan\build\NG-0.001_05-0\blib\lib/NG/Excel/Cell.pm line 105.
given is experimental at C:\STRAWB~1\cpan\build\NG-0.001_05-0\blib\lib/NG/Excel/Cell.pm line 106.
when is experimental at C:\STRAWB~1\cpan\build\NG-0.001_05-0\blib\lib/NG/Excel/Cell.pm line 107.
when is experimental at C:\STRAWB~1\cpan\build\NG-0.001_05-0\blib\lib/NG/Excel/Cell.pm line 108.
when is experimental at C:\STRAWB~1\cpan\build\NG-0.001_05-0\blib\lib/NG/Excel/Cell.pm line 112.
given is experimental at C:\STRAWB~1\cpan\build\NG-0.001_05-0\blib\lib/NG/Excel/Cell.pm line 113.
when is experimental at C:\STRAWB~1\cpan\build\NG-0.001_05-0\blib\lib/NG/Excel/Cell.pm line 114.
when is experimental at C:\STRAWB~1\cpan\build\NG-0.001_05-0\blib\lib/NG/Excel/Cell.pm line 115.
when is experimental at C:\STRAWB~1\cpan\build\NG-0.001_05-0\blib\lib/NG/Excel/Cell.pm line 119.
given is experimental at C:\STRAWB~1\cpan\build\NG-0.001_05-0\blib\lib/NG/Excel/Cell.pm line 120.
when is experimental at C:\STRAWB~1\cpan\build\NG-0.001_05-0\blib\lib/NG/Excel/Cell.pm line 121.
when is experimental at C:\STRAWB~1\cpan\build\NG-0.001_05-0\blib\lib/NG/Excel/Cell.pm line 122.
when is experimental at C:\STRAWB~1\cpan\build\NG-0.001_05-0\blib\lib/NG/Excel/Cell.pm line 126.
when is experimental at C:\STRAWB~1\cpan\build\NG-0.001_05-0\blib\lib/NG/Excel/Cell.pm line 129.
when is experimental at C:\STRAWB~1\cpan\build\NG-0.001_05-0\blib\lib/NG/Excel/Cell.pm line 132.
given is experimental at C:\STRAWB~1\cpan\build\NG-0.001_05-0\blib\lib/NG/Excel/Cell.pm line 141.
when is experimental at C:\STRAWB~1\cpan\build\NG-0.001_05-0\blib\lib/NG/Excel/Cell.pm line 142.
when is experimental at C:\STRAWB~1\cpan\build\NG-0.001_05-0\blib\lib/NG/Excel/Cell.pm line 143.
when is experimental at C:\STRAWB~1\cpan\build\NG-0.001_05-0\blib\lib/NG/Excel/Cell.pm line 144.
when is experimental at C:\STRAWB~1\cpan\build\NG-0.001_05-0\blib\lib/NG/Excel/Cell.pm line 145.
when is experimental at C:\STRAWB~1\cpan\build\NG-0.001_05-0\blib\lib/NG/Excel/Cell.pm line 146.
when is experimental at C:\STRAWB~1\cpan\build\NG-0.001_05-0\blib\lib/NG/Excel/Cell.pm line 147.
when is experimental at C:\STRAWB~1\cpan\build\NG-0.001_05-0\blib\lib/NG/Excel/Cell.pm line 148.
when is experimental at C:\STRAWB~1\cpan\build\NG-0.001_05-0\blib\lib/NG/Excel/Cell.pm line 149.
when is experimental at C:\STRAWB~1\cpan\build\NG-0.001_05-0\blib\lib/NG/Excel/Cell.pm line 150.
when is experimental at C:\STRAWB~1\cpan\build\NG-0.001_05-0\blib\lib/NG/Excel/Cell.pm line 151.
when is experimental at C:\STRAWB~1\cpan\build\NG-0.001_05-0\blib\lib/NG/Excel/Cell.pm line 152.
when is experimental at C:\STRAWB~1\cpan\build\NG-0.001_05-0\blib\lib/NG/Excel/Cell.pm line 153.
when is experimental at C:\STRAWB~1\cpan\build\NG-0.001_05-0\blib\lib/NG/Excel/Cell.pm line 154.
when is experimental at C:\STRAWB~1\cpan\build\NG-0.001_05-0\blib\lib/NG/Excel/Cell.pm line 155.
t/14-def_class.t .... ok
t/15-dir-read.t ..... ok

Test Summary Report
-------------------
t/05-file-stat.t  (Wstat: 512 Tests: 6 Failed: 2)
  Failed tests:  3-4
  Non-zero exit status: 2
t/09-system.t     (Wstat: 256 Tests: 3 Failed: 1)
  Failed test:  2
  Non-zero exit status: 1
Files=16, Tests=81, 13 wallclock secs ( 0.11 usr +  0.06 sys =  0.17 CPU)
Result: FAIL
Failed 2/16 test programs. 3/81 subtests failed.
gmake: *** [Makefile:912: test_dynamic] Error 255

------------------------------
PREREQUISITES
------------------------------

Prerequisite modules loaded:

requires:

    Module                   Need Have    
    ------------------------ ---- --------
    AnyEvent::HTTP           0    2.23    
    autobox                  0    2.85    
    autodie                  0    2.29    
    Child                    0    0.013   
    DBI                      0    1.640   
    Digest::MD5              0    2.55    
    Email::MIME              0    1.946   
    File::Copy::Recursive    0    0.38    
    HTML::Element            5.00 5.07    
    HTML::Selector::XPath    0    0.23    
    HTML::TreeBuilder::XPath 0    0.14    
    JSON::XS                 0    3.04    
    Net::SSH::Any            0    0.10    
    perl                     5.01 5.027009
    Spreadsheet::ParseExcel  0    0.65    
    Spreadsheet::WriteExcel  0    2.40    
    SQL::Abstract            0    1.85    
    Sys::CpuAffinity         0    1.12    
    Time::HiRes              0    1.9754  
    Try::Tiny                0    0.30    
    XML::Simple              0    2.24    
    YAML::XS                 0    0.69    

build_requires:

    Module                   Need Have    
    ------------------------ ---- --------
    Test::Deep               0    1.127   
    Test::More               0    1.302125

configure_requires:

    Module                   Need Have    
    ------------------------ ---- --------
    ExtUtils::MakeMaker      0    7.32    


------------------------------
ENVIRONMENT AND OTHER CONTEXT
------------------------------

Environment variables:

    AUTOMATED_TESTING = 1
    COMSPEC = C:\WINDOWS\system32\cmd.exe
    NUMBER_OF_PROCESSORS = 1
    PATH = C:\WINDOWS\system32;C:\WINDOWS;C:\WINDOWS\System32\Wbem;C:\Git\cmd;C:\Strawberry279\c\bin;C:\Strawberry279\perl\site\bin;C:\Strawberry279\perl\bin
    PERL5LIB = C:\STRAWB~1\cpan\build\Net-SSH-Any-0.10-0/blib/arch;C:\STRAWB~1\cpan\build\Net-SSH-Any-0.10-0/blib/lib
    PERL5OPT = 
    PERL5_CPANPLUS_IS_RUNNING = 45192
    PERL5_CPAN_IS_RUNNING = 45192
    PERL5_CPAN_IS_RUNNING_IN_RECURSION = 1548,45192
    PERL_CR_SMOKER_CURRENT = NG-0.001_05
    PERL_CR_SMOKER_RUNONCE = 1
    PERL_EXTUTILS_AUTOINSTALL = --defaultdeps
    PERL_MM_USE_DEFAULT = 1
    PERL_USE_UNSAFE_INC = 1
    PROCESSOR_IDENTIFIER = x86 Family 18 Model 1 Stepping 0, AuthenticAMD
    TEMP = C:\DOCUME~1\a\LOCALS~1\Temp

Perl special variables (and OS-specific diagnostics, for MSWin32):

    $^X = C:\Strawberry279\perl\bin\perl.exe
    $UID/$EUID = 0 / 0
    $GID = 0
    $EGID = 0
    Win32::GetOSName = WinXP/.Net
    Win32::GetOSVersion = Service Pack 3, 5, 1, 2600, 2, 3, 0, 256, 1
    Win32::FsType = NTFS
    Win32::IsAdminUser = 1

Perl module toolchain versions installed:

    Module              Have    
    ------------------- --------
    CPAN                2.20    
    CPAN::Meta          2.150010
    Cwd                 3.74    
    ExtUtils::CBuilder  0.280230
    ExtUtils::Command   7.32    
    ExtUtils::Install   2.14    
    ExtUtils::MakeMaker 7.32    
    ExtUtils::Manifest  1.70    
    ExtUtils::ParseXS   3.38    
    File::Spec          3.74    
    JSON                2.97001 
    JSON::PP            2.97001 
    Module::Build       0.4224  
    Module::Signature   0.81    
    Parse::CPAN::Meta   2.150010
    Test::Harness       3.41    
    Test::More          1.302125
    YAML                1.24    
    YAML::Syck          1.30    
    version             0.9918  


--

Summary of my perl5 (revision 5 version 27 subversion 9) configuration:
   
  Platform:
    osname=MSWin32
    osvers=5.1.2600
    archname=MSWin32-x86-multi-thread-64int
    uname='Win32 strawberry-perl 5.27.9.1-beta1 #1 Wed Feb 21 04:24:03 2018 i386'
    config_args='undef'
    hint=recommended
    useposix=true
    d_sigaction=undef
    useithreads=define
    usemultiplicity=define
    use64bitint=define
    use64bitall=undef
    uselongdouble=undef
    usemymalloc=n
    default_inc_excludes_dot=define
    bincompat5005=undef
  Compiler:
    cc='gcc'
    ccflags =' -s -O2 -DWIN32 -D__USE_MINGW_ANSI_STDIO -DPERL_TEXTMODE_SCRIPTS -DPERL_IMPLICIT_CONTEXT -DPERL_IMPLICIT_SYS -DUSE_PERLIO -fwrapv -fno-strict-aliasing -mms-bitfields'
    optimize='-s -O2'
    cppflags='-DWIN32'
    ccversion=''
    gccversion='7.1.0'
    gccosandvers=''
    intsize=4
    longsize=4
    ptrsize=4
    doublesize=8
    byteorder=12345678
    doublekind=3
    d_longlong=define
    longlongsize=8
    d_longdbl=define
    longdblsize=12
    longdblkind=3
    ivtype='long long'
    ivsize=8
    nvtype='double'
    nvsize=8
    Off_t='long long'
    lseeksize=8
    alignbytes=8
    prototype=define
  Linker and Libraries:
    ld='g++'
    ldflags ='-s -L"C:\STRAWB~1\perl\lib\CORE" -L"C:\STRAWB~1\c\lib"'
    libpth=C:\STRAWB~1\c\lib C:\STRAWB~1\c\i686-w64-mingw32\lib C:\STRAWB~1\c\lib\gcc\i686-w64-mingw32\7.1.0
    libs= -lmoldname -lkernel32 -luser32 -lgdi32 -lwinspool -lcomdlg32 -ladvapi32 -lshell32 -lole32 -loleaut32 -lnetapi32 -luuid -lws2_32 -lmpr -lwinmm -lversion -lodbc32 -lodbccp32 -lcomctl32
    perllibs= -lmoldname -lkernel32 -luser32 -lgdi32 -lwinspool -lcomdlg32 -ladvapi32 -lshell32 -lole32 -loleaut32 -lnetapi32 -luuid -lws2_32 -lmpr -lwinmm -lversion -lodbc32 -lodbccp32 -lcomctl32
    libc=
    so=dll
    useshrplib=true
    libperl=libperl527.a
    gnulibc_version=''
  Dynamic Linking:
    dlsrc=dl_win32.xs
    dlext=xs.dll
    d_dlsymun=undef
    ccdlflags=' '
    cccdlflags=' '
    lddlflags='-mdll -s -L"C:\STRAWB~1\perl\lib\CORE" -L"C:\STRAWB~1\c\lib"'


Characteristics of this binary (from libperl): 
  Compile-time options:
    HAS_TIMES
    HAVE_INTERP_INTERN
    MULTIPLICITY
    PERLIO_LAYERS
    PERL_COPY_ON_WRITE
    PERL_DONT_CREATE_GVSV
    PERL_IMPLICIT_CONTEXT
    PERL_IMPLICIT_SYS
    PERL_MALLOC_WRAP
    PERL_OP_PARENT
    PERL_PRESERVE_IVUV
    USE_64_BIT_INT
    USE_ITHREADS
    USE_LARGE_FILES
    USE_LOCALE
    USE_LOCALE_COLLATE
    USE_LOCALE_CTYPE
    USE_LOCALE_NUMERIC
    USE_LOCALE_TIME
    USE_PERLIO
    USE_PERL_ATOF
  Built under MSWin32
  Compiled at Feb 21 2018 04:34:26
  %ENV:
    PERL5LIB="C:\STRAWB~1\cpan\build\Net-SSH-Any-0.10-0/blib/arch;C:\STRAWB~1\cpan\build\Net-SSH-Any-0.10-0/blib/lib"
    PERL5_CPANPLUS_IS_RUNNING="45192"
    PERL5_CPAN_IS_RUNNING="45192"
    PERL5_CPAN_IS_RUNNING_IN_RECURSION="1548,45192"
    PERL_CR_SMOKER_CURRENT="NG-0.001_05"
    PERL_CR_SMOKER_RUNONCE="1"
    PERL_EXTUTILS_AUTOINSTALL="--defaultdeps"
    PERL_MM_USE_DEFAULT="1"
    PERL_USE_UNSAFE_INC="1"
  @INC:
    C:\STRAWB~1\cpan\build\Net-SSH-Any-0.10-0/blib/arch
    C:\STRAWB~1\cpan\build\Net-SSH-Any-0.10-0/blib/lib
    C:/Strawberry279/perl/site/lib
    C:/Strawberry279/perl/vendor/lib
    C:/Strawberry279/perl/lib
    .