Report for Bundle-PBib-2.08

Back
From: metabase:user:30ae4450-2aae-11df-837a-5e0a49663a4f
Subject: FAIL Bundle-PBib-2.08 v5.12.3 
Date: 2013-02-23T04:20:22Z

This distribution has been tested as part of the CPAN Testers
project, supporting the Perl programming language.  See
http://wiki.cpantesters.org/ for more information or email
questions to cpan-testers-discuss@perl.org


--
Dear Peter Tandler,

This is a computer-generated report for Bundle-PBib-2.08
on perl 5.12.3, created by CPAN-Reporter-1.2009.

Thank you for uploading your work to CPAN.  However, there was a problem
testing your distribution.

If you think this report is invalid, please consult the CPAN Testers Wiki
for suggestions on how to avoid getting FAIL reports for missing library
or binary dependencies, unsupported operating systems, and so on:

http://wiki.cpantesters.org/wiki/CPANAuthorNotes

Sections of this report:

    * Tester comments
    * Program output
    * Prerequisites
    * Environment and other context

------------------------------
TESTER COMMENTS
------------------------------

Additional comments from tester:

this report is from an automated smoke testing program
and was not reviewed by a human for accuracy

------------------------------
PROGRAM OUTPUT
------------------------------

Output from 'C:\strawberry\perl\bin\perl.exe ./Build test':

"gpg" ­¥ ï¥âáï ¢­ãâ७­¥© ¨«¨ ¢­¥è­¥©
ª®¬ ­¤®©, ¨á¯®«­ï¥¬®© ¯à®£à ¬¬®© ¨«¨ ¯ ª¥â­ë¬ ä ©«®¬.
Error verifying signature: Could not find public key with KeyID 1d5abe1759055f9b
# Looks like your test exited with 9 before it could output anything.
t\00-signature.t .... 
Dubious, test returned 9 (wstat 2304, 0x900)
Failed 1/1 subtests 
t\10-pbib-config.t .. ok
defined(%hash) is deprecated at C:\strawberry\cpan\build\Bundle-PBib-2.08-f4sB_V\blib\lib\Biblio\bp\lib/bp-p-cs.pl line 115.
	(Maybe you should just omit the defined()?)
defined(%hash) is deprecated at C:\strawberry\cpan\build\Bundle-PBib-2.08-f4sB_V\blib\lib\Biblio\bp\lib/bp-p-cs.pl line 129.
	(Maybe you should just omit the defined()?)
BPD: (        format)  format ( auto -> auto )
BPD: (   load_format)   fmt: auto, cset: <undef>
BPD: (    reg_format)   registering format auto:auto (aut) in bp_auto
BPD: (  load_charset)    cset: auto
BPD: (   load_format)   fmt: auto, cset: <undef>
BPD: ( check_consist)    Checking bp variable consistency
BPD: (        (eval)) bp package loaded with defaults
BPD: (        format)  format ( auto -> canon:8859-1 )
BPD: (   load_format)   fmt: auto, cset: <undef>
BPD: (   load_format)   fmt: canon, cset: 8859-1
BPD: (    reg_format)   registering format canon:canon (can) in bp_canon
BPD: (  load_charset)    cset: 8859-1
BPD: ( check_consist)    Checking bp variable consistency
BPD: (load_converter)    conv: aut2can
BPD: ( check_consist)    Checking bp variable consistency
Using bp, version 0.2.97 (19 Dec 96).
Reading: auto:auto  Writing: canon:8859-1

BPD: (        format)  format ( auto -> canon:8859-1 )
BPD: (   load_format)   fmt: auto, cset: <undef>
BPD: (   load_format)   fmt: canon, cset: 8859-1
BPD: (  load_charset)    cset: 8859-1
BPD: ( check_consist)    Checking bp variable consistency
BPD: (load_converter)    conv: aut2can
BPD: ( check_consist)    Checking bp variable consistency
Use of uninitialized value $pattern in lc at C:\strawberry\cpan\build\Bundle-PBib-2.08-f4sB_V\blib\lib/Biblio/File.pm line 66.
BPD: ( bp_auto::open)    auto step 1: t/sample.bib<bibtex> with mode read
BPD: (   load_format)   fmt: bibtex, cset: <undef>
BPD: (    reg_format)   registering format bibtex:tex (btx) in bp_bibtex
BPD: (  load_charset)    cset: tex
BPD: ( check_consist)    Checking bp variable consistency
BPD: (        format)  format ( canon:canon -> canon:utf8 )
BPD: (   load_format)   fmt: canon, cset: canon
BPD: (  load_charset)    cset: canon
BPD: (   load_format)   fmt: canon, cset: utf8
BPD: (  load_charset)    cset: utf8
Unrecognized escape \X passed through at C:\strawberry\cpan\build\Bundle-PBib-2.08-f4sB_V\blib\lib\Biblio\bp\lib/bp-cs-utf8.pl line 40, <GFMIt/sample.bib> line 16.
BPD: ( check_consist)    Checking bp variable consistency
BPD: ( check_consist)    Checking bp variable consistency
BPD: (        format)  format ( canon:canon -> canon:utf8 )
BPD: (   load_format)   fmt: canon, cset: canon
BPD: (  load_charset)    cset: canon
BPD: (   load_format)   fmt: canon, cset: utf8
BPD: (  load_charset)    cset: utf8
BPD: ( check_consist)    Checking bp variable consistency
BPD: ( check_consist)    Checking bp variable consistency
BPD: (        format)  format ( canon:canon -> canon:utf8 )
BPD: (   load_format)   fmt: canon, cset: canon
BPD: (  load_charset)    cset: canon
BPD: (   load_format)   fmt: canon, cset: utf8
BPD: (  load_charset)    cset: utf8
BPD: ( check_consist)    Checking bp variable consistency
BPD: ( check_consist)    Checking bp variable consistency
BPD: (        format)  format ( canon:canon -> canon:utf8 )
BPD: (   load_format)   fmt: canon, cset: canon
BPD: (  load_charset)    cset: canon
BPD: (   load_format)   fmt: canon, cset: utf8
BPD: (  load_charset)    cset: utf8
BPD: ( check_consist)    Checking bp variable consistency
BPD: ( check_consist)    Checking bp variable consistency
BPD: (        format)  format ( canon:canon -> canon:utf8 )
BPD: (   load_format)   fmt: canon, cset: canon
BPD: (  load_charset)    cset: canon
BPD: (   load_format)   fmt: canon, cset: utf8
BPD: (  load_charset)    cset: utf8
BPD: ( check_consist)    Checking bp variable consistency
BPD: ( check_consist)    Checking bp variable consistency
BPD: (        format)  format ( canon:canon -> canon:utf8 )
BPD: (   load_format)   fmt: canon, cset: canon
BPD: (  load_charset)    cset: canon
BPD: (   load_format)   fmt: canon, cset: utf8
BPD: (  load_charset)    cset: utf8
BPD: ( check_consist)    Checking bp variable consistency
BPD: ( check_consist)    Checking bp variable consistency
BPD: (        format)  format ( canon:canon -> canon:utf8 )
BPD: (   load_format)   fmt: canon, cset: canon
BPD: (  load_charset)    cset: canon
BPD: (   load_format)   fmt: canon, cset: utf8
BPD: (  load_charset)    cset: utf8
BPD: ( check_consist)    Checking bp variable consistency
BPD: ( check_consist)    Checking bp variable consistency
BPD: (        format)  format ( canon:canon -> canon:utf8 )
BPD: (   load_format)   fmt: canon, cset: canon
BPD: (  load_charset)    cset: canon
BPD: (   load_format)   fmt: canon, cset: utf8
BPD: (  load_charset)    cset: utf8
BPD: ( check_consist)    Checking bp variable consistency
BPD: ( check_consist)    Checking bp variable consistency
BPD: (        format)  format ( canon:canon -> canon:utf8 )
BPD: (   load_format)   fmt: canon, cset: canon
BPD: (  load_charset)    cset: canon
BPD: (   load_format)   fmt: canon, cset: utf8
BPD: (  load_charset)    cset: utf8
BPD: ( check_consist)    Checking bp variable consistency
BPD: ( check_consist)    Checking bp variable consistency
BPD: (        format)  format ( canon:canon -> canon:utf8 )
BPD: (   load_format)   fmt: canon, cset: canon
BPD: (  load_charset)    cset: canon
BPD: (   load_format)   fmt: canon, cset: utf8
BPD: (  load_charset)    cset: utf8
BPD: ( check_consist)    Checking bp variable consistency
BPD: ( check_consist)    Checking bp variable consistency
BPD: (        (eval))    Loading approx tables
BPD: (        format)  format ( canon:canon -> canon:utf8 )
BPD: (   load_format)   fmt: canon, cset: canon
BPD: (  load_charset)    cset: canon
BPD: (   load_format)   fmt: canon, cset: utf8
BPD: (  load_charset)    cset: utf8
BPD: ( check_consist)    Checking bp variable consistency
BPD: ( check_consist)    Checking bp variable consistency
BPD: (        format)  format ( canon:canon -> canon:utf8 )
BPD: (   load_format)   fmt: canon, cset: canon
BPD: (  load_charset)    cset: canon
BPD: (   load_format)   fmt: canon, cset: utf8
BPD: (  load_charset)    cset: utf8
BPD: ( check_consist)    Checking bp variable consistency
BPD: ( check_consist)    Checking bp variable consistency
BPD: (        format)  format ( canon:canon -> canon:utf8 )
BPD: (   load_format)   fmt: canon, cset: canon
BPD: (  load_charset)    cset: canon
BPD: (   load_format)   fmt: canon, cset: utf8
BPD: (  load_charset)    cset: utf8
BPD: ( check_consist)    Checking bp variable consistency
BPD: ( check_consist)    Checking bp variable consistency
BPD: (        format)  format ( canon:canon -> canon:utf8 )
BPD: (   load_format)   fmt: canon, cset: canon
BPD: (  load_charset)    cset: canon
BPD: (   load_format)   fmt: canon, cset: utf8
BPD: (  load_charset)    cset: utf8
BPD: ( check_consist)    Checking bp variable consistency
BPD: ( check_consist)    Checking bp variable consistency
BPD: (        format)  format ( canon:canon -> canon:utf8 )
BPD: (   load_format)   fmt: canon, cset: canon
BPD: (  load_charset)    cset: canon
BPD: (   load_format)   fmt: canon, cset: utf8
BPD: (  load_charset)    cset: utf8
BPD: ( check_consist)    Checking bp variable consistency
BPD: ( check_consist)    Checking bp variable consistency
Use of uninitialized value $bp_bibtex::id in string eq at C:\strawberry\cpan\build\Bundle-PBib-2.08-f4sB_V\blib\lib\Biblio\bp\lib/bp-bibtex.pl line 1065, <GFMIt/sample.bib> line 1071.
bp warning (record   16): Could not find bibtex crossref: CSCW96
BPD: (        format)  format ( canon:canon -> canon:utf8 )
BPD: (   load_format)   fmt: canon, cset: canon
BPD: (  load_charset)    cset: canon
BPD: (   load_format)   fmt: canon, cset: utf8
BPD: (  load_charset)    cset: utf8
BPD: ( check_consist)    Checking bp variable consistency
BPD: ( check_consist)    Checking bp variable consistency
BPD: (        format)  format ( canon:canon -> canon:utf8 )
BPD: (   load_format)   fmt: canon, cset: canon
BPD: (  load_charset)    cset: canon
BPD: (   load_format)   fmt: canon, cset: utf8
BPD: (  load_charset)    cset: utf8
BPD: ( check_consist)    Checking bp variable consistency
BPD: ( check_consist)    Checking bp variable consistency
BPD: (        format)  format ( canon:canon -> canon:utf8 )
BPD: (   load_format)   fmt: canon, cset: canon
BPD: (  load_charset)    cset: canon
BPD: (   load_format)   fmt: canon, cset: utf8
BPD: (  load_charset)    cset: utf8
BPD: ( check_consist)    Checking bp variable consistency
BPD: ( check_consist)    Checking bp variable consistency
BPD: (        format)  format ( canon:canon -> canon:utf8 )
BPD: (   load_format)   fmt: canon, cset: canon
BPD: (  load_charset)    cset: canon
BPD: (   load_format)   fmt: canon, cset: utf8
BPD: (  load_charset)    cset: utf8
BPD: ( check_consist)    Checking bp variable consistency
BPD: ( check_consist)    Checking bp variable consistency
BPD: (        format)  format ( canon:canon -> canon:utf8 )
BPD: (   load_format)   fmt: canon, cset: canon
BPD: (  load_charset)    cset: canon
BPD: (   load_format)   fmt: canon, cset: utf8
BPD: (  load_charset)    cset: utf8
BPD: ( check_consist)    Checking bp variable consistency
BPD: ( check_consist)    Checking bp variable consistency
BPD: (        format)  format ( canon:canon -> canon:utf8 )
BPD: (   load_format)   fmt: canon, cset: canon
BPD: (  load_charset)    cset: canon
BPD: (   load_format)   fmt: canon, cset: utf8
BPD: (  load_charset)    cset: utf8
BPD: ( check_consist)    Checking bp variable consistency
BPD: ( check_consist)    Checking bp variable consistency
BPD: (        format)  format ( canon:canon -> canon:utf8 )
BPD: (   load_format)   fmt: canon, cset: canon
BPD: (  load_charset)    cset: canon
BPD: (   load_format)   fmt: canon, cset: utf8
BPD: (  load_charset)    cset: utf8
BPD: ( check_consist)    Checking bp variable consistency
BPD: ( check_consist)    Checking bp variable consistency
BPD: (        format)  format ( canon:canon -> canon:utf8 )
BPD: (   load_format)   fmt: canon, cset: canon
BPD: (  load_charset)    cset: canon
BPD: (   load_format)   fmt: canon, cset: utf8
BPD: (  load_charset)    cset: utf8
BPD: ( check_consist)    Checking bp variable consistency
BPD: ( check_consist)    Checking bp variable consistency
BPD: (        format)  format ( canon:canon -> canon:utf8 )
BPD: (   load_format)   fmt: canon, cset: canon
BPD: (  load_charset)    cset: canon
BPD: (   load_format)   fmt: canon, cset: utf8
BPD: (  load_charset)    cset: utf8
BPD: ( check_consist)    Checking bp variable consistency
BPD: ( check_consist)    Checking bp variable consistency
BPD: (        format)  format ( canon:canon -> canon:utf8 )
BPD: (   load_format)   fmt: canon, cset: canon
BPD: (  load_charset)    cset: canon
BPD: (   load_format)   fmt: canon, cset: utf8
BPD: (  load_charset)    cset: utf8
BPD: ( check_consist)    Checking bp variable consistency
BPD: ( check_consist)    Checking bp variable consistency
BPD: (        format)  format ( canon:canon -> canon:utf8 )
BPD: (   load_format)   fmt: canon, cset: canon
BPD: (  load_charset)    cset: canon
BPD: (   load_format)   fmt: canon, cset: utf8
BPD: (  load_charset)    cset: utf8
BPD: ( check_consist)    Checking bp variable consistency
BPD: ( check_consist)    Checking bp variable consistency
BPD: (        format)  format ( canon:canon -> canon:utf8 )
BPD: (   load_format)   fmt: canon, cset: canon
BPD: (  load_charset)    cset: canon
BPD: (   load_format)   fmt: canon, cset: utf8
BPD: (  load_charset)    cset: utf8
BPD: ( check_consist)    Checking bp variable consistency
BPD: ( check_consist)    Checking bp variable consistency
BPD: (        format)  format ( canon:canon -> canon:utf8 )
BPD: (   load_format)   fmt: canon, cset: canon
BPD: (  load_charset)    cset: canon
BPD: (   load_format)   fmt: canon, cset: utf8
BPD: (  load_charset)    cset: utf8
BPD: ( check_consist)    Checking bp variable consistency
BPD: ( check_consist)    Checking bp variable consistency
BPD: (        format)  format ( canon:canon -> canon:utf8 )
BPD: (   load_format)   fmt: canon, cset: canon
BPD: (  load_charset)    cset: canon
BPD: (   load_format)   fmt: canon, cset: utf8
BPD: (  load_charset)    cset: utf8
BPD: ( check_consist)    Checking bp variable consistency
BPD: ( check_consist)    Checking bp variable consistency
Use of uninitialized value $bp_bibtex::id in string eq at C:\strawberry\cpan\build\Bundle-PBib-2.08-f4sB_V\blib\lib\Biblio\bp\lib/bp-bibtex.pl line 1065, <GFMIt/sample.bib> line 1071.
bp warning (record   30): Could not find bibtex crossref: HUC00
BPD: (        format)  format ( canon:canon -> canon:utf8 )
BPD: (   load_format)   fmt: canon, cset: canon
BPD: (  load_charset)    cset: canon
BPD: (   load_format)   fmt: canon, cset: utf8
BPD: (  load_charset)    cset: utf8
BPD: ( check_consist)    Checking bp variable consistency
BPD: ( check_consist)    Checking bp variable consistency
BPD: (        format)  format ( canon:canon -> canon:utf8 )
BPD: (   load_format)   fmt: canon, cset: canon
BPD: (  load_charset)    cset: canon
BPD: (   load_format)   fmt: canon, cset: utf8
BPD: (  load_charset)    cset: utf8
BPD: ( check_consist)    Checking bp variable consistency
BPD: ( check_consist)    Checking bp variable consistency
BPD: (        format)  format ( canon:canon -> canon:utf8 )
BPD: (   load_format)   fmt: canon, cset: canon
BPD: (  load_charset)    cset: canon
BPD: (   load_format)   fmt: canon, cset: utf8
BPD: (  load_charset)    cset: utf8
BPD: ( check_consist)    Checking bp variable consistency
BPD: ( check_consist)    Checking bp variable consistency
Use of uninitialized value $bp_bibtex::id in string eq at C:\strawberry\cpan\build\Bundle-PBib-2.08-f4sB_V\blib\lib\Biblio\bp\lib/bp-bibtex.pl line 1065, <GFMIt/sample.bib> line 1071.
bp warning (record   33): Could not find bibtex crossref: Carroll-HCIMillennium
BPD: (        format)  format ( canon:canon -> canon:utf8 )
BPD: (   load_format)   fmt: canon, cset: canon
BPD: (  load_charset)    cset: canon
BPD: (   load_format)   fmt: canon, cset: utf8
BPD: (  load_charset)    cset: utf8
BPD: ( check_consist)    Checking bp variable consistency
BPD: ( check_consist)    Checking bp variable consistency
BPD: (        format)  format ( canon:canon -> canon:utf8 )
BPD: (   load_format)   fmt: canon, cset: canon
BPD: (  load_charset)    cset: canon
BPD: (   load_format)   fmt: canon, cset: utf8
BPD: (  load_charset)    cset: utf8
BPD: ( check_consist)    Checking bp variable consistency
BPD: ( check_consist)    Checking bp variable consistency
Use of uninitialized value $bp_bibtex::id in string eq at C:\strawberry\cpan\build\Bundle-PBib-2.08-f4sB_V\blib\lib\Biblio\bp\lib/bp-bibtex.pl line 1065, <GFMIt/sample.bib> line 1071.
bp warning (record   35): Could not find bibtex crossref: CHI92
BPD: (        format)  format ( canon:canon -> canon:utf8 )
BPD: (   load_format)   fmt: canon, cset: canon
BPD: (  load_charset)    cset: canon
BPD: (   load_format)   fmt: canon, cset: utf8
BPD: (  load_charset)    cset: utf8
BPD: ( check_consist)    Checking bp variable consistency
BPD: ( check_consist)    Checking bp variable consistency
BPD: (        format)  format ( canon:canon -> canon:utf8 )
BPD: (   load_format)   fmt: canon, cset: canon
BPD: (  load_charset)    cset: canon
BPD: (   load_format)   fmt: canon, cset: utf8
BPD: (  load_charset)    cset: utf8
BPD: ( check_consist)    Checking bp variable consistency
BPD: ( check_consist)    Checking bp variable consistency
BPD: (        format)  format ( canon:canon -> canon:utf8 )
BPD: (   load_format)   fmt: canon, cset: canon
BPD: (  load_charset)    cset: canon
BPD: (   load_format)   fmt: canon, cset: utf8
BPD: (  load_charset)    cset: utf8
BPD: ( check_consist)    Checking bp variable consistency
BPD: ( check_consist)    Checking bp variable consistency
BPD: (        format)  format ( canon:canon -> canon:utf8 )
BPD: (   load_format)   fmt: canon, cset: canon
BPD: (  load_charset)    cset: canon
BPD: (   load_format)   fmt: canon, cset: utf8
BPD: (  load_charset)    cset: utf8
BPD: ( check_consist)    Checking bp variable consistency
BPD: ( check_consist)    Checking bp variable consistency
BPD: (        format)  format ( canon:canon -> canon:utf8 )
BPD: (   load_format)   fmt: canon, cset: canon
BPD: (  load_charset)    cset: canon
BPD: (   load_format)   fmt: canon, cset: utf8
BPD: (  load_charset)    cset: utf8
BPD: ( check_consist)    Checking bp variable consistency
BPD: ( check_consist)    Checking bp variable consistency
Use of uninitialized value $bp_bibtex::id in string eq at C:\strawberry\cpan\build\Bundle-PBib-2.08-f4sB_V\blib\lib\Biblio\bp\lib/bp-bibtex.pl line 1065, <GFMIt/sample.bib> line 1071.
bp warning (record   40): Could not find bibtex crossref: UIST02
BPD: (        format)  format ( canon:canon -> canon:utf8 )
BPD: (   load_format)   fmt: canon, cset: canon
BPD: (  load_charset)    cset: canon
BPD: (   load_format)   fmt: canon, cset: utf8
BPD: (  load_charset)    cset: utf8
BPD: ( check_consist)    Checking bp variable consistency
BPD: ( check_consist)    Checking bp variable consistency
BPD: (        format)  format ( canon:canon -> canon:utf8 )
BPD: (   load_format)   fmt: canon, cset: canon
BPD: (  load_charset)    cset: canon
BPD: (   load_format)   fmt: canon, cset: utf8
BPD: (  load_charset)    cset: utf8
BPD: ( check_consist)    Checking bp variable consistency
BPD: ( check_consist)    Checking bp variable consistency
BPD: (        format)  format ( canon:canon -> canon:utf8 )
BPD: (   load_format)   fmt: canon, cset: canon
BPD: (  load_charset)    cset: canon
BPD: (   load_format)   fmt: canon, cset: utf8
BPD: (  load_charset)    cset: utf8
BPD: ( check_consist)    Checking bp variable consistency
BPD: ( check_consist)    Checking bp variable consistency
Use of uninitialized value $bp_bibtex::id in string eq at C:\strawberry\cpan\build\Bundle-PBib-2.08-f4sB_V\blib\lib\Biblio\bp\lib/bp-bibtex.pl line 1065, <GFMIt/sample.bib> line 1071.
bp warning (record   43): Could not find bibtex crossref: CSCW02
BPD: (        format)  format ( canon:canon -> canon:utf8 )
BPD: (   load_format)   fmt: canon, cset: canon
BPD: (  load_charset)    cset: canon
BPD: (   load_format)   fmt: canon, cset: utf8
BPD: (  load_charset)    cset: utf8
BPD: ( check_consist)    Checking bp variable consistency
BPD: ( check_consist)    Checking bp variable consistency
BPD: (        format)  format ( canon:canon -> canon:utf8 )
BPD: (   load_format)   fmt: canon, cset: canon
BPD: (  load_charset)    cset: canon
BPD: (   load_format)   fmt: canon, cset: utf8
BPD: (  load_charset)    cset: utf8
BPD: ( check_consist)    Checking bp variable consistency
BPD: ( check_consist)    Checking bp variable consistency
BPD: (        format)  format ( canon:canon -> canon:utf8 )
BPD: (   load_format)   fmt: canon, cset: canon
BPD: (  load_charset)    cset: canon
BPD: (   load_format)   fmt: canon, cset: utf8
BPD: (  load_charset)    cset: utf8
BPD: ( check_consist)    Checking bp variable consistency
BPD: ( check_consist)    Checking bp variable consistency
BPD: (        format)  format ( canon:canon -> canon:utf8 )
BPD: (   load_format)   fmt: canon, cset: canon
BPD: (  load_charset)    cset: canon
BPD: (   load_format)   fmt: canon, cset: utf8
BPD: (  load_charset)    cset: utf8
BPD: ( check_consist)    Checking bp variable consistency
BPD: ( check_consist)    Checking bp variable consistency
BPD: (        format)  format ( canon:canon -> canon:utf8 )
BPD: (   load_format)   fmt: canon, cset: canon
BPD: (  load_charset)    cset: canon
BPD: (   load_format)   fmt: canon, cset: utf8
BPD: (  load_charset)    cset: utf8
BPD: ( check_consist)    Checking bp variable consistency
BPD: ( check_consist)    Checking bp variable consistency
BPD: (        format)  format ( canon:canon -> canon:utf8 )
BPD: (   load_format)   fmt: canon, cset: canon
BPD: (  load_charset)    cset: canon
BPD: (   load_format)   fmt: canon, cset: utf8
BPD: (  load_charset)    cset: utf8
BPD: ( check_consist)    Checking bp variable consistency
BPD: ( check_consist)    Checking bp variable consistency
BPD: (        format)  format ( canon:canon -> canon:utf8 )
BPD: (   load_format)   fmt: canon, cset: canon
BPD: (  load_charset)    cset: canon
BPD: (   load_format)   fmt: canon, cset: utf8
BPD: (  load_charset)    cset: utf8
BPD: ( check_consist)    Checking bp variable consistency
BPD: ( check_consist)    Checking bp variable consistency
BPD: (        format)  format ( canon:canon -> canon:utf8 )
BPD: (   load_format)   fmt: canon, cset: canon
BPD: (  load_charset)    cset: canon
BPD: (   load_format)   fmt: canon, cset: utf8
BPD: (  load_charset)    cset: utf8
BPD: ( check_consist)    Checking bp variable consistency
BPD: ( check_consist)    Checking bp variable consistency
BPD: (        format)  format ( canon:canon -> canon:utf8 )
BPD: (   load_format)   fmt: canon, cset: canon
BPD: (  load_charset)    cset: canon
BPD: (   load_format)   fmt: canon, cset: utf8
BPD: (  load_charset)    cset: utf8
BPD: ( check_consist)    Checking bp variable consistency
BPD: ( check_consist)    Checking bp variable consistency
BPD: (        format)  format ( canon:canon -> canon:utf8 )
BPD: (   load_format)   fmt: canon, cset: canon
BPD: (  load_charset)    cset: canon
BPD: (   load_format)   fmt: canon, cset: utf8
BPD: (  load_charset)    cset: utf8
BPD: ( check_consist)    Checking bp variable consistency
BPD: ( check_consist)    Checking bp variable consistency
BPD: (        format)  format ( canon:canon -> canon:utf8 )
BPD: (   load_format)   fmt: canon, cset: canon
BPD: (  load_charset)    cset: canon
BPD: (   load_format)   fmt: canon, cset: utf8
BPD: (  load_charset)    cset: utf8
BPD: ( check_consist)    Checking bp variable consistency
BPD: ( check_consist)    Checking bp variable consistency
BPD: (        format)  format ( canon:canon -> canon:utf8 )
BPD: (   load_format)   fmt: canon, cset: canon
BPD: (  load_charset)    cset: canon
BPD: (   load_format)   fmt: canon, cset: utf8
BPD: (  load_charset)    cset: utf8
BPD: ( check_consist)    Checking bp variable consistency
BPD: ( check_consist)    Checking bp variable consistency
BPD: (        format)  format ( canon:canon -> canon:utf8 )
BPD: (   load_format)   fmt: canon, cset: canon
BPD: (  load_charset)    cset: canon
BPD: (   load_format)   fmt: canon, cset: utf8
BPD: (  load_charset)    cset: utf8
BPD: ( check_consist)    Checking bp variable consistency
BPD: ( check_consist)    Checking bp variable consistency
BPD: (        format)  format ( canon:canon -> canon:utf8 )
BPD: (   load_format)   fmt: canon, cset: canon
BPD: (  load_charset)    cset: canon
BPD: (   load_format)   fmt: canon, cset: utf8
BPD: (  load_charset)    cset: utf8
BPD: ( check_consist)    Checking bp variable consistency
BPD: ( check_consist)    Checking bp variable consistency
Use of uninitialized value $bp_bibtex::id in string eq at C:\strawberry\cpan\build\Bundle-PBib-2.08-f4sB_V\blib\lib\Biblio\bp\lib/bp-bibtex.pl line 1065, <GFMIt/sample.bib> line 1071.
bp warning (record   57): Could not find bibtex crossref: CHI99
BPD: (        format)  format ( canon:canon -> canon:utf8 )
BPD: (   load_format)   fmt: canon, cset: canon
BPD: (  load_charset)    cset: canon
BPD: (   load_format)   fmt: canon, cset: utf8
BPD: (  load_charset)    cset: utf8
BPD: ( check_consist)    Checking bp variable consistency
BPD: ( check_consist)    Checking bp variable consistency
BPD: (        format)  format ( canon:canon -> canon:utf8 )
BPD: (   load_format)   fmt: canon, cset: canon
BPD: (  load_charset)    cset: canon
BPD: (   load_format)   fmt: canon, cset: utf8
BPD: (  load_charset)    cset: utf8
BPD: ( check_consist)    Checking bp variable consistency
BPD: ( check_consist)    Checking bp variable consistency
BPD: (        format)  format ( canon:canon -> canon:utf8 )
BPD: (   load_format)   fmt: canon, cset: canon
BPD: (  load_charset)    cset: canon
BPD: (   load_format)   fmt: canon, cset: utf8
BPD: (  load_charset)    cset: utf8
BPD: ( check_consist)    Checking bp variable consistency
BPD: ( check_consist)    Checking bp variable consistency
BPD: (        format)  format ( canon:canon -> canon:utf8 )
BPD: (   load_format)   fmt: canon, cset: canon
BPD: (  load_charset)    cset: canon
BPD: (   load_format)   fmt: canon, cset: utf8
BPD: (  load_charset)    cset: utf8
BPD: ( check_consist)    Checking bp variable consistency
BPD: ( check_consist)    Checking bp variable consistency
BPD: (        format)  format ( canon:canon -> canon:utf8 )
BPD: (   load_format)   fmt: canon, cset: canon
BPD: (  load_charset)    cset: canon
BPD: (   load_format)   fmt: canon, cset: utf8
BPD: (  load_charset)    cset: utf8
BPD: ( check_consist)    Checking bp variable consistency
BPD: ( check_consist)    Checking bp variable consistency
BPD: (        format)  format ( canon:canon -> canon:utf8 )
BPD: (   load_format)   fmt: canon, cset: canon
BPD: (  load_charset)    cset: canon
BPD: (   load_format)   fmt: canon, cset: utf8
BPD: (  load_charset)    cset: utf8
BPD: ( check_consist)    Checking bp variable consistency
BPD: ( check_consist)    Checking bp variable consistency
Use of uninitialized value $bp_bibtex::id in string eq at C:\strawberry\cpan\build\Bundle-PBib-2.08-f4sB_V\blib\lib\Biblio\bp\lib/bp-bibtex.pl line 1065, <GFMIt/sample.bib> line 1071.
bp warning (record   63): Could not find bibtex crossref: UIST01
BPD: (        format)  format ( canon:canon -> canon:utf8 )
BPD: (   load_format)   fmt: canon, cset: canon
BPD: (  load_charset)    cset: canon
BPD: (   load_format)   fmt: canon, cset: utf8
BPD: (  load_charset)    cset: utf8
BPD: ( check_consist)    Checking bp variable consistency
BPD: ( check_consist)    Checking bp variable consistency
BPD: (        format)  format ( canon:canon -> canon:utf8 )
BPD: (   load_format)   fmt: canon, cset: canon
BPD: (  load_charset)    cset: canon
BPD: (   load_format)   fmt: canon, cset: utf8
BPD: (  load_charset)    cset: utf8
BPD: ( check_consist)    Checking bp variable consistency
BPD: ( check_consist)    Checking bp variable consistency
BPD: (        format)  format ( canon:canon -> canon:utf8 )
BPD: (   load_format)   fmt: canon, cset: canon
BPD: (  load_charset)    cset: canon
BPD: (   load_format)   fmt: canon, cset: utf8
BPD: (  load_charset)    cset: utf8
BPD: ( check_consist)    Checking bp variable consistency
BPD: ( check_consist)    Checking bp variable consistency
BPD: (        format)  format ( canon:canon -> canon:utf8 )
BPD: (   load_format)   fmt: canon, cset: canon
BPD: (  load_charset)    cset: canon
BPD: (   load_format)   fmt: canon, cset: utf8
BPD: (  load_charset)    cset: utf8
BPD: ( check_consist)    Checking bp variable consistency
BPD: ( check_consist)    Checking bp variable consistency
BPD: ( check_consist)    Checking bp variable consistency
storePaper not yet supported ...
t\20-biblio.t ....... ok
t\21-odbc.t ......... skipped: Cannot assume that there is a ODBC data source available
defined(%hash) is deprecated at C:\strawberry\cpan\build\Bundle-PBib-2.08-f4sB_V\blib\lib\Biblio\bp\lib/bp-p-cs.pl line 115.
	(Maybe you should just omit the defined()?)
defined(%hash) is deprecated at C:\strawberry\cpan\build\Bundle-PBib-2.08-f4sB_V\blib\lib\Biblio\bp\lib/bp-p-cs.pl line 129.
	(Maybe you should just omit the defined()?)
BPD: (        format)  format ( auto -> auto )
BPD: (   load_format)   fmt: auto, cset: <undef>
BPD: (    reg_format)   registering format auto:auto (aut) in bp_auto
BPD: (  load_charset)    cset: auto
BPD: (   load_format)   fmt: auto, cset: <undef>
BPD: ( check_consist)    Checking bp variable consistency
BPD: (        (eval)) bp package loaded with defaults
BPD: (        format)  format ( auto -> canon:8859-1 )
BPD: (   load_format)   fmt: auto, cset: <undef>
BPD: (   load_format)   fmt: canon, cset: 8859-1
BPD: (    reg_format)   registering format canon:canon (can) in bp_canon
BPD: (  load_charset)    cset: 8859-1
BPD: ( check_consist)    Checking bp variable consistency
BPD: (load_converter)    conv: aut2can
BPD: ( check_consist)    Checking bp variable consistency
Using bp, version 0.2.97 (19 Dec 96).
Reading: auto:auto  Writing: canon:8859-1

BPD: (        format)  format ( auto -> canon:8859-1 )
BPD: (   load_format)   fmt: auto, cset: <undef>
BPD: (   load_format)   fmt: canon, cset: 8859-1
BPD: (  load_charset)    cset: 8859-1
BPD: ( check_consist)    Checking bp variable consistency
BPD: (load_converter)    conv: aut2can
BPD: ( check_consist)    Checking bp variable consistency
Using bp, version 0.2.97 (19 Dec 96).
Reading: auto:auto  Writing: canon:8859-1

BPD: (        format)  format ( auto -> canon:8859-1 )
BPD: (   load_format)   fmt: auto, cset: <undef>
BPD: (   load_format)   fmt: canon, cset: 8859-1
BPD: (  load_charset)    cset: 8859-1
BPD: ( check_consist)    Checking bp variable consistency
BPD: (load_converter)    conv: aut2can
BPD: ( check_consist)    Checking bp variable consistency
Use of uninitialized value $pattern in lc at C:\strawberry\cpan\build\Bundle-PBib-2.08-f4sB_V\blib\lib/Biblio/File.pm line 66.
BPD: ( bp_auto::open)    auto step 1: t/sample.bib<bibtex> with mode read
BPD: (   load_format)   fmt: bibtex, cset: <undef>
BPD: (    reg_format)   registering format bibtex:tex (btx) in bp_bibtex
BPD: (  load_charset)    cset: tex
BPD: ( check_consist)    Checking bp variable consistency
BPD: (        format)  format ( canon:canon -> canon:utf8 )
BPD: (   load_format)   fmt: canon, cset: canon
BPD: (  load_charset)    cset: canon
BPD: (   load_format)   fmt: canon, cset: utf8
BPD: (  load_charset)    cset: utf8
Unrecognized escape \X passed through at C:\strawberry\cpan\build\Bundle-PBib-2.08-f4sB_V\blib\lib\Biblio\bp\lib/bp-cs-utf8.pl line 40, <GFMIt/sample.bib> line 16.
BPD: ( check_consist)    Checking bp variable consistency
BPD: ( check_consist)    Checking bp variable consistency
BPD: (        format)  format ( canon:canon -> canon:utf8 )
BPD: (   load_format)   fmt: canon, cset: canon
BPD: (  load_charset)    cset: canon
BPD: (   load_format)   fmt: canon, cset: utf8
BPD: (  load_charset)    cset: utf8
BPD: ( check_consist)    Checking bp variable consistency
BPD: ( check_consist)    Checking bp variable consistency
BPD: (        format)  format ( canon:canon -> canon:utf8 )
BPD: (   load_format)   fmt: canon, cset: canon
BPD: (  load_charset)    cset: canon
BPD: (   load_format)   fmt: canon, cset: utf8
BPD: (  load_charset)    cset: utf8
BPD: ( check_consist)    Checking bp variable consistency
BPD: ( check_consist)    Checking bp variable consistency
BPD: (        format)  format ( canon:canon -> canon:utf8 )
BPD: (   load_format)   fmt: canon, cset: canon
BPD: (  load_charset)    cset: canon
BPD: (   load_format)   fmt: canon, cset: utf8
BPD: (  load_charset)    cset: utf8
BPD: ( check_consist)    Checking bp variable consistency
BPD: ( check_consist)    Checking bp variable consistency
BPD: (        format)  format ( canon:canon -> canon:utf8 )
BPD: (   load_format)   fmt: canon, cset: canon
BPD: (  load_charset)    cset: canon
BPD: (   load_format)   fmt: canon, cset: utf8
BPD: (  load_charset)    cset: utf8
BPD: ( check_consist)    Checking bp variable consistency
BPD: ( check_consist)    Checking bp variable consistency
BPD: (        format)  format ( canon:canon -> canon:utf8 )
BPD: (   load_format)   fmt: canon, cset: canon
BPD: (  load_charset)    cset: canon
BPD: (   load_format)   fmt: canon, cset: utf8
BPD: (  load_charset)    cset: utf8
BPD: ( check_consist)    Checking bp variable consistency
BPD: ( check_consist)    Checking bp variable consistency
BPD: (        format)  format ( canon:canon -> canon:utf8 )
BPD: (   load_format)   fmt: canon, cset: canon
BPD: (  load_charset)    cset: canon
BPD: (   load_format)   fmt: canon, cset: utf8
BPD: (  load_charset)    cset: utf8
BPD: ( check_consist)    Checking bp variable consistency
BPD: ( check_consist)    Checking bp variable consistency
BPD: (        format)  format ( canon:canon -> canon:utf8 )
BPD: (   load_format)   fmt: canon, cset: canon
BPD: (  load_charset)    cset: canon
BPD: (   load_format)   fmt: canon, cset: utf8
BPD: (  load_charset)    cset: utf8
BPD: ( check_consist)    Checking bp variable consistency
BPD: ( check_consist)    Checking bp variable consistency
BPD: (        format)  format ( canon:canon -> canon:utf8 )
BPD: (   load_format)   fmt: canon, cset: canon
BPD: (  load_charset)    cset: canon
BPD: (   load_format)   fmt: canon, cset: utf8
BPD: (  load_charset)    cset: utf8
BPD: ( check_consist)    Checking bp variable consistency
BPD: ( check_consist)    Checking bp variable consistency
BPD: (        format)  format ( canon:canon -> canon:utf8 )
BPD: (   load_format)   fmt: canon, cset: canon
BPD: (  load_charset)    cset: canon
BPD: (   load_format)   fmt: canon, cset: utf8
BPD: (  load_charset)    cset: utf8
BPD: ( check_consist)    Checking bp variable consistency
BPD: ( check_consist)    Checking bp variable consistency
BPD: (        (eval))    Loading approx tables
BPD: (        format)  format ( canon:canon -> canon:utf8 )
BPD: (   load_format)   fmt: canon, cset: canon
BPD: (  load_charset)    cset: canon
BPD: (   load_format)   fmt: canon, cset: utf8
BPD: (  load_charset)    cset: utf8
BPD: ( check_consist)    Checking bp variable consistency
BPD: ( check_consist)    Checking bp variable consistency
BPD: (        format)  format ( canon:canon -> canon:utf8 )
BPD: (   load_format)   fmt: canon, cset: canon
BPD: (  load_charset)    cset: canon
BPD: (   load_format)   fmt: canon, cset: utf8
BPD: (  load_charset)    cset: utf8
BPD: ( check_consist)    Checking bp variable consistency
BPD: ( check_consist)    Checking bp variable consistency
BPD: (        format)  format ( canon:canon -> canon:utf8 )
BPD: (   load_format)   fmt: canon, cset: canon
BPD: (  load_charset)    cset: canon
BPD: (   load_format)   fmt: canon, cset: utf8
BPD: (  load_charset)    cset: utf8
BPD: ( check_consist)    Checking bp variable consistency
BPD: ( check_consist)    Checking bp variable consistency
BPD: (        format)  format ( canon:canon -> canon:utf8 )
BPD: (   load_format)   fmt: canon, cset: canon
BPD: (  load_charset)    cset: canon
BPD: (   load_format)   fmt: canon, cset: utf8
BPD: (  load_charset)    cset: utf8
BPD: ( check_consist)    Checking bp variable consistency
BPD: ( check_consist)    Checking bp variable consistency
BPD: (        format)  format ( canon:canon -> canon:utf8 )
BPD: (   load_format)   fmt: canon, cset: canon
BPD: (  load_charset)    cset: canon
BPD: (   load_format)   fmt: canon, cset: utf8
BPD: (  load_charset)    cset: utf8
BPD: ( check_consist)    Checking bp variable consistency
BPD: ( check_consist)    Checking bp variable consistency
Use of uninitialized value $bp_bibtex::id in string eq at C:\strawberry\cpan\build\Bundle-PBib-2.08-f4sB_V\blib\lib\Biblio\bp\lib/bp-bibtex.pl line 1065, <GFMIt/sample.bib> line 1071.
bp warning (record   16): Could not find bibtex crossref: CSCW96
BPD: (        format)  format ( canon:canon -> canon:utf8 )
BPD: (   load_format)   fmt: canon, cset: canon
BPD: (  load_charset)    cset: canon
BPD: (   load_format)   fmt: canon, cset: utf8
BPD: (  load_charset)    cset: utf8
BPD: ( check_consist)    Checking bp variable consistency
BPD: ( check_consist)    Checking bp variable consistency
BPD: (        format)  format ( canon:canon -> canon:utf8 )
BPD: (   load_format)   fmt: canon, cset: canon
BPD: (  load_charset)    cset: canon
BPD: (   load_format)   fmt: canon, cset: utf8
BPD: (  load_charset)    cset: utf8
BPD: ( check_consist)    Checking bp variable consistency
BPD: ( check_consist)    Checking bp variable consistency
BPD: (        format)  format ( canon:canon -> canon:utf8 )
BPD: (   load_format)   fmt: canon, cset: canon
BPD: (  load_charset)    cset: canon
BPD: (   load_format)   fmt: canon, cset: utf8
BPD: (  load_charset)    cset: utf8
BPD: ( check_consist)    Checking bp variable consistency
BPD: ( check_consist)    Checking bp variable consistency
BPD: (        format)  format ( canon:canon -> canon:utf8 )
BPD: (   load_format)   fmt: canon, cset: canon
BPD: (  load_charset)    cset: canon
BPD: (   load_format)   fmt: canon, cset: utf8
BPD: (  load_charset)    cset: utf8
BPD: ( check_consist)    Checking bp variable consistency
BPD: ( check_consist)    Checking bp variable consistency
BPD: (        format)  format ( canon:canon -> canon:utf8 )
BPD: (   load_format)   fmt: canon, cset: canon
BPD: (  load_charset)    cset: canon
BPD: (   load_format)   fmt: canon, cset: utf8
BPD: (  load_charset)    cset: utf8
BPD: ( check_consist)    Checking bp variable consistency
BPD: ( check_consist)    Checking bp variable consistency
BPD: (        format)  format ( canon:canon -> canon:utf8 )
BPD: (   load_format)   fmt: canon, cset: canon
BPD: (  load_charset)    cset: canon
BPD: (   load_format)   fmt: canon, cset: utf8
BPD: (  load_charset)    cset: utf8
BPD: ( check_consist)    Checking bp variable consistency
BPD: ( check_consist)    Checking bp variable consistency
BPD: (        format)  format ( canon:canon -> canon:utf8 )
BPD: (   load_format)   fmt: canon, cset: canon
BPD: (  load_charset)    cset: canon
BPD: (   load_format)   fmt: canon, cset: utf8
BPD: (  load_charset)    cset: utf8
BPD: ( check_consist)    Checking bp variable consistency
BPD: ( check_consist)    Checking bp variable consistency
BPD: (        format)  format ( canon:canon -> canon:utf8 )
BPD: (   load_format)   fmt: canon, cset: canon
BPD: (  load_charset)    cset: canon
BPD: (   load_format)   fmt: canon, cset: utf8
BPD: (  load_charset)    cset: utf8
BPD: ( check_consist)    Checking bp variable consistency
BPD: ( check_consist)    Checking bp variable consistency
BPD: (        format)  format ( canon:canon -> canon:utf8 )
BPD: (   load_format)   fmt: canon, cset: canon
BPD: (  load_charset)    cset: canon
BPD: (   load_format)   fmt: canon, cset: utf8
BPD: (  load_charset)    cset: utf8
BPD: ( check_consist)    Checking bp variable consistency
BPD: ( check_consist)    Checking bp variable consistency
BPD: (        format)  format ( canon:canon -> canon:utf8 )
BPD: (   load_format)   fmt: canon, cset: canon
BPD: (  load_charset)    cset: canon
BPD: (   load_format)   fmt: canon, cset: utf8
BPD: (  load_charset)    cset: utf8
BPD: ( check_consist)    Checking bp variable consistency
BPD: ( check_consist)    Checking bp variable consistency
BPD: (        format)  format ( canon:canon -> canon:utf8 )
BPD: (   load_format)   fmt: canon, cset: canon
BPD: (  load_charset)    cset: canon
BPD: (   load_format)   fmt: canon, cset: utf8
BPD: (  load_charset)    cset: utf8
BPD: ( check_consist)    Checking bp variable consistency
BPD: ( check_consist)    Checking bp variable consistency
BPD: (        format)  format ( canon:canon -> canon:utf8 )
BPD: (   load_format)   fmt: canon, cset: canon
BPD: (  load_charset)    cset: canon
BPD: (   load_format)   fmt: canon, cset: utf8
BPD: (  load_charset)    cset: utf8
BPD: ( check_consist)    Checking bp variable consistency
BPD: ( check_consist)    Checking bp variable consistency
BPD: (        format)  format ( canon:canon -> canon:utf8 )
BPD: (   load_format)   fmt: canon, cset: canon
BPD: (  load_charset)    cset: canon
BPD: (   load_format)   fmt: canon, cset: utf8
BPD: (  load_charset)    cset: utf8
BPD: ( check_consist)    Checking bp variable consistency
BPD: ( check_consist)    Checking bp variable consistency
BPD: (        format)  format ( canon:canon -> canon:utf8 )
BPD: (   load_format)   fmt: canon, cset: canon
BPD: (  load_charset)    cset: canon
BPD: (   load_format)   fmt: canon, cset: utf8
BPD: (  load_charset)    cset: utf8
BPD: ( check_consist)    Checking bp variable consistency
BPD: ( check_consist)    Checking bp variable consistency
Use of uninitialized value $bp_bibtex::id in string eq at C:\strawberry\cpan\build\Bundle-PBib-2.08-f4sB_V\blib\lib\Biblio\bp\lib/bp-bibtex.pl line 1065, <GFMIt/sample.bib> line 1071.
bp warning (record   30): Could not find bibtex crossref: HUC00
BPD: (        format)  format ( canon:canon -> canon:utf8 )
BPD: (   load_format)   fmt: canon, cset: canon
BPD: (  load_charset)    cset: canon
BPD: (   load_format)   fmt: canon, cset: utf8
BPD: (  load_charset)    cset: utf8
BPD: ( check_consist)    Checking bp variable consistency
BPD: ( check_consist)    Checking bp variable consistency
BPD: (        format)  format ( canon:canon -> canon:utf8 )
BPD: (   load_format)   fmt: canon, cset: canon
BPD: (  load_charset)    cset: canon
BPD: (   load_format)   fmt: canon, cset: utf8
BPD: (  load_charset)    cset: utf8
BPD: ( check_consist)    Checking bp variable consistency
BPD: ( check_consist)    Checking bp variable consistency
BPD: (        format)  format ( canon:canon -> canon:utf8 )
BPD: (   load_format)   fmt: canon, cset: canon
BPD: (  load_charset)    cset: canon
BPD: (   load_format)   fmt: canon, cset: utf8
BPD: (  load_charset)    cset: utf8
BPD: ( check_consist)    Checking bp variable consistency
BPD: ( check_consist)    Checking bp variable consistency
Use of uninitialized value $bp_bibtex::id in string eq at C:\strawberry\cpan\build\Bundle-PBib-2.08-f4sB_V\blib\lib\Biblio\bp\lib/bp-bibtex.pl line 1065, <GFMIt/sample.bib> line 1071.
bp warning (record   33): Could not find bibtex crossref: Carroll-HCIMillennium
BPD: (        format)  format ( canon:canon -> canon:utf8 )
BPD: (   load_format)   fmt: canon, cset: canon
BPD: (  load_charset)    cset: canon
BPD: (   load_format)   fmt: canon, cset: utf8
BPD: (  load_charset)    cset: utf8
BPD: ( check_consist)    Checking bp variable consistency
BPD: ( check_consist)    Checking bp variable consistency
BPD: (        format)  format ( canon:canon -> canon:utf8 )
BPD: (   load_format)   fmt: canon, cset: canon
BPD: (  load_charset)    cset: canon
BPD: (   load_format)   fmt: canon, cset: utf8
BPD: (  load_charset)    cset: utf8
BPD: ( check_consist)    Checking bp variable consistency
BPD: ( check_consist)    Checking bp variable consistency
Use of uninitialized value $bp_bibtex::id in string eq at C:\strawberry\cpan\build\Bundle-PBib-2.08-f4sB_V\blib\lib\Biblio\bp\lib/bp-bibtex.pl line 1065, <GFMIt/sample.bib> line 1071.
bp warning (record   35): Could not find bibtex crossref: CHI92
BPD: (        format)  format ( canon:canon -> canon:utf8 )
BPD: (   load_format)   fmt: canon, cset: canon
BPD: (  load_charset)    cset: canon
BPD: (   load_format)   fmt: canon, cset: utf8
BPD: (  load_charset)    cset: utf8
BPD: ( check_consist)    Checking bp variable consistency
BPD: ( check_consist)    Checking bp variable consistency
BPD: (        format)  format ( canon:canon -> canon:utf8 )
BPD: (   load_format)   fmt: canon, cset: canon
BPD: (  load_charset)    cset: canon
BPD: (   load_format)   fmt: canon, cset: utf8
BPD: (  load_charset)    cset: utf8
BPD: ( check_consist)    Checking bp variable consistency
BPD: ( check_consist)    Checking bp variable consistency
BPD: (        format)  format ( canon:canon -> canon:utf8 )
BPD: (   load_format)   fmt: canon, cset: canon
BPD: (  load_charset)    cset: canon
BPD: (   load_format)   fmt: canon, cset: utf8
BPD: (  load_charset)    cset: utf8
BPD: ( check_consist)    Checking bp variable consistency
BPD: ( check_consist)    Checking bp variable consistency
BPD: (        format)  format ( canon:canon -> canon:utf8 )
BPD: (   load_format)   fmt: canon, cset: canon
BPD: (  load_charset)    cset: canon
BPD: (   load_format)   fmt: canon, cset: utf8
BPD: (  load_charset)    cset: utf8
BPD: ( check_consist)    Checking bp variable consistency
BPD: ( check_consist)    Checking bp variable consistency
BPD: (        format)  format ( canon:canon -> canon:utf8 )
BPD: (   load_format)   fmt: canon, cset: canon
BPD: (  load_charset)    cset: canon
BPD: (   load_format)   fmt: canon, cset: utf8
BPD: (  load_charset)    cset: utf8
BPD: ( check_consist)    Checking bp variable consistency
BPD: ( check_consist)    Checking bp variable consistency
Use of uninitialized value $bp_bibtex::id in string eq at C:\strawberry\cpan\build\Bundle-PBib-2.08-f4sB_V\blib\lib\Biblio\bp\lib/bp-bibtex.pl line 1065, <GFMIt/sample.bib> line 1071.
bp warning (record   40): Could not find bibtex crossref: UIST02
BPD: (        format)  format ( canon:canon -> canon:utf8 )
BPD: (   load_format)   fmt: canon, cset: canon
BPD: (  load_charset)    cset: canon
BPD: (   load_format)   fmt: canon, cset: utf8
BPD: (  load_charset)    cset: utf8
BPD: ( check_consist)    Checking bp variable consistency
BPD: ( check_consist)    Checking bp variable consistency
BPD: (        format)  format ( canon:canon -> canon:utf8 )
BPD: (   load_format)   fmt: canon, cset: canon
BPD: (  load_charset)    cset: canon
BPD: (   load_format)   fmt: canon, cset: utf8
BPD: (  load_charset)    cset: utf8
BPD: ( check_consist)    Checking bp variable consistency
BPD: ( check_consist)    Checking bp variable consistency
BPD: (        format)  format ( canon:canon -> canon:utf8 )
BPD: (   load_format)   fmt: canon, cset: canon
BPD: (  load_charset)    cset: canon
BPD: (   load_format)   fmt: canon, cset: utf8
BPD: (  load_charset)    cset: utf8
BPD: ( check_consist)    Checking bp variable consistency
BPD: ( check_consist)    Checking bp variable consistency
Use of uninitialized value $bp_bibtex::id in string eq at C:\strawberry\cpan\build\Bundle-PBib-2.08-f4sB_V\blib\lib\Biblio\bp\lib/bp-bibtex.pl line 1065, <GFMIt/sample.bib> line 1071.
bp warning (record   43): Could not find bibtex crossref: CSCW02
BPD: (        format)  format ( canon:canon -> canon:utf8 )
BPD: (   load_format)   fmt: canon, cset: canon
BPD: (  load_charset)    cset: canon
BPD: (   load_format)   fmt: canon, cset: utf8
BPD: (  load_charset)    cset: utf8
BPD: ( check_consist)    Checking bp variable consistency
BPD: ( check_consist)    Checking bp variable consistency
BPD: (        format)  format ( canon:canon -> canon:utf8 )
BPD: (   load_format)   fmt: canon, cset: canon
BPD: (  load_charset)    cset: canon
BPD: (   load_format)   fmt: canon, cset: utf8
BPD: (  load_charset)    cset: utf8
BPD: ( check_consist)    Checking bp variable consistency
BPD: ( check_consist)    Checking bp variable consistency
BPD: (        format)  format ( canon:canon -> canon:utf8 )
BPD: (   load_format)   fmt: canon, cset: canon
BPD: (  load_charset)    cset: canon
BPD: (   load_format)   fmt: canon, cset: utf8
BPD: (  load_charset)    cset: utf8
BPD: ( check_consist)    Checking bp variable consistency
BPD: ( check_consist)    Checking bp variable consistency
BPD: (        format)  format ( canon:canon -> canon:utf8 )
BPD: (   load_format)   fmt: canon, cset: canon
BPD: (  load_charset)    cset: canon
BPD: (   load_format)   fmt: canon, cset: utf8
BPD: (  load_charset)    cset: utf8
BPD: ( check_consist)    Checking bp variable consistency
BPD: ( check_consist)    Checking bp variable consistency
BPD: (        format)  format ( canon:canon -> canon:utf8 )
BPD: (   load_format)   fmt: canon, cset: canon
BPD: (  load_charset)    cset: canon
BPD: (   load_format)   fmt: canon, cset: utf8
BPD: (  load_charset)    cset: utf8
BPD: ( check_consist)    Checking bp variable consistency
BPD: ( check_consist)    Checking bp variable consistency
BPD: (        format)  format ( canon:canon -> canon:utf8 )
BPD: (   load_format)   fmt: canon, cset: canon
BPD: (  load_charset)    cset: canon
BPD: (   load_format)   fmt: canon, cset: utf8
BPD: (  load_charset)    cset: utf8
BPD: ( check_consist)    Checking bp variable consistency
BPD: ( check_consist)    Checking bp variable consistency
BPD: (        format)  format ( canon:canon -> canon:utf8 )
BPD: (   load_format)   fmt: canon, cset: canon
BPD: (  load_charset)    cset: canon
BPD: (   load_format)   fmt: canon, cset: utf8
BPD: (  load_charset)    cset: utf8
BPD: ( check_consist)    Checking bp variable consistency
BPD: ( check_consist)    Checking bp variable consistency
BPD: (        format)  format ( canon:canon -> canon:utf8 )
BPD: (   load_format)   fmt: canon, cset: canon
BPD: (  load_charset)    cset: canon
BPD: (   load_format)   fmt: canon, cset: utf8
BPD: (  load_charset)    cset: utf8
BPD: ( check_consist)    Checking bp variable consistency
BPD: ( check_consist)    Checking bp variable consistency
BPD: (        format)  format ( canon:canon -> canon:utf8 )
BPD: (   load_format)   fmt: canon, cset: canon
BPD: (  load_charset)    cset: canon
BPD: (   load_format)   fmt: canon, cset: utf8
BPD: (  load_charset)    cset: utf8
BPD: ( check_consist)    Checking bp variable consistency
BPD: ( check_consist)    Checking bp variable consistency
BPD: (        format)  format ( canon:canon -> canon:utf8 )
BPD: (   load_format)   fmt: canon, cset: canon
BPD: (  load_charset)    cset: canon
BPD: (   load_format)   fmt: canon, cset: utf8
BPD: (  load_charset)    cset: utf8
BPD: ( check_consist)    Checking bp variable consistency
BPD: ( check_consist)    Checking bp variable consistency
BPD: (        format)  format ( canon:canon -> canon:utf8 )
BPD: (   load_format)   fmt: canon, cset: canon
BPD: (  load_charset)    cset: canon
BPD: (   load_format)   fmt: canon, cset: utf8
BPD: (  load_charset)    cset: utf8
BPD: ( check_consist)    Checking bp variable consistency
BPD: ( check_consist)    Checking bp variable consistency
BPD: (        format)  format ( canon:canon -> canon:utf8 )
BPD: (   load_format)   fmt: canon, cset: canon
BPD: (  load_charset)    cset: canon
BPD: (   load_format)   fmt: canon, cset: utf8
BPD: (  load_charset)    cset: utf8
BPD: ( check_consist)    Checking bp variable consistency
BPD: ( check_consist)    Checking bp variable consistency
BPD: (        format)  format ( canon:canon -> canon:utf8 )
BPD: (   load_format)   fmt: canon, cset: canon
BPD: (  load_charset)    cset: canon
BPD: (   load_format)   fmt: canon, cset: utf8
BPD: (  load_charset)    cset: utf8
BPD: ( check_consist)    Checking bp variable consistency
BPD: ( check_consist)    Checking bp variable consistency
BPD: (        format)  format ( canon:canon -> canon:utf8 )
BPD: (   load_format)   fmt: canon, cset: canon
BPD: (  load_charset)    cset: canon
BPD: (   load_format)   fmt: canon, cset: utf8
BPD: (  load_charset)    cset: utf8
BPD: ( check_consist)    Checking bp variable consistency
BPD: ( check_consist)    Checking bp variable consistency
Use of uninitialized value $bp_bibtex::id in string eq at C:\strawberry\cpan\build\Bundle-PBib-2.08-f4sB_V\blib\lib\Biblio\bp\lib/bp-bibtex.pl line 1065, <GFMIt/sample.bib> line 1071.
bp warning (record   57): Could not find bibtex crossref: CHI99
BPD: (        format)  format ( canon:canon -> canon:utf8 )
BPD: (   load_format)   fmt: canon, cset: canon
BPD: (  load_charset)    cset: canon
BPD: (   load_format)   fmt: canon, cset: utf8
BPD: (  load_charset)    cset: utf8
BPD: ( check_consist)    Checking bp variable consistency
BPD: ( check_consist)    Checking bp variable consistency
BPD: (        format)  format ( canon:canon -> canon:utf8 )
BPD: (   load_format)   fmt: canon, cset: canon
BPD: (  load_charset)    cset: canon
BPD: (   load_format)   fmt: canon, cset: utf8
BPD: (  load_charset)    cset: utf8
BPD: ( check_consist)    Checking bp variable consistency
BPD: ( check_consist)    Checking bp variable consistency
BPD: (        format)  format ( canon:canon -> canon:utf8 )
BPD: (   load_format)   fmt: canon, cset: canon
BPD: (  load_charset)    cset: canon
BPD: (   load_format)   fmt: canon, cset: utf8
BPD: (  load_charset)    cset: utf8
BPD: ( check_consist)    Checking bp variable consistency
BPD: ( check_consist)    Checking bp variable consistency
BPD: (        format)  format ( canon:canon -> canon:utf8 )
BPD: (   load_format)   fmt: canon, cset: canon
BPD: (  load_charset)    cset: canon
BPD: (   load_format)   fmt: canon, cset: utf8
BPD: (  load_charset)    cset: utf8
BPD: ( check_consist)    Checking bp variable consistency
BPD: ( check_consist)    Checking bp variable consistency
BPD: (        format)  format ( canon:canon -> canon:utf8 )
BPD: (   load_format)   fmt: canon, cset: canon
BPD: (  load_charset)    cset: canon
BPD: (   load_format)   fmt: canon, cset: utf8
BPD: (  load_charset)    cset: utf8
BPD: ( check_consist)    Checking bp variable consistency
BPD: ( check_consist)    Checking bp variable consistency
BPD: (        format)  format ( canon:canon -> canon:utf8 )
BPD: (   load_format)   fmt: canon, cset: canon
BPD: (  load_charset)    cset: canon
BPD: (   load_format)   fmt: canon, cset: utf8
BPD: (  load_charset)    cset: utf8
BPD: ( check_consist)    Checking bp variable consistency
BPD: ( check_consist)    Checking bp variable consistency
Use of uninitialized value $bp_bibtex::id in string eq at C:\strawberry\cpan\build\Bundle-PBib-2.08-f4sB_V\blib\lib\Biblio\bp\lib/bp-bibtex.pl line 1065, <GFMIt/sample.bib> line 1071.
bp warning (record   63): Could not find bibtex crossref: UIST01
BPD: (        format)  format ( canon:canon -> canon:utf8 )
BPD: (   load_format)   fmt: canon, cset: canon
BPD: (  load_charset)    cset: canon
BPD: (   load_format)   fmt: canon, cset: utf8
BPD: (  load_charset)    cset: utf8
BPD: ( check_consist)    Checking bp variable consistency
BPD: ( check_consist)    Checking bp variable consistency
BPD: (        format)  format ( canon:canon -> canon:utf8 )
BPD: (   load_format)   fmt: canon, cset: canon
BPD: (  load_charset)    cset: canon
BPD: (   load_format)   fmt: canon, cset: utf8
BPD: (  load_charset)    cset: utf8
BPD: ( check_consist)    Checking bp variable consistency
BPD: ( check_consist)    Checking bp variable consistency
BPD: (        format)  format ( canon:canon -> canon:utf8 )
BPD: (   load_format)   fmt: canon, cset: canon
BPD: (  load_charset)    cset: canon
BPD: (   load_format)   fmt: canon, cset: utf8
BPD: (  load_charset)    cset: utf8
BPD: ( check_consist)    Checking bp variable consistency
BPD: ( check_consist)    Checking bp variable consistency
BPD: (        format)  format ( canon:canon -> canon:utf8 )
BPD: (   load_format)   fmt: canon, cset: canon
BPD: (  load_charset)    cset: canon
BPD: (   load_format)   fmt: canon, cset: utf8
BPD: (  load_charset)    cset: utf8
BPD: ( check_consist)    Checking bp variable consistency
BPD: ( check_consist)    Checking bp variable consistency
BPD: ( check_consist)    Checking bp variable consistency
# Converting t\sample.rtf ...
Undefined subroutine &PBib::PBib::Store called at C:\strawberry\cpan\build\Bundle-PBib-2.08-f4sB_V\blib\lib/PBib/PBib.pm line 570.
Document::MSWord: 0 OLE objects left ...
# Looks like you planned 15 tests but ran 10.
# Looks like your test exited with 255 just after 10.
t\30-pbib-module.t .. 
Dubious, test returned 255 (wstat 65280, 0xff00)
Failed 5/15 subtests 
# Converting t\sample.rtf ...
defined(%hash) is deprecated at C:\strawberry\cpan\build\Bundle-PBib-2.08-f4sB_V\lib\Biblio\bp\lib/bp-p-cs.pl line 115.
	(Maybe you should just omit the defined()?)
defined(%hash) is deprecated at C:\strawberry\cpan\build\Bundle-PBib-2.08-f4sB_V\lib\Biblio\bp\lib/bp-p-cs.pl line 129.
	(Maybe you should just omit the defined()?)
Using bp, version 0.2.97 (19 Dec 96).
Reading: auto:auto  Writing: canon:8859-1

PBib version 2.08.
Using bp, version 0.2.97 (19 Dec 96).
Reading: auto:auto  Writing: canon:8859-1

Use of uninitialized value $pattern in lc at C:/strawberry/cpan/build/Bundle-PBib-2.08-f4sB_V/bin/../lib/Biblio/File.pm line 66.
Read t/sample.bib ...
bp warning (record   16): Could not find bibtex crossref: CSCW96
bp warning (record   30): Could not find bibtex crossref: HUC00
bp warning (record   33): Could not find bibtex crossref: Carroll-HCIMillennium
bp warning (record   35): Could not find bibtex crossref: CHI92
bp warning (record   40): Could not find bibtex crossref: UIST02
bp warning (record   43): Could not find bibtex crossref: CSCW02
bp warning (record   57): Could not find bibtex crossref: CHI99
bp warning (record   63): Could not find bibtex crossref: UIST01
66 records read from t/sample.bib (8 warnings).
Undefined subroutine &PBib::PBib::Store called at C:/strawberry/cpan/build/Bundle-PBib-2.08-f4sB_V/bin/../lib/PBib/PBib.pm line 570.
Document::MSWord: 0 OLE objects left ...

#   Failed test 'system(C:\STRAWB~1\perl\bin\perl.exe, C:\strawberry\cpan\build\Bundle-PBib-2.08-f4sB_V\bin\pbib.pl, t\sample.rtf)'
#   at t\31-pbib-script.t line 50.
#          got: '65280'
#     expected: '0'
# Converting t\sample.sxw ...
defined(%hash) is deprecated at C:\strawberry\cpan\build\Bundle-PBib-2.08-f4sB_V\lib\Biblio\bp\lib/bp-p-cs.pl line 115.
	(Maybe you should just omit the defined()?)
defined(%hash) is deprecated at C:\strawberry\cpan\build\Bundle-PBib-2.08-f4sB_V\lib\Biblio\bp\lib/bp-p-cs.pl line 129.
	(Maybe you should just omit the defined()?)
Using bp, version 0.2.97 (19 Dec 96).
Reading: auto:auto  Writing: canon:8859-1

PBib version 2.08.
Using bp, version 0.2.97 (19 Dec 96).
Reading: auto:auto  Writing: canon:8859-1

Use of uninitialized value $pattern in lc at C:/strawberry/cpan/build/Bundle-PBib-2.08-f4sB_V/bin/../lib/Biblio/File.pm line 66.
Read t/sample.bib ...
bp warning (record   16): Could not find bibtex crossref: CSCW96
bp warning (record   30): Could not find bibtex crossref: HUC00
bp warning (record   33): Could not find bibtex crossref: Carroll-HCIMillennium
bp warning (record   35): Could not find bibtex crossref: CHI92
bp warning (record   40): Could not find bibtex crossref: UIST02
bp warning (record   43): Could not find bibtex crossref: CSCW02
bp warning (record   57): Could not find bibtex crossref: CHI99
bp warning (record   63): Could not find bibtex crossref: UIST01
66 records read from t/sample.bib (8 warnings).
Wide character in Compress::Raw::Zlib::crc32 at C:/strawberry/perl/vendor/lib/Archive/Zip.pm line 303.

#   Failed test 'system(C:\STRAWB~1\perl\bin\perl.exe, C:\strawberry\cpan\build\Bundle-PBib-2.08-f4sB_V\bin\pbib.pl, t\sample.sxw)'
#   at t\31-pbib-script.t line 50.
#          got: '65280'
#     expected: '0'
# Converting t\sample.txt ...
defined(%hash) is deprecated at C:\strawberry\cpan\build\Bundle-PBib-2.08-f4sB_V\lib\Biblio\bp\lib/bp-p-cs.pl line 115.
	(Maybe you should just omit the defined()?)
defined(%hash) is deprecated at C:\strawberry\cpan\build\Bundle-PBib-2.08-f4sB_V\lib\Biblio\bp\lib/bp-p-cs.pl line 129.
	(Maybe you should just omit the defined()?)
Using bp, version 0.2.97 (19 Dec 96).
Reading: auto:auto  Writing: canon:8859-1

PBib version 2.08.
Using bp, version 0.2.97 (19 Dec 96).
Reading: auto:auto  Writing: canon:8859-1

Use of uninitialized value $pattern in lc at C:/strawberry/cpan/build/Bundle-PBib-2.08-f4sB_V/bin/../lib/Biblio/File.pm line 66.
Read t/sample.bib ...
bp warning (record   16): Could not find bibtex crossref: CSCW96
bp warning (record   30): Could not find bibtex crossref: HUC00
bp warning (record   33): Could not find bibtex crossref: Carroll-HCIMillennium
bp warning (record   35): Could not find bibtex crossref: CHI92
bp warning (record   40): Could not find bibtex crossref: UIST02
bp warning (record   43): Could not find bibtex crossref: CSCW02
bp warning (record   57): Could not find bibtex crossref: CHI99
bp warning (record   63): Could not find bibtex crossref: UIST01
66 records read from t/sample.bib (8 warnings).
Undefined subroutine &PBib::PBib::Store called at C:/strawberry/cpan/build/Bundle-PBib-2.08-f4sB_V/bin/../lib/PBib/PBib.pm line 570.

#   Failed test 'system(C:\STRAWB~1\perl\bin\perl.exe, C:\strawberry\cpan\build\Bundle-PBib-2.08-f4sB_V\bin\pbib.pl, t\sample.txt)'
#   at t\31-pbib-script.t line 50.
#          got: '65280'
#     expected: '0'
# Looks like you failed 3 tests of 11.
t\31-pbib-script.t .. 
Dubious, test returned 3 (wstat 768, 0x300)
Failed 3/11 subtests 
	(less 3 skipped subtests: 5 okay)

Test Summary Report
-------------------
t\00-signature.t  (Wstat: 2304 Tests: 0 Failed: 0)
  Non-zero exit status: 9
  Parse errors: Bad plan.  You planned 1 tests but ran 0.
t\30-pbib-module.t (Wstat: 65280 Tests: 10 Failed: 0)
  Non-zero exit status: 255
  Parse errors: Bad plan.  You planned 15 tests but ran 10.
t\31-pbib-script.t (Wstat: 768 Tests: 11 Failed: 3)
  Failed tests:  4, 7, 10
  Non-zero exit status: 3
Files=6, Tests=33, 125 wallclock secs ( 0.01 usr +  0.02 sys =  0.03 CPU)
Result: FAIL
Failed 3/6 test programs. 3/33 subtests failed.

------------------------------
PREREQUISITES
------------------------------

Prerequisite modules loaded:

requires:

    Module          Need   Have     
    --------------- ------ ---------
    Bundle::DBI     11.02  12.008695
    Config::General 2.18   2.51     
    Cwd             2.06   3.40     
    Data::Dumper    2.12   2.128    
    perl            v5.6.1 5.012003 


------------------------------
ENVIRONMENT AND OTHER CONTEXT
------------------------------

Environment variables:

    AUTOMATED_TESTING = 1
    COMSPEC = C:\WINDOWS\system32\cmd.exe
    NUMBER_OF_PROCESSORS = 1
    PATH = C:\Program Files\Far Manager\;C:\WINDOWS\system32;C:\WINDOWS;C:\WINDOWS\System32\Wbem;C:\strawberry\c\bin;C:\strawberry\perl\site\bin;C:\strawberry\perl\bin
    PERL5LIB = 
    PERL5OPT = 
    PERL5_CPANPLUS_IS_RUNNING = 3072
    PERL5_CPAN_IS_RUNNING = 3072
    PERL5_CPAN_IS_RUNNING_IN_RECURSION = 1568,3072
    PERL_CR_SMOKER_CURRENT = Bundle-PBib-2.08
    PERL_EXTUTILS_AUTOINSTALL = --defaultdeps
    PERL_JSON_BACKEND = JSON::XS
    PERL_MM_USE_DEFAULT = 1
    PERL_YAML_BACKEND = YAML
    PROCESSOR_IDENTIFIER = x86 Family 16 Model 5 Stepping 3, AuthenticAMD
    TEMP = C:\DOCUME~1\c\LOCALS~1\Temp
    TERM = dumb

Perl special variables (and OS-specific diagnostics, for MSWin32):

    $^X = C:\strawberry\perl\bin\perl.exe
    $UID/$EUID = 0 / 0
    $GID = 0
    $EGID = 0
    Win32::GetOSName = WinXP/.Net
    Win32::GetOSVersion = Service Pack 3, 5, 1, 2600, 2, 3, 0, 256, 1
    Win32::FsType = NTFS
    Win32::IsAdminUser = 1

Perl module toolchain versions installed:

    Module              Have    
    ------------------- --------
    CPAN                1.9800  
    CPAN::Meta          2.120921
    Cwd                 3.40    
    ExtUtils::CBuilder  0.280202
    ExtUtils::Command   1.17    
    ExtUtils::Install   1.55    
    ExtUtils::MakeMaker 6.64    
    ExtUtils::Manifest  1.60    
    ExtUtils::ParseXS   3.18    
    File::Spec          3.40    
    JSON                2.53    
    JSON::PP            2.27200 
    Module::Build       0.4003  
    Module::Signature   0.66    
    Parse::CPAN::Meta   1.4404  
    Test::Harness       3.23    
    Test::More          0.98    
    YAML                0.84    
    YAML::Syck          1.22    
    version             0.9901  


--

Summary of my perl5 (revision 5 version 12 subversion 3) configuration:
   
  Platform:
    osname=MSWin32, osvers=5.1, archname=MSWin32-x86-multi-thread
    uname='Win32 strawberryperl 5.12.3.0 #1 Sun May 15 09:44:53 2011 i386'
    config_args='undef'
    hint=recommended, useposix=true, d_sigaction=undef
    useithreads=define, usemultiplicity=define
    useperlio=define, d_sfio=undef, uselargefiles=define, usesocks=undef
    use64bitint=undef, use64bitall=undef, uselongdouble=undef
    usemymalloc=n, bincompat5005=undef
  Compiler:
    cc='gcc', ccflags =' -s -O2 -DWIN32 -DHAVE_DES_FCRYPT  -DUSE_SITECUSTOMIZE -DPERL_IMPLICIT_CONTEXT -DPERL_IMPLICIT_SYS -fno-strict-aliasing -mms-bitfields -DPERL_MSVCRT_READFIX',
    optimize='-s -O2',
    cppflags='-DWIN32'
    ccversion='', gccversion='4.4.3', gccosandvers=''
    intsize=4, longsize=4, ptrsize=4, doublesize=8, byteorder=1234
    d_longlong=undef, longlongsize=8, d_longdbl=define, longdblsize=12
    ivtype='long', ivsize=4, nvtype='double', nvsize=8, Off_t='long long', lseeksize=8
    alignbytes=8, prototype=define
  Linker and Libraries:
    ld='g++', ldflags ='-s -L"C:\strawberry\perl\lib\CORE" -L"C:\strawberry\c\lib"'
    libpth=C:\strawberry\c\lib C:\strawberry\c\i686-w64-mingw32\lib
    libs=-lmoldname -lkernel32 -luser32 -lgdi32 -lwinspool -lcomdlg32 -ladvapi32 -lshell32 -lole32 -loleaut32 -lnetapi32 -luuid -lws2_32 -lmpr -lwinmm -lversion -lodbc32 -lodbccp32 -lcomctl32
    perllibs=-lmoldname -lkernel32 -luser32 -lgdi32 -lwinspool -lcomdlg32 -ladvapi32 -lshell32 -lole32 -loleaut32 -lnetapi32 -luuid -lws2_32 -lmpr -lwinmm -lversion -lodbc32 -lodbccp32 -lcomctl32
    libc=, so=dll, useshrplib=true, libperl=libperl512.a
    gnulibc_version=''
  Dynamic Linking:
    dlsrc=dl_win32.xs, dlext=dll, d_dlsymun=undef, ccdlflags=' '
    cccdlflags=' ', lddlflags='-mdll -s -L"C:\strawberry\perl\lib\CORE" -L"C:\strawberry\c\lib"'


Characteristics of this binary (from libperl): 
  Compile-time options: MULTIPLICITY PERL_DONT_CREATE_GVSV
                        PERL_IMPLICIT_CONTEXT PERL_IMPLICIT_SYS
                        PERL_MALLOC_WRAP PL_OP_SLAB_ALLOC USE_ITHREADS
                        USE_LARGE_FILES USE_PERLIO USE_PERL_ATOF
                        USE_SITECUSTOMIZE
  Built under MSWin32
  Compiled at May 15 2011 17:02:01
  %ENV:
    PERL5_CPANPLUS_IS_RUNNING="3072"
    PERL5_CPAN_IS_RUNNING="3072"
    PERL5_CPAN_IS_RUNNING_IN_RECURSION="1568,3072"
    PERL_CR_SMOKER_CURRENT="Bundle-PBib-2.08"
    PERL_EXTUTILS_AUTOINSTALL="--defaultdeps"
    PERL_JSON_BACKEND="JSON::XS"
    PERL_MM_USE_DEFAULT="1"
    PERL_YAML_BACKEND="YAML"
  @INC:
    C:/strawberry/perl/site/lib
    C:/strawberry/perl/vendor/lib
    C:/strawberry/perl/lib
    .