IPC-Run v20231003.0 Perl 5 v5.22.2 MSWin32-x86-multi-thread-64int
- Status
- Fail
- From
- NONAME
- Dist
-
IPC-Run v20231003.0
- Platform
- Perl 5 v5.22.2 MSWin32-x86-multi-thread-64int
- Date
- 2023-10-07 08:26:51
- ID
- c479e74d-71d6-1014-bc89-d2c0e3396204
This distribution has been tested as part of the CPAN Testers
project, supporting the Perl programming language. See
http://wiki.cpantesters.org/ for more information or email
questions to cpan-testers-discuss@perl.org
--
Dear Todd Rinaldo,
This is a computer-generated report for IPC-Run-20231003.0
on perl 5.22.2, created by CPAN-Reporter-1.2018.
Thank you for uploading your work to CPAN. However, there was a problem
testing your distribution.
If you think this report is invalid, please consult the CPAN Testers Wiki
for suggestions on how to avoid getting FAIL reports for missing library
or binary dependencies, unsupported operating systems, and so on:
http://wiki.cpantesters.org/wiki/CPANAuthorNotes
Sections of this report:
* Tester comments
* Program output
* Prerequisites
* Environment and other context
------------------------------
TESTER COMMENTS
------------------------------
Additional comments from tester:
none provided
------------------------------
PROGRAM OUTPUT
------------------------------
Output from 'C:\Strawberry\c\bin\dmake.exe test':
C:\"Strawberry\perl\bin\perl.exe" "-MExtUtils::Command::MM" "-MTest::Harness" "-e" "undef *Test::Harness::Switches; test_harness(0, 'blib\lib', 'blib\arch')" t/*.t
t/adopt.t ............................ skipped: adopt not implemented yet
t/autoflush.t ........................ ok
t/autovivifyfh.t ..................... ok
t/binmode.t .......................... ok
t/bogus.t ............................ ok
t/child_fd_inadvertently_closed.t .... skipped: MSWin32 does not allow redirection of file descriptors > 2
No such signal: SIGUSR1 at t/eintr.t line 28.
t/eintr.t ............................ skipped: can't deliver a signal on this platform
t/filter.t ........................... ok
t/harness.t .......................... ok
t/io.t ............................... ok
t/kill_kill.t ........................ skipped: Temporarily ignoring test failure on Win32
t/parallel.t ......................... skipped: Parallel tests are dangerous on MSWin32
t/parent_and_child_fds_match.t ....... skipped: MSWin32 does not allow redirection of file descriptors > 2
t/pty.t .............................. skipped: IO::Pty not installed
t/pump.t ............................. ok
t/readonly.t ......................... ok
t/result.t ........................... ok
# Failed test 'eok at t/run.t line 224'
# at t/run.t line 224.
# got: '\0x01\0x00\0x02\0x00\0x03\0x00\0x04\0x00\0x05\0x00\0x06\0x00\0x08\0x00\0x09\0x00\0x0a\0x00\0x0b\0x00\0x0c\0x00\0x0d\0x00\0x0e\0x00\0x0f\0x00\0x10\0x00\0x11\0x00\0x12\0x00\0x13\0x00\0x14\0x00\0x15\0x00\0x16\0x00\0x17\0x00\0x18\0x00\0x19\0x00\0x1a\0x00\0x1b\0x00\0x1c\0x00\0x1d\0x00\0x1e\0x00\0x1f\0x00 \0x00!\0x00"\0x00#\0x00$\0x00%\0x00&\0x00'\0x00(\0x00)\0x00*\0x00+\0x00,\0x00-\0x00.\0x00/\0x000\0x001\0x002\0x003\0x004\0x005\0x006\0x007\0x008\0x009\0x00:\0x00;\0x00<\0x00=\0x00>\0x00?\0x00@\0x00A\0x00B\0x00C\0x00D\0x00E\0x00F\0x00G\0x00H\0x00I\0x00J\0x00K\0x00L\0x00M\0x00N\0x00O\0x00P\0x00Q\0x00R\0x00S\0x00T\0x00U\0x00V\0x00W\0x00X\0x00Y\0x00Z\0x00[\0x00\\0x00]\0x00^\0x00_\0x00`\0x00a\0x00b\0x00c\0x00d\0x00e\0x00f\0x00g\0x00h\0x00i\0x00j\0x00k\0x00l\0x00m\0x00n\0x00o\0x00p\0x00q\0x00r\0x00s\0x00t\0x00u\0x00v\0x00w\0x00x\0x00y\0x00z\0x00{\0x00|\0x00}\0x00~\0x00\0x00Â\0x00ÂE ÂE\0x00ÂE ÂE\0x00ÂE ÂE\0x00ÂE ÂE\0x00ÂE ÂE\0x00ÂE ÂE\0x00ÂE ÂE\0x00ÂE ÂE\0x00ÂE ÂE\0x00ÂE ÂE\0x00ÂE ÂE\0x00ÂE ÂE\0x00ÂE ÂE\0x00ÂE ÂE\0x00ÂE ÂE\0x00ÂE  ¡ ¢ £ ¤ Â¥ ¦ § ¨ © ª « ¬  ® ¯ ° ± ² ³ ´ µ ¶ · ¸ ¹ º » ¼ ½ ¾ ¿ à à à à à Ã
à à à à à à à à à à à à à à à à à à à à à à à à à à ÂE\0x00ÂE ÂE\0x00ÂE ÂE\0x00ÂE ÂE\0x00ÂE ÂE\0x00ÂE ÂE\0x00ÂE ÂE\0x00ÂE ÂE\0x00ÂE ÂE\0x00ÂE ÂE\0x00ÂE ÂE\0x00ÂE ÂE\0x00ÂE ÂE\0x00ÂE ÂE\0x00ÂE ÂE\0x00ý\0x00þ\0x00ÿ'
# expected: '\0x01\0x00\0x02\0x00\0x03\0x00\0x04\0x00\0x05\0x00\0x06\0x00\0x08\0x00\0x09\0x00\0x0a\0x00\0x0b\0x00\0x0c\0x00\0x0d\0x00\0x0e\0x00\0x0f\0x00\0x10\0x00\0x11\0x00\0x12\0x00\0x13\0x00\0x14\0x00\0x15\0x00\0x16\0x00\0x17\0x00\0x18\0x00\0x19\0x00\0x1a\0x00\0x1b\0x00\0x1c\0x00\0x1d\0x00\0x1e\0x00\0x1f\0x00 \0x00!\0x00"\0x00#\0x00$\0x00%\0x00&\0x00'\0x00(\0x00)\0x00*\0x00+\0x00,\0x00-\0x00.\0x00/\0x000\0x001\0x002\0x003\0x004\0x005\0x006\0x007\0x008\0x009\0x00:\0x00;\0x00<\0x00=\0x00>\0x00?\0x00@\0x00A\0x00B\0x00C\0x00D\0x00E\0x00F\0x00G\0x00H\0x00I\0x00J\0x00K\0x00L\0x00M\0x00N\0x00O\0x00P\0x00Q\0x00R\0x00S\0x00T\0x00U\0x00V\0x00W\0x00X\0x00Y\0x00Z\0x00[\0x00\\0x00]\0x00^\0x00_\0x00`\0x00a\0x00b\0x00c\0x00d\0x00e\0x00f\0x00g\0x00h\0x00i\0x00j\0x00k\0x00l\0x00m\0x00n\0x00o\0x00p\0x00q\0x00r\0x00s\0x00t\0x00u\0x00v\0x00w\0x00x\0x00y\0x00z\0x00{\0x00|\0x00}\0x00~\0x00\0x00Â\0x00Â\0x00Â\0x00Â\0x00Â\0x00Â
\0x00Â\0x00Â\0x00Â\0x00Â\0x00Â\0x00Â\0x00Â\0x00Â\0x00Â\0x00Â\0x00Â\0x00Â\0x00Â\0x00Â\0x00Â\0x00Â\0x00Â\0x00Â\0x00Â\0x00Â\0x00Â\0x00Â\0x00Â\0x00Â\0x00Â\0x00Â\0x00 \0x00¡\0x00¢\0x00£\0x00¤\0x00Â¥\0x00¦\0x00§\0x00¨\0x00©\0x00ª\0x00«\0x00¬\0x00Â\0x00®\0x00¯\0x00°\0x00±\0x00²\0x00³\0x00´\0x00µ\0x00¶\0x00·\0x00¸\0x00¹\0x00º\0x00»\0x00¼\0x00½\0x00¾\0x00¿\0x00Ã\0x00Ã\0x00Ã\0x00Ã\0x00Ã\0x00Ã
\0x00Ã\0x00Ã\0x00Ã\0x00Ã\0x00Ã\0x00Ã\0x00Ã\0x00Ã\0x00Ã\0x00Ã\0x00Ã\0x00Ã\0x00Ã\0x00Ã\0x00Ã\0x00Ã\0x00Ã\0x00Ã\0x00Ã\0x00Ã\0x00Ã\0x00Ã\0x00Ã\0x00Ã\0x00Ã\0x00Ã\0x00à \0x00á\0x00â\0x00ã\0x00ä\0x00Ã¥\0x00æ\0x00ç\0x00è\0x00é\0x00ê\0x00ë\0x00ì\0x00Ã\0x00î\0x00ï\0x00ð\0x00ñ\0x00ò\0x00ó\0x00ô\0x00õ\0x00ö\0x00÷\0x00ø\0x00ù\0x00ú\0x00û\0x00ü\0x00ý\0x00þ\0x00ÿ'
# Failed test 'eok at t/run.t line 228'
# at t/run.t line 228.
# got: '\0x01\0x02\0x03\0x04\0x05\0x06\0x08\0x09\0x0a\0x0b\0x0c\0x0d\0x0e\0x0f\0x10\0x11\0x12\0x13\0x14\0x15\0x16\0x17\0x18\0x19\0x1a\0x1b\0x1c\0x1d\0x1e\0x1f !"#$%&'()*+,-./0123456789:;<=>?@ABCDEFGHIJKLMNOPQRSTUVWXYZ[\]^_`abcdefghijklmnopqrstuvwxyz{|}~ÂÂÂÂÂÂE ¡¢£¤¥¦§¨©ª«¬Â®¯°±²³´µ¶·¸¹º»¼½¾¿ÃÃÃÃÃÃ
ÃÃÃÃÃÃÃÃÃÃÃÃÃÃÃÃÃÃÃÃÃÃÃÃÃÃà áâãäåæçèéÂEÂEú@ðñòóôõö÷øùúûÂEþÿ'
# expected: '\0x01\0x02\0x03\0x04\0x05\0x06\0x08\0x09\0x0a\0x0b\0x0c\0x0d\0x0e\0x0f\0x10\0x11\0x12\0x13\0x14\0x15\0x16\0x17\0x18\0x19\0x1a\0x1b\0x1c\0x1d\0x1e\0x1f !"#$%&'()*+,-./0123456789:;<=>?@ABCDEFGHIJKLMNOPQRSTUVWXYZ[\]^_`abcdefghijklmnopqrstuvwxyz{|}~ÂÂÂÂÂÂ
 ¡¢£¤¥¦§¨©ª«¬Â®¯°±²³´µ¶·¸¹º»¼½¾¿ÃÃÃÃÃÃ
ÃÃÃÃÃÃÃÃÃÃÃÃÃÃÃÃÃÃÃÃÃÃÃÃÃÃà áâãäåæçèéêëìÃîïðñòóôõö÷øùúûüýþÿ'
# Failed test 'eok at t/run.t line 224'
# at t/run.t line 224.
# got: '\0x01\0x00\0x02\0x00\0x03\0x00\0x04\0x00\0x05\0x00\0x06\0x00\0x08\0x00\0x09\0x00\0x0b\0x00\0x0c\0x00\0x0e\0x00\0x0f\0x00\0x10\0x00\0x11\0x00\0x12\0x00\0x13\0x00\0x14\0x00\0x15\0x00\0x16\0x00\0x17\0x00\0x18\0x00\0x19\0x00\0x1a\0x00\0x1b\0x00\0x1c\0x00\0x1d\0x00\0x1e\0x00\0x1f\0x00 \0x00!\0x00"\0x00#\0x00$\0x00%\0x00&\0x00'\0x00(\0x00)\0x00*\0x00+\0x00,\0x00-\0x00.\0x00/\0x000\0x001\0x002\0x003\0x004\0x005\0x006\0x007\0x008\0x009\0x00:\0x00;\0x00<\0x00=\0x00>\0x00?\0x00@\0x00A\0x00B\0x00C\0x00D\0x00E\0x00F\0x00G\0x00H\0x00I\0x00J\0x00K\0x00L\0x00M\0x00N\0x00O\0x00P\0x00Q\0x00R\0x00S\0x00T\0x00U\0x00V\0x00W\0x00X\0x00Y\0x00Z\0x00[\0x00\\0x00]\0x00^\0x00_\0x00`\0x00a\0x00b\0x00c\0x00d\0x00e\0x00f\0x00g\0x00h\0x00i\0x00j\0x00k\0x00l\0x00m\0x00n\0x00o\0x00p\0x00q\0x00r\0x00s\0x00t\0x00u\0x00v\0x00w\0x00x\0x00y\0x00z\0x00{\0x00|\0x00}\0x00~\0x00\0x00Â\0x00Â^\0x00^ÂE\0x00^Â^\0x00^Â^\0x00^ÂE\0x00^ÂE\0x00^ÂE\0x00^ÂE\0x00^Â^\0x00^Â^\0x00^Â^\0x00^Â^\0x00^Â^\0x00^Â^\0x00^Â^\0x00^Â^\0x00^Â^\0x00^Â^\0x00^Â^\0x00^Â^\0x00^Â^\0x00^Â^\0x00^Â^\0x00^Â^\0x00^Â^\0x00^Â^\0x00^Â^\0x00^Â^\0x00^Â^\0x00^Â^\0x00^Â^\0x00^ \0x00¡\0x00¢\0x00£\0x00¤\0x00Â¥\0x00¦\0x00§\0x00¨\0x00©\0x00ª\0x00«\0x00¬\0x00Â\0x00®\0x00¯\0x00°\0x00±\0x00²\0x00³\0x00´\0x00µ\0x00¶\0x00·\0x00¸\0x00¹\0x00º\0x00»\0x00¼\0x00½\0x00¾\0x00¿\0x00Ã\0x00Ã\0x00Ã\0x00Ã\0x00Ã\0x00Ã
\0x00Ã\0x00Ã\0x00Ã\0x00Ã\0x00Ã\0x00Ã\0x00Ã\0x00Ã\0x00Ã\0x00Ã\0x00Ã\0x00Ã\0x00Ã\0x00Ã\0x00Ã\0x00Ã\0x00Ã\0x00Ã\0x00Ã\0x00Ã\0x00Ã\0x00Ã\0x00Ã\0x00Ã\0x00Ã\0x00Ã\0x00à ^\0x00^á^\0x00^â^\0x00^ã^\0x00^ä^\0x00^Ã¥^\0x00^æ^\0x00^ç^\0x00^è^\0x00^é^\0x00^ê^\0x00^ÂE\0x00^ÂE\0x00^úz\0x00^ûz\0x00^ÂE\0x00^ð^\0x00^ñ^\0x00^ò^\0x00^ó^\0x00^ô^\0x00^õ^\0x00^ö^\0x00^÷^\0x00^ø^\0x00^ù^\0x00^ú^\0x00^û^\0x00^ÂE\0x00^ý\0x00þ\0x00ÿ'
# expected: '\0x01\0x00\0x02\0x00\0x03\0x00\0x04\0x00\0x05\0x00\0x06\0x00\0x08\0x00\0x09\0x00\0x0b\0x00\0x0c\0x00\0x0e\0x00\0x0f\0x00\0x10\0x00\0x11\0x00\0x12\0x00\0x13\0x00\0x14\0x00\0x15\0x00\0x16\0x00\0x17\0x00\0x18\0x00\0x19\0x00\0x1a\0x00\0x1b\0x00\0x1c\0x00\0x1d\0x00\0x1e\0x00\0x1f\0x00 \0x00!\0x00"\0x00#\0x00$\0x00%\0x00&\0x00'\0x00(\0x00)\0x00*\0x00+\0x00,\0x00-\0x00.\0x00/\0x000\0x001\0x002\0x003\0x004\0x005\0x006\0x007\0x008\0x009\0x00:\0x00;\0x00<\0x00=\0x00>\0x00?\0x00@\0x00A\0x00B\0x00C\0x00D\0x00E\0x00F\0x00G\0x00H\0x00I\0x00J\0x00K\0x00L\0x00M\0x00N\0x00O\0x00P\0x00Q\0x00R\0x00S\0x00T\0x00U\0x00V\0x00W\0x00X\0x00Y\0x00Z\0x00[\0x00\\0x00]\0x00^\0x00_\0x00`\0x00a\0x00b\0x00c\0x00d\0x00e\0x00f\0x00g\0x00h\0x00i\0x00j\0x00k\0x00l\0x00m\0x00n\0x00o\0x00p\0x00q\0x00r\0x00s\0x00t\0x00u\0x00v\0x00w\0x00x\0x00y\0x00z\0x00{\0x00|\0x00}\0x00~\0x00\0x00Â\0x00Â\0x00Â\0x00Â\0x00Â\0x00Â
\0x00Â\0x00Â\0x00Â\0x00Â\0x00Â\0x00Â\0x00Â\0x00Â\0x00Â\0x00Â\0x00Â\0x00Â\0x00Â\0x00Â\0x00Â\0x00Â\0x00Â\0x00Â\0x00Â\0x00Â\0x00Â\0x00Â\0x00Â\0x00Â\0x00Â\0x00Â\0x00 \0x00¡\0x00¢\0x00£\0x00¤\0x00Â¥\0x00¦\0x00§\0x00¨\0x00©\0x00ª\0x00«\0x00¬\0x00Â\0x00®\0x00¯\0x00°\0x00±\0x00²\0x00³\0x00´\0x00µ\0x00¶\0x00·\0x00¸\0x00¹\0x00º\0x00»\0x00¼\0x00½\0x00¾\0x00¿\0x00Ã\0x00Ã\0x00Ã\0x00Ã\0x00Ã\0x00Ã
\0x00Ã\0x00Ã\0x00Ã\0x00Ã\0x00Ã\0x00Ã\0x00Ã\0x00Ã\0x00Ã\0x00Ã\0x00Ã\0x00Ã\0x00Ã\0x00Ã\0x00Ã\0x00Ã\0x00Ã\0x00Ã\0x00Ã\0x00Ã\0x00Ã\0x00Ã\0x00Ã\0x00Ã\0x00Ã\0x00Ã\0x00à \0x00á\0x00â\0x00ã\0x00ä\0x00Ã¥\0x00æ\0x00ç\0x00è\0x00é\0x00ê\0x00ë\0x00ì\0x00Ã\0x00î\0x00ï\0x00ð\0x00ñ\0x00ò\0x00ó\0x00ô\0x00õ\0x00ö\0x00÷\0x00ø\0x00ù\0x00ú\0x00û\0x00ü\0x00ý\0x00þ\0x00ÿ'
# Failed test 'eok at t/run.t line 228'
# at t/run.t line 228.
# got: '\0x01\0x02\0x03\0x04\0x05\0x06\0x08\0x09\0x0b\0x0c\0x0e\0x0f\0x10\0x11\0x12\0x13\0x14\0x15\0x16\0x17\0x18\0x19\0x1a\0x1b\0x1c\0x1d\0x1e\0x1f !"#$%&'()*+,-./0123456789:;<=>?@ABCDEFGHIJKLMNOPQRSTUVWXYZ[\]^_`abcdefghijklmnopqrstuvwxyz{|}~ÂÂÂÂÂÂE ¡¢£¤¥¦§¨©ª«¬Â®¯°±²³´µ¶·¸¹º»¼½¾¿ÃÃÃÃÃÃ
ÃÃÃÃÃÃÃÃÃÃÃÃÃÃÃÃÃÃÃÃÃÃÃÃÃÃà áâãäåæçèéÂEÂEú@ðñòóôõö÷øùúûÂEþÿ'
# expected: '\0x01\0x02\0x03\0x04\0x05\0x06\0x08\0x09\0x0b\0x0c\0x0e\0x0f\0x10\0x11\0x12\0x13\0x14\0x15\0x16\0x17\0x18\0x19\0x1a\0x1b\0x1c\0x1d\0x1e\0x1f !"#$%&'()*+,-./0123456789:;<=>?@ABCDEFGHIJKLMNOPQRSTUVWXYZ[\]^_`abcdefghijklmnopqrstuvwxyz{|}~ÂÂÂÂÂÂ
 ¡¢£¤¥¦§¨©ª«¬Â®¯°±²³´µ¶·¸¹º»¼½¾¿ÃÃÃÃÃÃ
ÃÃÃÃÃÃÃÃÃÃÃÃÃÃÃÃÃÃÃÃÃÃÃÃÃÃà áâãäåæçèéêëìÃîïðñòóôõö÷øùúûüýþÿ'
# Looks like you failed 4 tests of 288.
t/run.t ..............................
Dubious, test returned 4 (wstat 1024, 0x400)
Failed 4/288 subtests
(less 35 skipped subtests: 249 okay)
t/run_stdin-callback-return-array.t .. ok
t/signal.t ........................... skipped: Skipping on Win32
Warning: unable to close filehandle GEN25 properly: Bad file descriptor during global destruction.
t/timeout.t .......................... ok
t/timer.t ............................ ok
t/utf8.t ............................. skipped: no cat on Windows
t/win32_compile.t .................... ok
t/win32_newlines.t ................... ok
t/windows_search_path.t .............. ok
Test Summary Report
-------------------
t/run.t (Wstat: 1024 (exited 4) Tests: 288 Failed: 4)
Failed tests: 34-35, 48-49
Non-zero exit status: 4
t/win32_newlines.t (Wstat: 0 Tests: 10 Failed: 0)
TODO passed: 1-2, 4-7, 10
Files=26, Tests=717, 51 wallclock secs ( 0.33 usr + 0.13 sys = 0.45 CPU)
Result: FAIL
Failed 1/26 test programs. 4/717 subtests failed.
dmake.exe: Error code 255, while making 'test_dynamic'
------------------------------
PREREQUISITES
------------------------------
Prerequisite modules loaded:
requires:
Module Need Have
------------------- ------ --------
Test::More 0.47 1.302195
Win32 0.27 0.59
Win32::Process 0.14 0.17
Win32::ShellQuote 0 0.003001
Win32API::File 0.1203 0.1203
build_requires:
Module Need Have
------------------- ------ --------
ExtUtils::MakeMaker 0 7.70
configure_requires:
Module Need Have
------------------- ------ --------
ExtUtils::MakeMaker 0 7.70
------------------------------
ENVIRONMENT AND OTHER CONTEXT
------------------------------
Environment variables:
COMSPEC = C:\windows\system32\cmd.exe
NONINTERACTIVE_TESTING = 1
NUMBER_OF_PROCESSORS = 4
PATH = C:\home\wind\perl5\bin;C:\windows\system32;C:\windows;C:\windows\System32\Wbem;C:\windows\System32\WindowsPowerShell\v1.0\;C:\Strawberry\c\bin;C:\Strawberry\perl\site\bin;C:\Strawberry\perl\bin
PERL5LIB = C:\home\wind\perl5\lib\perl5
PERL5OPT =
PERL5_CPANPLUS_IS_RUNNING = 916
PERL5_CPAN_IS_RUNNING = 916
PERL_LOCAL_LIB_ROOT = C:\home\wind\perl5
PERL_MB_OPT = --install_base "C:\\home\\wind\\perl5"
PERL_MM_OPT = INSTALL_BASE=C:\\home\\wind\\perl5
PERL_MM_USE_DEFAULT = 1
PERL_USE_UNSAFE_INC = 1
PROCESSOR_IDENTIFIER = x86 Family 6 Model 37 Stepping 5, GenuineIntel
TEMP = C:\Users\user\AppData\Local\Temp
TERM = dumb
Perl special variables (and OS-specific diagnostics, for MSWin32):
$^X = C:\Strawberry\perl\bin\perl.exe
$UID/$EUID = 0 / 0
$GID = 0
$EGID = 0
Win32::GetOSName = Win7
Win32::GetOSVersion = Service Pack 1, 6, 1, 7601, 2, 1, 0, 256, 1
Win32::FsType = NTFS
Win32::IsAdminUser = 0
Perl module toolchain versions installed:
Module Have
------------------- --------
CPAN 2.34
CPAN::Meta 2.150010
Cwd 3.75
ExtUtils::CBuilder 0.280236
ExtUtils::Command 7.70
ExtUtils::Install 2.22
ExtUtils::MakeMaker 7.70
ExtUtils::Manifest 1.75
ExtUtils::ParseXS 3.51
File::Spec 3.75
JSON 4.10
JSON::PP 4.17_01
Module::Build 0.4234
Module::Signature 0.88
Parse::CPAN::Meta 2.150010
Test::Harness 3.47
Test::More 1.302195
YAML 1.27
YAML::Syck 1.34
version 0.9930
--
Summary of my perl5 (revision 5 version 22 subversion 2) configuration:
Platform:
osname=MSWin32, osvers=6.3, archname=MSWin32-x86-multi-thread-64int
uname='Win32 strawberry-perl 5.22.2.1 #1 Sat Apr 30 11:51:13 2016 i386'
config_args='undef'
hint=recommended, useposix=true, d_sigaction=undef
useithreads=define, usemultiplicity=define
use64bitint=define, use64bitall=undef, uselongdouble=undef
usemymalloc=n, bincompat5005=undef
Compiler:
cc='gcc', ccflags =' -s -O2 -DWIN32 -DPERL_TEXTMODE_SCRIPTS -DPERL_IMPLICIT_CONTEXT -DPERL_IMPLICIT_SYS -fwrapv -fno-strict-aliasing -mms-bitfields',
optimize='-s -O2',
cppflags='-DWIN32'
ccversion='', gccversion='4.9.2', gccosandvers=''
intsize=4, longsize=4, ptrsize=4, doublesize=8, byteorder=12345678, doublekind=3
d_longlong=define, longlongsize=8, d_longdbl=define, longdblsize=12, longdblkind=3
ivtype='long long', ivsize=8, nvtype='double', nvsize=8, Off_t='long long', lseeksize=8
alignbytes=8, prototype=define
Linker and Libraries:
ld='g++', ldflags ='-s -L"C:\Strawberry\perl\lib\CORE" -L"C:\Strawberry\c\lib"'
libpth=C:\Strawberry\c\lib C:\Strawberry\c\i686-w64-mingw32\lib C:\Strawberry\c\lib\gcc\i686-w64-mingw32\4.9.2
libs=-lmoldname -lkernel32 -luser32 -lgdi32 -lwinspool -lcomdlg32 -ladvapi32 -lshell32 -lole32 -loleaut32 -lnetapi32 -luuid -lws2_32 -lmpr -lwinmm -lversion -lodbc32 -lodbccp32 -lcomctl32
perllibs=-lmoldname -lkernel32 -luser32 -lgdi32 -lwinspool -lcomdlg32 -ladvapi32 -lshell32 -lole32 -loleaut32 -lnetapi32 -luuid -lws2_32 -lmpr -lwinmm -lversion -lodbc32 -lodbccp32 -lcomctl32
libc=, so=dll, useshrplib=true, libperl=libperl522.a
gnulibc_version=''
Dynamic Linking:
dlsrc=dl_win32.xs, dlext=xs.dll, d_dlsymun=undef, ccdlflags=' '
cccdlflags=' ', lddlflags='-mdll -s -L"C:\Strawberry\perl\lib\CORE" -L"C:\Strawberry\c\lib"'
Characteristics of this binary (from libperl):
Compile-time options: HAS_TIMES HAVE_INTERP_INTERN MULTIPLICITY
PERLIO_LAYERS PERL_DONT_CREATE_GVSV
PERL_HASH_FUNC_ONE_AT_A_TIME_HARD
PERL_IMPLICIT_CONTEXT PERL_IMPLICIT_SYS
PERL_MALLOC_WRAP PERL_NEW_COPY_ON_WRITE
PERL_PRESERVE_IVUV USE_64_BIT_INT USE_ITHREADS
USE_LARGE_FILES USE_LOCALE USE_LOCALE_COLLATE
USE_LOCALE_CTYPE USE_LOCALE_NUMERIC USE_LOCALE_TIME
USE_PERLIO USE_PERL_ATOF
Built under MSWin32
Compiled at Apr 30 2016 11:56:07
%ENV:
PERL5LIB="C:\home\wind\perl5\lib\perl5"
PERL5_CPANPLUS_IS_RUNNING="916"
PERL5_CPAN_IS_RUNNING="916"
PERL_LOCAL_LIB_ROOT="C:\home\wind\perl5"
PERL_MB_OPT="--install_base "C:\\home\\wind\\perl5""
PERL_MM_OPT="INSTALL_BASE=C:\\home\\wind\\perl5"
PERL_MM_USE_DEFAULT="1"
PERL_USE_UNSAFE_INC="1"
@INC:
C:\home\wind\perl5\lib\perl5/MSWin32-x86-multi-thread-64int
C:\home\wind\perl5\lib\perl5
C:/Strawberry/perl/site/lib
C:/Strawberry/perl/vendor/lib
C:/Strawberry/perl/lib
.