Net-RDAP v0.33 Perl 5 v5.12.3 MSWin32-x86-multi-thread

Status
Fail
From
NONAME
Dist
Net-RDAP v0.33
Platform
Perl 5 v5.12.3 MSWin32-x86-multi-thread
Date
2024-10-23 09:14:05
ID
c31c25ac-73fb-1014-bd20-22a5b03d33c9
This distribution has been tested as part of the CPAN Testers
project, supporting the Perl programming language.  See
http://wiki.cpantesters.org/ for more information or email
questions to cpan-testers-discuss@perl.org


--
Dear Gavin Brown,

This is a computer-generated report for Net-RDAP-0.33
on perl 5.12.3, created by CPAN-Reporter-1.2020.

Thank you for uploading your work to CPAN.  However, there was a problem
testing your distribution.

If you think this report is invalid, please consult the CPAN Testers Wiki
for suggestions on how to avoid getting FAIL reports for missing library
or binary dependencies, unsupported operating systems, and so on:

http://wiki.cpantesters.org/wiki/CPANAuthorNotes

Sections of this report:

    * Tester comments
    * Program output
    * Prerequisites
    * Environment and other context

------------------------------
TESTER COMMENTS
------------------------------

Additional comments from tester:

none provided

------------------------------
PROGRAM OUTPUT
------------------------------

Output from 'C:\Strawberry\c\bin\dmake.EXE test':

C:\"Strawberry\perl\bin\perl.exe" "-MExtUtils::Command::MM" "-MTest::Harness" "-e" "undef *Test::Harness::Switches; test_harness(0, 'blib\lib', 'blib\arch')" t/*.t
t/00.use.t ........ ok
t/chain.t ......... skipped: Test requires a working internet connection
The getpwuid function is unimplemented at ..\..\lib\POSIX.pm (autosplit into ..\..\lib\auto\POSIX\getpwuid.al) line 208.
# Tests were run but no plan was declared and done_testing() was not seen.
# Looks like your test exited with 255 just after 2.
t/document_url.t .. 
Dubious, test returned 255 (wstat 65280, 0xff00)
All 2 subtests passed 
t/jcard.t ......... ok
The getpwuid function is unimplemented at ..\..\lib\POSIX.pm (autosplit into ..\..\lib\auto\POSIX\getpwuid.al) line 208.
# Tests were run but no plan was declared and done_testing() was not seen.
# Looks like your test exited with 255 just after 2.
t/objects.t ....... 
Dubious, test returned 255 (wstat 65280, 0xff00)
All 2 subtests passed 

#   Failed test 'result is not an error'
#   at t/redaction.t line 15.
#          got: 'Net::RDAP::Error'
#     expected: anything else

#   Failed test 'result contains redactions'
#   at t/redaction.t line 19.
#     '0'
#         >
#     '0'
# Looks like you failed 2 tests of 5.
t/redaction.t ..... 
Dubious, test returned 2 (wstat 512, 0x200)
Failed 2/5 subtests 

#   Failed test 'An object of class 'Net::RDAP::Error' isa 'Net::RDAP::SearchResult''
#   at t/search.t line 22.
#     The object of class 'Net::RDAP::Error' isn't a 'Net::RDAP::SearchResult'
Can't locate object method "nameservers" via package "Net::RDAP::Error" at t/search.t line 24.
# Tests were run but no plan was declared and done_testing() was not seen.
# Looks like your test exited with 255 just after 3.
t/search.t ........ 
Dubious, test returned 255 (wstat 65280, 0xff00)
Failed 1/3 subtests 

Test Summary Report
-------------------
t/document_url.t (Wstat: 65280 (exited 255) Tests: 2 Failed: 0)
  Non-zero exit status: 255
  Parse errors: No plan found in TAP output
t/objects.t     (Wstat: 65280 (exited 255) Tests: 2 Failed: 0)
  Non-zero exit status: 255
  Parse errors: No plan found in TAP output
t/redaction.t   (Wstat: 512 (exited 2) Tests: 5 Failed: 2)
  Failed tests:  3-4
  Non-zero exit status: 2
t/search.t      (Wstat: 65280 (exited 255) Tests: 3 Failed: 1)
  Failed test:  3
  Non-zero exit status: 255
  Parse errors: No plan found in TAP output
Files=7, Tests=171, 56 wallclock secs ( 0.11 usr +  0.05 sys =  0.16 CPU)
Result: FAIL
Failed 4/7 test programs. 3/171 subtests failed.
dmake.EXE:  Error code 255, while making 'test_dynamic'

------------------------------
PREREQUISITES
------------------------------

Prerequisite modules loaded:

requires:

    Module                    Need Have    
    ------------------------- ---- --------
    DateTime::Format::ISO8601 0    0.16    
    Digest::SHA               0    6.04    
    File::Basename            0    2.78    
    File::Slurp               0    9999.32 
    File::Spec                0    3.75    
    File::stat                0    1.02    
    HTTP::Date                0    6.06    
    HTTP::Request::Common     0    7.00    
    JSON                      0    4.10    
    List::Util                0    1.68    
    LWP::Online               0    1.07    
    LWP::Protocol::https      0    0       
    LWP::UserAgent            0    6.77    
    MIME::Type                0    2.26    
    Mozilla::CA               0    20240924
    Net::ASN                  0    1.08    
    Net::DNS::Domain          0    1913    
    Net::DNS::RR::DNSKEY      0    1972    
    Net::DNS::RR::DS          0    1972    
    Net::IP                   0    1.26    
    Test::More                0    1.302204
    URI                       0    5.30    
    vCard                     0    3.09    
    XML::LibXML               0    1.70    

build_requires:

    Module                    Need Have    
    ------------------------- ---- --------
    ExtUtils::MakeMaker       0    7.71_01 

configure_requires:

    Module                    Need Have    
    ------------------------- ---- --------
    ExtUtils::MakeMaker       0    7.71_01 


------------------------------
ENVIRONMENT AND OTHER CONTEXT
------------------------------

Environment variables:

    COMSPEC = C:\windows\system32\cmd.exe
    NONINTERACTIVE_TESTING = 1
    NUMBER_OF_PROCESSORS = 4
    PATH = C:\home\griffin\perl5\bin;C:\windows\system32;C:\windows;C:\windows\System32\Wbem;C:\windows\System32\WindowsPowerShell\v1.0\;C:\Strawberry\c\bin;C:\Strawberry\perl\site\bin;C:\Strawberry\perl\bin;C:\cmake-3.27.7\bin
    PERL5LIB = C:\home\griffin\perl5\lib\perl5
    PERL5OPT = 
    PERL5_CPANPLUS_IS_RUNNING = 8256
    PERL5_CPAN_IS_RUNNING = 8256
    PERL_LOCAL_LIB_ROOT = C:\home\griffin\perl5
    PERL_MB_OPT = --install_base "C:\\home\\griffin\\perl5"
    PERL_MM_OPT = INSTALL_BASE=C:\\home\\griffin\\perl5
    PERL_MM_USE_DEFAULT = 1
    PROCESSOR_IDENTIFIER = x86 Family 6 Model 37 Stepping 5, GenuineIntel
    TEMP = C:\Users\user\AppData\Local\Temp
    TERM = dumb

Perl special variables (and OS-specific diagnostics, for MSWin32):

    $^X = C:\Strawberry\perl\bin\perl.exe
    $UID/$EUID = 0 / 0
    $GID = 0
    $EGID = 0
    Win32::GetOSName = Win7
    Win32::GetOSVersion = Service Pack 1, 6, 1, 7601, 2, 1, 0, 256, 1
    Win32::FsType = NTFS
    Win32::IsAdminUser = 0

Perl module toolchain versions installed:

    Module              Have    
    ------------------- --------
    CPAN                2.16    
    CPAN::Meta          2.150010
    Cwd                 3.75    
    ExtUtils::CBuilder  0.280236
    ExtUtils::Command   7.71_01 
    ExtUtils::Install   2.22    
    ExtUtils::MakeMaker 7.71_01 
    ExtUtils::Manifest  1.75    
    ExtUtils::ParseXS   3.51    
    File::Spec          3.75    
    JSON                4.10    
    JSON::PP            4.17_01 
    Module::Build       0.4234  
    Module::Signature   0.89    
    Parse::CPAN::Meta   2.150010
    Test2               1.302204
    Test::Harness       3.50    
    Test::More          1.302204
    YAML                1.31    
    YAML::Syck          1.29    
    version             0.9933  


--

Summary of my perl5 (revision 5 version 12 subversion 3) configuration:
   
  Platform:
    osname=MSWin32, osvers=5.1, archname=MSWin32-x86-multi-thread
    uname='Win32 strawberryperl 5.12.3.0 #1 Sun May 15 09:44:53 2011 i386'
    config_args='undef'
    hint=recommended, useposix=true, d_sigaction=undef
    useithreads=define, usemultiplicity=define
    useperlio=define, d_sfio=undef, uselargefiles=define, usesocks=undef
    use64bitint=undef, use64bitall=undef, uselongdouble=undef
    usemymalloc=n, bincompat5005=undef
  Compiler:
    cc='gcc', ccflags =' -s -O2 -DWIN32 -DHAVE_DES_FCRYPT  -DUSE_SITECUSTOMIZE -DPERL_IMPLICIT_CONTEXT -DPERL_IMPLICIT_SYS -fno-strict-aliasing -mms-bitfields -DPERL_MSVCRT_READFIX',
    optimize='-s -O2',
    cppflags='-DWIN32'
    ccversion='', gccversion='4.4.3', gccosandvers=''
    intsize=4, longsize=4, ptrsize=4, doublesize=8, byteorder=1234
    d_longlong=undef, longlongsize=8, d_longdbl=define, longdblsize=12
    ivtype='long', ivsize=4, nvtype='double', nvsize=8, Off_t='long long', lseeksize=8
    alignbytes=8, prototype=define
  Linker and Libraries:
    ld='g++', ldflags ='-s -L"C:\Strawberry\perl\lib\CORE" -L"C:\Strawberry\c\lib"'
    libpth=C:\Strawberry\c\lib C:\Strawberry\c\i686-w64-mingw32\lib
    libs=-lmoldname -lkernel32 -luser32 -lgdi32 -lwinspool -lcomdlg32 -ladvapi32 -lshell32 -lole32 -loleaut32 -lnetapi32 -luuid -lws2_32 -lmpr -lwinmm -lversion -lodbc32 -lodbccp32 -lcomctl32
    perllibs=-lmoldname -lkernel32 -luser32 -lgdi32 -lwinspool -lcomdlg32 -ladvapi32 -lshell32 -lole32 -loleaut32 -lnetapi32 -luuid -lws2_32 -lmpr -lwinmm -lversion -lodbc32 -lodbccp32 -lcomctl32
    libc=, so=dll, useshrplib=true, libperl=libperl512.a
    gnulibc_version=''
  Dynamic Linking:
    dlsrc=dl_win32.xs, dlext=dll, d_dlsymun=undef, ccdlflags=' '
    cccdlflags=' ', lddlflags='-mdll -s -L"C:\Strawberry\perl\lib\CORE" -L"C:\Strawberry\c\lib"'


Characteristics of this binary (from libperl): 
  Compile-time options: MULTIPLICITY PERL_DONT_CREATE_GVSV
                        PERL_IMPLICIT_CONTEXT PERL_IMPLICIT_SYS
                        PERL_MALLOC_WRAP PL_OP_SLAB_ALLOC USE_ITHREADS
                        USE_LARGE_FILES USE_PERLIO USE_PERL_ATOF
                        USE_SITECUSTOMIZE
  Built under MSWin32
  Compiled at May 15 2011 17:02:01
  %ENV:
    PERL5LIB="C:\home\griffin\perl5\lib\perl5"
    PERL5_CPANPLUS_IS_RUNNING="8256"
    PERL5_CPAN_IS_RUNNING="8256"
    PERL_LOCAL_LIB_ROOT="C:\home\griffin\perl5"
    PERL_MB_OPT="--install_base "C:\\home\\griffin\\perl5""
    PERL_MM_OPT="INSTALL_BASE=C:\\home\\griffin\\perl5"
    PERL_MM_USE_DEFAULT="1"
  @INC:
    C:\home\griffin\perl5\lib\perl5/MSWin32-x86-multi-thread
    C:\home\griffin\perl5\lib\perl5
    C:/Strawberry/perl/site/lib
    C:/Strawberry/perl/vendor/lib
    C:/Strawberry/perl/lib
    .