Report for Algorithm-AM-3.10

Back
From: metabase:user:a0e144f2-373b-11e6-8edd-c6848980b093
Subject: FAIL Algorithm-AM-3.10 v5.26.0 GNU/Linux
Date: 2017-05-01T06:38:17Z

This distribution has been tested as part of the CPAN Testers
project, supporting the Perl programming language.  See
http://wiki.cpantesters.org/ for more information or email
questions to cpan-testers-discuss@perl.org


--
Dear Nathan Gary Glenn,

This is a computer-generated report for Algorithm-AM-3.10
on perl 5.26.0, created by CPAN-Reporter-1.2018.

Thank you for uploading your work to CPAN.  However, there was a problem
testing your distribution.

If you think this report is invalid, please consult the CPAN Testers Wiki
for suggestions on how to avoid getting FAIL reports for missing library
or binary dependencies, unsupported operating systems, and so on:

http://wiki.cpantesters.org/wiki/CPANAuthorNotes

Sections of this report:

    * Tester comments
    * Program output
    * Prerequisites
    * Environment and other context

------------------------------
TESTER COMMENTS
------------------------------

Additional comments from tester:

***WARNING***

A recent security patch to Perl itself removed '.', the current working
directory, from @INC, the default search path for 'use', 'do', and
'require'. This fix for CVE-2016-1238 will be part of Perl 5.26.0, due
to be released this April, 2017. CPAN clients will *temporarily*
provide backwards compatibility during the module build/test process
by setting the environment variable PERL_USE_UNSAFE_INC=1 during build,
test, and install. HOWEVER:
  1) This environment variable is a temporary fix only for compatibility,
     due to be removed for Perl 5.30.0.
  2) This may mask errors in your module itself, by testing your module
     under different conditions than those that it will actually be run
     under.
To read more about this, you may find the following links helpful:
* http://blogs.perl.org/users/todd_rinaldo/2016/11/how-removing-from-inc-is-about-to-break-cpan.html
* https://www.perlmonks.org/?node_id=1186105
* http://www.nntp.perl.org/group/perl.perl5.porters/2017/03/msg243722.html


------------------------------
PROGRAM OUTPUT
------------------------------

Output from '/usr/bin/make test':

"/home/cpan2/install/bin/perl" -MExtUtils::Command::MM -e 'cp_nonempty' -- AM.bs blib/arch/auto/Algorithm/AM/AM.bs 644
PERL_DL_NONLAZY=1 "/home/cpan2/install/bin/perl" "-MExtUtils::Command::MM" "-MTest::Harness" "-e" "undef *Test::Harness::Switches; test_harness(0, 'blib/lib', 'blib/arch')" t/*.t
t/0-use_AM.t ........... ok
t/0-use_Batch.t ........ ok
do "t/00-report-prereqs.dd" failed, '.' is no longer in @INC; did you mean do "./t/00-report-prereqs.dd"? at t/00-report-prereqs.t line 71.
# 
# Versions for all modules listed in MYMETA.json (including optional ones):
# 
# === Configure Requires ===
# 
#     Module              Want Have
#     ------------------- ---- ----
#     ExtUtils::MakeMaker 6.17 7.24
# 
# === Build Requires ===
# 
#     Module              Want Have
#     ------------------- ---- ----
#     ExtUtils::MakeMaker  any 7.24
# 
# === Test Requires ===
# 
#     Module              Want      Have
#     ------------------- ---- ---------
#     ExtUtils::MakeMaker  any      7.24
#     File::Spec           any      3.62
#     FindBin              any      1.51
#     Test::Deep           any 1.126_001
#     Test::Exception      any      0.43
#     Test::LongString     any      0.17
#     Test::More          0.88  1.302078
#     Test::NoWarnings     any      1.04
# 
# === Test Recommends ===
# 
#     Module         Want     Have
#     ---------- -------- --------
#     CPAN::Meta 2.120900 2.150010
# 
# === Runtime Requires ===
# 
#     Module         Want     Have
#     -------------- ---- --------
#     Carp            any     1.38
#     Class::Tiny     any    1.006
#     Exporter::Easy  any     0.18
#     Getopt::Long   2.13     2.49
#     Import::Into    any 1.002005
#     Log::Any        any    1.049
#     Path::Tiny      any    0.104
#     Pod::Usage      any     1.69
#     Text::Table     any    1.132
#     XSLoader        any     0.24
#     feature         any     1.47
#     integer         any     1.01
#     strict          any     1.11
#     warnings        any     1.37
# 
t/01-Item.t ............ ok
Can't locate t/TestAM.pm in @INC (you may need to install the t::TestAM module) (@INC contains: /home/cpan2/.cpan/build/Algorithm-AM-3.10-0/blib/lib /home/cpan2/.cpan/build/Algorithm-AM-3.10-0/blib/arch /home/cpan2/.cpan/build/Algorithm-AM-3.10-0/blib/lib /home/cpan2/.cpan/build/Algorithm-AM-3.10-0/blib/arch /home/cpan2/install/lib/perl5/site_perl/5.26.0/x86_64-linux-thread-multi /home/cpan2/install/lib/perl5/site_perl/5.26.0 /home/cpan2/install/lib/perl5/5.26.0/x86_64-linux-thread-multi /home/cpan2/install/lib/perl5/5.26.0) at t/02-DataSet.t line 9.
BEGIN failed--compilation aborted at t/02-DataSet.t line 9.
# Tests were run but no plan was declared and done_testing() was not seen.
# Looks like your test exited with 2 just after 1.
t/02-DataSet.t ......... 
Dubious, test returned 2 (wstat 512, 0x200)
All 1 subtests passed 
t/00-report-prereqs.t .. ok
Can't locate t/TestAM.pm in @INC (you may need to install the t::TestAM module) (@INC contains: /home/cpan2/.cpan/build/Algorithm-AM-3.10-0/blib/lib /home/cpan2/.cpan/build/Algorithm-AM-3.10-0/blib/arch /home/cpan2/.cpan/build/Algorithm-AM-3.10-0/blib/lib /home/cpan2/.cpan/build/Algorithm-AM-3.10-0/blib/arch /home/cpan2/.cpan/build/Algorithm-AM-3.10-0/blib/lib /home/cpan2/.cpan/build/Algorithm-AM-3.10-0/blib/arch /home/cpan2/install/lib/perl5/site_perl/5.26.0/x86_64-linux-thread-multi /home/cpan2/install/lib/perl5/site_perl/5.26.0 /home/cpan2/install/lib/perl5/5.26.0/x86_64-linux-thread-multi /home/cpan2/install/lib/perl5/5.26.0) at t/05-Bigint.t line 8.
BEGIN failed--compilation aborted at t/05-Bigint.t line 8.
# Tests were run but no plan was declared and done_testing() was not seen.
# Looks like your test exited with 2 just after 1.
t/05-Bigint.t .......... 
Dubious, test returned 2 (wstat 512, 0x200)
All 1 subtests passed 
Can't locate t/TestAM.pm in @INC (you may need to install the t::TestAM module) (@INC contains: /home/cpan2/.cpan/build/Algorithm-AM-3.10-0/blib/lib /home/cpan2/.cpan/build/Algorithm-AM-3.10-0/blib/arch /home/cpan2/.cpan/build/Algorithm-AM-3.10-0/blib/lib /home/cpan2/.cpan/build/Algorithm-AM-3.10-0/blib/arch /home/cpan2/install/lib/perl5/site_perl/5.26.0/x86_64-linux-thread-multi /home/cpan2/install/lib/perl5/site_perl/5.26.0 /home/cpan2/install/lib/perl5/5.26.0/x86_64-linux-thread-multi /home/cpan2/install/lib/perl5/5.26.0) at t/04-Result.t line 12.
BEGIN failed--compilation aborted at t/04-Result.t line 12.
t/04-Result.t .......... 
Dubious, test returned 2 (wstat 512, 0x200)
No subtests run 
Can't locate t/TestAM.pm in @INC (you may need to install the t::TestAM module) (@INC contains: /home/cpan2/.cpan/build/Algorithm-AM-3.10-0/blib/lib /home/cpan2/.cpan/build/Algorithm-AM-3.10-0/blib/arch /home/cpan2/install/lib/perl5/site_perl/5.26.0/x86_64-linux-thread-multi /home/cpan2/install/lib/perl5/site_perl/5.26.0 /home/cpan2/install/lib/perl5/5.26.0/x86_64-linux-thread-multi /home/cpan2/install/lib/perl5/5.26.0) at t/03-AM.t line 12.
BEGIN failed--compilation aborted at t/03-AM.t line 12.
# Tests were run but no plan was declared and done_testing() was not seen.
# Looks like your test exited with 2 just after 1.
t/03-AM.t .............. 
Dubious, test returned 2 (wstat 512, 0x200)
All 1 subtests passed 
Can't locate t/TestAM.pm in @INC (you may need to install the t::TestAM module) (@INC contains: /home/cpan2/.cpan/build/Algorithm-AM-3.10-0/blib/lib /home/cpan2/.cpan/build/Algorithm-AM-3.10-0/blib/arch /home/cpan2/.cpan/build/Algorithm-AM-3.10-0/blib/lib /home/cpan2/.cpan/build/Algorithm-AM-3.10-0/blib/arch /home/cpan2/install/lib/perl5/site_perl/5.26.0/x86_64-linux-thread-multi /home/cpan2/install/lib/perl5/site_perl/5.26.0 /home/cpan2/install/lib/perl5/5.26.0/x86_64-linux-thread-multi /home/cpan2/install/lib/perl5/5.26.0) at t/07-Batch_hooks.t line 7.
BEGIN failed--compilation aborted at t/07-Batch_hooks.t line 7.
Can't locate t/TestAM.pm in @INC (you may need to install the t::TestAM module) (@INC contains: /home/cpan2/.cpan/build/Algorithm-AM-3.10-0/blib/lib /home/cpan2/.cpan/build/Algorithm-AM-3.10-0/blib/arch /home/cpan2/.cpan/build/Algorithm-AM-3.10-0/blib/lib /home/cpan2/.cpan/build/Algorithm-AM-3.10-0/blib/arch /home/cpan2/.cpan/build/Algorithm-AM-3.10-0/blib/lib /home/cpan2/.cpan/build/Algorithm-AM-3.10-0/blib/arch /home/cpan2/install/lib/perl5/site_perl/5.26.0/x86_64-linux-thread-multi /home/cpan2/install/lib/perl5/site_perl/5.26.0 /home/cpan2/install/lib/perl5/5.26.0/x86_64-linux-thread-multi /home/cpan2/install/lib/perl5/5.26.0) at t/06-Batch.t line 10.
BEGIN failed--compilation aborted at t/06-Batch.t line 10.
# Tests were run but no plan was declared and done_testing() was not seen.
# Looks like your test exited with 2 just after 1.
t/06-Batch.t ........... 
Dubious, test returned 2 (wstat 512, 0x200)
All 1 subtests passed 
# Tests were run but no plan was declared and done_testing() was not seen.
# Looks like your test exited with 2 just after 1.
t/07-Batch_hooks.t ..... 
Dubious, test returned 2 (wstat 512, 0x200)
All 1 subtests passed 
t/09-soybean.t ......... ok
t/08-finnverb.t ........ ok

Test Summary Report
-------------------
t/02-DataSet.t       (Wstat: 512 Tests: 1 Failed: 0)
  Non-zero exit status: 2
  Parse errors: No plan found in TAP output
t/05-Bigint.t        (Wstat: 512 Tests: 1 Failed: 0)
  Non-zero exit status: 2
  Parse errors: No plan found in TAP output
t/04-Result.t        (Wstat: 512 Tests: 0 Failed: 0)
  Non-zero exit status: 2
  Parse errors: No plan found in TAP output
t/03-AM.t            (Wstat: 512 Tests: 1 Failed: 0)
  Non-zero exit status: 2
  Parse errors: No plan found in TAP output
t/06-Batch.t         (Wstat: 512 Tests: 1 Failed: 0)
  Non-zero exit status: 2
  Parse errors: No plan found in TAP output
t/07-Batch_hooks.t   (Wstat: 512 Tests: 1 Failed: 0)
  Non-zero exit status: 2
  Parse errors: No plan found in TAP output
Files=12, Tests=44,  2 wallclock secs ( 0.08 usr  0.00 sys +  2.52 cusr  0.14 csys =  2.74 CPU)
Result: FAIL
Failed 6/12 test programs. 0/44 subtests failed.
Makefile:1113: recipe for target 'test_dynamic' failed
make: *** [test_dynamic] Error 255

------------------------------
PREREQUISITES
------------------------------

Prerequisite modules loaded:

requires:

    Module              Need     Have     
    ------------------- -------- ---------
    Carp                0        1.38     
    Class::Tiny         0        1.006    
    Exporter::Easy      0        0.18     
    feature             0        1.47     
    Getopt::Long        2.13     2.49     
    Import::Into        0        1.002005 
    integer             0        1.01     
    Log::Any            0        1.049    
    Path::Tiny          0        0.104    
    perl                5.010000 5.026000 
    Pod::Usage          0        1.69     
    strict              0        1.11     
    Text::Table         0        1.132    
    warnings            0        1.37     
    XSLoader            0        0.24     

build_requires:

    Module              Need     Have     
    ------------------- -------- ---------
    ExtUtils::MakeMaker 0        7.24     
    File::Spec          0        3.62     
    FindBin             0        1.51     
    Test::Deep          0        1.126_001
    Test::Exception     0        0.43     
    Test::LongString    0        0.17     
    Test::More          0.88     1.302078 
    Test::NoWarnings    0        1.04     

configure_requires:

    Module              Need     Have     
    ------------------- -------- ---------
    ExtUtils::MakeMaker 6.17     7.24     
    perl                5.010    5.026000 

opt_build_requires:

    Module              Need     Have     
    ------------------- -------- ---------
    CPAN::Meta          2.120900 2.150010 


------------------------------
ENVIRONMENT AND OTHER CONTEXT
------------------------------

Environment variables:

    AUTOMATED_TESTING = 1
    HARNESS_OPTIONS = j3
    LANG = en_US.UTF-8
    PATH = /usr/local/bin:/usr/bin:/bin:/usr/local/games:/usr/games
    PERL5LIB = 
    PERL5OPT = 
    PERL5_CPANPLUS_IS_RUNNING = 11075
    PERL5_CPAN_IS_RUNNING = 11075
    PERL5_CPAN_IS_RUNNING_IN_RECURSION = 6456,11075
    PERL_CR_SMOKER_CURRENT = Algorithm-AM-3.10
    PERL_CR_SMOKER_RUNONCE = 1
    PERL_EXTUTILS_AUTOINSTALL = --defaultdeps
    PERL_MM_USE_DEFAULT = 1
    PERL_USE_UNSAFE_INC = 0
    SHELL = /bin/bash
    TERM = putty-256color

Perl special variables (and OS-specific diagnostics, for MSWin32):

    $^X = /home/cpan2/install/bin/perl
    $UID/$EUID = 1003 / 1003
    $GID = 1003 1003
    $EGID = 1003 1003

Perl module toolchain versions installed:

    Module              Have    
    ------------------- --------
    CPAN                2.16    
    CPAN::Meta          2.150010
    Cwd                 3.62    
    ExtUtils::CBuilder  0.280224
    ExtUtils::Command   7.24    
    ExtUtils::Install   2.04    
    ExtUtils::MakeMaker 7.24    
    ExtUtils::Manifest  1.70    
    ExtUtils::ParseXS   3.30    
    File::Spec          3.62    
    JSON                2.91_04 
    JSON::PP            2.27400 
    Module::Build       0.4222  
    Module::Signature   n/a     
    Parse::CPAN::Meta   2.150010
    Test::Harness       3.39    
    Test::More          1.302078
    YAML                1.23    
    YAML::Syck          1.29    
    version             0.9917  


--

Summary of my perl5 (revision 5 version 26 subversion 0) configuration:
  Commit id: f57d8456e7b8d6b2dad0bb49899cfdc68007b794
  Platform:
    osname=linux
    osvers=3.16.0-4-amd64
    archname=x86_64-linux-thread-multi
    uname='linux digitalis 3.16.0-4-amd64 #1 smp debian 3.16.36-1+deb8u2 (2016-10-19) x86_64 gnulinux '
    config_args='-Dusedevel -DDEBUGGING -Dusethreads -Dprefix=/home/cpan2/install -Uversiononly -des'
    hint=recommended
    useposix=true
    d_sigaction=define
    useithreads=define
    usemultiplicity=define
    use64bitint=define
    use64bitall=define
    uselongdouble=undef
    usemymalloc=n
    default_inc_excludes_dot=define
    bincompat5005=undef
  Compiler:
    cc='cc'
    ccflags ='-D_REENTRANT -D_GNU_SOURCE -fwrapv -DDEBUGGING -fno-strict-aliasing -pipe -fstack-protector-strong -I/usr/local/include -D_LARGEFILE_SOURCE -D_FILE_OFFSET_BITS=64 -D_FORTIFY_SOURCE=2'
    optimize='-O2 -g'
    cppflags='-D_REENTRANT -D_GNU_SOURCE -fwrapv -DDEBUGGING -fno-strict-aliasing -pipe -fstack-protector-strong -I/usr/local/include'
    ccversion=''
    gccversion='4.9.2'
    gccosandvers=''
    intsize=4
    longsize=8
    ptrsize=8
    doublesize=8
    byteorder=12345678
    doublekind=3
    d_longlong=define
    longlongsize=8
    d_longdbl=define
    longdblsize=16
    longdblkind=3
    ivtype='long'
    ivsize=8
    nvtype='double'
    nvsize=8
    Off_t='off_t'
    lseeksize=8
    alignbytes=8
    prototype=define
  Linker and Libraries:
    ld='cc'
    ldflags =' -fstack-protector-strong -L/usr/local/lib'
    libpth=/usr/local/lib /usr/lib/gcc/x86_64-linux-gnu/4.9/include-fixed /usr/include/x86_64-linux-gnu /usr/lib /lib/x86_64-linux-gnu /lib/../lib /usr/lib/x86_64-linux-gnu /usr/lib/../lib /lib /lib64 /usr/lib64
    libs=-lpthread -lnsl -ldl -lm -lcrypt -lutil -lc
    perllibs=-lpthread -lnsl -ldl -lm -lcrypt -lutil -lc
    libc=libc-2.19.so
    so=so
    useshrplib=false
    libperl=libperl.a
    gnulibc_version='2.19'
  Dynamic Linking:
    dlsrc=dl_dlopen.xs
    dlext=so
    d_dlsymun=undef
    ccdlflags='-Wl,-E'
    cccdlflags='-fPIC'
    lddlflags='-shared -O2 -g -L/usr/local/lib -fstack-protector-strong'


Characteristics of this binary (from libperl): 
  Compile-time options:
    DEBUGGING
    HAS_TIMES
    MULTIPLICITY
    PERLIO_LAYERS
    PERL_COPY_ON_WRITE
    PERL_DONT_CREATE_GVSV
    PERL_IMPLICIT_CONTEXT
    PERL_MALLOC_WRAP
    PERL_OP_PARENT
    PERL_PRESERVE_IVUV
    PERL_TRACK_MEMPOOL
    PERL_USE_DEVEL
    USE_64_BIT_ALL
    USE_64_BIT_INT
    USE_ITHREADS
    USE_LARGE_FILES
    USE_LOCALE
    USE_LOCALE_COLLATE
    USE_LOCALE_CTYPE
    USE_LOCALE_NUMERIC
    USE_LOCALE_TIME
    USE_PERLIO
    USE_PERL_ATOF
    USE_REENTRANT_API
  Built under linux
  Compiled at Apr 11 2017 21:42:25
  %ENV:
    PERL5LIB=""
    PERL5OPT=""
    PERL5_CPANPLUS_IS_RUNNING="11075"
    PERL5_CPAN_IS_RUNNING="11075"
    PERL5_CPAN_IS_RUNNING_IN_RECURSION="6456,11075"
    PERL_CR_SMOKER_CURRENT="Algorithm-AM-3.10"
    PERL_CR_SMOKER_RUNONCE="1"
    PERL_EXTUTILS_AUTOINSTALL="--defaultdeps"
    PERL_MM_USE_DEFAULT="1"
    PERL_USE_UNSAFE_INC="0"
  @INC:
    /home/cpan2/install/lib/perl5/site_perl/5.26.0/x86_64-linux-thread-multi
    /home/cpan2/install/lib/perl5/site_perl/5.26.0
    /home/cpan2/install/lib/perl5/5.26.0/x86_64-linux-thread-multi
    /home/cpan2/install/lib/perl5/5.26.0