Report for MooseX-WithCache-0.01002

Back
From: metabase:user:320bfe00-2aae-11df-837a-5e0a49663a4f
Subject: FAIL MooseX-WithCache-0.01002 v5.21.2 GNU/Linux
Date: 2014-07-15T08:48:14Z

This distribution has been tested as part of the CPAN Testers
project, supporting the Perl programming language.  See
http://wiki.cpantesters.org/ for more information or email
questions to cpan-testers-discuss@perl.org


--
Dear Daisuke Maki,

This is a computer-generated report for MooseX-WithCache-0.01002
on perl 5.21.2, created by CPAN-Reporter-1.2011.

Thank you for uploading your work to CPAN.  However, there was a problem
testing your distribution.

If you think this report is invalid, please consult the CPAN Testers Wiki
for suggestions on how to avoid getting FAIL reports for missing library
or binary dependencies, unsupported operating systems, and so on:

http://wiki.cpantesters.org/wiki/CPANAuthorNotes

Sections of this report:

    * Tester comments
    * Program output
    * Prerequisites
    * Environment and other context

------------------------------
TESTER COMMENTS
------------------------------

Additional comments from tester:

this report is from an automated smoke testing program
and was not reviewed by a human for accuracy

------------------------------
PROGRAM OUTPUT
------------------------------

Output from '/usr/bin/make test':

PERL_DL_NONLAZY=1 /tmp/basesmoker-reloperl-PKJ7/bin/perl "-MExtUtils::Command::MM" "-MTest::Harness" "-e" "undef *Test::Harness::Switches; test_harness(0, 'inc', 'blib/lib', 'blib/arch')" t/*.t t/*/*.t
t/00_compile.t ............... ok
syntax error at t/02_memcached.t line 25, near "$class qw(Cache::Memcached Cache::Memcached::Fast Cache::memcached::libmemcached)"
Global symbol "$class" requires explicit package name at t/02_memcached.t line 29.
Global symbol "$class" requires explicit package name at t/02_memcached.t line 31.
Global symbol "$tests" requires explicit package name at t/02_memcached.t line 37.
BEGIN not safe after errors--compilation aborted at t/02_memcached.t line 39.
t/02_memcached.t ............. 
Dubious, test returned 255 (wstat 65280, 0xff00)
No subtests run 
Class::MOP::load_class is deprecated at /home/sand/src/perl/repoperls/installed-perls/perl/v5.21.1-158-g609548d/a2da/lib/site_perl/5.21.2/x86_64-linux-thread-multi-ld/Class/MOP.pm line 71.
	Class::MOP::load_class("MooseX::WithCache::Backend::CHI") called at /tmp/loop_over_bdir-9818-H28fbS/MooseX-WithCache-0.01002-xEqeTx/blib/lib/MooseX/WithCache.pm line 51
	MooseX::WithCache::__ANON__(Moose::Meta::Class::__ANON__::SERIAL::1=HASH(0x25e4f40), "operating_on", MooseX::Role::Parameterized::Meta::Role::Parameterized=HASH(0x25e6388), "consumer", Moose::Meta::Class=HASH(0x25e4880)) called at /home/sand/src/perl/repoperls/installed-perls/perl/v5.21.1-158-g609548d/a2da/lib/site_perl/5.21.2/MooseX/Role/Parameterized/Meta/Role/Parameterizable.pm line 81
	MooseX::Role::Parameterized::Meta::Role::Parameterizable::generate_role(MooseX::Role::Parameterized::Meta::Role::Parameterizable=HASH(0x20cf400), "consumer", Moose::Meta::Class=HASH(0x25e4880), "parameters", HASH(0x2084600)) called at /home/sand/src/perl/repoperls/installed-perls/perl/v5.21.1-158-g609548d/a2da/lib/site_perl/5.21.2/MooseX/Role/Parameterized/Meta/Role/Parameterizable.pm line 105
	MooseX::Role::Parameterized::Meta::Role::Parameterizable::apply(MooseX::Role::Parameterized::Meta::Role::Parameterizable=HASH(0x20cf400), Moose::Meta::Class=HASH(0x25e4880), "backend", "CHI") called at /home/sand/src/perl/repoperls/installed-perls/perl/v5.21.1-158-g609548d/a2da/lib/site_perl/5.21.2/x86_64-linux-thread-multi-ld/Moose/Util.pm line 175
	Moose::Util::_apply_all_roles(Moose::Meta::Class=HASH(0x25e4880), undef, "MooseX::WithCache", HASH(0xd71ed0)) called at /home/sand/src/perl/repoperls/installed-perls/perl/v5.21.1-158-g609548d/a2da/lib/site_perl/5.21.2/x86_64-linux-thread-multi-ld/Moose/Util.pm line 117
	Moose::Util::apply_all_roles(Moose::Meta::Class=HASH(0x25e4880), "MooseX::WithCache", HASH(0xd71ed0)) called at /home/sand/src/perl/repoperls/installed-perls/perl/v5.21.1-158-g609548d/a2da/lib/site_perl/5.21.2/x86_64-linux-thread-multi-ld/Moose/Meta/Class.pm line 92
	Moose::Meta::Class::create("Moose::Meta::Class", "Moose::Meta::Class::__ANON__::SERIAL::2", "weaken", 1, "roles", ARRAY(0xd71f78), "superclasses", ARRAY(0xd71d68)) called at /home/sand/src/perl/repoperls/installed-perls/perl/v5.21.1-158-g609548d/a2da/lib/site_perl/5.21.2/x86_64-linux-thread-multi-ld/Class/MOP/Package.pm line 123
	Class::MOP::Package::create_anon("Moose::Meta::Class", "superclasses", ARRAY(0xd71d68), "roles", ARRAY(0xd71f78)) called at /home/sand/src/perl/repoperls/installed-perls/perl/v5.21.1-158-g609548d/a2da/lib/site_perl/5.21.2/x86_64-linux-thread-multi-ld/Class/MOP/Class.pm line 473
	Class::MOP::Class::create_anon_class("Moose::Meta::Class", "superclasses", ARRAY(0xd71d68), "roles", ARRAY(0xd71f78)) called at t/03_chi.t line 22
must specify either 'datastore' hashref or 'global' flag at /home/sand/src/perl/repoperls/installed-perls/perl/v5.21.1-158-g609548d/a2da/lib/site_perl/5.21.2/CHI/Driver/Memory.pm line 36.
	CHI::Driver::Memory::BUILD(CHI::Driver::Memory__WITH__CHI::Driver::Role::Universal=HASH(0x2a8cbc0), HASH(0x2b05c50)) called at (eval 277) line 363
	CHI::Driver::Memory__WITH__CHI::Driver::Role::Universal::new("CHI::Driver::Memory__WITH__CHI::Driver::Role::Universal", "chi_root_class", "CHI", "driver_class", "CHI::Driver::Memory") called at (eval 276) line 55
	CHI::Driver::Memory::new("CHI::Driver::Memory__WITH__CHI::Driver::Role::Universal", "chi_root_class", "CHI", "driver_class", "CHI::Driver::Memory") called at /home/sand/src/perl/repoperls/installed-perls/perl/v5.21.1-158-g609548d/a2da/lib/site_perl/5.21.2/CHI.pm line 151
	CHI::new("CHI", "driver", "Memory") called at t/03_chi.t line 29
t/03_chi.t ................... ok
Class::MOP::load_class is deprecated at /home/sand/src/perl/repoperls/installed-perls/perl/v5.21.1-158-g609548d/a2da/lib/site_perl/5.21.2/x86_64-linux-thread-multi-ld/Class/MOP.pm line 71.
	Class::MOP::load_class("MooseX::WithCache::Backend::Cache::FastMmap") called at /tmp/loop_over_bdir-9818-H28fbS/MooseX-WithCache-0.01002-xEqeTx/blib/lib/MooseX/WithCache.pm line 51
	MooseX::WithCache::__ANON__(Moose::Meta::Class::__ANON__::SERIAL::1=HASH(0x365eb80), "operating_on", MooseX::Role::Parameterized::Meta::Role::Parameterized=HASH(0x3660ad0), "consumer", Moose::Meta::Class=HASH(0x3642fb8)) called at /home/sand/src/perl/repoperls/installed-perls/perl/v5.21.1-158-g609548d/a2da/lib/site_perl/5.21.2/MooseX/Role/Parameterized/Meta/Role/Parameterizable.pm line 81
	MooseX::Role::Parameterized::Meta::Role::Parameterizable::generate_role(MooseX::Role::Parameterized::Meta::Role::Parameterizable=HASH(0x3581fb0), "consumer", Moose::Meta::Class=HASH(0x3642fb8), "parameters", HASH(0x3536ea0)) called at /home/sand/src/perl/repoperls/installed-perls/perl/v5.21.1-158-g609548d/a2da/lib/site_perl/5.21.2/MooseX/Role/Parameterized/Meta/Role/Parameterizable.pm line 105
	MooseX::Role::Parameterized::Meta::Role::Parameterizable::apply(MooseX::Role::Parameterized::Meta::Role::Parameterizable=HASH(0x3581fb0), Moose::Meta::Class=HASH(0x3642fb8), "backend", "Cache::FastMmap") called at /home/sand/src/perl/repoperls/installed-perls/perl/v5.21.1-158-g609548d/a2da/lib/site_perl/5.21.2/x86_64-linux-thread-multi-ld/Moose/Util.pm line 175
	Moose::Util::_apply_all_roles(Moose::Meta::Class=HASH(0x3642fb8), undef, "MooseX::WithCache", HASH(0x2223d80)) called at /home/sand/src/perl/repoperls/installed-perls/perl/v5.21.1-158-g609548d/a2da/lib/site_perl/5.21.2/x86_64-linux-thread-multi-ld/Moose/Util.pm line 117
	Moose::Util::apply_all_roles(Moose::Meta::Class=HASH(0x3642fb8), "MooseX::WithCache", HASH(0x2223d80)) called at /home/sand/src/perl/repoperls/installed-perls/perl/v5.21.1-158-g609548d/a2da/lib/site_perl/5.21.2/x86_64-linux-thread-multi-ld/Moose/Meta/Class.pm line 92
	Moose::Meta::Class::create("Moose::Meta::Class", "Moose::Meta::Class::__ANON__::SERIAL::2", "superclasses", ARRAY(0x2206d48), "weaken", 1, "roles", ARRAY(0x2223e40)) called at /home/sand/src/perl/repoperls/installed-perls/perl/v5.21.1-158-g609548d/a2da/lib/site_perl/5.21.2/x86_64-linux-thread-multi-ld/Class/MOP/Package.pm line 123
	Class::MOP::Package::create_anon("Moose::Meta::Class", "superclasses", ARRAY(0x2206d48), "roles", ARRAY(0x2223e40)) called at /home/sand/src/perl/repoperls/installed-perls/perl/v5.21.1-158-g609548d/a2da/lib/site_perl/5.21.2/x86_64-linux-thread-multi-ld/Class/MOP/Class.pm line 473
	Class::MOP::Class::create_anon_class("Moose::Meta::Class", "superclasses", ARRAY(0x2206d48), "roles", ARRAY(0x2223e40)) called at t/04_fastmmap.t line 23
t/04_fastmmap.t .............. ok
t/deprecated/00_compile.t .... ok
syntax error at t/deprecated/02_memcached.t line 20, near "$class qw(Cache::Memcached Cache::Memcached::Fast Cache::memcached::libmemcached)"
Global symbol "$class" requires explicit package name at t/deprecated/02_memcached.t line 24.
Global symbol "$class" requires explicit package name at t/deprecated/02_memcached.t line 26.
Global symbol "$tests" requires explicit package name at t/deprecated/02_memcached.t line 32.
BEGIN not safe after errors--compilation aborted at t/deprecated/02_memcached.t line 34.
t/deprecated/02_memcached.t .. 
Dubious, test returned 255 (wstat 65280, 0xff00)
No subtests run 
Class::MOP::load_class is deprecated at /home/sand/src/perl/repoperls/installed-perls/perl/v5.21.1-158-g609548d/a2da/lib/site_perl/5.21.2/x86_64-linux-thread-multi-ld/Class/MOP.pm line 71.
	Class::MOP::load_class("MooseX::WithCache") called at t/deprecated/03_chi.t line 16

#   Failed test 'Correct deprecation warning'
#   at t/deprecated/03_chi.t line 24.
#                   'Class::MOP::load_class is deprecated at /home/sand/src/perl/repoperls/installed-perls/perl/v5.21.1-158-g609548d/a2da/lib/site_perl/5.21.2/x86_64-linux-thread-multi-ld/Class/MOP.pm line 71.
# 	Class::MOP::load_class("MooseX::WithCache::Backend::CHI") called at /tmp/loop_over_bdir-9818-H28fbS/MooseX-WithCache-0.01002-xEqeTx/blib/lib/MooseX/WithCache.pm line 51
# 	MooseX::WithCache::__ANON__(Moose::Meta::Class::__ANON__::SERIAL::1=HASH(0x26bc448), "operating_on", MooseX::Role::Parameterized::Meta::Role::Parameterized=HASH(0x26bcaa8), "consumer", Moose::Meta::Class=HASH(0x1dd50b8)) called at /home/sand/src/perl/repoperls/installed-perls/perl/v5.21.1-158-g609548d/a2da/lib/site_perl/5.21.2/MooseX/Role/Parameterized/Meta/Role/Parameterizable.pm line 81
# 	MooseX::Role::Parameterized::Meta::Role::Parameterizable::generate_role(MooseX::Role::Parameterized::Meta::Role::Parameterizable=HASH(0x266a868), "consumer", Moose::Meta::Class=HASH(0x1dd50b8), "parameters", HASH(0x2627258)) called at /home/sand/src/perl/repoperls/installed-perls/perl/v5.21.1-158-g609548d/a2da/lib/site_perl/5.21.2/MooseX/Role/Parameterized/Meta/Role/Parameterizable.pm line 105
# 	MooseX::Role::Parameterized::Meta::Role::Parameterizable::apply(MooseX::Role::Parameterized::Meta::Role::Parameterizable=HASH(0x266a868), Moose::Meta::Class=HASH(0x1dd50b8), "backend", "CHI", "name", "cache") called at /home/sand/src/perl/repoperls/installed-perls/perl/v5.21.1-158-g609548d/a2da/lib/site_perl/5.21.2/x86_64-linux-thread-multi-ld/Moose/Util.pm line 175
# 	Moose::Util::_apply_all_roles("Moose::Meta::Class::__ANON__::SERIAL::2", undef, "MooseX::WithCache", HASH(0x1856218)) called at /home/sand/src/perl/repoperls/installed-perls/perl/v5.21.1-158-g609548d/a2da/lib/site_perl/5.21.2/x86_64-linux-thread-multi-ld/Moose/Util.pm line 117
# 	Moose::Util::apply_all_roles("Moose::Meta::Class::__ANON__::SERIAL::2", "MooseX::WithCache", HASH(0x1856218)) called at /tmp/loop_over_bdir-9818-H28fbS/MooseX-WithCache-0.01002-xEqeTx/blib/lib/MooseX/WithCache.pm line 21
# 	MooseX::WithCache::with_cache("Moose::Meta::Class::__ANON__::SERIAL::2", "cache", "backend", "CHI") called at t/deprecated/03_chi.t line 27
# '
#     doesn't match '(?^:^use of with_cache for MooseX::WithCache is now deprecated\. Use parameterized roles directly)'
must specify either 'datastore' hashref or 'global' flag at /home/sand/src/perl/repoperls/installed-perls/perl/v5.21.1-158-g609548d/a2da/lib/site_perl/5.21.2/CHI/Driver/Memory.pm line 36.
	CHI::Driver::Memory::BUILD(CHI::Driver::Memory__WITH__CHI::Driver::Role::Universal=HASH(0x2ac2d60), HASH(0x2bddf30)) called at (eval 279) line 363
	CHI::Driver::Memory__WITH__CHI::Driver::Role::Universal::new("CHI::Driver::Memory__WITH__CHI::Driver::Role::Universal", "chi_root_class", "CHI", "driver_class", "CHI::Driver::Memory") called at (eval 278) line 55
	CHI::Driver::Memory::new("CHI::Driver::Memory__WITH__CHI::Driver::Role::Universal", "chi_root_class", "CHI", "driver_class", "CHI::Driver::Memory") called at /home/sand/src/perl/repoperls/installed-perls/perl/v5.21.1-158-g609548d/a2da/lib/site_perl/5.21.2/CHI.pm line 151
	CHI::new("CHI", "driver", "Memory") called at t/deprecated/03_chi.t line 30
# Looks like you planned 10 tests but ran 11.
# Looks like you failed 1 test of 11 run.
t/deprecated/03_chi.t ........ 
Dubious, test returned 1 (wstat 256, 0x100)
Failed 1/10 subtests 
Class::MOP::load_class is deprecated at /home/sand/src/perl/repoperls/installed-perls/perl/v5.21.1-158-g609548d/a2da/lib/site_perl/5.21.2/x86_64-linux-thread-multi-ld/Class/MOP.pm line 71.
	Class::MOP::load_class("MooseX::WithCache") called at t/deprecated/04_fastmmap.t line 17

#   Failed test 'Correct deprecation warning'
#   at t/deprecated/04_fastmmap.t line 25.
#                   'Class::MOP::load_class is deprecated at /home/sand/src/perl/repoperls/installed-perls/perl/v5.21.1-158-g609548d/a2da/lib/site_perl/5.21.2/x86_64-linux-thread-multi-ld/Class/MOP.pm line 71.
# 	Class::MOP::load_class("MooseX::WithCache::Backend::Cache::FastMmap") called at /tmp/loop_over_bdir-9818-H28fbS/MooseX-WithCache-0.01002-xEqeTx/blib/lib/MooseX/WithCache.pm line 51
# 	MooseX::WithCache::__ANON__(Moose::Meta::Class::__ANON__::SERIAL::1=HASH(0x1c8dee0), "operating_on", MooseX::Role::Parameterized::Meta::Role::Parameterized=HASH(0x1c8f060), "consumer", Moose::Meta::Class=HASH(0x1c95748)) called at /home/sand/src/perl/repoperls/installed-perls/perl/v5.21.1-158-g609548d/a2da/lib/site_perl/5.21.2/MooseX/Role/Parameterized/Meta/Role/Parameterizable.pm line 81
# 	MooseX::Role::Parameterized::Meta::Role::Parameterizable::generate_role(MooseX::Role::Parameterized::Meta::Role::Parameterizable=HASH(0x25fcc88), "consumer", Moose::Meta::Class=HASH(0x1c95748), "parameters", HASH(0x2507ad0)) called at /home/sand/src/perl/repoperls/installed-perls/perl/v5.21.1-158-g609548d/a2da/lib/site_perl/5.21.2/MooseX/Role/Parameterized/Meta/Role/Parameterizable.pm line 105
# 	MooseX::Role::Parameterized::Meta::Role::Parameterizable::apply(MooseX::Role::Parameterized::Meta::Role::Parameterizable=HASH(0x25fcc88), Moose::Meta::Class=HASH(0x1c95748), "name", "cache", "backend", "Cache::FastMmap") called at /home/sand/src/perl/repoperls/installed-perls/perl/v5.21.1-158-g609548d/a2da/lib/site_perl/5.21.2/x86_64-linux-thread-multi-ld/Moose/Util.pm line 175
# 	Moose::Util::_apply_all_roles("Moose::Meta::Class::__ANON__::SERIAL::2", undef, "MooseX::WithCache", HASH(0x116df28)) called at /home/sand/src/perl/repoperls/installed-perls/perl/v5.21.1-158-g609548d/a2da/lib/site_perl/5.21.2/x86_64-linux-thread-multi-ld/Moose/Util.pm line 117
# 	Moose::Util::apply_all_roles("Moose::Meta::Class::__ANON__::SERIAL::2", "MooseX::WithCache", HASH(0x116df28)) called at /tmp/loop_over_bdir-9818-H28fbS/MooseX-WithCache-0.01002-xEqeTx/blib/lib/MooseX/WithCache.pm line 21
# 	MooseX::WithCache::with_cache("Moose::Meta::Class::__ANON__::SERIAL::2", "cache", "backend", "Cache::FastMmap") called at t/deprecated/04_fastmmap.t line 28
# '
#     doesn't match '(?^:^use of with_cache for MooseX::WithCache is now deprecated\. Use parameterized roles directly)'
# Looks like you planned 21 tests but ran 22.
# Looks like you failed 1 test of 22 run.
t/deprecated/04_fastmmap.t ... 
Dubious, test returned 1 (wstat 256, 0x100)
Failed 1/21 subtests 

Test Summary Report
-------------------
t/02_memcached.t           (Wstat: 65280 Tests: 0 Failed: 0)
  Non-zero exit status: 255
  Parse errors: No plan found in TAP output
t/deprecated/02_memcached.t (Wstat: 65280 Tests: 0 Failed: 0)
  Non-zero exit status: 255
  Parse errors: No plan found in TAP output
t/deprecated/03_chi.t      (Wstat: 256 Tests: 11 Failed: 2)
  Failed tests:  2, 11
  Non-zero exit status: 1
  Parse errors: Bad plan.  You planned 10 tests but ran 11.
t/deprecated/04_fastmmap.t (Wstat: 256 Tests: 22 Failed: 2)
  Failed tests:  2, 22
  Non-zero exit status: 1
  Parse errors: Bad plan.  You planned 21 tests but ran 22.
Files=8, Tests=64,  2 wallclock secs ( 0.05 usr  0.01 sys +  1.96 cusr  0.08 csys =  2.10 CPU)
Result: FAIL
Failed 4/8 test programs. 4/64 subtests failed.
Makefile:808: recipe for target 'test_dynamic' failed
make: *** [test_dynamic] Error 1

------------------------------
PREREQUISITES
------------------------------

Prerequisite modules loaded:

requires:

    Module                      Need  Have    
    --------------------------- ----- --------
    Cache::Memcached            0     1.30    
    Data::Dumper                0     2.152   
    Digest::MD5                 0     2.53    
    Moose                       0.59  2.1210  
    MooseX::Role::Parameterized 0     1.02    
    perl                        5.008 5.021002

build_requires:

    Module                      Need  Have    
    --------------------------- ----- --------
    ExtUtils::MakeMaker         6.42  6.98    
    IO::Socket::INET            0     1.35    
    Test::Exception             0     0.32    
    Test::More                  0     1.001003

configure_requires:

    Module                      Need  Have    
    --------------------------- ----- --------
    ExtUtils::MakeMaker         6.42  6.98    


------------------------------
ENVIRONMENT AND OTHER CONTEXT
------------------------------

Environment variables:

    AUTOMATED_TESTING = 1
    LANG = en_US.UTF-8
    LANGUAGE = en_US:en
    PATH = /usr/lib/ccache:/home/sand/bin:/usr/local/bin:/usr/bin:/bin:/usr/games:/usr/local/perl/bin:/usr/X11/bin:/sbin:/usr/sbin
    PERL5LIB = /tmp/loop_over_bdir-9818-H28fbS/FusionInventory-Agent-2.3.8-euWu_h/blib/arch:/tmp/loop_over_bdir-9818-H28fbS/FusionInventory-Agent-2.3.8-euWu_h/blib/lib
    PERL5OPT = 
    PERL5_CPANPLUS_IS_RUNNING = 11838
    PERL5_CPAN_IS_RUNNING = 11838
    PERL_MM_USE_DEFAULT = 1
    SHELL = /usr/bin/zsh
    TERM = screen

Perl special variables (and OS-specific diagnostics, for MSWin32):

    $^X = /tmp/basesmoker-reloperl-PKJ7/bin/perl
    $UID/$EUID = 1005 / 1005
    $GID = 1005 1005
    $EGID = 1005 1005

Perl module toolchain versions installed:

    Module              Have    
    ------------------- --------
    CPAN                2.05    
    CPAN::Meta          2.141520
    Cwd                 3.48    
    ExtUtils::CBuilder  0.280216
    ExtUtils::Command   1.18    
    ExtUtils::Install   1.68    
    ExtUtils::MakeMaker 6.98    
    ExtUtils::Manifest  1.63    
    ExtUtils::ParseXS   3.25    
    File::Spec          3.48    
    JSON                2.90    
    JSON::PP            2.27203 
    Module::Build       0.4205  
    Module::Signature   0.73    
    Parse::CPAN::Meta   1.4414  
    Test::Harness       3.32    
    Test::More          1.001003
    YAML                0.95    
    YAML::Syck          1.27    
    version             0.9908  


--

Summary of my perl5 (revision 5 version 21 subversion 2) configuration:
  Commit id: 609548d2600cf84c471aacf7c5e6fb3d004a8f71
  Platform:
    osname=linux, osvers=3.14-1-amd64, archname=x86_64-linux-thread-multi-ld
    uname='linux k83 3.14-1-amd64 #1 smp debian 3.14.5-1 (2014-06-05) x86_64 gnulinux '
    config_args='-Dprefix=/home/sand/src/perl/repoperls/installed-perls/perl/v5.21.1-158-g609548d/a2da -Dmyhostname=k83 -Dinstallusrbinperl=n -Uversiononly -Dusedevel -des -Ui_db -Duseithreads -Duselongdouble -DDEBUGGING=-g'
    hint=recommended, useposix=true, d_sigaction=define
    useithreads=define, usemultiplicity=define
    use64bitint=define, use64bitall=define, uselongdouble=define
    usemymalloc=n, bincompat5005=undef
  Compiler:
    cc='cc', ccflags ='-D_REENTRANT -D_GNU_SOURCE -fwrapv -fno-strict-aliasing -pipe -fstack-protector -I/usr/local/include -D_LARGEFILE_SOURCE -D_FILE_OFFSET_BITS=64 -D_FORTIFY_SOURCE=2',
    optimize='-O2 -g',
    cppflags='-D_REENTRANT -D_GNU_SOURCE -fwrapv -fno-strict-aliasing -pipe -fstack-protector -I/usr/local/include'
    ccversion='', gccversion='4.8.3', gccosandvers=''
    intsize=4, longsize=8, ptrsize=8, doublesize=8, byteorder=12345678
    d_longlong=define, longlongsize=8, d_longdbl=define, longdblsize=16
    ivtype='long', ivsize=8, nvtype='long double', nvsize=16, Off_t='off_t', lseeksize=8
    alignbytes=16, prototype=define
  Linker and Libraries:
    ld='cc', ldflags =' -fstack-protector -L/usr/local/lib'
    libpth=/usr/local/lib /usr/lib/gcc/x86_64-linux-gnu/4.8/include-fixed /usr/include/x86_64-linux-gnu /usr/lib /lib/x86_64-linux-gnu /lib/../lib /usr/lib/x86_64-linux-gnu /usr/lib/../lib /lib
    libs=-lnsl -lgdbm -ldb -ldl -lm -lcrypt -lutil -lpthread -lc -lgdbm_compat
    perllibs=-lnsl -ldl -lm -lcrypt -lutil -lpthread -lc
    libc=libc-2.19.so, so=so, useshrplib=false, libperl=libperl.a
    gnulibc_version='2.19'
  Dynamic Linking:
    dlsrc=dl_dlopen.xs, dlext=so, d_dlsymun=undef, ccdlflags='-Wl,-E'
    cccdlflags='-fPIC', lddlflags='-shared -O2 -g -L/usr/local/lib -fstack-protector'


Characteristics of this binary (from libperl): 
  Compile-time options: HAS_TIMES MULTIPLICITY PERLIO_LAYERS
                        PERL_DONT_CREATE_GVSV
                        PERL_HASH_FUNC_ONE_AT_A_TIME_HARD
                        PERL_IMPLICIT_CONTEXT PERL_MALLOC_WRAP
                        PERL_NEW_COPY_ON_WRITE PERL_PRESERVE_IVUV
                        PERL_USE_DEVEL USE_64_BIT_ALL USE_64_BIT_INT
                        USE_ITHREADS USE_LARGE_FILES USE_LOCALE
                        USE_LOCALE_COLLATE USE_LOCALE_CTYPE
                        USE_LOCALE_NUMERIC USE_LOCALE_TIME USE_LONG_DOUBLE
                        USE_PERLIO USE_PERL_ATOF USE_REENTRANT_API
  Built under linux
  Compiled at Jul 12 2014 17:32:43
  %ENV:
    PERL5LIB="/tmp/loop_over_bdir-9818-H28fbS/FusionInventory-Agent-2.3.8-euWu_h/blib/arch:/tmp/loop_over_bdir-9818-H28fbS/FusionInventory-Agent-2.3.8-euWu_h/blib/lib"
    PERL5OPT=""
    PERL5_CPANPLUS_IS_RUNNING="11838"
    PERL5_CPAN_IS_RUNNING="11838"
    PERL_MM_USE_DEFAULT="1"
  @INC:
    /tmp/loop_over_bdir-9818-H28fbS/FusionInventory-Agent-2.3.8-euWu_h/blib/arch
    /tmp/loop_over_bdir-9818-H28fbS/FusionInventory-Agent-2.3.8-euWu_h/blib/lib
    /home/sand/src/perl/repoperls/installed-perls/perl/v5.21.1-158-g609548d/a2da/lib/site_perl/5.21.2/x86_64-linux-thread-multi-ld
    /home/sand/src/perl/repoperls/installed-perls/perl/v5.21.1-158-g609548d/a2da/lib/site_perl/5.21.2
    /home/sand/src/perl/repoperls/installed-perls/perl/v5.21.1-158-g609548d/a2da/lib/5.21.2/x86_64-linux-thread-multi-ld
    /home/sand/src/perl/repoperls/installed-perls/perl/v5.21.1-158-g609548d/a2da/lib/5.21.2
    .