Test-Unit v0.25 Perl 5 v5.22.3 cygwin-thread-multi
- Status
- Fail
- From
- Jean-Damien Durand
- Dist
-
Test-Unit v0.25
- Platform
- Perl 5 v5.22.3 cygwin-thread-multi
- Date
- 2017-08-17 11:47:03
- ID
- c0fe2246-6c49-1014-9164-565690cfa1b2
This distribution has been tested as part of the CPAN Testers
project, supporting the Perl programming language. See
http://wiki.cpantesters.org/ for more information or email
questions to cpan-testers-discuss@perl.org
--
Dear Matthew Astley,
This is a computer-generated report for Test-Unit-0.25
on perl 5.22.3, created by CPAN-Reporter-1.2018.
Thank you for uploading your work to CPAN. However, there was a problem
testing your distribution.
If you think this report is invalid, please consult the CPAN Testers Wiki
for suggestions on how to avoid getting FAIL reports for missing library
or binary dependencies, unsupported operating systems, and so on:
http://wiki.cpantesters.org/wiki/CPANAuthorNotes
Sections of this report:
* Tester comments
* Program output
* Prerequisites
* Environment and other context
------------------------------
TESTER COMMENTS
------------------------------
Additional comments from tester:
this report is from an automated smoke testing program
and was not reviewed by a human for accuracy
------------------------------
PROGRAM OUTPUT
------------------------------
Output from '/usr/bin/make test':
PERL_DL_NONLAZY=1 "/usr/bin/perl.exe" "-MExtUtils::Command::MM" "-MTest::Harness" "-e" "undef *Test::Harness::Switches; test_harness(0, 'blib/lib', 'blib/arch')" t/*.t
Can't use 'defined(@array)' (Maybe you should just omit the defined()?) at /home/Jean-Damien/.cpan/build/Test-Unit-0.25-8mdPCf/blib/lib/Test/Unit/TestCase.pm line 106.
Compilation failed in require at /home/Jean-Damien/.cpan/build/Test-Unit-0.25-8mdPCf/blib/lib/Test/Unit/TestSuite.pm line 15.
BEGIN failed--compilation aborted at /home/Jean-Damien/.cpan/build/Test-Unit-0.25-8mdPCf/blib/lib/Test/Unit/TestSuite.pm line 15.
Compilation failed in require at /home/Jean-Damien/.cpan/build/Test-Unit-0.25-8mdPCf/blib/lib/Test/Unit/Loader.pm line 7.
BEGIN failed--compilation aborted at /home/Jean-Damien/.cpan/build/Test-Unit-0.25-8mdPCf/blib/lib/Test/Unit/Loader.pm line 7.
Compilation failed in require at /home/Jean-Damien/.cpan/build/Test-Unit-0.25-8mdPCf/blib/lib/Test/Unit/Listener.pm line 2.
BEGIN failed--compilation aborted at /home/Jean-Damien/.cpan/build/Test-Unit-0.25-8mdPCf/blib/lib/Test/Unit/Listener.pm line 2.
Compilation failed in require at /usr/lib/perl5/5.22/base.pm line 99.
...propagated at /usr/lib/perl5/5.22/base.pm line 108.
BEGIN failed--compilation aborted at /home/Jean-Damien/.cpan/build/Test-Unit-0.25-8mdPCf/blib/lib/Test/Unit/Runner.pm line 25.
Compilation failed in require at /usr/lib/perl5/5.22/base.pm line 99.
...propagated at /usr/lib/perl5/5.22/base.pm line 108.
BEGIN failed--compilation aborted at /home/Jean-Damien/.cpan/build/Test-Unit-0.25-8mdPCf/blib/lib/Test/Unit/HarnessUnit.pm line 6.
Compilation failed in require at t/all_tests.t line 6.
BEGIN failed--compilation aborted at t/all_tests.t line 6.
t/all_tests.t .....
Dubious, test returned 255 (wstat 65280, 0xff00)
No subtests run
Can't use 'defined(@array)' (Maybe you should just omit the defined()?) at /home/Jean-Damien/.cpan/build/Test-Unit-0.25-8mdPCf/blib/lib/Test/Unit/TestCase.pm line 106.
Compilation failed in require at /home/Jean-Damien/.cpan/build/Test-Unit-0.25-8mdPCf/blib/lib/Test/Unit/TestSuite.pm line 15.
BEGIN failed--compilation aborted at /home/Jean-Damien/.cpan/build/Test-Unit-0.25-8mdPCf/blib/lib/Test/Unit/TestSuite.pm line 15.
Compilation failed in require at /home/Jean-Damien/.cpan/build/Test-Unit-0.25-8mdPCf/blib/lib/Test/Unit/Loader.pm line 7.
BEGIN failed--compilation aborted at /home/Jean-Damien/.cpan/build/Test-Unit-0.25-8mdPCf/blib/lib/Test/Unit/Loader.pm line 7.
Compilation failed in require at /home/Jean-Damien/.cpan/build/Test-Unit-0.25-8mdPCf/blib/lib/Test/Unit/Listener.pm line 2.
BEGIN failed--compilation aborted at /home/Jean-Damien/.cpan/build/Test-Unit-0.25-8mdPCf/blib/lib/Test/Unit/Listener.pm line 2.
Compilation failed in require at /usr/lib/perl5/5.22/base.pm line 99.
...propagated at /usr/lib/perl5/5.22/base.pm line 108.
BEGIN failed--compilation aborted at /home/Jean-Damien/.cpan/build/Test-Unit-0.25-8mdPCf/blib/lib/Test/Unit/Runner.pm line 25.
Compilation failed in require at /usr/lib/perl5/5.22/base.pm line 99.
...propagated at /usr/lib/perl5/5.22/base.pm line 108.
BEGIN failed--compilation aborted at /home/Jean-Damien/.cpan/build/Test-Unit-0.25-8mdPCf/blib/lib/Test/Unit/HarnessUnit.pm line 6.
Compilation failed in require at t/assert.t line 5.
BEGIN failed--compilation aborted at t/assert.t line 5.
t/assert.t ........
Dubious, test returned 255 (wstat 65280, 0xff00)
No subtests run
> The STDERR redirection may not work or may behave differently under
> your OS 'cygwin'. That will probably cause this test to fail.
# Test 1 got: "Can't use 'defined(@array)' (Maybe you should just omit the defined()?) at /home/Jean-Damien/.cpan/build/Test-Unit-0.25-8mdPCf/blib/lib/Test/Unit/TestCase.pm line 106.\n# Compilation failed in require at /home/Jean-Damien/.cpan/build/Test-Unit-0.25-8mdPCf/blib/lib/Test/Unit/TestSuite.pm line 15.\n# BEGIN failed--compilation aborted at /home/Jean-Damien/.cpan/build/Test-Unit-0.25-8mdPCf/blib/lib/Test/Unit/TestSuite.pm line 15.\n# Compilation failed in require at /home/Jean-Damien/.cpan/build/Test-Unit-0.25-8mdPCf/blib/lib/Test/Unit/Loader.pm line 7.\n# BEGIN failed--compilation aborted at /home/Jean-Damien/.cpan/build/Test-Unit-0.25-8mdPCf/blib/lib/Test/Unit/Loader.pm line 7.\n# Compilation failed in require at /home/Jean-Damien/.cpan/build/Test-Unit-0.25-8mdPCf/blib/lib/Test/Unit/Listener.pm line 2.\n# BEGIN failed--compilation aborted at /home/Jean-Damien/.cpan/build/Test-Unit-0.25-8mdPCf/blib/lib/Test/Unit/Listener.pm line 2.\n# Compilation failed in require at /usr/lib/perl5/5.22/base.pm line 99.\n# \t...propagated at /usr/lib/perl5/5.22/base.pm line 108.\n# BEGIN failed--compilation aborted at /home/Jean-Damien/.cpan/build/Test-Unit-0.25-8mdPCf/blib/lib/Test/Unit/Runner.pm line 25.\n# Compilation failed in require at /usr/lib/perl5/5.22/base.pm line 99.\n# \t...propagated at /usr/lib/perl5/5.22/base.pm line 108.\n# BEGIN failed--compilation aborted at /home/Jean-Damien/.cpan/build/Test-Unit-0.25-8mdPCf/blib/lib/Test/Unit/TestRunner.pm line 4.\n# Compilation failed in require at ./TestRunner.pl line 6.\n# BEGIN failed--compilation aborted at ./TestRunner.pl line 6.\n# " (t/try_examples.t at line 106)
# Expected: "Suite setup\n# TEST-RUN-SUMMARY\n# \n# TIME-SUMMARY\n# \n# !!!FAILURES!!!\n# Test Results:\n# Run: 2, Failures: 1, Errors: 0\n# \n# There was 1 failure:\n# 1) examples/fail_example.pm:19 - test_fail(fail_example)\n# Born to lose ...\n# \n# Test was not successful.\n# "
# Lines 1-14 are changed:
# - "Suite setup\n"
# + "Can't use 'defined(@array)' (Maybe you should just omit the defined()?) at /home/Jean-Damien/.cpan/build/Test-Unit-0.25-8mdPCf/blib/lib/Test/Unit/TestCase.pm line 106.\n"
# - "# TEST-RUN-SUMMARY\n"
# + "# Compilation failed in require at /home/Jean-Damien/.cpan/build/Test-Unit-0.25-8mdPCf/blib/lib/Test/Unit/TestSuite.pm line 15.\n"
# - "# \n"
# + "# BEGIN failed--compilation aborted at /home/Jean-Damien/.cpan/build/Test-Unit-0.25-8mdPCf/blib/lib/Test/Unit/TestSuite.pm line 15.\n"
# - "# TIME-SUMMARY\n"
# + "# Compilation failed in require at /home/Jean-Damien/.cpan/build/Test-Unit-0.25-8mdPCf/blib/lib/Test/Unit/Loader.pm line 7.\n"
# - "# \n"
# + "# BEGIN failed--compilation aborted at /home/Jean-Damien/.cpan/build/Test-Unit-0.25-8mdPCf/blib/lib/Test/Unit/Loader.pm line 7.\n"
# - "# !!!FAILURES!!!\n"
# + "# Compilation failed in require at /home/Jean-Damien/.cpan/build/Test-Unit-0.25-8mdPCf/blib/lib/Test/Unit/Listener.pm line 2.\n"
# - "# Test Results:\n"
# + "# BEGIN failed--compilation aborted at /home/Jean-Damien/.cpan/build/Test-Unit-0.25-8mdPCf/blib/lib/Test/Unit/Listener.pm line 2.\n"
# - "# Run: 2, Failures: 1, Errors: 0\n"
# + "# Compilation failed in require at /usr/lib/perl5/5.22/base.pm line 99.\n"
# - "# \n"
# + "# \t...propagated at /usr/lib/perl5/5.22/base.pm line 108.\n"
# - "# There was 1 failure:\n"
# + "# BEGIN failed--compilation aborted at /home/Jean-Damien/.cpan/build/Test-Unit-0.25-8mdPCf/blib/lib/Test/Unit/Runner.pm line 25.\n"
# - "# 1) examples/fail_example.pm:19 - test_fail(fail_example)\n"
# + "# Compilation failed in require at /usr/lib/perl5/5.22/base.pm line 99.\n"
# - "# Born to lose ...\n"
# + "# \t...propagated at /usr/lib/perl5/5.22/base.pm line 108.\n"
# - "# \n"
# + "# BEGIN failed--compilation aborted at /home/Jean-Damien/.cpan/build/Test-Unit-0.25-8mdPCf/blib/lib/Test/Unit/TestRunner.pm line 4.\n"
# - "# Test was not successful.\n"
# + "# Compilation failed in require at ./TestRunner.pl line 6.\n"
# Got 1 extra line at line 15:
# + "# BEGIN failed--compilation aborted at ./TestRunner.pl line 6.\n"
# t/try_examples.t line 106 is: ok($out, $guru_checked{$e});
# Test 2 got: "Can't use 'defined(@array)' (Maybe you should just omit the defined()?) at /home/Jean-Damien/.cpan/build/Test-Unit-0.25-8mdPCf/blib/lib/Test/Unit/TestCase.pm line 106.\n# Compilation failed in require at /home/Jean-Damien/.cpan/build/Test-Unit-0.25-8mdPCf/blib/lib/Test/Unit/TestSuite.pm line 15.\n# BEGIN failed--compilation aborted at /home/Jean-Damien/.cpan/build/Test-Unit-0.25-8mdPCf/blib/lib/Test/Unit/TestSuite.pm line 15.\n# Compilation failed in require at /home/Jean-Damien/.cpan/build/Test-Unit-0.25-8mdPCf/blib/lib/Test/Unit/Procedural.pm line 5.\n# BEGIN failed--compilation aborted at /home/Jean-Damien/.cpan/build/Test-Unit-0.25-8mdPCf/blib/lib/Test/Unit/Procedural.pm line 5.\n# Compilation failed in require at examples/patch100132 line 6.\n# BEGIN failed--compilation aborted at examples/patch100132 line 6.\n# " (t/try_examples.t at line 106 fail #2)
# Expected: "...\n# TIME-SUMMARY\n# \n# OK (3 tests)\n# "
# Lines 1-4 are changed:
# - "...\n"
# + "Can't use 'defined(@array)' (Maybe you should just omit the defined()?) at /home/Jean-Damien/.cpan/build/Test-Unit-0.25-8mdPCf/blib/lib/Test/Unit/TestCase.pm line 106.\n"
# - "# TIME-SUMMARY\n"
# + "# Compilation failed in require at /home/Jean-Damien/.cpan/build/Test-Unit-0.25-8mdPCf/blib/lib/Test/Unit/TestSuite.pm line 15.\n"
# - "# \n"
# + "# BEGIN failed--compilation aborted at /home/Jean-Damien/.cpan/build/Test-Unit-0.25-8mdPCf/blib/lib/Test/Unit/TestSuite.pm line 15.\n"
# - "# OK (3 tests)\n"
# + "# Compilation failed in require at /home/Jean-Damien/.cpan/build/Test-Unit-0.25-8mdPCf/blib/lib/Test/Unit/Procedural.pm line 5.\n"
# Got 3 extra lines at line 5:
# + "# BEGIN failed--compilation aborted at /home/Jean-Damien/.cpan/build/Test-Unit-0.25-8mdPCf/blib/lib/Test/Unit/Procedural.pm line 5.\n"
# + "# Compilation failed in require at examples/patch100132 line 6.\n"
# + "# BEGIN failed--compilation aborted at examples/patch100132 line 6.\n"
# Test 3 got: "Can't use 'defined(@array)' (Maybe you should just omit the defined()?) at /home/Jean-Damien/.cpan/build/Test-Unit-0.25-8mdPCf/blib/lib/Test/Unit/TestCase.pm line 106.\n# Compilation failed in require at /home/Jean-Damien/.cpan/build/Test-Unit-0.25-8mdPCf/blib/lib/Test/Unit/TestSuite.pm line 15.\n# BEGIN failed--compilation aborted at /home/Jean-Damien/.cpan/build/Test-Unit-0.25-8mdPCf/blib/lib/Test/Unit/TestSuite.pm line 15.\n# Compilation failed in require at /home/Jean-Damien/.cpan/build/Test-Unit-0.25-8mdPCf/blib/lib/Test/Unit/Procedural.pm line 5.\n# BEGIN failed--compilation aborted at /home/Jean-Damien/.cpan/build/Test-Unit-0.25-8mdPCf/blib/lib/Test/Unit/Procedural.pm line 5.\n# Compilation failed in require at examples/patch100132-1 line 6.\n# BEGIN failed--compilation aborted at examples/patch100132-1 line 6.\n# " (t/try_examples.t at line 106 fail #3)
# Expected: "...\n# TIME-SUMMARY\n# \n# OK (3 tests)\n# "
# Lines 1-4 are changed:
# - "...\n"
# + "Can't use 'defined(@array)' (Maybe you should just omit the defined()?) at /home/Jean-Damien/.cpan/build/Test-Unit-0.25-8mdPCf/blib/lib/Test/Unit/TestCase.pm line 106.\n"
# - "# TIME-SUMMARY\n"
# + "# Compilation failed in require at /home/Jean-Damien/.cpan/build/Test-Unit-0.25-8mdPCf/blib/lib/Test/Unit/TestSuite.pm line 15.\n"
# - "# \n"
# + "# BEGIN failed--compilation aborted at /home/Jean-Damien/.cpan/build/Test-Unit-0.25-8mdPCf/blib/lib/Test/Unit/TestSuite.pm line 15.\n"
# - "# OK (3 tests)\n"
# + "# Compilation failed in require at /home/Jean-Damien/.cpan/build/Test-Unit-0.25-8mdPCf/blib/lib/Test/Unit/Procedural.pm line 5.\n"
# Got 3 extra lines at line 5:
# + "# BEGIN failed--compilation aborted at /home/Jean-Damien/.cpan/build/Test-Unit-0.25-8mdPCf/blib/lib/Test/Unit/Procedural.pm line 5.\n"
# + "# Compilation failed in require at examples/patch100132-1 line 6.\n"
# + "# BEGIN failed--compilation aborted at examples/patch100132-1 line 6.\n"
# Test 4 got: "Can't use 'defined(@array)' (Maybe you should just omit the defined()?) at /home/Jean-Damien/.cpan/build/Test-Unit-0.25-8mdPCf/blib/lib/Test/Unit/TestCase.pm line 106.\n# Compilation failed in require at /home/Jean-Damien/.cpan/build/Test-Unit-0.25-8mdPCf/blib/lib/Test/Unit/TestSuite.pm line 15.\n# BEGIN failed--compilation aborted at /home/Jean-Damien/.cpan/build/Test-Unit-0.25-8mdPCf/blib/lib/Test/Unit/TestSuite.pm line 15.\n# Compilation failed in require at /home/Jean-Damien/.cpan/build/Test-Unit-0.25-8mdPCf/blib/lib/Test/Unit/Procedural.pm line 5.\n# BEGIN failed--compilation aborted at /home/Jean-Damien/.cpan/build/Test-Unit-0.25-8mdPCf/blib/lib/Test/Unit/Procedural.pm line 5.\n# Compilation failed in require at examples/patch100132-2 line 6.\n# BEGIN failed--compilation aborted at examples/patch100132-2 line 6.\n# " (t/try_examples.t at line 106 fail #4)
# Expected: "...\n# TIME-SUMMARY\n# \n# OK (3 tests)\n# "
# Lines 1-4 are changed:
# - "...\n"
# + "Can't use 'defined(@array)' (Maybe you should just omit the defined()?) at /home/Jean-Damien/.cpan/build/Test-Unit-0.25-8mdPCf/blib/lib/Test/Unit/TestCase.pm line 106.\n"
# - "# TIME-SUMMARY\n"
# + "# Compilation failed in require at /home/Jean-Damien/.cpan/build/Test-Unit-0.25-8mdPCf/blib/lib/Test/Unit/TestSuite.pm line 15.\n"
# - "# \n"
# + "# BEGIN failed--compilation aborted at /home/Jean-Damien/.cpan/build/Test-Unit-0.25-8mdPCf/blib/lib/Test/Unit/TestSuite.pm line 15.\n"
# - "# OK (3 tests)\n"
# + "# Compilation failed in require at /home/Jean-Damien/.cpan/build/Test-Unit-0.25-8mdPCf/blib/lib/Test/Unit/Procedural.pm line 5.\n"
# Got 3 extra lines at line 5:
# + "# BEGIN failed--compilation aborted at /home/Jean-Damien/.cpan/build/Test-Unit-0.25-8mdPCf/blib/lib/Test/Unit/Procedural.pm line 5.\n"
# + "# Compilation failed in require at examples/patch100132-2 line 6.\n"
# + "# BEGIN failed--compilation aborted at examples/patch100132-2 line 6.\n"
t/try_examples.t ..
Failed 4/4 subtests
Test Summary Report
-------------------
t/all_tests.t (Wstat: 65280 Tests: 0 Failed: 0)
Non-zero exit status: 255
Parse errors: No plan found in TAP output
t/assert.t (Wstat: 65280 Tests: 0 Failed: 0)
Non-zero exit status: 255
Parse errors: No plan found in TAP output
t/try_examples.t (Wstat: 0 Tests: 4 Failed: 4)
Failed tests: 1-4
Files=3, Tests=4, 1 wallclock secs ( 0.02 usr 0.09 sys + 0.37 cusr 0.94 csys = 1.43 CPU)
Result: FAIL
Failed 3/3 test programs. 4/4 subtests failed.
make: *** [Makefile:954: test_dynamic] Error 255
------------------------------
PREREQUISITES
------------------------------
Prerequisite modules loaded:
requires:
Module Need Have
------------------- ---- --------
base 1 2.22
Class::Inner 0 0.200001
Devel::Symdump 0 2.18
Error 0 0.17025
build_requires:
Module Need Have
------------------- ---- --------
ExtUtils::MakeMaker 0 7.24
------------------------------
ENVIRONMENT AND OTHER CONTEXT
------------------------------
Environment variables:
AUTOMATED_TESTING = 1
COMSPEC = C:\WINDOWS\system32\cmd.exe
LANG = fr_FR.UTF-8
NUMBER_OF_PROCESSORS = 4
PATH = /home/Jean-Damien/perl5/bin:/home/Jean-Damien/perl5/bin:/usr/local/bin:/usr/bin:/cygdrive/c/Program Files (x86)/Lenovo/FusionEngine:/cygdrive/c/Program Files (x86)/Intel/iCLS Client:/cygdrive/c/Program Files/Intel/iCLS Client:/cygdrive/c/Program Files (x86)/NVIDIA Corporation/PhysX/Common:/cygdrive/c/WINDOWS/system32:/cygdrive/c/WINDOWS:/cygdrive/c/WINDOWS/System32/Wbem:/cygdrive/c/WINDOWS/System32/WindowsPowerShell/v1.0:/cygdrive/c/Program Files/Intel/Intel(R) Management Engine Components/DAL:/cygdrive/c/Program Files/Intel/Intel(R) Management Engine Components/IPT:/cygdrive/c/Program Files (x86)/Intel/Intel(R) Management Engine Components/DAL:/cygdrive/c/Program Files (x86)/Intel/Intel(R) Management Engine Components/IPT:/cygdrive/c/Program Files (x86)/Common Files/lenovo/easyplussdk/bin:/cygdrive/c/Strawberry/perl-5.22.0.1-32bits/c/bin:/cygdrive/c/Strawberry/perl-5.22.0.1-32bits/perl/site/bin:/cygdrive/c/Strawberry/perl-5.22.0.1-32bits/perl/bin:/cygdrive/c/Program Files/CMake/bin:/cygdrive/c/Program Files (x86)/Windows Kits/8.1/Windows Performance Toolkit:/cygdrive/c/Program Files (x86)/Lenovo/FusionEngine:/cygdrive/c/Program Files (x86)/Intel/iCLS Client:/cygdrive/c/Program Files/Intel/iCLS Client:/cygdrive/c/Program Files (x86)/NVIDIA Corporation/PhysX/Common:/cygdrive/c/WINDOWS/system32:/cygdrive/c/WINDOWS:/cygdrive/c/WINDOWS/System32/Wbem:/cygdrive/c/WINDOWS/System32/WindowsPowerShell/v1.0:/cygdrive/c/Program Files/Intel/Intel(R) Management Engine Components/DAL:/cygdrive/c/Program Files/Intel/Intel(R) Management Engine Components/IPT:/cygdrive/c/Program Files (x86)/Intel/Intel(R) Management Engine Components/DAL:/cygdrive/c/Program Files (x86)/Intel/Intel(R) Management Engine Components/IPT:/cygdrive/c/Program Files (x86)/Common Files/lenovo/easyplussdk/bin:/cygdrive/c/Strawberry/perl-5.22.0.1-32bits/c/bin:/cygdrive/c/Strawberry/perl-5.22.0.1-32bits/perl/site/bin:/cygdrive/c/Strawberry/perl-5.22.0.1-32bits/perl/bin:/cygdrive/c/Program Files/CMake/bin:/cygdrive/c/Program Files (x86)/Windows Kits/8.1/Windows Performance Toolkit:/cygdrive/c/Users/Jean-Damien/AppData/Local/GitHub/PortableGit_c2ba306e536fdf878271f7fe636a147ff37326ad/bin:/cygdrive/c/Users/Jean-Damien/AppData/Local/Microsoft/WindowsApps
PERL5LIB = /home/Jean-Damien/perl5/lib/perl5:/home/Jean-Damien/perl5/lib/perl5
PERL5OPT =
PERL5_CPANPLUS_IS_RUNNING = 8380
PERL5_CPAN_IS_RUNNING = 8380
PERL5_CPAN_IS_RUNNING_IN_RECURSION = 2428,8380
PERL_CR_SMOKER_CURRENT = XAO-Base-1.16
PERL_EXTUTILS_AUTOINSTALL = --defaultdeps
PERL_LOCAL_LIB_ROOT = /home/Jean-Damien/perl5:/home/Jean-Damien/perl5
PERL_MB_OPT = --install_base "/home/Jean-Damien/perl5"
PERL_MM_OPT = INSTALL_BASE=/home/Jean-Damien/perl5
PERL_MM_USE_DEFAULT = 1
PROCESSOR_IDENTIFIER = Intel64 Family 6 Model 69 Stepping 1, GenuineIntel
SHELL = /bin/bash
TEMP = /tmp
TERM = xterm
Perl special variables (and OS-specific diagnostics, for MSWin32):
$^X = /usr/bin/perl
$UID/$EUID = 197610 / 197610
$GID = 197121 197121 197611 559 545 4 66049 11 15 113 66048 262154 401408
$EGID = 197121 197121 197611 559 545 4 66049 11 15 113 66048 262154 401408
Perl module toolchain versions installed:
Module Have
------------------- --------
CPAN 2.11_01
CPAN::Meta 2.150010
Cwd 3.62
ExtUtils::CBuilder 0.280224
ExtUtils::Command 7.24
ExtUtils::Install 2.04
ExtUtils::MakeMaker 7.24
ExtUtils::Manifest 1.70
ExtUtils::ParseXS 3.28
File::Spec 3.62
JSON 2.90
JSON::PP 2.27400
Module::Build 0.4222
Module::Signature 0.81
Parse::CPAN::Meta 2.150010
Test::Harness 3.39
Test::More 1.302091
YAML 1.23
YAML::Syck 1.30
version 0.9909
--
Summary of my perl5 (revision 5 version 22 subversion 3) configuration:
Platform:
osname=cygwin, osvers=2.6.1(0.30553), archname=cygwin-thread-multi
uname='cygwin_nt-6.3 cygwin 2.6.1(0.30553) 2016-12-16 11:55 x86_64 cygwin '
config_args='-des -Dprefix=/usr -Dmksymlinks -Darchname=x86_64-cygwin-threads -Dlibperl=cygperl5_22.dll -Dcc=gcc -Dld=g++ -Accflags=-ggdb -O2 -pipe -Wimplicit-function-declaration -fdebug-prefix-map=/mnt/share/maint/perl.x86_64/build=/usr/src/debug/perl-5.22.3-1 -fdebug-prefix-map=/mnt/share/maint/perl.x86_64/src/perl-5.22.3=/usr/src/debug/perl-5.22.3-1 -fwrapv'
hint=recommended, useposix=true, d_sigaction=define
useithreads=define, usemultiplicity=define
use64bitint=define, use64bitall=define, uselongdouble=undef
usemymalloc=n, bincompat5005=undef
Compiler:
cc='gcc', ccflags ='-DPERL_USE_SAFE_PUTENV -D_GNU_SOURCE -U__STRICT_ANSI__ -ggdb -O2 -pipe -Wimplicit-function-declaration -fdebug-prefix-map=/mnt/share/maint/perl.x86_64/build=/usr/src/debug/perl-5.22.3-1 -fdebug-prefix-map=/mnt/share/maint/perl.x86_64/src/perl-5.22.3=/usr/src/debug/perl-5.22.3-1 -fwrapv -fno-strict-aliasing -fstack-protector-strong -D_FORTIFY_SOURCE=2',
optimize='-O3',
cppflags='-DPERL_USE_SAFE_PUTENV -D_GNU_SOURCE -U__STRICT_ANSI__ -ggdb -O2 -pipe -Wimplicit-function-declaration -fdebug-prefix-map=/mnt/share/maint/perl.x86_64/build=/usr/src/debug/perl-5.22.3-1 -fdebug-prefix-map=/mnt/share/maint/perl.x86_64/src/perl-5.22.3=/usr/src/debug/perl-5.22.3-1 -fwrapv -fno-strict-aliasing -fstack-protector-strong'
ccversion='', gccversion='5.4.0', gccosandvers=''
intsize=4, longsize=8, ptrsize=8, doublesize=8, byteorder=12345678, doublekind=3
d_longlong=define, longlongsize=8, d_longdbl=define, longdblsize=16, longdblkind=3
ivtype='long', ivsize=8, nvtype='double', nvsize=8, Off_t='off_t', lseeksize=8
alignbytes=8, prototype=define
Linker and Libraries:
ld='g++', ldflags =' -Wl,--enable-auto-import -Wl,--export-all-symbols -Wl,--enable-auto-image-base -fstack-protector-strong'
libpth=/usr/lib
libs=-lpthread -lgdbm -ldb -ldl -lcrypt -lgdbm_compat
perllibs=-lpthread -ldl -lcrypt
libc=/usr/lib/libcygwin.a, so=dll, useshrplib=true, libperl=cygperl5_22.dll
gnulibc_version=''
Dynamic Linking:
dlsrc=dl_dlopen.xs, dlext=dll, d_dlsymun=undef, ccdlflags=' '
cccdlflags=' ', lddlflags=' --shared -Wl,--enable-auto-import -Wl,--export-all-symbols -Wl,--enable-auto-image-base -fstack-protector-strong'
Characteristics of this binary (from libperl):
Compile-time options: HAS_TIMES MULTIPLICITY PERLIO_LAYERS
PERL_DONT_CREATE_GVSV
PERL_HASH_FUNC_ONE_AT_A_TIME_HARD
PERL_IMPLICIT_CONTEXT PERL_NEW_COPY_ON_WRITE
PERL_PRESERVE_IVUV PERL_USE_SAFE_PUTENV
USE_64_BIT_ALL USE_64_BIT_INT USE_ITHREADS
USE_LARGE_FILES USE_LOCALE USE_LOCALE_COLLATE
USE_LOCALE_CTYPE USE_LOCALE_NUMERIC USE_LOCALE_TIME
USE_PERLIO USE_PERL_ATOF USE_REENTRANT_API
Built under cygwin
Compiled at Jan 15 2017 13:11:06
%ENV:
PERL5LIB="/home/Jean-Damien/perl5/lib/perl5:/home/Jean-Damien/perl5/lib/perl5"
PERL5OPT=""
PERL5_CPANPLUS_IS_RUNNING="8380"
PERL5_CPAN_IS_RUNNING="8380"
PERL5_CPAN_IS_RUNNING_IN_RECURSION="2428,8380"
PERL_CR_SMOKER_CURRENT="XAO-Base-1.16"
PERL_EXTUTILS_AUTOINSTALL="--defaultdeps"
PERL_LOCAL_LIB_ROOT="/home/Jean-Damien/perl5:/home/Jean-Damien/perl5"
PERL_MB_OPT="--install_base "/home/Jean-Damien/perl5""
PERL_MM_OPT="INSTALL_BASE=/home/Jean-Damien/perl5"
PERL_MM_USE_DEFAULT="1"
@INC:
/home/Jean-Damien/perl5/lib/perl5/5.22.3/cygwin-thread-multi
/home/Jean-Damien/perl5/lib/perl5/5.22.3
/home/Jean-Damien/perl5/lib/perl5/cygwin-thread-multi
/home/Jean-Damien/perl5/lib/perl5
/home/Jean-Damien/perl5/lib/perl5/5.22.3/cygwin-thread-multi
/home/Jean-Damien/perl5/lib/perl5/5.22.3
/home/Jean-Damien/perl5/lib/perl5/cygwin-thread-multi
/home/Jean-Damien/perl5/lib/perl5
/usr/lib/perl5/site_perl/5.22/x86_64-cygwin-threads
/usr/lib/perl5/site_perl/5.22
/usr/lib/perl5/vendor_perl/5.22/x86_64-cygwin-threads
/usr/lib/perl5/vendor_perl/5.22
/usr/lib/perl5/5.22/x86_64-cygwin-threads
/usr/lib/perl5/5.22
.