Back
From: metabase:user:320bfe00-2aae-11df-837a-5e0a49663a4f
Subject: FAIL Data-YUID-0.06 v5.15.5 GNU/Linux
Date: 2011-11-23T17:58:30Z
This distribution has been tested as part of the CPAN Testers
project, supporting the Perl programming language. See
http://wiki.cpantesters.org/ for more information or email
questions to cpan-testers-discuss@perl.org
--
Dear SAY MEDIA,
This is a computer-generated report for Data-YUID-0.06
on perl 5.15.5, created by CPAN-Reporter-1.1902.
Thank you for uploading your work to CPAN. However, there was a problem
testing your distribution.
If you think this report is invalid, please consult the CPAN Testers Wiki
for suggestions on how to avoid getting FAIL reports for missing library
or binary dependencies, unsupported operating systems, and so on:
http://wiki.cpantesters.org/wiki/CPANAuthorNotes
Sections of this report:
* Tester comments
* Program output
* Prerequisites
* Environment and other context
------------------------------
TESTER COMMENTS
------------------------------
Additional comments from tester:
this report is from an automated smoke testing program
and was not reviewed by a human for accuracy
------------------------------
PROGRAM OUTPUT
------------------------------
Output from '/usr/bin/make test':
PERL_DL_NONLAZY=1 /home/sand/src/perl/repoperls/installed-perls/perl/v5.15.5-151-gbc4eb4d/127e/bin/perl "-MExtUtils::Command::MM" "-e" "test_harness(0, 'inc', 'blib/lib', 'blib/arch')" t/00-compile.t t/01-generator.t t/10-client.t
t/00-compile.t .... ok
Time::HiRes object version 1.9724 does not match $Time::HiRes::XS_VERSION 1.9719 at /home/src/perl/repoperls/installed-perls/perl/v5.15.5-151-gbc4eb4d/127e/lib/5.15.5/x86_64-linux-ld/DynaLoader.pm line 213.
Compilation failed in require at t/01-generator.t line 7.
BEGIN failed--compilation aborted at t/01-generator.t line 7.
# Looks like your test exited with 2 before it could output anything.
t/01-generator.t ..
Dubious, test returned 2 (wstat 512, 0x200)
No subtests run
Time::HiRes object version 1.9724 does not match $Time::HiRes::XS_VERSION 1.9719 at /home/src/perl/repoperls/installed-perls/perl/v5.15.5-151-gbc4eb4d/127e/lib/5.15.5/x86_64-linux-ld/DynaLoader.pm line 213.
Compilation failed in require at /home/src/perl/repoperls/installed-perls/perl/v5.15.5-151-gbc4eb4d/127e/lib/site_perl/5.15.5/Danga/Socket.pm line 98.
BEGIN failed--compilation aborted at /home/src/perl/repoperls/installed-perls/perl/v5.15.5-151-gbc4eb4d/127e/lib/site_perl/5.15.5/Danga/Socket.pm line 98.
Compilation failed in require at /tmp/loop_over_bdir-r_Fh5o/Data-YUID-0.06-TC3tVb/t/../bin/yuidd line 5.
BEGIN failed--compilation aborted at /tmp/loop_over_bdir-r_Fh5o/Data-YUID-0.06-TC3tVb/t/../bin/yuidd line 5.
Time::HiRes object version 1.9724 does not match $Time::HiRes::XS_VERSION 1.9719 at /home/src/perl/repoperls/installed-perls/perl/v5.15.5-151-gbc4eb4d/127e/lib/5.15.5/x86_64-linux-ld/DynaLoader.pm line 213.
Compilation failed in require at /home/src/perl/repoperls/installed-perls/perl/v5.15.5-151-gbc4eb4d/127e/lib/site_perl/5.15.5/Danga/Socket.pm line 98.
BEGIN failed--compilation aborted at /home/src/perl/repoperls/installed-perls/perl/v5.15.5-151-gbc4eb4d/127e/lib/site_perl/5.15.5/Danga/Socket.pm line 98.
Compilation failed in require at /tmp/loop_over_bdir-r_Fh5o/Data-YUID-0.06-TC3tVb/t/../bin/yuidd line 5.
BEGIN failed--compilation aborted at /tmp/loop_over_bdir-r_Fh5o/Data-YUID-0.06-TC3tVb/t/../bin/yuidd line 5.
Timeout waiting for port 11000 to startup at t/10-client.t line 75.
# Looks like your test exited with 111 before it could output anything.
t/10-client.t .....
Dubious, test returned 111 (wstat 28416, 0x6f00)
Failed 25/25 subtests
Test Summary Report
-------------------
t/01-generator.t (Wstat: 512 Tests: 0 Failed: 0)
Non-zero exit status: 2
Parse errors: No plan found in TAP output
t/10-client.t (Wstat: 28416 Tests: 0 Failed: 0)
Non-zero exit status: 111
Parse errors: Bad plan. You planned 25 tests but ran 0.
Files=3, Tests=1, 6 wallclock secs ( 0.03 usr 0.01 sys + 0.16 cusr 0.02 csys = 0.22 CPU)
Result: FAIL
Failed 2/3 test programs. 0/1 subtests failed.
make: *** [test_dynamic] Error 111
------------------------------
PREREQUISITES
------------------------------
Prerequisite modules loaded:
requires:
Module Need Have
------------------- -------- --------
Danga::Socket 0 1.61
perl 5.006001 5.015005
Time::HiRes 0 1.9724
URI::Escape 0 3.31
build_requires:
Module Need Have
------------------- -------- --------
ExtUtils::MakeMaker 6.42 6.63_02
Time::HiRes 0 1.9724
configure_requires:
Module Need Have
------------------- -------- --------
ExtUtils::MakeMaker 6.42 6.63_02
------------------------------
ENVIRONMENT AND OTHER CONTEXT
------------------------------
Environment variables:
AUTOMATED_TESTING = 1
LANG = en_US.UTF-8
LANGUAGE = en_US:en
PATH = /home/sand/bin:/usr/local/bin:/usr/bin:/bin:/usr/bin/X11:/usr/games:/usr/local/perl/bin:/usr/X11/bin:/sbin:/usr/sbin
PERL5LIB =
PERL5OPT =
PERL5_CPANPLUS_IS_RUNNING = 29749
PERL5_CPAN_IS_RUNNING = 29749
PERL_MM_USE_DEFAULT = 1
SHELL = /usr/bin/zsh
TERM = screen
Perl special variables (and OS-specific diagnostics, for MSWin32):
$^X = /home/sand/src/perl/repoperls/installed-perls/perl/v5.15.5-151-gbc4eb4d/127e/bin/perl
$UID/$EUID = 1005 / 1005
$GID = 1005 1005
$EGID = 1005 1005
Perl module toolchain versions installed:
Module Have
------------------- --------
CPAN 1.9800
Cwd 3.38
ExtUtils::CBuilder 0.280205
ExtUtils::Command 1.17
ExtUtils::Install 1.57
ExtUtils::MakeMaker 6.63_02
ExtUtils::Manifest 1.60
ExtUtils::ParseXS 3.06
File::Spec 3.34
Module::Build 0.39_01
Module::Signature 0.68
Test::Harness 3.23
Test::More 0.98
YAML 0.77
YAML::Syck 1.19
version 0.95
--
Summary of my perl5 (revision 5 version 15 subversion 5) configuration:
Commit id: bc4eb4d6f895e86a4afbc016eae943c7546c35f2
Platform:
osname=linux, osvers=2.6.32-5-amd64, archname=x86_64-linux-ld
uname='linux k83 2.6.32-5-amd64 #1 smp mon oct 3 03:59:20 utc 2011 x86_64 gnulinux '
config_args='-Dprefix=/home/src/perl/repoperls/installed-perls/perl/v5.15.5-151-gbc4eb4d/127e -Dmyhostname=k83 -Dinstallusrbinperl=n -Uversiononly -Dusedevel -des -Ui_db -Uuseithreads -Duselongdouble -DDEBUGGING=-g'
hint=recommended, useposix=true, d_sigaction=define
useithreads=undef, usemultiplicity=undef
useperlio=define, d_sfio=undef, uselargefiles=define, usesocks=undef
use64bitint=define, use64bitall=define, uselongdouble=define
usemymalloc=n, bincompat5005=undef
Compiler:
cc='cc', ccflags ='-fno-strict-aliasing -pipe -fstack-protector -I/usr/local/include -D_LARGEFILE_SOURCE -D_FILE_OFFSET_BITS=64',
optimize='-O2 -g',
cppflags='-fno-strict-aliasing -pipe -fstack-protector -I/usr/local/include'
ccversion='', gccversion='4.4.5', gccosandvers=''
intsize=4, longsize=8, ptrsize=8, doublesize=8, byteorder=12345678
d_longlong=define, longlongsize=8, d_longdbl=define, longdblsize=16
ivtype='long', ivsize=8, nvtype='long double', nvsize=16, Off_t='off_t', lseeksize=8
alignbytes=16, prototype=define
Linker and Libraries:
ld='cc', ldflags =' -fstack-protector -L/usr/local/lib'
libpth=/usr/local/lib /lib/../lib /usr/lib/../lib /lib /usr/lib /lib64 /usr/lib64
libs=-lnsl -ldb -ldl -lm -lcrypt -lutil -lc
perllibs=-lnsl -ldl -lm -lcrypt -lutil -lc
libc=/lib/libc-2.11.2.so, so=so, useshrplib=false, libperl=libperl.a
gnulibc_version='2.11.2'
Dynamic Linking:
dlsrc=dl_dlopen.xs, dlext=so, d_dlsymun=undef, ccdlflags='-Wl,-E'
cccdlflags='-fPIC', lddlflags='-shared -O2 -g -L/usr/local/lib -fstack-protector'
Characteristics of this binary (from libperl):
Compile-time options: HAS_TIMES PERLIO_LAYERS PERL_DONT_CREATE_GVSV
PERL_MALLOC_WRAP PERL_PRESERVE_IVUV PERL_USE_DEVEL
USE_64_BIT_ALL USE_64_BIT_INT USE_LARGE_FILES
USE_LOCALE USE_LOCALE_COLLATE USE_LOCALE_CTYPE
USE_LOCALE_NUMERIC USE_LONG_DOUBLE USE_PERLIO
USE_PERL_ATOF
Built under linux
Compiled at Nov 23 2011 06:44:36
%ENV:
PERL5LIB=""
PERL5OPT=""
PERL5_CPANPLUS_IS_RUNNING="29749"
PERL5_CPAN_IS_RUNNING="29749"
PERL_MM_USE_DEFAULT="1"
@INC:
/home/src/perl/repoperls/installed-perls/perl/v5.15.5-151-gbc4eb4d/127e/lib/site_perl/5.15.5/x86_64-linux-ld
/home/src/perl/repoperls/installed-perls/perl/v5.15.5-151-gbc4eb4d/127e/lib/site_perl/5.15.5
/home/src/perl/repoperls/installed-perls/perl/v5.15.5-151-gbc4eb4d/127e/lib/5.15.5/x86_64-linux-ld
/home/src/perl/repoperls/installed-perls/perl/v5.15.5-151-gbc4eb4d/127e/lib/5.15.5
.