DateTime-Format-Intl vv0.1.8 Perl 5 v5.43.2 OpenBSD.amd64-openbsd

Status
Fail
From
Carlos Guevara
Dist
DateTime-Format-Intl vv0.1.8
Platform
Perl 5 v5.43.2 OpenBSD.amd64-openbsd
Date
2025-08-06 07:27:04
ID
c03ee21e-7296-11f0-9e87-dce200c2c649
This distribution has been tested as part of the CPAN Testers
project, supporting the Perl programming language.  See
http://wiki.cpantesters.org/ for more information or email
questions to cpan-testers-discuss@perl.org


--
Dear Jacques Deguest,

This is a computer-generated report for DateTime-Format-Intl-v0.1.8
on perl 5.43.2, created by CPAN-Reporter-1.2020.

Thank you for uploading your work to CPAN.  However, there was a problem
testing your distribution.

If you think this report is invalid, please consult the CPAN Testers Wiki
for suggestions on how to avoid getting FAIL reports for missing library
or binary dependencies, unsupported operating systems, and so on:

http://wiki.cpantesters.org/wiki/CPANAuthorNotes

Sections of this report:

    * Tester comments
    * Program output
    * Prerequisites
    * Environment and other context

------------------------------
TESTER COMMENTS
------------------------------

Additional comments from tester:

this report is from an automated smoke testing program
and was not reviewed by a human for accuracy

------------------------------
PROGRAM OUTPUT
------------------------------

Output from '/usr/bin/make test':

PERL_DL_NONLAZY=1 "/home/cpan/bin/perl/bin/perl5.43.2" "-MExtUtils::Command::MM" "-MTest::Harness" "-e" "undef *Test::Harness::Switches; test_harness(0, 'blib/lib', 'blib/arch')" t/*.t
t/001_load.t ....................... ok
t/002_methods.t .................... ok
Warning only: unsupported numbering system provided (jpanfin) via the locale "nu" extension (ja-Kana-JP-u-ca-gregory-nu-jpanfin-tz-jptyo). at lib/DateTime/Format/Intl.pm line 357.
Warning only: unsupported numbering system provided (jpanfin) via the locale "nu" extension (ja-Kana-JP-u-ca-gregory-nu-jpanfin-tz-jptyo). at lib/DateTime/Format/Intl.pm line 357.
Warning only: unsupported numbering system provided (arab) via the locale "nu" extension (ar-EG-u-ca-gregory-nu-arab-tz-egcai). at lib/DateTime/Format/Intl.pm line 357.
t/003_resolved_options.t ........... ok
t/004_supported_locales_of.t ....... ok
t/005_select_best_pattern.t ........ ok
t/006_format.t ..................... ok
Use of uninitialized value in join or string at /home/cpan/bin/perl/lib/site_perl/5.43.2/DateTime/Locale/FromCLDR.pm line 471.
Warning: something's wrong at /home/cpan/bin/perl/lib/site_perl/5.43.2/DateTime/Locale/FromCLDR.pm line 482.
Use of uninitialized value in join or string at /home/cpan/bin/perl/lib/site_perl/5.43.2/DateTime/Locale/FromCLDR.pm line 471.
Warning: something's wrong at /home/cpan/bin/perl/lib/site_perl/5.43.2/DateTime/Locale/FromCLDR.pm line 482.
Use of uninitialized value in join or string at /home/cpan/bin/perl/lib/site_perl/5.43.2/DateTime/Locale/FromCLDR.pm line 471.
Warning: something's wrong at /home/cpan/bin/perl/lib/site_perl/5.43.2/DateTime/Locale/FromCLDR.pm line 482.
Use of uninitialized value in join or string at /home/cpan/bin/perl/lib/site_perl/5.43.2/DateTime/Locale/FromCLDR.pm line 471.
Warning: something's wrong at /home/cpan/bin/perl/lib/site_perl/5.43.2/DateTime/Locale/FromCLDR.pm line 482.
Use of uninitialized value in join or string at /home/cpan/bin/perl/lib/site_perl/5.43.2/DateTime/Locale/FromCLDR.pm line 471.
Warning: something's wrong at /home/cpan/bin/perl/lib/site_perl/5.43.2/DateTime/Locale/FromCLDR.pm line 482.
Use of uninitialized value in join or string at /home/cpan/bin/perl/lib/site_perl/5.43.2/DateTime/Locale/FromCLDR.pm line 471.
Warning: something's wrong at /home/cpan/bin/perl/lib/site_perl/5.43.2/DateTime/Locale/FromCLDR.pm line 482.
Use of uninitialized value in join or string at /home/cpan/bin/perl/lib/site_perl/5.43.2/DateTime/Locale/FromCLDR.pm line 471.
Warning: something's wrong at /home/cpan/bin/perl/lib/site_perl/5.43.2/DateTime/Locale/FromCLDR.pm line 482.
Use of uninitialized value in join or string at /home/cpan/bin/perl/lib/site_perl/5.43.2/DateTime/Locale/FromCLDR.pm line 471.
Warning: something's wrong at /home/cpan/bin/perl/lib/site_perl/5.43.2/DateTime/Locale/FromCLDR.pm line 482.
t/007_select_best_range_pattern.t .. ok
Use of uninitialized value in join or string at /home/cpan/bin/perl/lib/site_perl/5.43.2/DateTime/Locale/FromCLDR.pm line 471.
Warning: something's wrong at /home/cpan/bin/perl/lib/site_perl/5.43.2/DateTime/Locale/FromCLDR.pm line 482.
Use of uninitialized value in join or string at /home/cpan/bin/perl/lib/site_perl/5.43.2/DateTime/Locale/FromCLDR.pm line 471.
Warning: something's wrong at /home/cpan/bin/perl/lib/site_perl/5.43.2/DateTime/Locale/FromCLDR.pm line 482.
Use of uninitialized value in join or string at /home/cpan/bin/perl/lib/site_perl/5.43.2/DateTime/Locale/FromCLDR.pm line 471.
Warning: something's wrong at /home/cpan/bin/perl/lib/site_perl/5.43.2/DateTime/Locale/FromCLDR.pm line 482.
Use of uninitialized value in join or string at /home/cpan/bin/perl/lib/site_perl/5.43.2/DateTime/Locale/FromCLDR.pm line 471.
Warning: something's wrong at /home/cpan/bin/perl/lib/site_perl/5.43.2/DateTime/Locale/FromCLDR.pm line 482.
Use of uninitialized value in join or string at /home/cpan/bin/perl/lib/site_perl/5.43.2/DateTime/Locale/FromCLDR.pm line 471.
Warning: something's wrong at /home/cpan/bin/perl/lib/site_perl/5.43.2/DateTime/Locale/FromCLDR.pm line 482.
Use of uninitialized value in join or string at /home/cpan/bin/perl/lib/site_perl/5.43.2/DateTime/Locale/FromCLDR.pm line 471.
Warning: something's wrong at /home/cpan/bin/perl/lib/site_perl/5.43.2/DateTime/Locale/FromCLDR.pm line 482.
Use of uninitialized value in join or string at /home/cpan/bin/perl/lib/site_perl/5.43.2/DateTime/Locale/FromCLDR.pm line 471.
Warning: something's wrong at /home/cpan/bin/perl/lib/site_perl/5.43.2/DateTime/Locale/FromCLDR.pm line 482.
Use of uninitialized value in join or string at /home/cpan/bin/perl/lib/site_perl/5.43.2/DateTime/Locale/FromCLDR.pm line 471.
Warning: something's wrong at /home/cpan/bin/perl/lib/site_perl/5.43.2/DateTime/Locale/FromCLDR.pm line 482.
t/008_format_range.t ............... ok
t/009_date_time_combination.t ...... ok
t/010_format_to_parts.t ............ ok
Use of uninitialized value in join or string at /home/cpan/bin/perl/lib/site_perl/5.43.2/DateTime/Locale/FromCLDR.pm line 471.
Warning: something's wrong at /home/cpan/bin/perl/lib/site_perl/5.43.2/DateTime/Locale/FromCLDR.pm line 482.
Use of uninitialized value in join or string at /home/cpan/bin/perl/lib/site_perl/5.43.2/DateTime/Locale/FromCLDR.pm line 471.
Warning: something's wrong at /home/cpan/bin/perl/lib/site_perl/5.43.2/DateTime/Locale/FromCLDR.pm line 482.
Use of uninitialized value in join or string at /home/cpan/bin/perl/lib/site_perl/5.43.2/DateTime/Locale/FromCLDR.pm line 471.
Warning: something's wrong at /home/cpan/bin/perl/lib/site_perl/5.43.2/DateTime/Locale/FromCLDR.pm line 482.
Use of uninitialized value in join or string at /home/cpan/bin/perl/lib/site_perl/5.43.2/DateTime/Locale/FromCLDR.pm line 471.
Warning: something's wrong at /home/cpan/bin/perl/lib/site_perl/5.43.2/DateTime/Locale/FromCLDR.pm line 482.
Use of uninitialized value in join or string at /home/cpan/bin/perl/lib/site_perl/5.43.2/DateTime/Locale/FromCLDR.pm line 471.
Warning: something's wrong at /home/cpan/bin/perl/lib/site_perl/5.43.2/DateTime/Locale/FromCLDR.pm line 482.
Use of uninitialized value in join or string at /home/cpan/bin/perl/lib/site_perl/5.43.2/DateTime/Locale/FromCLDR.pm line 471.
Warning: something's wrong at /home/cpan/bin/perl/lib/site_perl/5.43.2/DateTime/Locale/FromCLDR.pm line 482.
Use of uninitialized value in join or string at /home/cpan/bin/perl/lib/site_perl/5.43.2/DateTime/Locale/FromCLDR.pm line 471.
Warning: something's wrong at /home/cpan/bin/perl/lib/site_perl/5.43.2/DateTime/Locale/FromCLDR.pm line 482.
Use of uninitialized value in join or string at /home/cpan/bin/perl/lib/site_perl/5.43.2/DateTime/Locale/FromCLDR.pm line 471.
Warning: something's wrong at /home/cpan/bin/perl/lib/site_perl/5.43.2/DateTime/Locale/FromCLDR.pm line 482.
t/011_format_range_to_parts.t ...... 
All 76 subtests passed 
t/900_pod.t ........................ skipped: These tests are for author or release candidate testing
t/910_coverage.t ................... skipped: These tests are for author or release candidate testing
t/920_manifest.t ................... skipped: Author tests not required for installation
t/930_signature.t .................. skipped: Set the environment variable AUTHOR_TESTING to enable this test.
t/999_kwalitee.t ................... skipped: These tests are for author or release candidate testing

Test Summary Report
-------------------
t/011_format_range_to_parts.t    (Wstat: 139 (Signal: SEGV, dumped core) Tests: 76 Failed: 0)
  Non-zero wait status: 139
Files=16, Tests=467, 17 wallclock secs ( 0.26 usr  0.06 sys + 15.14 cusr  1.35 csys = 16.81 CPU)
Result: FAIL
Failed 1/16 test programs. 0/467 subtests failed.
*** Error 255 in /home/cpan/.cpan/build/DateTime-Format-Intl-v0.1.8-0 (Makefile:900 'test_dynamic')

------------------------------
PREREQUISITES
------------------------------

Prerequisite modules loaded:

requires:

    Module                     Need     Have    
    -------------------------- -------- --------
    DateTime                   0.42     1.66    
    DateTime::Format::Unicode  v0.1.6   v0.2.0  
    DateTime::Locale::FromCLDR v0.6.1   v0.7.0  
    Locale::Intl               v0.1.3   v0.2.0  
    Locale::Unicode::Data      v1.3.2   v1.4.0  
    parent                     0        0.244   
    perl                       5.010001 5.043002
    Scalar::Util               0        1.70    
    strict                     0        1.14    
    vars                       0        1.05    
    Want                       0.17     0.29    
    warnings                   0        1.74    
    warnings::register         0        1.06    

build_requires:

    Module                     Need     Have    
    -------------------------- -------- --------
    ExtUtils::MakeMaker        0        7.76    
    lib                        0.63     0.65    
    open                       0        1.13    
    Test::More                 1.302120 1.302214
    Test::Pod                  1.52     1.52    
    utf8                       0        1.27    

configure_requires:

    Module                     Need     Have    
    -------------------------- -------- --------
    ExtUtils::MakeMaker        0        7.76    


------------------------------
ENVIRONMENT AND OTHER CONTEXT
------------------------------

Environment variables:

    AUTOMATED_TESTING = 1
    DATE_MANIP_TEST_DM5 = 1
    LC_ALL = C
    NONINTERACTIVE_TESTING = 1
    NO_NETWORK_TESTING = 1
    PATH = /home/cpan/bin/perl/bin:/home/cpan/bin:/home/cpan/bin:/bin:/sbin:/usr/bin:/usr/sbin:/usr/X11R6/bin:/usr/local/bin:/usr/local/sbin
    PERL5LIB = 
    PERL5OPT = 
    PERL5_CPANPLUS_IS_RUNNING = 92545
    PERL5_CPAN_IS_RUNNING = 92545
    PERL_MM_USE_DEFAULT = 1
    PERL_USE_UNSAFE_INC = 1
    SHELL = /usr/local/bin/bash
    TERM = screen
    TMPDIR = /home/cpan/tmp

Perl special variables (and OS-specific diagnostics, for MSWin32):

    $^X = /home/cpan/bin/perl/bin/perl5.43.2
    $UID/$EUID = 1001 / 1001
    $GID = 1001 1001
    $EGID = 1001 1001

Perl module toolchain versions installed:

    Module              Have    
    ------------------- --------
    CPAN                2.38    
    CPAN::Meta          2.150010
    Cwd                 3.94    
    ExtUtils::CBuilder  0.280242
    ExtUtils::Command   7.76    
    ExtUtils::Install   2.22    
    ExtUtils::MakeMaker 7.76    
    ExtUtils::Manifest  1.75    
    ExtUtils::ParseXS   3.59    
    File::Spec          3.94    
    JSON                4.10    
    JSON::PP            4.16    
    Module::Build       0.4234  
    Module::Signature   0.93    
    Parse::CPAN::Meta   2.150010
    Test2               1.302214
    Test::Harness       3.52    
    Test::More          1.302214
    YAML                1.31    
    YAML::Syck          1.34    
    version             0.9933  


--

Summary of my perl5 (revision 5 version 43 subversion 2) configuration:
  Commit id: 7bc502f4a9802f9463d056de608f3f5291c56b0b
  Platform:
    osname=openbsd
    osvers=7.7
    archname=OpenBSD.amd64-openbsd
    uname='openbsd cjg-openbsd7 7.7 generic#2 amd64 '
    config_args='-des -Dprefix=/home/cpan/bin/perl -Dscriptdir=/home/cpan/bin/perl/bin -Dusedevel -Duse64bitall'
    hint=recommended
    useposix=true
    d_sigaction=define
    useithreads=undef
    usemultiplicity=undef
    use64bitint=define
    use64bitall=define
    uselongdouble=undef
    usemymalloc=n
    default_inc_excludes_dot=define
  Compiler:
    cc='cc'
    ccflags ='-DNO_LOCALE_NUMERIC -DNO_LOCALE_COLLATE -DNO_LOCALE_MONETARY -DNO_LOCALE_TIME -DNO_LOCALE_MESSAGES -DLIBC_HANDLES_MISMATCHED_CTYPE -fno-strict-aliasing -pipe -fstack-protector-strong -I/usr/local/include'
    optimize='-O2'
    cppflags='-DNO_LOCALE_NUMERIC -DNO_LOCALE_COLLATE -DNO_LOCALE_MONETARY -DNO_LOCALE_TIME -DNO_LOCALE_MESSAGES -DLIBC_HANDLES_MISMATCHED_CTYPE -fno-strict-aliasing -pipe -fstack-protector-strong -I/usr/local/include'
    ccversion=''
    gccversion='OpenBSD Clang 16.0.6'
    gccosandvers=''
    intsize=4
    longsize=8
    ptrsize=8
    doublesize=8
    byteorder=12345678
    doublekind=3
    d_longlong=define
    longlongsize=8
    d_longdbl=define
    longdblsize=16
    longdblkind=3
    ivtype='long'
    ivsize=8
    nvtype='double'
    nvsize=8
    Off_t='off_t'
    lseeksize=8
    alignbytes=8
    prototype=define
  Linker and Libraries:
    ld='cc'
    ldflags ='-Wl,-E  -fstack-protector-strong -L/usr/local/lib'
    libpth=/usr/lib/clang/16/lib /usr/lib /usr/local/lib
    libs=-lpthread -lm -lutil -lc
    perllibs=-lpthread -lm -lutil -lc
    libc=/usr/lib/libc.so.100.3
    so=so
    useshrplib=false
    libperl=libperl.a
    gnulibc_version=''
  Dynamic Linking:
    dlsrc=dl_dlopen.xs
    dlext=so
    d_dlsymun=undef
    ccdlflags=' '
    cccdlflags='-DPIC -fPIC '
    lddlflags='-shared -fPIC  -L/usr/local/lib -fstack-protector-strong'


Characteristics of this binary (from libperl): 
  Compile-time options:
    HAS_LONG_DOUBLE
    HAS_STRTOLD
    HAS_TIMES
    PERLIO_LAYERS
    PERL_COPY_ON_WRITE
    PERL_DONT_CREATE_GVSV
    PERL_HASH_FUNC_SIPHASH13
    PERL_HASH_USE_SBOX32
    PERL_MALLOC_WRAP
    PERL_OP_PARENT
    PERL_PRESERVE_IVUV
    PERL_USE_DEVEL
    PERL_USE_SAFE_PUTENV
    USE_64_BIT_ALL
    USE_64_BIT_INT
    USE_LARGE_FILES
    USE_LOCALE
    USE_LOCALE_CTYPE
    USE_PERLIO
    USE_PERL_ATOF
  Built under openbsd
  Compiled at Aug  5 2025 04:01:17
  %ENV:
    PERL5LIB=""
    PERL5OPT=""
    PERL5_CPANPLUS_IS_RUNNING="92545"
    PERL5_CPAN_IS_RUNNING="92545"
    PERL_MM_USE_DEFAULT="1"
    PERL_USE_UNSAFE_INC="1"
  @INC:
    /home/cpan/bin/perl/lib/site_perl/5.43.2/OpenBSD.amd64-openbsd
    /home/cpan/bin/perl/lib/site_perl/5.43.2
    /home/cpan/bin/perl/lib/5.43.2/OpenBSD.amd64-openbsd
    /home/cpan/bin/perl/lib/5.43.2
    .