DBIx-MoCo v0.18 Perl 5 v5.24.3 OpenBSD.amd64-openbsd-thread-multi-ld
- Status
- Fail
- From
- Alceu Rodrigues de Freitas Junior
- Dist
-
DBIx-MoCo v0.18
- Platform
- Perl 5 v5.24.3 OpenBSD.amd64-openbsd-thread-multi-ld
- Date
- 2018-03-24 19:58:39
- ID
- bf35b436-2f9d-11e8-b499-9b17ca2e601c
This distribution has been tested as part of the CPAN Testers
project, supporting the Perl programming language. See
http://wiki.cpantesters.org/ for more information or email
questions to cpan-testers-discuss@perl.org
--
Dear Junya Kondo,
This is a computer-generated report for DBIx-MoCo-0.18
on perl 5.24.3, created by CPAN-Reporter-1.2018.
Thank you for uploading your work to CPAN. However, there was a problem
testing your distribution.
If you think this report is invalid, please consult the CPAN Testers Wiki
for suggestions on how to avoid getting FAIL reports for missing library
or binary dependencies, unsupported operating systems, and so on:
http://wiki.cpantesters.org/wiki/CPANAuthorNotes
Sections of this report:
* Tester comments
* Program output
* Prerequisites
* Environment and other context
------------------------------
TESTER COMMENTS
------------------------------
Additional comments from tester:
this report is from an automated smoke testing program
and was not reviewed by a human for accuracy
------------------------------
PROGRAM OUTPUT
------------------------------
Output from '/usr/bin/make test':
PERL_DL_NONLAZY=1 "/home/goku/perl5/perlbrew/perls/perl-5.24.3/bin/perl" "-MExtUtils::Command::MM" "-MTest::Harness" "-e" "undef *Test::Harness::Switches; test_harness(0, 'blib/lib', 'blib/arch')" t/*.t
DBD::SQLite::db prepare failed: database is locked at /mnt/cpan_build_dir/goku/DBIx-MoCo-0.18-0/blib/lib/DBIx/MoCo/DataBase.pm line 179.
DBD::SQLite::db prepare failed: database is locked at /mnt/cpan_build_dir/goku/DBIx-MoCo-0.18-0/blib/lib/DBIx/MoCo/DataBase.pm line 179.
Compilation failed in require at t/lib/Blog/Class.pm line 5.
BEGIN failed--compilation aborted at t/lib/Blog/Class.pm line 5.
Compilation failed in require at /home/goku/perl5/perlbrew/perls/perl-5.24.3/lib/site_perl/5.24.3/base.pm line 100.
...propagated at /home/goku/perl5/perlbrew/perls/perl-5.24.3/lib/site_perl/5.24.3/base.pm line 109.
BEGIN failed--compilation aborted at t/lib/Blog/User.pm line 4.
Compilation failed in require at t/00-list.t line 15.
BEGIN failed--compilation aborted at t/00-list.t line 15.
t/00-list.t ............
Dubious, test returned 35 (wstat 8960, 0x2300)
No subtests run
DBD::SQLite::db prepare failed: database is locked at /mnt/cpan_build_dir/goku/DBIx-MoCo-0.18-0/blib/lib/DBIx/MoCo/DataBase.pm line 179.
DBD::SQLite::db prepare failed: database is locked at /mnt/cpan_build_dir/goku/DBIx-MoCo-0.18-0/blib/lib/DBIx/MoCo/DataBase.pm line 179.
Compilation failed in require at t/01-database.t line 15.
BEGIN failed--compilation aborted at t/01-database.t line 15.
t/01-database.t ........
Dubious, test returned 35 (wstat 8960, 0x2300)
No subtests run
t/02-cache.t ........... ok
DBD::SQLite::db prepare failed: database is locked at /mnt/cpan_build_dir/goku/DBIx-MoCo-0.18-0/blib/lib/DBIx/MoCo/DataBase.pm line 179.
DBD::SQLite::db prepare failed: database is locked at /mnt/cpan_build_dir/goku/DBIx-MoCo-0.18-0/blib/lib/DBIx/MoCo/DataBase.pm line 179.
Compilation failed in require at t/lib/Blog/Class.pm line 5.
BEGIN failed--compilation aborted at t/lib/Blog/Class.pm line 5.
Compilation failed in require at /home/goku/perl5/perlbrew/perls/perl-5.24.3/lib/site_perl/5.24.3/base.pm line 100.
...propagated at /home/goku/perl5/perlbrew/perls/perl-5.24.3/lib/site_perl/5.24.3/base.pm line 109.
BEGIN failed--compilation aborted at t/lib/Blog/User.pm line 4.
Compilation failed in require at t/03-schema.t line 14.
BEGIN failed--compilation aborted at t/03-schema.t line 14.
t/03-schema.t ..........
Dubious, test returned 35 (wstat 8960, 0x2300)
No subtests run
DBD::SQLite::db prepare failed: database is locked at /mnt/cpan_build_dir/goku/DBIx-MoCo-0.18-0/blib/lib/DBIx/MoCo/DataBase.pm line 179.
DBD::SQLite::db prepare failed: database is locked at /mnt/cpan_build_dir/goku/DBIx-MoCo-0.18-0/blib/lib/DBIx/MoCo/DataBase.pm line 179.
Compilation failed in require at t/lib/Blog/Class.pm line 5.
BEGIN failed--compilation aborted at t/lib/Blog/Class.pm line 5.
Compilation failed in require at /home/goku/perl5/perlbrew/perls/perl-5.24.3/lib/site_perl/5.24.3/base.pm line 100.
...propagated at /home/goku/perl5/perlbrew/perls/perl-5.24.3/lib/site_perl/5.24.3/base.pm line 109.
BEGIN failed--compilation aborted at t/lib/Blog/Bookmark.pm line 4.
Compilation failed in require at /home/goku/perl5/perlbrew/perls/perl-5.24.3/lib/site_perl/5.24.3/base.pm line 100.
...propagated at /home/goku/perl5/perlbrew/perls/perl-5.24.3/lib/site_perl/5.24.3/base.pm line 109.
BEGIN failed--compilation aborted at t/lib/Blog/BookmarkEntry.pm line 4.
Compilation failed in require at t/04-join.t line 15.
BEGIN failed--compilation aborted at t/04-join.t line 15.
t/04-join.t ............
Dubious, test returned 35 (wstat 8960, 0x2300)
No subtests run
DBD::SQLite::db prepare failed: database is locked at /mnt/cpan_build_dir/goku/DBIx-MoCo-0.18-0/blib/lib/DBIx/MoCo/DataBase.pm line 179.
DBD::SQLite::db prepare failed: database is locked at /mnt/cpan_build_dir/goku/DBIx-MoCo-0.18-0/blib/lib/DBIx/MoCo/DataBase.pm line 179.
Compilation failed in require at t/lib/Blog/Class.pm line 5.
BEGIN failed--compilation aborted at t/lib/Blog/Class.pm line 5.
Compilation failed in require at /home/goku/perl5/perlbrew/perls/perl-5.24.3/lib/site_perl/5.24.3/base.pm line 100.
...propagated at /home/goku/perl5/perlbrew/perls/perl-5.24.3/lib/site_perl/5.24.3/base.pm line 109.
BEGIN failed--compilation aborted at t/lib/Blog/User.pm line 4.
Compilation failed in require at t/05-methods.t line 15.
BEGIN failed--compilation aborted at t/05-methods.t line 15.
t/05-methods.t .........
Dubious, test returned 35 (wstat 8960, 0x2300)
No subtests run
DBD::SQLite::db prepare failed: database is locked at /mnt/cpan_build_dir/goku/DBIx-MoCo-0.18-0/blib/lib/DBIx/MoCo/DataBase.pm line 179.
DBD::SQLite::db prepare failed: database is locked at /mnt/cpan_build_dir/goku/DBIx-MoCo-0.18-0/blib/lib/DBIx/MoCo/DataBase.pm line 179.
Compilation failed in require at t/lib/Blog/Class.pm line 5.
BEGIN failed--compilation aborted at t/lib/Blog/Class.pm line 5.
Compilation failed in require at /home/goku/perl5/perlbrew/perls/perl-5.24.3/lib/site_perl/5.24.3/base.pm line 100.
...propagated at /home/goku/perl5/perlbrew/perls/perl-5.24.3/lib/site_perl/5.24.3/base.pm line 109.
BEGIN failed--compilation aborted at t/lib/Blog/Entry.pm line 4.
Compilation failed in require at t/06-column.t line 15.
BEGIN failed--compilation aborted at t/06-column.t line 15.
t/06-column.t ..........
Dubious, test returned 35 (wstat 8960, 0x2300)
No subtests run
DBD::SQLite::db prepare failed: database is locked at /mnt/cpan_build_dir/goku/DBIx-MoCo-0.18-0/blib/lib/DBIx/MoCo/DataBase.pm line 179.
DBD::SQLite::db prepare failed: database is locked at /mnt/cpan_build_dir/goku/DBIx-MoCo-0.18-0/blib/lib/DBIx/MoCo/DataBase.pm line 179.
Compilation failed in require at t/lib/Blog/Class.pm line 5.
BEGIN failed--compilation aborted at t/lib/Blog/Class.pm line 5.
Compilation failed in require at /home/goku/perl5/perlbrew/perls/perl-5.24.3/lib/site_perl/5.24.3/base.pm line 100.
...propagated at /home/goku/perl5/perlbrew/perls/perl-5.24.3/lib/site_perl/5.24.3/base.pm line 109.
BEGIN failed--compilation aborted at t/lib/Blog/User.pm line 4.
Compilation failed in require at t/07-null-cache.t line 14.
BEGIN failed--compilation aborted at t/07-null-cache.t line 14.
t/07-null-cache.t ......
Dubious, test returned 35 (wstat 8960, 0x2300)
No subtests run
# Failed test 'greater than 2 ** 56'
# at t/08-muid.t line 22.
# (in ThisTest->muid)
# Failed test 'greater than 2 ** 56'
# at t/08-muid.t line 28.
# (in ThisTest->muid)
# Looks like you failed 2 tests of 11.
t/08-muid.t ............
Dubious, test returned 2 (wstat 512, 0x200)
Failed 2/11 subtests
DBD::SQLite::db prepare failed: database is locked at /mnt/cpan_build_dir/goku/DBIx-MoCo-0.18-0/blib/lib/DBIx/MoCo/DataBase.pm line 179.
DBD::SQLite::db prepare failed: database is locked at /mnt/cpan_build_dir/goku/DBIx-MoCo-0.18-0/blib/lib/DBIx/MoCo/DataBase.pm line 179.
Compilation failed in require at t/lib/Blog/Class.pm line 5.
BEGIN failed--compilation aborted at t/lib/Blog/Class.pm line 5.
Compilation failed in require at /home/goku/perl5/perlbrew/perls/perl-5.24.3/lib/site_perl/5.24.3/base.pm line 100.
...propagated at /home/goku/perl5/perlbrew/perls/perl-5.24.3/lib/site_perl/5.24.3/base.pm line 109.
BEGIN failed--compilation aborted at t/lib/Blog/User.pm line 4.
Compilation failed in require at t/10-moco.t line 17.
BEGIN failed--compilation aborted at t/10-moco.t line 17.
t/10-moco.t ............
Dubious, test returned 35 (wstat 8960, 0x2300)
No subtests run
DBD::SQLite::db prepare failed: database is locked at /mnt/cpan_build_dir/goku/DBIx-MoCo-0.18-0/blib/lib/DBIx/MoCo/DataBase.pm line 179.
DBD::SQLite::db prepare failed: database is locked at /mnt/cpan_build_dir/goku/DBIx-MoCo-0.18-0/blib/lib/DBIx/MoCo/DataBase.pm line 179.
Compilation failed in require at t/lib/Blog/Class.pm line 5.
BEGIN failed--compilation aborted at t/lib/Blog/Class.pm line 5.
Compilation failed in require at t/11-cache-memory.t line 8.
BEGIN failed--compilation aborted at t/11-cache-memory.t line 8.
t/11-cache-memory.t ....
Dubious, test returned 35 (wstat 8960, 0x2300)
No subtests run
DBD::SQLite::db prepare failed: database is locked at /mnt/cpan_build_dir/goku/DBIx-MoCo-0.18-0/blib/lib/DBIx/MoCo/DataBase.pm line 179.
DBD::SQLite::db prepare failed: database is locked at /mnt/cpan_build_dir/goku/DBIx-MoCo-0.18-0/blib/lib/DBIx/MoCo/DataBase.pm line 179.
Compilation failed in require at t/lib/Blog/Class.pm line 5.
BEGIN failed--compilation aborted at t/lib/Blog/Class.pm line 5.
Compilation failed in require at /home/goku/perl5/perlbrew/perls/perl-5.24.3/lib/site_perl/5.24.3/base.pm line 100.
...propagated at /home/goku/perl5/perlbrew/perls/perl-5.24.3/lib/site_perl/5.24.3/base.pm line 109.
BEGIN failed--compilation aborted at t/lib/Blog/User.pm line 4.
Compilation failed in require at t/12-moco-session.t line 15.
BEGIN failed--compilation aborted at t/12-moco-session.t line 15.
t/12-moco-session.t ....
Dubious, test returned 35 (wstat 8960, 0x2300)
No subtests run
DBD::SQLite::db prepare failed: database is locked at /mnt/cpan_build_dir/goku/DBIx-MoCo-0.18-0/blib/lib/DBIx/MoCo/DataBase.pm line 179.
DBD::SQLite::db prepare failed: database is locked at /mnt/cpan_build_dir/goku/DBIx-MoCo-0.18-0/blib/lib/DBIx/MoCo/DataBase.pm line 179.
Compilation failed in require at t/lib/Blog/ReadonlyUser.pm line 5.
BEGIN failed--compilation aborted at t/lib/Blog/ReadonlyUser.pm line 5.
Compilation failed in require at t/13-readonly.t line 14.
BEGIN failed--compilation aborted at t/13-readonly.t line 14.
t/13-readonly.t ........
Dubious, test returned 35 (wstat 8960, 0x2300)
No subtests run
DBD::SQLite::db prepare failed: database is locked at /mnt/cpan_build_dir/goku/DBIx-MoCo-0.18-0/blib/lib/DBIx/MoCo/DataBase.pm line 179.
DBD::SQLite::db prepare failed: database is locked at /mnt/cpan_build_dir/goku/DBIx-MoCo-0.18-0/blib/lib/DBIx/MoCo/DataBase.pm line 179.
Compilation failed in require at t/lib/Blog/Class.pm line 5.
BEGIN failed--compilation aborted at t/lib/Blog/Class.pm line 5.
Compilation failed in require at /home/goku/perl5/perlbrew/perls/perl-5.24.3/lib/site_perl/5.24.3/base.pm line 100.
...propagated at /home/goku/perl5/perlbrew/perls/perl-5.24.3/lib/site_perl/5.24.3/base.pm line 109.
BEGIN failed--compilation aborted at t/lib/Blog/User.pm line 4.
Compilation failed in require at t/14-trigger.t line 14.
BEGIN failed--compilation aborted at t/14-trigger.t line 14.
t/14-trigger.t .........
Dubious, test returned 35 (wstat 8960, 0x2300)
No subtests run
DBD::SQLite::db prepare failed: database is locked at /mnt/cpan_build_dir/goku/DBIx-MoCo-0.18-0/blib/lib/DBIx/MoCo/DataBase.pm line 179.
DBD::SQLite::db prepare failed: database is locked at /mnt/cpan_build_dir/goku/DBIx-MoCo-0.18-0/blib/lib/DBIx/MoCo/DataBase.pm line 179.
Compilation failed in require at t/lib/Blog/Class.pm line 5.
BEGIN failed--compilation aborted at t/lib/Blog/Class.pm line 5.
Compilation failed in require at /home/goku/perl5/perlbrew/perls/perl-5.24.3/lib/site_perl/5.24.3/base.pm line 100.
...propagated at /home/goku/perl5/perlbrew/perls/perl-5.24.3/lib/site_perl/5.24.3/base.pm line 109.
BEGIN failed--compilation aborted at t/lib/Blog/Entry.pm line 4.
Compilation failed in require at t/15-utf8.t line 14.
BEGIN failed--compilation aborted at t/15-utf8.t line 14.
t/15-utf8.t ............
Dubious, test returned 35 (wstat 8960, 0x2300)
No subtests run
DBD::SQLite::db prepare failed: database is locked at /mnt/cpan_build_dir/goku/DBIx-MoCo-0.18-0/blib/lib/DBIx/MoCo/DataBase.pm line 179.
DBD::SQLite::db prepare failed: database is locked at /mnt/cpan_build_dir/goku/DBIx-MoCo-0.18-0/blib/lib/DBIx/MoCo/DataBase.pm line 179.
Compilation failed in require at t/lib/Blog/Class.pm line 5.
BEGIN failed--compilation aborted at t/lib/Blog/Class.pm line 5.
Compilation failed in require at /home/goku/perl5/perlbrew/perls/perl-5.24.3/lib/site_perl/5.24.3/base.pm line 100.
...propagated at /home/goku/perl5/perlbrew/perls/perl-5.24.3/lib/site_perl/5.24.3/base.pm line 109.
BEGIN failed--compilation aborted at t/lib/Blog/Entry.pm line 4.
Compilation failed in require at t/16-instance-cache.t line 14.
BEGIN failed--compilation aborted at t/16-instance-cache.t line 14.
t/16-instance-cache.t ..
Dubious, test returned 35 (wstat 8960, 0x2300)
No subtests run
DBD::SQLite::db prepare failed: database is locked at /mnt/cpan_build_dir/goku/DBIx-MoCo-0.18-0/lib/DBIx/MoCo/DataBase.pm line 179.
DBD::SQLite::db prepare failed: database is locked at /mnt/cpan_build_dir/goku/DBIx-MoCo-0.18-0/lib/DBIx/MoCo/DataBase.pm line 179.
Compilation failed in require at /mnt/cpan_build_dir/goku/DBIx-MoCo-0.18-0/t/lib/Blog/Class.pm line 5.
BEGIN failed--compilation aborted at /mnt/cpan_build_dir/goku/DBIx-MoCo-0.18-0/t/lib/Blog/Class.pm line 5.
Compilation failed in require at /home/goku/perl5/perlbrew/perls/perl-5.24.3/lib/site_perl/5.24.3/base.pm line 100.
...propagated at /home/goku/perl5/perlbrew/perls/perl-5.24.3/lib/site_perl/5.24.3/base.pm line 109.
BEGIN failed--compilation aborted at /mnt/cpan_build_dir/goku/DBIx-MoCo-0.18-0/t/lib/Blog/Entry.pm line 4.
Compilation failed in require at t/17-inflate_column.t line 15.
BEGIN failed--compilation aborted at t/17-inflate_column.t line 15.
t/17-inflate_column.t ..
Dubious, test returned 35 (wstat 8960, 0x2300)
No subtests run
DBD::SQLite::db prepare failed: database is locked at /mnt/cpan_build_dir/goku/DBIx-MoCo-0.18-0/lib/DBIx/MoCo/DataBase.pm line 179.
DBD::SQLite::db prepare failed: database is locked at /mnt/cpan_build_dir/goku/DBIx-MoCo-0.18-0/lib/DBIx/MoCo/DataBase.pm line 179.
Compilation failed in require at /mnt/cpan_build_dir/goku/DBIx-MoCo-0.18-0/t/lib/Blog/Class.pm line 5.
BEGIN failed--compilation aborted at /mnt/cpan_build_dir/goku/DBIx-MoCo-0.18-0/t/lib/Blog/Class.pm line 5.
Compilation failed in require at /home/goku/perl5/perlbrew/perls/perl-5.24.3/lib/site_perl/5.24.3/base.pm line 100.
...propagated at /home/goku/perl5/perlbrew/perls/perl-5.24.3/lib/site_perl/5.24.3/base.pm line 109.
BEGIN failed--compilation aborted at /mnt/cpan_build_dir/goku/DBIx-MoCo-0.18-0/t/lib/Blog/Entry.pm line 4.
Compilation failed in require at t/18-retrieve_multi.t line 13.
BEGIN failed--compilation aborted at t/18-retrieve_multi.t line 13.
t/18-retrieve_multi.t ..
Dubious, test returned 35 (wstat 8960, 0x2300)
No subtests run
DBD::SQLite::db prepare failed: database is locked at /mnt/cpan_build_dir/goku/DBIx-MoCo-0.18-0/lib/DBIx/MoCo/DataBase.pm line 179.
DBD::SQLite::db prepare failed: database is locked at /mnt/cpan_build_dir/goku/DBIx-MoCo-0.18-0/lib/DBIx/MoCo/DataBase.pm line 179.
Compilation failed in require at /mnt/cpan_build_dir/goku/DBIx-MoCo-0.18-0/t/lib/Blog/Class.pm line 5.
BEGIN failed--compilation aborted at /mnt/cpan_build_dir/goku/DBIx-MoCo-0.18-0/t/lib/Blog/Class.pm line 5.
Compilation failed in require at /home/goku/perl5/perlbrew/perls/perl-5.24.3/lib/site_perl/5.24.3/base.pm line 100.
...propagated at /home/goku/perl5/perlbrew/perls/perl-5.24.3/lib/site_perl/5.24.3/base.pm line 109.
BEGIN failed--compilation aborted at /mnt/cpan_build_dir/goku/DBIx-MoCo-0.18-0/t/lib/Blog/Entry.pm line 4.
Compilation failed in require at t/19-with.t line 15.
BEGIN failed--compilation aborted at t/19-with.t line 15.
t/19-with.t ............
Dubious, test returned 35 (wstat 8960, 0x2300)
No subtests run
DBD::SQLite::db prepare failed: database is locked at /mnt/cpan_build_dir/goku/DBIx-MoCo-0.18-0/lib/DBIx/MoCo/DataBase.pm line 179.
DBD::SQLite::db prepare failed: database is locked at /mnt/cpan_build_dir/goku/DBIx-MoCo-0.18-0/lib/DBIx/MoCo/DataBase.pm line 179.
Compilation failed in require at /mnt/cpan_build_dir/goku/DBIx-MoCo-0.18-0/t/lib/Blog/Class.pm line 5.
BEGIN failed--compilation aborted at /mnt/cpan_build_dir/goku/DBIx-MoCo-0.18-0/t/lib/Blog/Class.pm line 5.
Compilation failed in require at /home/goku/perl5/perlbrew/perls/perl-5.24.3/lib/site_perl/5.24.3/base.pm line 100.
...propagated at /home/goku/perl5/perlbrew/perls/perl-5.24.3/lib/site_perl/5.24.3/base.pm line 109.
BEGIN failed--compilation aborted at /mnt/cpan_build_dir/goku/DBIx-MoCo-0.18-0/t/lib/Blog/Entry.pm line 4.
Compilation failed in require at t/20-with_default.t line 15.
BEGIN failed--compilation aborted at t/20-with_default.t line 15.
t/20-with_default.t ....
Dubious, test returned 35 (wstat 8960, 0x2300)
No subtests run
t/21-cache_dummy.t ..... ok
DBD::SQLite::db prepare failed: database is locked at /mnt/cpan_build_dir/goku/DBIx-MoCo-0.18-0/lib/DBIx/MoCo/DataBase.pm line 179.
DBD::SQLite::db prepare failed: database is locked at /mnt/cpan_build_dir/goku/DBIx-MoCo-0.18-0/lib/DBIx/MoCo/DataBase.pm line 179.
Compilation failed in require at /mnt/cpan_build_dir/goku/DBIx-MoCo-0.18-0/t/lib/Blog/Class.pm line 5.
BEGIN failed--compilation aborted at /mnt/cpan_build_dir/goku/DBIx-MoCo-0.18-0/t/lib/Blog/Class.pm line 5.
Compilation failed in require at /home/goku/perl5/perlbrew/perls/perl-5.24.3/lib/site_perl/5.24.3/base.pm line 100.
...propagated at /home/goku/perl5/perlbrew/perls/perl-5.24.3/lib/site_perl/5.24.3/base.pm line 109.
BEGIN failed--compilation aborted at /mnt/cpan_build_dir/goku/DBIx-MoCo-0.18-0/t/lib/Blog/Entry.pm line 4.
Compilation failed in require at t/22-list_class.t line 18.
BEGIN failed--compilation aborted at t/22-list_class.t line 18.
t/22-list_class.t ......
Dubious, test returned 35 (wstat 8960, 0x2300)
No subtests run
DBD::SQLite::db prepare failed: database is locked at /mnt/cpan_build_dir/goku/DBIx-MoCo-0.18-0/lib/DBIx/MoCo/DataBase.pm line 179.
# Failed test 'startup died (DBD::SQLite::db prepare failed: database is locked at /mnt/cpan_build_dir/goku/DBIx-MoCo-0.18-0/lib/DBIx/MoCo/DataBase.pm line 179.
# Compilation failed in require at /mnt/cpan_build_dir/goku/DBIx-MoCo-0.18-0/t/lib/Blog/Class.pm line 5.
# BEGIN failed--compilation aborted at /mnt/cpan_build_dir/goku/DBIx-MoCo-0.18-0/t/lib/Blog/Class.pm line 5.
# Compilation failed in require at /home/goku/perl5/perlbrew/perls/perl-5.24.3/lib/site_perl/5.24.3/base.pm line 100.
# ...propagated at /home/goku/perl5/perlbrew/perls/perl-5.24.3/lib/site_perl/5.24.3/base.pm line 109.
# BEGIN failed--compilation aborted at /mnt/cpan_build_dir/goku/DBIx-MoCo-0.18-0/t/lib/Blog/User.pm line 4.
# Compilation failed in require at /mnt/cpan_build_dir/goku/DBIx-MoCo-0.18-0/lib/DBIx/MoCo/Fixture.pm line 29.)'
# at t/23-fixture.t line 6.
# (in ThisTest->startup)
# Looks like you failed 1 test of 1.
t/23-fixture.t .........
Dubious, test returned 1 (wstat 256, 0x100)
Failed 1/1 subtests
Test Summary Report
-------------------
t/00-list.t (Wstat: 8960 Tests: 0 Failed: 0)
Non-zero exit status: 35
Parse errors: No plan found in TAP output
t/01-database.t (Wstat: 8960 Tests: 0 Failed: 0)
Non-zero exit status: 35
Parse errors: No plan found in TAP output
t/03-schema.t (Wstat: 8960 Tests: 0 Failed: 0)
Non-zero exit status: 35
Parse errors: No plan found in TAP output
t/04-join.t (Wstat: 8960 Tests: 0 Failed: 0)
Non-zero exit status: 35
Parse errors: No plan found in TAP output
t/05-methods.t (Wstat: 8960 Tests: 0 Failed: 0)
Non-zero exit status: 35
Parse errors: No plan found in TAP output
t/06-column.t (Wstat: 8960 Tests: 0 Failed: 0)
Non-zero exit status: 35
Parse errors: No plan found in TAP output
t/07-null-cache.t (Wstat: 8960 Tests: 0 Failed: 0)
Non-zero exit status: 35
Parse errors: No plan found in TAP output
t/08-muid.t (Wstat: 512 Tests: 11 Failed: 2)
Failed tests: 4, 8
Non-zero exit status: 2
t/10-moco.t (Wstat: 8960 Tests: 0 Failed: 0)
Non-zero exit status: 35
Parse errors: No plan found in TAP output
t/11-cache-memory.t (Wstat: 8960 Tests: 0 Failed: 0)
Non-zero exit status: 35
Parse errors: No plan found in TAP output
t/12-moco-session.t (Wstat: 8960 Tests: 0 Failed: 0)
Non-zero exit status: 35
Parse errors: No plan found in TAP output
t/13-readonly.t (Wstat: 8960 Tests: 0 Failed: 0)
Non-zero exit status: 35
Parse errors: No plan found in TAP output
t/14-trigger.t (Wstat: 8960 Tests: 0 Failed: 0)
Non-zero exit status: 35
Parse errors: No plan found in TAP output
t/15-utf8.t (Wstat: 8960 Tests: 0 Failed: 0)
Non-zero exit status: 35
Parse errors: No plan found in TAP output
t/16-instance-cache.t (Wstat: 8960 Tests: 0 Failed: 0)
Non-zero exit status: 35
Parse errors: No plan found in TAP output
t/17-inflate_column.t (Wstat: 8960 Tests: 0 Failed: 0)
Non-zero exit status: 35
Parse errors: No plan found in TAP output
t/18-retrieve_multi.t (Wstat: 8960 Tests: 0 Failed: 0)
Non-zero exit status: 35
Parse errors: No plan found in TAP output
t/19-with.t (Wstat: 8960 Tests: 0 Failed: 0)
Non-zero exit status: 35
Parse errors: No plan found in TAP output
t/20-with_default.t (Wstat: 8960 Tests: 0 Failed: 0)
Non-zero exit status: 35
Parse errors: No plan found in TAP output
t/22-list_class.t (Wstat: 8960 Tests: 0 Failed: 0)
Non-zero exit status: 35
Parse errors: No plan found in TAP output
t/23-fixture.t (Wstat: 256 Tests: 1 Failed: 1)
Failed test: 1
Non-zero exit status: 1
Files=23, Tests=26, 670 wallclock secs ( 0.01 usr 0.28 sys + 3.72 cusr 1.66 csys = 5.67 CPU)
Result: FAIL
Failed 21/23 test programs. 3/26 subtests failed.
*** Error 1 in /mnt/cpan_build_dir/goku/DBIx-MoCo-0.18-0 (Makefile:905 'test_dynamic')
------------------------------
PREREQUISITES
------------------------------
Prerequisite modules loaded:
requires:
Module Need Have
----------------------- ---- --------
Cache::Memory 0 2.11
Class::Trigger 0 0.14
Data::Dumper 0 2.167_02
DateTime 0 1.46
DateTime::Format::MySQL 0 0.06
DBD::SQLite 0 1.56
DBI 0 1.641
Exporter 0 5.72
Exporter::Lite 0 0.08
File::Spec 0 3.74
FindBin::libs 0 v2.12.01
FormValidator::Simple 0 0.29
Kwalify 0 1.22
List::MoreUtils 0 0.428
List::Util 0 1.50
Math::BigInt::Lite 0 0.17
Net::Address::Ethernet 0 1.126
Path::Class 0 0.37
Scalar::Util 0 1.50
SQL::Abstract 0 1.85
Storable 0 2.51
Test::Class 0 0.50
Tie::IxHash 0 1.23
Time::HiRes 0 1.9757
UNIVERSAL::require 0 0.18
URI 0 1.73
YAML::Syck 0 1.30
build_requires:
Module Need Have
----------------------- ---- --------
ExtUtils::MakeMaker 0 7.34
------------------------------
ENVIRONMENT AND OTHER CONTEXT
------------------------------
Environment variables:
AUTOMATED_TESTING = 1
DBD_MYSQL_TESTDB = test
DBD_MYSQL_TESTHOST = localhost
DBD_MYSQL_TESTPASSWORD =
DBD_MYSQL_TESTPORT = 3306
DBD_MYSQL_TESTUSER = goku
EXTENDED_TESTING = 1
PATH = /home/goku/perl5/perlbrew/bin:/home/goku/perl5/perlbrew/perls/perl-5.24.3/bin:/home/goku/bin:/usr/bin:/bin:/usr/sbin:/sbin:/usr/X11R6/bin:/usr/local/bin:/usr/local/sbin
PERL5LIB =
PERL5OPT =
PERL5_CPANPLUS_IS_RUNNING = 9415
PERL5_CPAN_IS_RUNNING = 9415
PERL5_CPAN_IS_RUNNING_IN_RECURSION = 83787,9415
PERLBREW_HOME = /home/goku/.perlbrew
PERLBREW_MANPATH = /home/goku/perl5/perlbrew/perls/perl-5.24.3/man
PERLBREW_PATH = /home/goku/perl5/perlbrew/bin:/home/goku/perl5/perlbrew/perls/perl-5.24.3/bin
PERLBREW_PERL = perl-5.24.3
PERLBREW_ROOT = /home/goku/perl5/perlbrew
PERLBREW_SHELLRC_VERSION = 0.82
PERLBREW_VERSION = 0.82
PERL_CR_SMOKER_CURRENT = DBIx-MoCo-Pageset-0.01
PERL_EXTUTILS_AUTOINSTALL = --defaultdeps
PERL_MM_USE_DEFAULT = 1
PERL_USE_UNSAFE_INC = 1
SHELL = /usr/local/bin/bash
TERM = xterm
Perl special variables (and OS-specific diagnostics, for MSWin32):
$^X = /home/goku/perl5/perlbrew/perls/perl-5.24.3/bin/perl
$UID/$EUID = 1001 / 1001
$GID = 998 998 1001
$EGID = 998 998 1001
Perl module toolchain versions installed:
Module Have
------------------- --------
CPAN 2.20
CPAN::Meta 2.150010
Cwd 3.74
ExtUtils::CBuilder 0.280230
ExtUtils::Command 7.34
ExtUtils::Install 2.14
ExtUtils::MakeMaker 7.34
ExtUtils::Manifest 1.70
ExtUtils::ParseXS 3.35
File::Spec 3.74
JSON 2.90
JSON::PP 2.97001
Module::Build 0.4224
Module::Signature n/a
Parse::CPAN::Meta 2.150010
Test::Harness 3.42
Test::More 1.302134
YAML 1.24
YAML::Syck 1.30
version 0.9918
--
Summary of my perl5 (revision 5 version 24 subversion 3) configuration:
Platform:
osname=openbsd, osvers=6.2, archname=OpenBSD.amd64-openbsd-thread-multi-ld
uname='openbsd cpan-smoker-openbsd 6.2 generic.mp#134 amd64 '
config_args='-de -Dprefix=/home/goku/perl5/perlbrew/perls/perl-5.24.3 -Dman1dir=none -Dman3dir=none -Dusemultiplicity -Duselongdouble -Dusethreads -Duse64bitall -Duse64bitint -Aeval:scriptdir=/home/goku/perl5/perlbrew/perls/perl-5.24.3/bin'
hint=recommended, useposix=true, d_sigaction=define
useithreads=define, usemultiplicity=define
use64bitint=define, use64bitall=define, uselongdouble=define
usemymalloc=n, bincompat5005=undef
Compiler:
cc='cc', ccflags ='-pthread -fno-strict-aliasing -pipe -fstack-protector-strong -I/usr/local/include -D_FORTIFY_SOURCE=2',
optimize='-O2',
cppflags='-pthread -fno-strict-aliasing -pipe -fstack-protector-strong -I/usr/local/include'
ccversion='', gccversion='4.2.1 Compatible OpenBSD Clang 4.0.0 (tags/RELEASE_400/final)', gccosandvers=''
intsize=4, longsize=8, ptrsize=8, doublesize=8, byteorder=12345678, doublekind=3
d_longlong=define, longlongsize=8, d_longdbl=define, longdblsize=16, longdblkind=3
ivtype='long', ivsize=8, nvtype='long double', nvsize=16, Off_t='off_t', lseeksize=8
alignbytes=16, prototype=define
Linker and Libraries:
ld='cc', ldflags ='-pthread -Wl,-E -fstack-protector-strong -L/usr/local/lib'
libpth=/usr/lib /usr/local/lib
libs=-lpthread -lm -lutil -lc
perllibs=-lpthread -lm -lutil -lc
libc=/usr/lib/libc.so.90.0, so=so, useshrplib=false, libperl=libperl.a
gnulibc_version=''
Dynamic Linking:
dlsrc=dl_dlopen.xs, dlext=so, d_dlsymun=undef, ccdlflags=' '
cccdlflags='-DPIC -fPIC ', lddlflags='-shared -fPIC -L/usr/local/lib -fstack-protector-strong'
Characteristics of this binary (from libperl):
Compile-time options: HAS_TIMES MULTIPLICITY PERLIO_LAYERS
PERL_COPY_ON_WRITE PERL_DONT_CREATE_GVSV
PERL_HASH_FUNC_ONE_AT_A_TIME_HARD
PERL_IMPLICIT_CONTEXT PERL_MALLOC_WRAP
PERL_PRESERVE_IVUV USE_64_BIT_ALL USE_64_BIT_INT
USE_ITHREADS USE_LARGE_FILES USE_LOCALE
USE_LOCALE_COLLATE USE_LOCALE_CTYPE
USE_LOCALE_NUMERIC USE_LOCALE_TIME USE_LONG_DOUBLE
USE_PERLIO USE_PERL_ATOF USE_REENTRANT_API
Locally applied patches:
Devel::PatchPerl 1.48
Built under openbsd
Compiled at Mar 6 2018 14:59:03
%ENV:
PERL5LIB=""
PERL5OPT=""
PERL5_CPANPLUS_IS_RUNNING="9415"
PERL5_CPAN_IS_RUNNING="9415"
PERL5_CPAN_IS_RUNNING_IN_RECURSION="83787,9415"
PERLBREW_HOME="/home/goku/.perlbrew"
PERLBREW_MANPATH="/home/goku/perl5/perlbrew/perls/perl-5.24.3/man"
PERLBREW_PATH="/home/goku/perl5/perlbrew/bin:/home/goku/perl5/perlbrew/perls/perl-5.24.3/bin"
PERLBREW_PERL="perl-5.24.3"
PERLBREW_ROOT="/home/goku/perl5/perlbrew"
PERLBREW_SHELLRC_VERSION="0.82"
PERLBREW_VERSION="0.82"
PERL_CR_SMOKER_CURRENT="DBIx-MoCo-Pageset-0.01"
PERL_EXTUTILS_AUTOINSTALL="--defaultdeps"
PERL_MM_USE_DEFAULT="1"
PERL_USE_UNSAFE_INC="1"
@INC:
/home/goku/perl5/perlbrew/perls/perl-5.24.3/lib/site_perl/5.24.3/OpenBSD.amd64-openbsd-thread-multi-ld
/home/goku/perl5/perlbrew/perls/perl-5.24.3/lib/site_perl/5.24.3
/home/goku/perl5/perlbrew/perls/perl-5.24.3/lib/5.24.3/OpenBSD.amd64-openbsd-thread-multi-ld
/home/goku/perl5/perlbrew/perls/perl-5.24.3/lib/5.24.3
.