Report for Web-oEmbed-Common-0.05

Back
From: metabase:user:314402c4-2aae-11df-837a-5e0a49663a4f
Subject: FAIL Web-oEmbed-Common-0.05 v5.20.3 FreeBSD
Date: 2016-08-06T19:34:09Z

This distribution has been tested as part of the CPAN Testers
project, supporting the Perl programming language.  See
http://wiki.cpantesters.org/ for more information or email
questions to cpan-testers-discuss@perl.org


--
Dear Matthew Simon Cavalletto,

This is a computer-generated report for Web-oEmbed-Common-0.05
on perl 5.20.3, created by CPAN-Reporter-1.2017.

Thank you for uploading your work to CPAN.  However, there was a problem
testing your distribution.

If you think this report is invalid, please consult the CPAN Testers Wiki
for suggestions on how to avoid getting FAIL reports for missing library
or binary dependencies, unsupported operating systems, and so on:

http://wiki.cpantesters.org/wiki/CPANAuthorNotes

Sections of this report:

    * Tester comments
    * Program output
    * Prerequisites
    * Environment and other context

------------------------------
TESTER COMMENTS
------------------------------

Additional comments from tester:

none provided

------------------------------
PROGRAM OUTPUT
------------------------------

Output from '/usr/bin/make test':

PERL_DL_NONLAZY=1 "/usr/perl5.20.3p/bin/perl" "-MExtUtils::Command::MM" "-MTest::Harness" "-e" "undef *Test::Harness::Switches; test_harness(0, 'blib/lib', 'blib/arch')" t/*.t
# Testing Web::oEmbed::Common 0.05, Perl 5.020003, /usr/perl5.20.3p/bin/perl
t/00-compile.t ....... ok
t/08-url-patterns.t .. ok

#   Failed test 'Response has embed code'
#   at t/10-youtube.t line 41.
#                   '<iframe width="459" height="344" src="https://www.youtube.com/embed/5iAIM02kv0g?feature=oembed" frameborder="0" allowfullscreen></iframe>'
#     doesn't match '(?^sx:<object .*? movie )'
# Looks like you failed 1 test of 10.
t/10-youtube.t ....... 
Dubious, test returned 1 (wstat 256, 0x100)
Failed 1/10 subtests 

#   Failed test 'Received oEmbed response'
#   at t/50-xkcd.t line 24.

#   Failed test ''Received expected response type' isa 'Web::oEmbed::Response''
#   at t/50-xkcd.t line 25.
#     'Received expected response type' isn't defined

#   Failed test 'No response to check'
#   at t/50-xkcd.t line 31.

#   Failed test 'No response to check'
#   at t/50-xkcd.t line 32.

#   Failed test 'No response to check'
#   at t/50-xkcd.t line 33.
# Looks like you planned 10 tests but ran 9.
# Looks like you failed 5 tests of 9 run.
t/50-xkcd.t .......... 
Dubious, test returned 5 (wstat 1280, 0x500)
Failed 6/10 subtests 

Test Summary Report
-------------------
t/10-youtube.t     (Wstat: 256 Tests: 10 Failed: 1)
  Failed test:  10
  Non-zero exit status: 1
t/50-xkcd.t        (Wstat: 1280 Tests: 9 Failed: 5)
  Failed tests:  5-9
  Non-zero exit status: 5
  Parse errors: Bad plan.  You planned 10 tests but ran 9.
Files=4, Tests=26,  1 wallclock secs ( 0.00 usr  0.04 sys +  0.25 cusr  0.11 csys =  0.40 CPU)
Result: FAIL
Failed 2/4 test programs. 6/26 subtests failed.
*** Error code 5

Stop.
make: stopped in /home/cpansand/.cpan/build/2016080618/Web-oEmbed-Common-0.05-rzW3N_

------------------------------
PREREQUISITES
------------------------------

Prerequisite modules loaded:

requires:

    Module              Need Have
    ------------------- ---- ----
    Web::oEmbed         0.01 0.04

build_requires:

    Module              Need Have
    ------------------- ---- ----
    ExtUtils::MakeMaker 0    7.18

configure_requires:

    Module              Need Have
    ------------------- ---- ----
    ExtUtils::MakeMaker 0    7.18


------------------------------
ENVIRONMENT AND OTHER CONTEXT
------------------------------

Environment variables:

    LC_ALL = de_DE.ISO8859-1
    PATH = /usr/local/bin:/usr/bin:/bin:/usr/local/sbin:/usr/sbin:/sbin:/home/cpansand/bin/freebsd10.1:/home/cpansand/bin/sh:/home/cpansand/bin:/usr/games:/home/cpansand/devel:/home/eserte/src/srezic-misc/scripts
    PERL5LIB = /home/cpansand/.cpan/build/2016080618/Web-oEmbed-0.04-8KMGrU/blib/arch:/home/cpansand/.cpan/build/2016080618/Web-oEmbed-0.04-8KMGrU/blib/lib:/home/cpansand/.cpan/build/2016080618/HTML-Zoom-0.009009-aMJFFN/blib/arch:/home/cpansand/.cpan/build/2016080618/HTML-Zoom-0.009009-aMJFFN/blib/lib:/home/cpansand/.cpan/build/2016080618/B-Size2-2.07-t83c3l/blib/arch:/home/cpansand/.cpan/build/2016080618/B-Size2-2.07-t83c3l/blib/lib
    PERL5OPT = 
    PERL5_CPANPLUS_IS_RUNNING = 89330
    PERL5_CPAN_IS_RUNNING = 89330
    PERL5_CPAN_IS_RUNNING_IN_RECURSION = 80356,89330
    PERLDOC = -MPod::Perldoc::ToTextOverstrike
    PERL_BATCH = yes
    PERL_CANARY_STABILITY_NOPROMPT = 1
    PERL_CPAN_REPORTER_CONFIG = /var/tmp/cpansmoker-1023/2016080612/cpanreporter_002_config.ini
    PERL_EXTUTILS_AUTOINSTALL = --defaultdeps
    SHELL = /usr/local/bin/zsh
    TERM = screen
    TMPDIR = /var/tmp/cpansmoker-1023/2016080612

Perl special variables (and OS-specific diagnostics, for MSWin32):

    $^X = /usr/perl5.20.3p/bin/perl
    $UID/$EUID = 1023 / 1023
    $GID = 1023 1023
    $EGID = 1023 1023

Perl module toolchain versions installed:

    Module              Have    
    ------------------- --------
    CPAN                2.05    
    CPAN::Meta          2.150005
    Cwd                 3.48_01 
    ExtUtils::CBuilder  0.280224
    ExtUtils::Command   7.18    
    ExtUtils::Install   1.67    
    ExtUtils::MakeMaker 7.18    
    ExtUtils::Manifest  1.70    
    ExtUtils::ParseXS   3.30    
    File::Spec          3.48_01 
    JSON                2.90    
    JSON::PP            2.27300 
    Module::Build       0.4214  
    Module::Signature   0.79    
    Parse::CPAN::Meta   1.4422  
    Test::Harness       3.35    
    Test::More          1.302049
    YAML                1.15    
    YAML::Syck          1.29    
    version             0.9917  


--

Summary of my perl5 (revision 5 version 20 subversion 3) configuration:
   
  Platform:
    osname=freebsd, osvers=10.1-release, archname=amd64-freebsd
    uname='freebsd cvrsnica-freebsd-101.herceg.de 10.1-release freebsd 10.1-release #0 r274401: tue nov 11 21:02:49 utc 2014 root@releng1.nyi.freebsd.org:usrobjusrsrcsysgeneric amd64 '
    config_args='-ds -e -Dprefix=/usr/perl5.20.3p -Dcf_email=srezic@cpan.org'
    hint=recommended, useposix=true, d_sigaction=define
    useithreads=undef, usemultiplicity=undef
    use64bitint=define, use64bitall=define, uselongdouble=undef
    usemymalloc=n, bincompat5005=undef
  Compiler:
    cc='cc', ccflags ='-DHAS_FPSETMASK -DHAS_FLOATINGPOINT_H -fno-strict-aliasing -pipe -fstack-protector -I/usr/local/include',
    optimize='-O',
    cppflags='-DHAS_FPSETMASK -DHAS_FLOATINGPOINT_H -fno-strict-aliasing -pipe -fstack-protector -I/usr/local/include'
    ccversion='', gccversion='4.2.1 Compatible FreeBSD Clang 3.4.1 (tags/RELEASE_34/dot1-final 208032)', gccosandvers=''
    intsize=4, longsize=8, ptrsize=8, doublesize=8, byteorder=12345678
    d_longlong=define, longlongsize=8, d_longdbl=define, longdblsize=16
    ivtype='long', ivsize=8, nvtype='double', nvsize=8, Off_t='off_t', lseeksize=8
    alignbytes=8, prototype=define
  Linker and Libraries:
    ld='cc', ldflags ='-pthread -Wl,-E  -fstack-protector -L/usr/local/lib'
    libpth=/usr/lib /usr/local/lib /usr/include/clang/3.4.1 /usr/lib
    libs=-lpthread -lgdbm -lm -lcrypt -lutil -lc
    perllibs=-lpthread -lm -lcrypt -lutil -lc
    libc=, so=so, useshrplib=false, libperl=libperl.a
    gnulibc_version=''
  Dynamic Linking:
    dlsrc=dl_dlopen.xs, dlext=so, d_dlsymun=undef, ccdlflags=' '
    cccdlflags='-DPIC -fPIC', lddlflags='-shared  -L/usr/local/lib -fstack-protector'


Characteristics of this binary (from libperl): 
  Compile-time options: HAS_TIMES PERLIO_LAYERS PERL_DONT_CREATE_GVSV
                        PERL_HASH_FUNC_ONE_AT_A_TIME_HARD PERL_MALLOC_WRAP
                        PERL_NEW_COPY_ON_WRITE PERL_PRESERVE_IVUV
                        USE_64_BIT_ALL USE_64_BIT_INT USE_LARGE_FILES
                        USE_LOCALE USE_LOCALE_COLLATE USE_LOCALE_CTYPE
                        USE_LOCALE_NUMERIC USE_PERLIO USE_PERL_ATOF
  Built under freebsd
  Compiled at Sep 12 2015 22:44:25
  %ENV:
    PERL5LIB="/home/cpansand/.cpan/build/2016080618/Web-oEmbed-0.04-8KMGrU/blib/arch:/home/cpansand/.cpan/build/2016080618/Web-oEmbed-0.04-8KMGrU/blib/lib:/home/cpansand/.cpan/build/2016080618/HTML-Zoom-0.009009-aMJFFN/blib/arch:/home/cpansand/.cpan/build/2016080618/HTML-Zoom-0.009009-aMJFFN/blib/lib:/home/cpansand/.cpan/build/2016080618/B-Size2-2.07-t83c3l/blib/arch:/home/cpansand/.cpan/build/2016080618/B-Size2-2.07-t83c3l/blib/lib"
    PERL5OPT=""
    PERL5_CPANPLUS_IS_RUNNING="89330"
    PERL5_CPAN_IS_RUNNING="89330"
    PERL5_CPAN_IS_RUNNING_IN_RECURSION="80356,89330"
    PERLDOC="-MPod::Perldoc::ToTextOverstrike"
    PERL_BATCH="yes"
    PERL_CANARY_STABILITY_NOPROMPT="1"
    PERL_CPAN_REPORTER_CONFIG="/var/tmp/cpansmoker-1023/2016080612/cpanreporter_002_config.ini"
    PERL_EXTUTILS_AUTOINSTALL="--defaultdeps"
  @INC:
    /home/cpansand/.cpan/build/2016080618/Web-oEmbed-0.04-8KMGrU/blib/arch
    /home/cpansand/.cpan/build/2016080618/Web-oEmbed-0.04-8KMGrU/blib/lib
    /home/cpansand/.cpan/build/2016080618/HTML-Zoom-0.009009-aMJFFN/blib/arch
    /home/cpansand/.cpan/build/2016080618/HTML-Zoom-0.009009-aMJFFN/blib/lib
    /home/cpansand/.cpan/build/2016080618/B-Size2-2.07-t83c3l/blib/arch
    /home/cpansand/.cpan/build/2016080618/B-Size2-2.07-t83c3l/blib/lib
    /usr/perl5.20.3p/lib/site_perl/5.20.3/amd64-freebsd
    /usr/perl5.20.3p/lib/site_perl/5.20.3
    /usr/perl5.20.3p/lib/5.20.3/amd64-freebsd
    /usr/perl5.20.3p/lib/5.20.3
    .