Google-Ads-AdWords-Client v5.8.2 Perl 5 v5.30.1 armv6l-linux
        
            - Status
- Fail
- From
- gregor herrmann
- Dist
- 
                Google-Ads-AdWords-Client v5.8.2
            
- Platform
- Perl 5 v5.30.1 armv6l-linux
- Date
- 2020-02-15 08:39:56
- ID
- be7fa1e8-4fce-11ea-bf52-7a34c36f7930
This distribution has been tested as part of the CPAN Testers
project, supporting the Perl programming language.  See
http://wiki.cpantesters.org/ for more information or email
questions to cpan-testers-discuss@perl.org
--
Dear Nadine Sundquist,
This is a computer-generated report for Google-Ads-AdWords-Client-5.8.2
on perl 5.30.1, created by CPAN-Reporter-1.2018.
Thank you for uploading your work to CPAN.  However, there was a problem
testing your distribution.
If you think this report is invalid, please consult the CPAN Testers Wiki
for suggestions on how to avoid getting FAIL reports for missing library
or binary dependencies, unsupported operating systems, and so on:
http://wiki.cpantesters.org/wiki/CPANAuthorNotes
Sections of this report:
    * Tester comments
    * Program output
    * Prerequisites
    * Environment and other context
------------------------------
TESTER COMMENTS
------------------------------
Additional comments from tester:
this report is from an automated smoke testing program
and was not reviewed by a human for accuracy
------------------------------
PROGRAM OUTPUT
------------------------------
Output from './Build test':
#   Failed test 'require 'Date.pm';'
#   at t/001_require.t line 41.
#     Tried to require ''Date.pm''.
#     Error:  ******************************************************************************
# XS::Loader: XS module Date binary depends on XS module Alien::libpanda.
# Date was compiled with Alien::libpanda version 1.3.6, but current version is 1.3.7.
# Please reinstall all modules that binary depend on Alien::libpanda:
# cpanm -f Date Export::XS Net::SockAddr XS::Framework
# ******************************************************************************
# Compilation failed in require at (eval 765) line 2.
# Looks like you failed 1 test of 1599.
t/001_require.t ....................... 
Dubious, test returned 1 (wstat 256, 0x100)
Failed 1/1599 subtests 
t/011_Client.t ........................ ok
t/012_Serializer.t .................... ok
t/013_Deserializer.t .................. ok
t/014_XPathSAXParser.t ................ ok
t/015_RequestStats.t .................. ok
t/017_OAuth2ApplicationsHandler.t ..... ok
t/018_MapUtils.t ...................... ok
t/019_OAuth2ServiceAccountsHandler.t .. ok
t/020_GenerateOfflineCredentials.t .... ok
t/021_ReportingConfiguration.t ........ ok
t/022_ReportUtils.t ................... ok
t/023_AdsUtilityRegistry.t ............ ok
t/024_BatchJobHandler.t ............... ok
t/025_ReportQueryBuilder.t ............ ok
t/026_ServiceQueryBuilder.t ........... ok
Test Summary Report
-------------------
t/001_require.t                     (Wstat: 256 Tests: 1599 Failed: 1)
  Failed test:  719
  Non-zero exit status: 1
Files=16, Tests=1859, 310 wallclock secs ( 4.90 usr  0.63 sys + 246.56 cusr 12.22 csys = 264.31 CPU)
Result: FAIL
Failed 1/16 test programs. 1/1859 subtests failed.
------------------------------
PREREQUISITES
------------------------------
Prerequisite modules loaded:
requires:
    Module                    Need    Have      
    ------------------------- ------- ----------
    Class::Load               0       0.25      
    Class::Std::Fast          0       0.0.8     
    Crypt::OpenSSL::RSA       0       0.31      
    Cwd                       0       3.78      
    Data::Uniqid              0       0.12      
    Date::Format              0       2.24      
    Date::Parse               0       2.31      
    Digest::SHA               0       6.02      
    File::Basename            0       2.85      
    File::HomeDir             0       1.004     
    File::Path                0       2.16      
    File::Spec                0       3.78      
    File::Temp                0       0.2309    
    Getopt::Long              0       2.51      
    HTTP::Server::Simple::CGI 0       0         
    IO::Socket::SSL           0       2.066     
    JSON::Parse               0       0.55      
    List::Util                0       1.54      
    Log::Log4perl             0       1.49      
    LWP::Protocol::https      0       6.07      
    LWP::UserAgent            0       6.43      
    Math::Random::MT          0       1.17      
    perl                      v5.14.0 5.030001  
    POSIX                     0       1.88      
    SOAP::WSDL                v2.0.10 3.004     
    Template                  0       3.007     
    URI::Escape               0       3.31      
    XML::LibXML               0       2.0202    
    XML::Simple               0       2.25      
    XML::XPath                0       1.44      
build_requires:
    Module                    Need    Have      
    ------------------------- ------- ----------
    Class::Std::Fast          v0.0.5  0.0.8     
    Config::Properties        0       1.80      
    Module::Build             0       0.4231    
    Test::Deep                0       1.129     
    Test::Exception           0       0.43      
    Test::MockObject          0       1.20200122
    Test::MockObject::Extends 0       1.20200122
    Test::More                0       1.302171  
configure_requires:
    Module                    Need    Have      
    ------------------------- ------- ----------
    Module::Build             0.42    0.4231    
------------------------------
ENVIRONMENT AND OTHER CONTEXT
------------------------------
Environment variables:
    AUTOMATED_TESTING = 1
    LC_CTYPE = de_AT.utf8
    LD_LIBRARY_PATH = /usr/lib/libeatmydata
    NONINTERACTIVE_TESTING = 1
    PATH = /srv/smoker/bin:/usr/lib/ccache:/srv/smoker/perl5/perlbrew/bin:/srv/smoker/perl5/perlbrew/perls/perl-5.30.1/bin:/usr/local/bin:/usr/bin:/bin:/usr/local/games:/usr/games
    PERL5LIB = /srv/smoker/cpan/build/Class-Std-0.013-0/blib/arch:/srv/smoker/cpan/build/Class-Std-0.013-0/blib/lib
    PERL5OPT = 
    PERL5_CPANPLUS_IS_RUNNING = 6072
    PERL5_CPAN_IS_RUNNING = 6072
    PERL5_CPAN_IS_RUNNING_IN_RECURSION = 17104,6072
    PERLBREW_HOME = /srv/smoker/.perlbrew
    PERLBREW_MANPATH = /srv/smoker/perl5/perlbrew/perls/perl-5.30.1/man
    PERLBREW_PATH = /srv/smoker/perl5/perlbrew/bin:/srv/smoker/perl5/perlbrew/perls/perl-5.30.1/bin
    PERLBREW_PERL = perl-5.30.1
    PERLBREW_ROOT = /srv/smoker/perl5/perlbrew
    PERLBREW_SHELLRC_VERSION = 0.88
    PERLBREW_VERSION = 0.88
    PERL_CR_SMOKER_CURRENT = Google-Ads-GoogleAds-Client-2.2.5
    PERL_EXTUTILS_AUTOINSTALL = --defaultdeps
    PERL_MM_USE_DEFAULT = 1
    PERL_TEST_TIME_OUT_FACTOR = 3
    PERL_TEST_TIME_OUT_FACTOR = 3
    PERL_USE_UNSAFE_INC = 1
    SHELL = /bin/bash
    TERM = screen-256color
Perl special variables (and OS-specific diagnostics, for MSWin32):
    $^X = /srv/smoker/perl5/perlbrew/perls/perl-5.30.1/bin/perl
    $UID/$EUID = 1111 / 1111
    $GID = 65534 65534
    $EGID = 65534 65534
Perl module toolchain versions installed:
    Module              Have    
    ------------------- --------
    CPAN                2.27    
    CPAN::Meta          2.150010
    Cwd                 3.78    
    ExtUtils::CBuilder  0.280234
    ExtUtils::Command   7.44    
    ExtUtils::Install   2.14    
    ExtUtils::MakeMaker 7.44    
    ExtUtils::Manifest  1.72    
    ExtUtils::ParseXS   3.40    
    File::Spec          3.78    
    JSON                4.02    
    JSON::PP            4.04    
    Module::Build       0.4231  
    Module::Signature   n/a     
    Parse::CPAN::Meta   2.150010
    Test::Harness       3.42    
    Test::More          1.302171
    YAML                1.30    
    YAML::Syck          1.32    
    version             0.9924  
--
Summary of my perl5 (revision 5 version 30 subversion 1) configuration:
   
  Platform:
    osname=linux
    osvers=4.9.0-6-rpi
    archname=armv6l-linux
    uname='linux smoker 4.9.0-6-rpi #1 raspbian 4.9.82-1+deb9u3+rpi2 (2018-11-09) armv6l gnulinux '
    config_args='-de -Dprefix=/srv/smoker/perl5/perlbrew/perls/perl-5.30.1 -Aeval:scriptdir=/srv/smoker/perl5/perlbrew/perls/perl-5.30.1/bin'
    hint=recommended
    useposix=true
    d_sigaction=define
    useithreads=undef
    usemultiplicity=undef
    use64bitint=undef
    use64bitall=undef
    uselongdouble=undef
    usemymalloc=n
    default_inc_excludes_dot=define
    bincompat5005=undef
  Compiler:
    cc='cc'
    ccflags ='-fwrapv -fno-strict-aliasing -pipe -fstack-protector-strong -I/usr/local/include -D_LARGEFILE_SOURCE -D_FILE_OFFSET_BITS=64 -D_FORTIFY_SOURCE=2'
    optimize='-O2'
    cppflags='-fwrapv -fno-strict-aliasing -pipe -fstack-protector-strong -I/usr/local/include'
    ccversion=''
    gccversion='9.2.1 20191102'
    gccosandvers=''
    intsize=4
    longsize=4
    ptrsize=4
    doublesize=8
    byteorder=1234
    doublekind=3
    d_longlong=define
    longlongsize=8
    d_longdbl=define
    longdblsize=8
    longdblkind=0
    ivtype='long'
    ivsize=4
    nvtype='double'
    nvsize=8
    Off_t='off_t'
    lseeksize=8
    alignbytes=8
    prototype=define
  Linker and Libraries:
    ld='cc'
    ldflags =' -fstack-protector-strong -L/usr/local/lib'
    libpth=/usr/local/lib /usr/lib/gcc/arm-linux-gnueabihf/9/include-fixed /usr/include/arm-linux-gnueabihf /usr/lib /lib/arm-linux-gnueabihf /lib /usr/lib/arm-linux-gnueabihf
    libs=-lpthread -lnsl -ldb -ldl -lm -lcrypt -lutil -lc
    perllibs=-lpthread -lnsl -ldl -lm -lcrypt -lutil -lc
    libc=libc-2.29.so
    so=so
    useshrplib=false
    libperl=libperl.a
    gnulibc_version='2.29'
  Dynamic Linking:
    dlsrc=dl_dlopen.xs
    dlext=so
    d_dlsymun=undef
    ccdlflags='-Wl,-E'
    cccdlflags='-fPIC'
    lddlflags='-shared -O2 -L/usr/local/lib -fstack-protector-strong'
Characteristics of this binary (from libperl): 
  Compile-time options:
    HAS_TIMES
    PERLIO_LAYERS
    PERL_COPY_ON_WRITE
    PERL_DONT_CREATE_GVSV
    PERL_MALLOC_WRAP
    PERL_OP_PARENT
    PERL_PRESERVE_IVUV
    USE_LARGE_FILES
    USE_LOCALE
    USE_LOCALE_COLLATE
    USE_LOCALE_CTYPE
    USE_LOCALE_NUMERIC
    USE_LOCALE_TIME
    USE_PERLIO
    USE_PERL_ATOF
  Locally applied patches:
    Devel::PatchPerl 1.38
  Built under linux
  Compiled at Nov 10 2019 16:55:46
  %ENV:
    PERL5LIB="/srv/smoker/cpan/build/Class-Std-0.013-0/blib/arch:/srv/smoker/cpan/build/Class-Std-0.013-0/blib/lib"
    PERL5OPT=""
    PERL5_CPANPLUS_IS_RUNNING="6072"
    PERL5_CPAN_IS_RUNNING="6072"
    PERL5_CPAN_IS_RUNNING_IN_RECURSION="17104,6072"
    PERLBREW_HOME="/srv/smoker/.perlbrew"
    PERLBREW_MANPATH="/srv/smoker/perl5/perlbrew/perls/perl-5.30.1/man"
    PERLBREW_PATH="/srv/smoker/perl5/perlbrew/bin:/srv/smoker/perl5/perlbrew/perls/perl-5.30.1/bin"
    PERLBREW_PERL="perl-5.30.1"
    PERLBREW_ROOT="/srv/smoker/perl5/perlbrew"
    PERLBREW_SHELLRC_VERSION="0.88"
    PERLBREW_VERSION="0.88"
    PERL_CR_SMOKER_CURRENT="Google-Ads-GoogleAds-Client-2.2.5"
    PERL_EXTUTILS_AUTOINSTALL="--defaultdeps"
    PERL_MM_USE_DEFAULT="1"
    PERL_TEST_TIME_OUT_FACTOR="3"
    PERL_USE_UNSAFE_INC="1"
  @INC:
    /srv/smoker/cpan/build/Class-Std-0.013-0/blib/arch
    /srv/smoker/cpan/build/Class-Std-0.013-0/blib/lib
    /srv/smoker/perl5/perlbrew/perls/perl-5.30.1/lib/site_perl/5.30.1/armv6l-linux
    /srv/smoker/perl5/perlbrew/perls/perl-5.30.1/lib/site_perl/5.30.1
    /srv/smoker/perl5/perlbrew/perls/perl-5.30.1/lib/5.30.1/armv6l-linux
    /srv/smoker/perl5/perlbrew/perls/perl-5.30.1/lib/5.30.1
    .