Report for Konstrukt-0.5-beta6

Back
From: metabase:user:3198cbe2-2aae-11df-837a-5e0a49663a4f
Subject: FAIL Konstrukt-0.5-beta6 v5.14.3 GNU/Linux
Date: 2012-12-18T07:15:46Z

This distribution has been tested as part of the CPAN Testers
project, supporting the Perl programming language.  See
http://wiki.cpantesters.org/ for more information or email
questions to cpan-testers-discuss@perl.org


--
Dear Thomas Wittek,

This is a computer-generated report for Konstrukt-0.5-beta6
on perl 5.14.3, created by CPAN-Reporter-1.2008.

Thank you for uploading your work to CPAN.  However, there was a problem
testing your distribution.

If you think this report is invalid, please consult the CPAN Testers Wiki
for suggestions on how to avoid getting FAIL reports for missing library
or binary dependencies, unsupported operating systems, and so on:

http://wiki.cpantesters.org/wiki/CPANAuthorNotes

Sections of this report:

    * Tester comments
    * Program output
    * Prerequisites
    * Environment and other context

------------------------------
TESTER COMMENTS
------------------------------

Additional comments from tester:

this report is from an automated smoke testing program
and was not reviewed by a human for accuracy

------------------------------
PROGRAM OUTPUT
------------------------------

Output from './Build test':


#   Failed test 'use Konstrukt::Plugin::wiki::backend::image::DBI;'
#   at t/001_load.t line 116.
#     Tried to use 'Konstrukt::Plugin::wiki::backend::image::DBI'.
#     Error:  Can't locate Image/Magick.pm in @INC (@INC contains: /home/graham/perls/caches/perl-5.14.3/build/Konstrukt-0.5-JhIEmL/blib/lib /home/graham/perls/caches/perl-5.14.3/build/Konstrukt-0.5-JhIEmL/blib/arch /home/graham/perls/perl-5.14.3/lib/site_perl/5.14.3/x86_64-linux /home/graham/perls/perl-5.14.3/lib/site_perl/5.14.3 /home/graham/perls/perl-5.14.3/lib/5.14.3/x86_64-linux /home/graham/perls/perl-5.14.3/lib/5.14.3 .) at /home/graham/perls/caches/perl-5.14.3/build/Konstrukt-0.5-JhIEmL/blib/lib/Konstrukt/Plugin/wiki/backend/image/DBI.pm line 51.
# BEGIN failed--compilation aborted at /home/graham/perls/caches/perl-5.14.3/build/Konstrukt-0.5-JhIEmL/blib/lib/Konstrukt/Plugin/wiki/backend/image/DBI.pm line 51.
# Compilation failed in require at (eval 133) line 2.
# BEGIN failed--compilation aborted at (eval 133) line 2.
# Looks like you failed 1 test of 96.
t/001_load.t ............................ 
Dubious, test returned 1 (wstat 256, 0x100)
Failed 1/96 subtests 
	(less 2 skipped subtests: 93 okay)
t/002_core_001_file.t ................... ok
t/002_core_002_settings.t ............... ok
t/002_core_003_debug.t .................. ok
t/002_core_004_lib.t .................... ok
t/002_core_005_taghandler.t ............. ok
t/002_core_005_taghandler_001_plugin.t .. ok
t/002_core_006_parser_node.t ............ ok
t/002_core_007_parser.t ................. ok
t/002_core_008_event.t .................. ok
t/002_core_009_request.t ................ ok
t/002_core_010_response.t ............... ok
t/002_core_011_printredirector.t ........ ok
t/002_core_012_session.t ................ ok
t/002_core_013_cache.t .................. ok
t/002_core_014_dbi.t .................... ok
t/002_core_015_handler.t ................ ok
t/002_core_016_handler_001_file.t ....... ok
t/002_core_016_handler_002_cgi.t ........ ok
Can't use string ("") as a HASH ref while "strict refs" in use at /home/graham/perls/perl-5.14.3/lib/5.14.3/CGI/Cookie.pm line 76.
# Looks like your test exited with 255 before it could output anything.
t/002_core_016_handler_003_apache.t ..... 
Dubious, test returned 255 (wstat 65280, 0xff00)
Failed 4/4 subtests 
t/003_plugin_001_template.t ............. ok
t/003_plugins.t ......................... ok

#   Failed test 'POD test for blib/lib/Konstrukt/Doc/Templating.pod'
#   at /home/graham/perls/perl-5.14.3/lib/site_perl/5.14.3/Test/Pod.pm line 182.
# blib/lib/Konstrukt/Doc/Templating.pod (46): Non-ASCII character seen before =encoding in 'src=“layout"layout.template"'. Assuming ISO8859-1
# Looks like you failed 1 test of 111.
t/004_pod_001_pod.t ..................... 
Dubious, test returned 1 (wstat 256, 0x100)
Failed 1/111 subtests 
t/004_pod_002_pod_coverage.t ............ ok

Test Summary Report
-------------------
t/001_load.t                          (Wstat: 256 Tests: 96 Failed: 1)
  Failed test:  67
  Non-zero exit status: 1
t/002_core_016_handler_003_apache.t   (Wstat: 65280 Tests: 0 Failed: 0)
  Non-zero exit status: 255
  Parse errors: Bad plan.  You planned 4 tests but ran 0.
t/004_pod_001_pod.t                   (Wstat: 256 Tests: 111 Failed: 1)
  Failed test:  24
  Non-zero exit status: 1
Files=24, Tests=452,  6 wallclock secs ( 0.15 usr  0.06 sys +  3.15 cusr  0.27 csys =  3.63 CPU)
Result: FAIL
Failed 3/24 test programs. 2/452 subtests failed.

------------------------------
PREREQUISITES
------------------------------

Prerequisite modules loaded:

requires:

    Module              Need   Have    
    ------------------- ------ --------
    CGI                 3      3.63    
    Clone               0.2    0.34    
    Cwd                 0      3.33    
    Date::Calc          5.4    6.3     
    DBI                 1.4    1.623   
    Devel::UseAnyFunc   1      1       
    Digest::SHA         5.32   5.80    
    MIME::Base64        3      3.13    
    perl                v5.6.1 5.014003
    POSIX               1      1.24    
    Storable            2.1    2.39    
    Time::HiRes         1.5    1.9725  
    Time::Local         1      1.2300  
    Time::Zone          2      2.24    

build_requires:

    Module              Need   Have    
    ------------------- ------ --------
    Cwd                 0      3.33    
    Module::Build       0.26   0.4003  
    Test::More          0      0.98    
    Test::Pod           0      1.45    
    Test::Pod::Coverage 0      1.08    


------------------------------
ENVIRONMENT AND OTHER CONTEXT
------------------------------

Environment variables:

    AUTOMATED_TESTING = 1
    LANG = C
    PATH = /home/graham/perls/perl-5.14.3/bin:/home/graham/perls/perl-5.14.3/bin:/home/graham/perls/perl-5.14.3/bin:/usr/local/bin:/usr/bin:/bin:/usr/local/sbin:/usr/sbin:/sbin:/usr/bin/core_perl
    PERL5LIB = 
    PERL5OPT = 
    PERL5_CPANPLUS_IS_RUNNING = 32494
    PERL5_CPAN_IS_RUNNING = 32494
    PERL5_CPAN_IS_RUNNING_IN_RECURSION = 5207,32494
    PERL_CR_SMOKER_CURRENT = Konstrukt-0.5-beta6
    PERL_EXTUTILS_AUTOINSTALL = --defaultdeps
    PERL_MM_USE_DEFAULT = 1
    SHELL = /bin/bash
    TERM = xterm

Perl special variables (and OS-specific diagnostics, for MSWin32):

    $^X = /home/graham/perls/perl-5.14.3/bin/perl
    $UID/$EUID = 1000 / 1000
    $GID = 100 100
    $EGID = 100 100

Perl module toolchain versions installed:

    Module              Have    
    ------------------- --------
    CPAN                1.9800  
    CPAN::Meta          2.120921
    Cwd                 3.33    
    ExtUtils::CBuilder  0.280205
    ExtUtils::Command   1.17    
    ExtUtils::Install   1.56    
    ExtUtils::MakeMaker 6.64    
    ExtUtils::Manifest  1.61    
    ExtUtils::ParseXS   3.18    
    File::Spec          3.33    
    JSON                2.53    
    JSON::PP            2.27200 
    Module::Build       0.4003  
    Module::Signature   0.70    
    Parse::CPAN::Meta   1.4404  
    Test::Harness       3.23    
    Test::More          0.98    
    YAML                0.84    
    YAML::Syck          1.22    
    version             0.9901  


--

Summary of my perl5 (revision 5 version 14 subversion 3) configuration:
   
  Platform:
    osname=linux, osvers=3.5.6-1-arch, archname=x86_64-linux
    uname='linux grosics 3.5.6-1-arch #1 smp preempt sun oct 7 19:30:49 cest 2012 x86_64 gnulinux '
    config_args=''
    hint=recommended, useposix=true, d_sigaction=define
    useithreads=undef, usemultiplicity=undef
    useperlio=define, d_sfio=undef, uselargefiles=define, usesocks=undef
    use64bitint=define, use64bitall=define, uselongdouble=undef
    usemymalloc=n, bincompat5005=undef
  Compiler:
    cc='cc', ccflags ='-fno-strict-aliasing -pipe -fstack-protector -I/usr/local/include -D_LARGEFILE_SOURCE -D_FILE_OFFSET_BITS=64',
    optimize='-O2',
    cppflags='-fno-strict-aliasing -pipe -fstack-protector -I/usr/local/include'
    ccversion='', gccversion='4.7.2', gccosandvers=''
    intsize=4, longsize=8, ptrsize=8, doublesize=8, byteorder=12345678
    d_longlong=define, longlongsize=8, d_longdbl=define, longdblsize=16
    ivtype='long', ivsize=8, nvtype='double', nvsize=8, Off_t='off_t', lseeksize=8
    alignbytes=8, prototype=define
  Linker and Libraries:
    ld='cc', ldflags =' -fstack-protector -L/usr/local/lib'
    libpth=/usr/local/lib /lib/../lib /usr/lib/../lib /lib /usr/lib
    libs=-lnsl -lgdbm -ldb -ldl -lm -lcrypt -lutil -lc -lgdbm_compat
    perllibs=-lnsl -ldl -lm -lcrypt -lutil -lc
    libc=/lib/libc-2.16.so, so=so, useshrplib=false, libperl=libperl.a
    gnulibc_version='2.16'
  Dynamic Linking:
    dlsrc=dl_dlopen.xs, dlext=so, d_dlsymun=undef, ccdlflags='-Wl,-E'
    cccdlflags='-fPIC', lddlflags='-shared -O2 -L/usr/local/lib -fstack-protector'


Characteristics of this binary (from libperl): 
  Compile-time options: PERL_DONT_CREATE_GVSV PERL_MALLOC_WRAP
                        PERL_PRESERVE_IVUV USE_64_BIT_ALL USE_64_BIT_INT
                        USE_LARGE_FILES USE_PERLIO USE_PERL_ATOF
  Built under linux
  Compiled at Dec 10 2012 17:55:35
  %ENV:
    PERL5LIB=""
    PERL5OPT=""
    PERL5_CPANPLUS_IS_RUNNING="32494"
    PERL5_CPAN_IS_RUNNING="32494"
    PERL5_CPAN_IS_RUNNING_IN_RECURSION="5207,32494"
    PERL_CR_SMOKER_CURRENT="Konstrukt-0.5-beta6"
    PERL_EXTUTILS_AUTOINSTALL="--defaultdeps"
    PERL_MM_USE_DEFAULT="1"
  @INC:
    /home/graham/perls/perl-5.14.3/lib/site_perl/5.14.3/x86_64-linux
    /home/graham/perls/perl-5.14.3/lib/site_perl/5.14.3
    /home/graham/perls/perl-5.14.3/lib/5.14.3/x86_64-linux
    /home/graham/perls/perl-5.14.3/lib/5.14.3
    .