Geo-Coder-CA v0.10 Perl 5 v5.8.9 x86_64-linux-thread-multi

Status
Fail
From
David Cantrell (DCANTRELL)
Dist
Geo-Coder-CA v0.10
Platform
Perl 5 v5.8.9 x86_64-linux-thread-multi
Date
2018-07-06 15:17:46
ID
bca43ff6-812f-11e8-b66a-96f27247484a
This distribution has been tested as part of the CPAN Testers
project, supporting the Perl programming language.  See
http://wiki.cpantesters.org/ for more information or email
questions to cpan-testers-discuss@perl.org


--
Dear Nigel Horne,

This is a computer-generated report for Geo-Coder-CA-0.10
on perl 5.8.9, created by CPAN-Reporter-1.2018.

Thank you for uploading your work to CPAN.  However, there was a problem
testing your distribution.

If you think this report is invalid, please consult the CPAN Testers Wiki
for suggestions on how to avoid getting FAIL reports for missing library
or binary dependencies, unsupported operating systems, and so on:

http://wiki.cpantesters.org/wiki/CPANAuthorNotes

Sections of this report:

    * Tester comments
    * Program output
    * Prerequisites
    * Environment and other context

------------------------------
TESTER COMMENTS
------------------------------

Additional comments from tester:

this report is from an automated smoke testing program
and was not reviewed by a human for accuracy

------------------------------
PROGRAM OUTPUT
------------------------------

Output from '/usr/bin/make test':

PERL_DL_NONLAZY=1 "/home/david/cpantesting/perl-5.8.9/bin/perl" "-MExtUtils::Command::MM" "-MTest::Harness" "-e" "undef *Test::Harness::Switches; test_harness(0, 'blib/lib', 'blib/arch')" t/*.t
# Testing Geo::Coder::CA 0.10, Perl 5.008009, /home/david/cpantesting/perl-5.8.9/bin/perl
t/00-load.t ..... ok
t/10-new.t ...... ok

# Failed test 'Script bin/ca compiles'
# at t/bin.t line 8.
# 2 - Can't locate autodie.pm in @INC (@INC contains: /home/david/cpantesting/perl-5.8.9/.cpan/build/Geo-Coder-CA-0.10-0/blib/lib /home/david/cpantesting/perl-5.8.9/.cpan/build/Geo-Coder-CA-0.10-0/blib/arch /home/david/cpantesting/perl-5.8.9/lib/5.8.9/x86_64-linux-thread-multi /home/david/cpantesting/perl-5.8.9/lib/5.8.9 /home/david/cpantesting/perl-5.8.9/lib/site_perl/5.8.9/x86_64-linux-thread-multi /home/david/cpantesting/perl-5.8.9/lib/site_perl/5.8.9 . /home/david/cpantesting/perl-5.8.9/.cpan/build/Geo-Coder-CA-0.10-0/.test-script-HZDf6uz2 /home/david/cpantesting/perl-5.8.9/.cpan/build/Geo-Coder-CA-0.10-0/blib/lib /home/david/cpantesting/perl-5.8.9/.cpan/build/Geo-Coder-CA-0.10-0/blib/arch /home/david/cpantesting/perl-5.8.9/lib/5.8.9/x86_64-linux-thread-multi /home/david/cpantesting/perl-5.8.9/lib/5.8.9 /home/david/cpantesting/perl-5.8.9/lib/site_perl/5.8.9/x86_64-linux-thread-multi /home/david/cpantesting/perl-5.8.9/lib/site_perl/5.8.9 .) at bin/ca line 5.
# BEGIN failed--compilation aborted at bin/ca line 5.
# Author tests not required for installation
# Looks like you failed 1 test of 6.
t/bin.t ......... 
Dubious, test returned 1 (wstat 256, 0x100)
Failed 1/6 subtests 
	(less 5 skipped subtests: 0 okay)
t/boiler.t ...... ok
# Author tests not required for installation
t/ca.t .......... ok
t/carp.t ........ ok
t/changes.t ..... skipped: Author tests not required for installation
t/coverage.t .... skipped: Test::Pod::Coverage 1.08 required for testing POD coverage
t/critic.t ...... skipped: Author tests not required for installation
t/cv.t .......... skipped: Author tests not required for installation
t/dist.t ........ skipped: Author tests not required for installation
t/gv.t .......... skipped: Author tests not required for installation
t/kwalitee.t .... skipped: Author tests not required for installation
t/links.t ....... skipped: Author tests not required for installation
t/manifest.t .... skipped: Author tests not required for installation
t/metrics.t ..... skipped: Author tests not required for installation
t/namespaces.t .. skipped: Author tests not required for installation
t/no404s.t ...... skipped: Author tests not required for installation
t/noplan.t ...... skipped: Author tests not required for installation
t/pod-cm.t ...... skipped: Test::Pod::Spelling::CommonMistakes required for testing POD spelling
t/pod.t ......... skipped: Author tests not required for installation
t/port.t ........ skipped: Test::Portability::Files required for testing filenames portability
t/prereq.t ...... skipped: Author tests not required for installation
t/snippets.t .... skipped: Author tests not required for installation
t/spelling.t .... skipped: Author tests not required for installation
t/strict.t ...... skipped: Author tests not required for installation
t/unused.t ...... skipped: Author tests not required for installation
# Author tests not required for installation
t/us.t .......... ok
t/used.t ........ skipped: Author tests not required for installation
t/vars.t ........ skipped: Author tests not required for installation

Test Summary Report
-------------------
t/bin.t       (Wstat: 256 Tests: 6 Failed: 1)
  Failed test:  1
  Non-zero exit status: 1
t/boiler.t    (Wstat: 0 Tests: 3 Failed: 0)
  TODO passed:   1-3
Files=30, Tests=34,  1 wallclock secs ( 0.06 usr  0.10 sys +  1.51 cusr  0.25 csys =  1.92 CPU)
Result: FAIL
Failed 1/30 test programs. 1/34 subtests failed.
Makefile:888: recipe for target 'test_dynamic' failed
make: *** [test_dynamic] Error 255

------------------------------
PREREQUISITES
------------------------------

Prerequisite modules loaded:

requires:

    Module               Need     Have    
    -------------------- -------- --------
    Encode               0        2.98    
    HTTP::Request        0        6.18    
    JSON                 0        2.90    
    LWP::Protocol::https 0        6.07    
    LWP::UserAgent       0        6.34    
    perl                 5.006002 5.008009
    URI                  0        1.71    

build_requires:

    Module               Need     Have    
    -------------------- -------- --------
    ExtUtils::MakeMaker  0        7.24    
    IPC::System::Simple  0        1.25    
    Test::Carp           0        0.2     
    Test::LWP::UserAgent 0        0.033   
    Test::Most           0        0.35    
    Test::NoWarnings     0        1.04    
    Test::Number::Delta  0        1.06    
    Test::Script         0        1.23    

configure_requires:

    Module               Need     Have    
    -------------------- -------- --------
    ExtUtils::MakeMaker  0        7.24    


------------------------------
ENVIRONMENT AND OTHER CONTEXT
------------------------------

Environment variables:

    AUTOMATED_TESTING = 1
    NONINTERACTIVE_TESTING = 1
    PATH = /usr/local/bin:/usr/bin:/bin:/usr/local/games:/usr/games
    PERL = 5.8.9
    PERL5LIB = 
    PERL5OPT = 
    PERL5_CPANPLUS_IS_RUNNING = 13513
    PERL5_CPAN_IS_RUNNING = 13513
    PERLVER = 5.8.9
    PERL_INLINE_DIRECTORY = /home/david/.Inline-5.8.9
    PERL_MM_USE_DEFAULT = 1
    PERL_USE_UNSAFE_INC = 0
    SHELL = /bin/bash
    TERM = screen

Perl special variables (and OS-specific diagnostics, for MSWin32):

    $^X = /home/david/cpantesting/perl-5.8.9/bin/perl
    $UID/$EUID = 1000 / 1000
    $GID = 1000 1000
    $EGID = 1000 1000

Perl module toolchain versions installed:

    Module              Have    
    ------------------- --------
    CPAN                2.14    
    CPAN::Meta          2.143240
    Cwd                 3.62    
    ExtUtils::CBuilder  0.280230
    ExtUtils::Command   7.24    
    ExtUtils::Install   1.54    
    ExtUtils::MakeMaker 7.24    
    ExtUtils::Manifest  1.70    
    ExtUtils::ParseXS   3.35    
    File::Spec          3.62    
    JSON                2.90    
    JSON::PP            2.27400 
    Module::Build       0.4224  
    Module::Signature   n/a     
    Parse::CPAN::Meta   1.4414  
    Test::Harness       3.42    
    Test::More          1.302136
    YAML                1.18    
    YAML::Syck          1.30    
    version             0.9917  


--

Summary of my perl5 (revision 5 version 8 subversion 9) configuration:
  Platform:
    osname=linux, osvers=3.16.0-4-amd64, archname=x86_64-linux-thread-multi
    uname='linux pigsty.barnyard.co.uk 3.16.0-4-amd64 #1 smp debian 3.16.36-1+deb8u1 (2016-09-03) x86_64 gnulinux '
    config_args='-de -Duse64bitall -Dusethreads -Dprefix=/home/david/cpantesting/perl-5.8.9'
    hint=recommended, useposix=true, d_sigaction=define
    usethreads=define use5005threads=undef useithreads=define usemultiplicity=define
    useperlio=define d_sfio=undef uselargefiles=define usesocks=undef
    use64bitint=define use64bitall=define uselongdouble=undef
    usemymalloc=n, bincompat5005=undef
  Compiler:
    cc='cc', ccflags ='-D_REENTRANT -D_GNU_SOURCE -fno-strict-aliasing -pipe -I/usr/local/include -D_LARGEFILE_SOURCE -D_FILE_OFFSET_BITS=64',
    optimize='-O2',
    cppflags='-D_REENTRANT -D_GNU_SOURCE -fno-strict-aliasing -pipe -I/usr/local/include'
    ccversion='', gccversion='4.9.2', gccosandvers=''
    intsize=4, longsize=8, ptrsize=8, doublesize=8, byteorder=12345678
    d_longlong=define, longlongsize=8, d_longdbl=define, longdblsize=16
    ivtype='long', ivsize=8, nvtype='double', nvsize=8, Off_t='off_t', lseeksize=8
    alignbytes=8, prototype=define
  Linker and Libraries:
    ld='cc', ldflags =' -L/usr/local/lib'
    libpth=/usr/local/lib /lib/x86_64-linux-gnu /lib/../lib /usr/lib/x86_64-linux-gnu /usr/lib/../lib /lib /usr/lib
    libs=-lnsl -ldb -ldl -lm -lcrypt -lutil -lpthread -lc
    perllibs=-lnsl -ldl -lm -lcrypt -lutil -lpthread -lc
    libc=libc-2.19.so, so=so, useshrplib=false, libperl=libperl.a
    gnulibc_version='2.19'
  Dynamic Linking:
    dlsrc=dl_dlopen.xs, dlext=so, d_dlsymun=undef, ccdlflags='-Wl,-E'
    cccdlflags='-fPIC', lddlflags='-shared -O2 -L/usr/local/lib'


Characteristics of this binary (from libperl): 
  Compile-time options: MULTIPLICITY PERL_IMPLICIT_CONTEXT PERL_MALLOC_WRAP
                        USE_64_BIT_ALL USE_64_BIT_INT USE_FAST_STDIO
                        USE_ITHREADS USE_LARGE_FILES USE_PERLIO
                        USE_REENTRANT_API
  Locally applied patches:
	Devel::PatchPerl 1.44
  Built under linux
  Compiled at Oct 12 2016 14:10:05
  %ENV:
    PERL="5.8.9"
    PERL5LIB=""
    PERL5OPT=""
    PERL5_CPANPLUS_IS_RUNNING="13513"
    PERL5_CPAN_IS_RUNNING="13513"
    PERLVER="5.8.9"
    PERL_INLINE_DIRECTORY="/home/david/.Inline-5.8.9"
    PERL_MM_USE_DEFAULT="1"
    PERL_USE_UNSAFE_INC="0"
  @INC:
    /home/david/cpantesting/perl-5.8.9/lib/5.8.9/x86_64-linux-thread-multi
    /home/david/cpantesting/perl-5.8.9/lib/5.8.9
    /home/david/cpantesting/perl-5.8.9/lib/site_perl/5.8.9/x86_64-linux-thread-multi
    /home/david/cpantesting/perl-5.8.9/lib/site_perl/5.8.9
    .