Report for Win32-Mock-0.05

Back
From: metabase:user:cd035d39-6d5b-1014-ab3a-39c0c09612a1
Subject: FAIL Win32-Mock-0.05 v5.24.1 
Date: 2017-02-09T00:14:24Z

This distribution has been tested as part of the CPAN Testers
project, supporting the Perl programming language.  See
http://wiki.cpantesters.org/ for more information or email
questions to cpan-testers-discuss@perl.org


--
Dear Sebastien Aperghis-Tramoni,

This is a computer-generated report for Win32-Mock-0.05
on perl 5.24.1, created by CPAN-Reporter-1.2018.

Thank you for uploading your work to CPAN.  However, there was a problem
testing your distribution.

If you think this report is invalid, please consult the CPAN Testers Wiki
for suggestions on how to avoid getting FAIL reports for missing library
or binary dependencies, unsupported operating systems, and so on:

http://wiki.cpantesters.org/wiki/CPANAuthorNotes

Sections of this report:

    * Tester comments
    * Program output
    * Prerequisites
    * Environment and other context

------------------------------
TESTER COMMENTS
------------------------------

Additional comments from tester:

this report is from an automated smoke testing program
and was not reviewed by a human for accuracy

------------------------------
PROGRAM OUTPUT
------------------------------

Output from 'C:\Strawberry\perl\bin\perl.exe ./Build test':

Undefined value assigned to typeglob at C:\cpan\build\Devel-FakeOSName-0.01-0/blib/lib/Devel/FakeOSName.pm line 21.
Subroutine CopyFile redefined at C:\cpan\build\Win32-Mock-0.05-0\blib\lib/Win32/Mock/Win32.pm line 177.
Subroutine DomainName redefined at C:\cpan\build\Win32-Mock-0.05-0\blib\lib/Win32/Mock/Win32.pm line 210.
Subroutine FormatMessage redefined at C:\cpan\build\Win32-Mock-0.05-0\blib\lib/Win32/Mock/Win32.pm line 229.
Subroutine FsType redefined at C:\cpan\build\Win32-Mock-0.05-0\blib\lib/Win32/Mock/Win32.pm line 238.
Subroutine GetCwd redefined at C:\cpan\build\Win32-Mock-0.05-0\blib\lib/Win32/Mock/Win32.pm line 297.
Subroutine GetFullPathName redefined at C:\cpan\build\Win32-Mock-0.05-0\blib\lib/Win32/Mock/Win32.pm line 402.
Subroutine GetLastError redefined at C:\cpan\build\Win32-Mock-0.05-0\blib\lib/Win32/Mock/Win32.pm line 420.
Subroutine GetLongPathName redefined at C:\cpan\build\Win32-Mock-0.05-0\blib\lib/Win32/Mock/Win32.pm line 428.
Subroutine GetNextAvailDrive redefined at C:\cpan\build\Win32-Mock-0.05-0\blib\lib/Win32/Mock/Win32.pm line 443.
Subroutine GetOSVersion redefined at C:\cpan\build\Win32-Mock-0.05-0\blib\lib/Win32/Mock/Win32.pm line 462.
Subroutine GetShortPathName redefined at C:\cpan\build\Win32-Mock-0.05-0\blib\lib/Win32/Mock/Win32.pm line 478.
Subroutine GetTickCount redefined at C:\cpan\build\Win32-Mock-0.05-0\blib\lib/Win32/Mock/Win32.pm line 502.
Subroutine IsWinNT redefined at C:\cpan\build\Win32-Mock-0.05-0\blib\lib/Win32/Mock/Win32.pm line 547.
Subroutine IsWin95 redefined at C:\cpan\build\Win32-Mock-0.05-0\blib\lib/Win32/Mock/Win32.pm line 555.
Subroutine LoginName redefined at C:\cpan\build\Win32-Mock-0.05-0\blib\lib/Win32/Mock/Win32.pm line 571.
Subroutine NodeName redefined at C:\cpan\build\Win32-Mock-0.05-0\blib\lib/Win32/Mock/Win32.pm line 610.
Subroutine SetChildShowWindow redefined at C:\cpan\build\Win32-Mock-0.05-0\blib\lib/Win32/Mock/Win32.pm line 636.
Subroutine SetCwd redefined at C:\cpan\build\Win32-Mock-0.05-0\blib\lib/Win32/Mock/Win32.pm line 645.
Subroutine SetLastError redefined at C:\cpan\build\Win32-Mock-0.05-0\blib\lib/Win32/Mock/Win32.pm line 653.
Subroutine Sleep redefined at C:\cpan\build\Win32-Mock-0.05-0\blib\lib/Win32/Mock/Win32.pm line 661.
Subroutine Spawn redefined at C:\cpan\build\Win32-Mock-0.05-0\blib\lib/Win32/Mock/Win32.pm line 674.
# Testing Win32::Mock 0.05, Perl 5.024001, C:\Strawberry\perl\bin\perl.exe
t\00-load.t .............................. ok
t\pod-coverage.t ......................... skipped: *** disabled for now ***
t\pod.t .................................. skipped: *** disabled for now ***
Undefined value assigned to typeglob at C:\cpan\build\Devel-FakeOSName-0.01-0/blib/lib/Devel/FakeOSName.pm line 21.
Subroutine CopyFile redefined at C:\cpan\build\Win32-Mock-0.05-0\blib\lib/Win32/Mock/Win32.pm line 177.
Subroutine DomainName redefined at C:\cpan\build\Win32-Mock-0.05-0\blib\lib/Win32/Mock/Win32.pm line 210.
Subroutine FormatMessage redefined at C:\cpan\build\Win32-Mock-0.05-0\blib\lib/Win32/Mock/Win32.pm line 229.
Subroutine FsType redefined at C:\cpan\build\Win32-Mock-0.05-0\blib\lib/Win32/Mock/Win32.pm line 238.
Subroutine GetCwd redefined at C:\cpan\build\Win32-Mock-0.05-0\blib\lib/Win32/Mock/Win32.pm line 297.
Subroutine GetFullPathName redefined at C:\cpan\build\Win32-Mock-0.05-0\blib\lib/Win32/Mock/Win32.pm line 402.
Subroutine GetLastError redefined at C:\cpan\build\Win32-Mock-0.05-0\blib\lib/Win32/Mock/Win32.pm line 420.
Subroutine GetLongPathName redefined at C:\cpan\build\Win32-Mock-0.05-0\blib\lib/Win32/Mock/Win32.pm line 428.
Subroutine GetNextAvailDrive redefined at C:\cpan\build\Win32-Mock-0.05-0\blib\lib/Win32/Mock/Win32.pm line 443.
Subroutine GetOSVersion redefined at C:\cpan\build\Win32-Mock-0.05-0\blib\lib/Win32/Mock/Win32.pm line 462.
Subroutine GetShortPathName redefined at C:\cpan\build\Win32-Mock-0.05-0\blib\lib/Win32/Mock/Win32.pm line 478.
Subroutine GetTickCount redefined at C:\cpan\build\Win32-Mock-0.05-0\blib\lib/Win32/Mock/Win32.pm line 502.
Subroutine IsWinNT redefined at C:\cpan\build\Win32-Mock-0.05-0\blib\lib/Win32/Mock/Win32.pm line 547.
Subroutine IsWin95 redefined at C:\cpan\build\Win32-Mock-0.05-0\blib\lib/Win32/Mock/Win32.pm line 555.
Subroutine LoginName redefined at C:\cpan\build\Win32-Mock-0.05-0\blib\lib/Win32/Mock/Win32.pm line 571.
Subroutine NodeName redefined at C:\cpan\build\Win32-Mock-0.05-0\blib\lib/Win32/Mock/Win32.pm line 610.
Subroutine SetChildShowWindow redefined at C:\cpan\build\Win32-Mock-0.05-0\blib\lib/Win32/Mock/Win32.pm line 636.
Subroutine SetCwd redefined at C:\cpan\build\Win32-Mock-0.05-0\blib\lib/Win32/Mock/Win32.pm line 645.
Subroutine SetLastError redefined at C:\cpan\build\Win32-Mock-0.05-0\blib\lib/Win32/Mock/Win32.pm line 653.
Subroutine Sleep redefined at C:\cpan\build\Win32-Mock-0.05-0\blib\lib/Win32/Mock/Win32.pm line 661.
Subroutine Spawn redefined at C:\cpan\build\Win32-Mock-0.05-0\blib\lib/Win32/Mock/Win32.pm line 674.
t\core\Win32\CopyFile.t .................. ok
Undefined value assigned to typeglob at C:\cpan\build\Devel-FakeOSName-0.01-0/blib/lib/Devel/FakeOSName.pm line 21.
Subroutine CopyFile redefined at C:\cpan\build\Win32-Mock-0.05-0\blib\lib/Win32/Mock/Win32.pm line 177.
Subroutine DomainName redefined at C:\cpan\build\Win32-Mock-0.05-0\blib\lib/Win32/Mock/Win32.pm line 210.
Subroutine FormatMessage redefined at C:\cpan\build\Win32-Mock-0.05-0\blib\lib/Win32/Mock/Win32.pm line 229.
Subroutine FsType redefined at C:\cpan\build\Win32-Mock-0.05-0\blib\lib/Win32/Mock/Win32.pm line 238.
Subroutine GetCwd redefined at C:\cpan\build\Win32-Mock-0.05-0\blib\lib/Win32/Mock/Win32.pm line 297.
Subroutine GetFullPathName redefined at C:\cpan\build\Win32-Mock-0.05-0\blib\lib/Win32/Mock/Win32.pm line 402.
Subroutine GetLastError redefined at C:\cpan\build\Win32-Mock-0.05-0\blib\lib/Win32/Mock/Win32.pm line 420.
Subroutine GetLongPathName redefined at C:\cpan\build\Win32-Mock-0.05-0\blib\lib/Win32/Mock/Win32.pm line 428.
Subroutine GetNextAvailDrive redefined at C:\cpan\build\Win32-Mock-0.05-0\blib\lib/Win32/Mock/Win32.pm line 443.
Subroutine GetOSVersion redefined at C:\cpan\build\Win32-Mock-0.05-0\blib\lib/Win32/Mock/Win32.pm line 462.
Subroutine GetShortPathName redefined at C:\cpan\build\Win32-Mock-0.05-0\blib\lib/Win32/Mock/Win32.pm line 478.
Subroutine GetTickCount redefined at C:\cpan\build\Win32-Mock-0.05-0\blib\lib/Win32/Mock/Win32.pm line 502.
Subroutine IsWinNT redefined at C:\cpan\build\Win32-Mock-0.05-0\blib\lib/Win32/Mock/Win32.pm line 547.
Subroutine IsWin95 redefined at C:\cpan\build\Win32-Mock-0.05-0\blib\lib/Win32/Mock/Win32.pm line 555.
Subroutine LoginName redefined at C:\cpan\build\Win32-Mock-0.05-0\blib\lib/Win32/Mock/Win32.pm line 571.
Subroutine NodeName redefined at C:\cpan\build\Win32-Mock-0.05-0\blib\lib/Win32/Mock/Win32.pm line 610.
Subroutine SetChildShowWindow redefined at C:\cpan\build\Win32-Mock-0.05-0\blib\lib/Win32/Mock/Win32.pm line 636.
Subroutine SetCwd redefined at C:\cpan\build\Win32-Mock-0.05-0\blib\lib/Win32/Mock/Win32.pm line 645.
Subroutine SetLastError redefined at C:\cpan\build\Win32-Mock-0.05-0\blib\lib/Win32/Mock/Win32.pm line 653.
Subroutine Sleep redefined at C:\cpan\build\Win32-Mock-0.05-0\blib\lib/Win32/Mock/Win32.pm line 661.
Subroutine Spawn redefined at C:\cpan\build\Win32-Mock-0.05-0\blib\lib/Win32/Mock/Win32.pm line 674.
Subroutine STORE redefined at C:/Strawberry/perl/lib/Config_heavy.pl line 1378.
t\core\Win32\CreateFile.t ................ ok
Undefined value assigned to typeglob at C:\cpan\build\Devel-FakeOSName-0.01-0/blib/lib/Devel/FakeOSName.pm line 21.
Subroutine CopyFile redefined at C:\cpan\build\Win32-Mock-0.05-0\blib\lib/Win32/Mock/Win32.pm line 177.
Subroutine DomainName redefined at C:\cpan\build\Win32-Mock-0.05-0\blib\lib/Win32/Mock/Win32.pm line 210.
Subroutine FormatMessage redefined at C:\cpan\build\Win32-Mock-0.05-0\blib\lib/Win32/Mock/Win32.pm line 229.
Subroutine FsType redefined at C:\cpan\build\Win32-Mock-0.05-0\blib\lib/Win32/Mock/Win32.pm line 238.
Subroutine GetCwd redefined at C:\cpan\build\Win32-Mock-0.05-0\blib\lib/Win32/Mock/Win32.pm line 297.
Subroutine GetFullPathName redefined at C:\cpan\build\Win32-Mock-0.05-0\blib\lib/Win32/Mock/Win32.pm line 402.
Subroutine GetLastError redefined at C:\cpan\build\Win32-Mock-0.05-0\blib\lib/Win32/Mock/Win32.pm line 420.
Subroutine GetLongPathName redefined at C:\cpan\build\Win32-Mock-0.05-0\blib\lib/Win32/Mock/Win32.pm line 428.
Subroutine GetNextAvailDrive redefined at C:\cpan\build\Win32-Mock-0.05-0\blib\lib/Win32/Mock/Win32.pm line 443.
Subroutine GetOSVersion redefined at C:\cpan\build\Win32-Mock-0.05-0\blib\lib/Win32/Mock/Win32.pm line 462.
Subroutine GetShortPathName redefined at C:\cpan\build\Win32-Mock-0.05-0\blib\lib/Win32/Mock/Win32.pm line 478.
Subroutine GetTickCount redefined at C:\cpan\build\Win32-Mock-0.05-0\blib\lib/Win32/Mock/Win32.pm line 502.
Subroutine IsWinNT redefined at C:\cpan\build\Win32-Mock-0.05-0\blib\lib/Win32/Mock/Win32.pm line 547.
Subroutine IsWin95 redefined at C:\cpan\build\Win32-Mock-0.05-0\blib\lib/Win32/Mock/Win32.pm line 555.
Subroutine LoginName redefined at C:\cpan\build\Win32-Mock-0.05-0\blib\lib/Win32/Mock/Win32.pm line 571.
Subroutine NodeName redefined at C:\cpan\build\Win32-Mock-0.05-0\blib\lib/Win32/Mock/Win32.pm line 610.
Subroutine SetChildShowWindow redefined at C:\cpan\build\Win32-Mock-0.05-0\blib\lib/Win32/Mock/Win32.pm line 636.
Subroutine SetCwd redefined at C:\cpan\build\Win32-Mock-0.05-0\blib\lib/Win32/Mock/Win32.pm line 645.
Subroutine SetLastError redefined at C:\cpan\build\Win32-Mock-0.05-0\blib\lib/Win32/Mock/Win32.pm line 653.
Subroutine Sleep redefined at C:\cpan\build\Win32-Mock-0.05-0\blib\lib/Win32/Mock/Win32.pm line 661.
Subroutine Spawn redefined at C:\cpan\build\Win32-Mock-0.05-0\blib\lib/Win32/Mock/Win32.pm line 674.
Subroutine STORE redefined at C:/Strawberry/perl/lib/Config_heavy.pl line 1378.
t\core\Win32\ExpandEnvironmentStrings.t .. ok
Undefined value assigned to typeglob at C:\cpan\build\Devel-FakeOSName-0.01-0/blib/lib/Devel/FakeOSName.pm line 21.
Subroutine CopyFile redefined at C:\cpan\build\Win32-Mock-0.05-0\blib\lib/Win32/Mock/Win32.pm line 177.
Subroutine DomainName redefined at C:\cpan\build\Win32-Mock-0.05-0\blib\lib/Win32/Mock/Win32.pm line 210.
Subroutine FormatMessage redefined at C:\cpan\build\Win32-Mock-0.05-0\blib\lib/Win32/Mock/Win32.pm line 229.
Subroutine FsType redefined at C:\cpan\build\Win32-Mock-0.05-0\blib\lib/Win32/Mock/Win32.pm line 238.
Subroutine GetCwd redefined at C:\cpan\build\Win32-Mock-0.05-0\blib\lib/Win32/Mock/Win32.pm line 297.
Subroutine GetFullPathName redefined at C:\cpan\build\Win32-Mock-0.05-0\blib\lib/Win32/Mock/Win32.pm line 402.
Subroutine GetLastError redefined at C:\cpan\build\Win32-Mock-0.05-0\blib\lib/Win32/Mock/Win32.pm line 420.
Subroutine GetLongPathName redefined at C:\cpan\build\Win32-Mock-0.05-0\blib\lib/Win32/Mock/Win32.pm line 428.
Subroutine GetNextAvailDrive redefined at C:\cpan\build\Win32-Mock-0.05-0\blib\lib/Win32/Mock/Win32.pm line 443.
Subroutine GetOSVersion redefined at C:\cpan\build\Win32-Mock-0.05-0\blib\lib/Win32/Mock/Win32.pm line 462.
Subroutine GetShortPathName redefined at C:\cpan\build\Win32-Mock-0.05-0\blib\lib/Win32/Mock/Win32.pm line 478.
Subroutine GetTickCount redefined at C:\cpan\build\Win32-Mock-0.05-0\blib\lib/Win32/Mock/Win32.pm line 502.
Subroutine IsWinNT redefined at C:\cpan\build\Win32-Mock-0.05-0\blib\lib/Win32/Mock/Win32.pm line 547.
Subroutine IsWin95 redefined at C:\cpan\build\Win32-Mock-0.05-0\blib\lib/Win32/Mock/Win32.pm line 555.
Subroutine LoginName redefined at C:\cpan\build\Win32-Mock-0.05-0\blib\lib/Win32/Mock/Win32.pm line 571.
Subroutine NodeName redefined at C:\cpan\build\Win32-Mock-0.05-0\blib\lib/Win32/Mock/Win32.pm line 610.
Subroutine SetChildShowWindow redefined at C:\cpan\build\Win32-Mock-0.05-0\blib\lib/Win32/Mock/Win32.pm line 636.
Subroutine SetCwd redefined at C:\cpan\build\Win32-Mock-0.05-0\blib\lib/Win32/Mock/Win32.pm line 645.
Subroutine SetLastError redefined at C:\cpan\build\Win32-Mock-0.05-0\blib\lib/Win32/Mock/Win32.pm line 653.
Subroutine Sleep redefined at C:\cpan\build\Win32-Mock-0.05-0\blib\lib/Win32/Mock/Win32.pm line 661.
Subroutine Spawn redefined at C:\cpan\build\Win32-Mock-0.05-0\blib\lib/Win32/Mock/Win32.pm line 674.
Subroutine STORE redefined at C:/Strawberry/perl/lib/Config_heavy.pl line 1378.
t\core\Win32\GetCurrentThreadId.t ........ ok
Undefined value assigned to typeglob at C:\cpan\build\Devel-FakeOSName-0.01-0/blib/lib/Devel/FakeOSName.pm line 21.
Subroutine CopyFile redefined at C:\cpan\build\Win32-Mock-0.05-0\blib\lib/Win32/Mock/Win32.pm line 177.
Subroutine DomainName redefined at C:\cpan\build\Win32-Mock-0.05-0\blib\lib/Win32/Mock/Win32.pm line 210.
Subroutine FormatMessage redefined at C:\cpan\build\Win32-Mock-0.05-0\blib\lib/Win32/Mock/Win32.pm line 229.
Subroutine FsType redefined at C:\cpan\build\Win32-Mock-0.05-0\blib\lib/Win32/Mock/Win32.pm line 238.
Subroutine GetCwd redefined at C:\cpan\build\Win32-Mock-0.05-0\blib\lib/Win32/Mock/Win32.pm line 297.
Subroutine GetFullPathName redefined at C:\cpan\build\Win32-Mock-0.05-0\blib\lib/Win32/Mock/Win32.pm line 402.
Subroutine GetLastError redefined at C:\cpan\build\Win32-Mock-0.05-0\blib\lib/Win32/Mock/Win32.pm line 420.
Subroutine GetLongPathName redefined at C:\cpan\build\Win32-Mock-0.05-0\blib\lib/Win32/Mock/Win32.pm line 428.
Subroutine GetNextAvailDrive redefined at C:\cpan\build\Win32-Mock-0.05-0\blib\lib/Win32/Mock/Win32.pm line 443.
Subroutine GetOSVersion redefined at C:\cpan\build\Win32-Mock-0.05-0\blib\lib/Win32/Mock/Win32.pm line 462.
Subroutine GetShortPathName redefined at C:\cpan\build\Win32-Mock-0.05-0\blib\lib/Win32/Mock/Win32.pm line 478.
Subroutine GetTickCount redefined at C:\cpan\build\Win32-Mock-0.05-0\blib\lib/Win32/Mock/Win32.pm line 502.
Subroutine IsWinNT redefined at C:\cpan\build\Win32-Mock-0.05-0\blib\lib/Win32/Mock/Win32.pm line 547.
Subroutine IsWin95 redefined at C:\cpan\build\Win32-Mock-0.05-0\blib\lib/Win32/Mock/Win32.pm line 555.
Subroutine LoginName redefined at C:\cpan\build\Win32-Mock-0.05-0\blib\lib/Win32/Mock/Win32.pm line 571.
Subroutine NodeName redefined at C:\cpan\build\Win32-Mock-0.05-0\blib\lib/Win32/Mock/Win32.pm line 610.
Subroutine SetChildShowWindow redefined at C:\cpan\build\Win32-Mock-0.05-0\blib\lib/Win32/Mock/Win32.pm line 636.
Subroutine SetCwd redefined at C:\cpan\build\Win32-Mock-0.05-0\blib\lib/Win32/Mock/Win32.pm line 645.
Subroutine SetLastError redefined at C:\cpan\build\Win32-Mock-0.05-0\blib\lib/Win32/Mock/Win32.pm line 653.
Subroutine Sleep redefined at C:\cpan\build\Win32-Mock-0.05-0\blib\lib/Win32/Mock/Win32.pm line 661.
Subroutine Spawn redefined at C:\cpan\build\Win32-Mock-0.05-0\blib\lib/Win32/Mock/Win32.pm line 674.
Subroutine STORE redefined at C:/Strawberry/perl/lib/Config_heavy.pl line 1378.
t\core\Win32\GetFileVersion.t ............ ok
Undefined value assigned to typeglob at C:\cpan\build\Devel-FakeOSName-0.01-0/blib/lib/Devel/FakeOSName.pm line 21.
Subroutine CopyFile redefined at C:\cpan\build\Win32-Mock-0.05-0\blib\lib/Win32/Mock/Win32.pm line 177.
Subroutine DomainName redefined at C:\cpan\build\Win32-Mock-0.05-0\blib\lib/Win32/Mock/Win32.pm line 210.
Subroutine FormatMessage redefined at C:\cpan\build\Win32-Mock-0.05-0\blib\lib/Win32/Mock/Win32.pm line 229.
Subroutine FsType redefined at C:\cpan\build\Win32-Mock-0.05-0\blib\lib/Win32/Mock/Win32.pm line 238.
Subroutine GetCwd redefined at C:\cpan\build\Win32-Mock-0.05-0\blib\lib/Win32/Mock/Win32.pm line 297.
Subroutine GetFullPathName redefined at C:\cpan\build\Win32-Mock-0.05-0\blib\lib/Win32/Mock/Win32.pm line 402.
Subroutine GetLastError redefined at C:\cpan\build\Win32-Mock-0.05-0\blib\lib/Win32/Mock/Win32.pm line 420.
Subroutine GetLongPathName redefined at C:\cpan\build\Win32-Mock-0.05-0\blib\lib/Win32/Mock/Win32.pm line 428.
Subroutine GetNextAvailDrive redefined at C:\cpan\build\Win32-Mock-0.05-0\blib\lib/Win32/Mock/Win32.pm line 443.
Subroutine GetOSVersion redefined at C:\cpan\build\Win32-Mock-0.05-0\blib\lib/Win32/Mock/Win32.pm line 462.
Subroutine GetShortPathName redefined at C:\cpan\build\Win32-Mock-0.05-0\blib\lib/Win32/Mock/Win32.pm line 478.
Subroutine GetTickCount redefined at C:\cpan\build\Win32-Mock-0.05-0\blib\lib/Win32/Mock/Win32.pm line 502.
Subroutine IsWinNT redefined at C:\cpan\build\Win32-Mock-0.05-0\blib\lib/Win32/Mock/Win32.pm line 547.
Subroutine IsWin95 redefined at C:\cpan\build\Win32-Mock-0.05-0\blib\lib/Win32/Mock/Win32.pm line 555.
Subroutine LoginName redefined at C:\cpan\build\Win32-Mock-0.05-0\blib\lib/Win32/Mock/Win32.pm line 571.
Subroutine NodeName redefined at C:\cpan\build\Win32-Mock-0.05-0\blib\lib/Win32/Mock/Win32.pm line 610.
Subroutine SetChildShowWindow redefined at C:\cpan\build\Win32-Mock-0.05-0\blib\lib/Win32/Mock/Win32.pm line 636.
Subroutine SetCwd redefined at C:\cpan\build\Win32-Mock-0.05-0\blib\lib/Win32/Mock/Win32.pm line 645.
Subroutine SetLastError redefined at C:\cpan\build\Win32-Mock-0.05-0\blib\lib/Win32/Mock/Win32.pm line 653.
Subroutine Sleep redefined at C:\cpan\build\Win32-Mock-0.05-0\blib\lib/Win32/Mock/Win32.pm line 661.
Subroutine Spawn redefined at C:\cpan\build\Win32-Mock-0.05-0\blib\lib/Win32/Mock/Win32.pm line 674.
Subroutine STORE redefined at C:/Strawberry/perl/lib/Config_heavy.pl line 1378.
The getpwuid function is unimplemented at C:\cpan\build\Win32-Mock-0.05-0\blib\lib/Win32/Mock/Win32.pm line 332.
t\core\Win32\GetFolderPath.t ............. 
Dubious, test returned 255 (wstat 65280, 0xff00)
Failed 1/1 subtests 
t\core\Win32\GetFullPathName.t ........... skipped: because these tests are too hard to mock
t\core\Win32\GetLongPathName.t ........... skipped: because these tests are too hard to mock
Undefined value assigned to typeglob at C:\cpan\build\Devel-FakeOSName-0.01-0/blib/lib/Devel/FakeOSName.pm line 21.
Subroutine CopyFile redefined at C:\cpan\build\Win32-Mock-0.05-0\blib\lib/Win32/Mock/Win32.pm line 177.
Subroutine DomainName redefined at C:\cpan\build\Win32-Mock-0.05-0\blib\lib/Win32/Mock/Win32.pm line 210.
Subroutine FormatMessage redefined at C:\cpan\build\Win32-Mock-0.05-0\blib\lib/Win32/Mock/Win32.pm line 229.
Subroutine FsType redefined at C:\cpan\build\Win32-Mock-0.05-0\blib\lib/Win32/Mock/Win32.pm line 238.
Subroutine GetCwd redefined at C:\cpan\build\Win32-Mock-0.05-0\blib\lib/Win32/Mock/Win32.pm line 297.
Subroutine GetFullPathName redefined at C:\cpan\build\Win32-Mock-0.05-0\blib\lib/Win32/Mock/Win32.pm line 402.
Subroutine GetLastError redefined at C:\cpan\build\Win32-Mock-0.05-0\blib\lib/Win32/Mock/Win32.pm line 420.
Subroutine GetLongPathName redefined at C:\cpan\build\Win32-Mock-0.05-0\blib\lib/Win32/Mock/Win32.pm line 428.
Subroutine GetNextAvailDrive redefined at C:\cpan\build\Win32-Mock-0.05-0\blib\lib/Win32/Mock/Win32.pm line 443.
Subroutine GetOSVersion redefined at C:\cpan\build\Win32-Mock-0.05-0\blib\lib/Win32/Mock/Win32.pm line 462.
Subroutine GetShortPathName redefined at C:\cpan\build\Win32-Mock-0.05-0\blib\lib/Win32/Mock/Win32.pm line 478.
Subroutine GetTickCount redefined at C:\cpan\build\Win32-Mock-0.05-0\blib\lib/Win32/Mock/Win32.pm line 502.
Subroutine IsWinNT redefined at C:\cpan\build\Win32-Mock-0.05-0\blib\lib/Win32/Mock/Win32.pm line 547.
Subroutine IsWin95 redefined at C:\cpan\build\Win32-Mock-0.05-0\blib\lib/Win32/Mock/Win32.pm line 555.
Subroutine LoginName redefined at C:\cpan\build\Win32-Mock-0.05-0\blib\lib/Win32/Mock/Win32.pm line 571.
Subroutine NodeName redefined at C:\cpan\build\Win32-Mock-0.05-0\blib\lib/Win32/Mock/Win32.pm line 610.
Subroutine SetChildShowWindow redefined at C:\cpan\build\Win32-Mock-0.05-0\blib\lib/Win32/Mock/Win32.pm line 636.
Subroutine SetCwd redefined at C:\cpan\build\Win32-Mock-0.05-0\blib\lib/Win32/Mock/Win32.pm line 645.
Subroutine SetLastError redefined at C:\cpan\build\Win32-Mock-0.05-0\blib\lib/Win32/Mock/Win32.pm line 653.
Subroutine Sleep redefined at C:\cpan\build\Win32-Mock-0.05-0\blib\lib/Win32/Mock/Win32.pm line 661.
Subroutine Spawn redefined at C:\cpan\build\Win32-Mock-0.05-0\blib\lib/Win32/Mock/Win32.pm line 674.
Subroutine STORE redefined at C:/Strawberry/perl/lib/Config_heavy.pl line 1378.
t\core\Win32\GetOSVersion.t .............. ok
t\core\Win32\GetShortPathName.t .......... skipped: because these tests are too hard to mock
Undefined value assigned to typeglob at C:\cpan\build\Devel-FakeOSName-0.01-0/blib/lib/Devel/FakeOSName.pm line 21.
Subroutine CopyFile redefined at C:\cpan\build\Win32-Mock-0.05-0\blib\lib/Win32/Mock/Win32.pm line 177.
Subroutine DomainName redefined at C:\cpan\build\Win32-Mock-0.05-0\blib\lib/Win32/Mock/Win32.pm line 210.
Subroutine FormatMessage redefined at C:\cpan\build\Win32-Mock-0.05-0\blib\lib/Win32/Mock/Win32.pm line 229.
Subroutine FsType redefined at C:\cpan\build\Win32-Mock-0.05-0\blib\lib/Win32/Mock/Win32.pm line 238.
Subroutine GetCwd redefined at C:\cpan\build\Win32-Mock-0.05-0\blib\lib/Win32/Mock/Win32.pm line 297.
Subroutine GetFullPathName redefined at C:\cpan\build\Win32-Mock-0.05-0\blib\lib/Win32/Mock/Win32.pm line 402.
Subroutine GetLastError redefined at C:\cpan\build\Win32-Mock-0.05-0\blib\lib/Win32/Mock/Win32.pm line 420.
Subroutine GetLongPathName redefined at C:\cpan\build\Win32-Mock-0.05-0\blib\lib/Win32/Mock/Win32.pm line 428.
Subroutine GetNextAvailDrive redefined at C:\cpan\build\Win32-Mock-0.05-0\blib\lib/Win32/Mock/Win32.pm line 443.
Subroutine GetOSVersion redefined at C:\cpan\build\Win32-Mock-0.05-0\blib\lib/Win32/Mock/Win32.pm line 462.
Subroutine GetShortPathName redefined at C:\cpan\build\Win32-Mock-0.05-0\blib\lib/Win32/Mock/Win32.pm line 478.
Subroutine GetTickCount redefined at C:\cpan\build\Win32-Mock-0.05-0\blib\lib/Win32/Mock/Win32.pm line 502.
Subroutine IsWinNT redefined at C:\cpan\build\Win32-Mock-0.05-0\blib\lib/Win32/Mock/Win32.pm line 547.
Subroutine IsWin95 redefined at C:\cpan\build\Win32-Mock-0.05-0\blib\lib/Win32/Mock/Win32.pm line 555.
Subroutine LoginName redefined at C:\cpan\build\Win32-Mock-0.05-0\blib\lib/Win32/Mock/Win32.pm line 571.
Subroutine NodeName redefined at C:\cpan\build\Win32-Mock-0.05-0\blib\lib/Win32/Mock/Win32.pm line 610.
Subroutine SetChildShowWindow redefined at C:\cpan\build\Win32-Mock-0.05-0\blib\lib/Win32/Mock/Win32.pm line 636.
Subroutine SetCwd redefined at C:\cpan\build\Win32-Mock-0.05-0\blib\lib/Win32/Mock/Win32.pm line 645.
Subroutine SetLastError redefined at C:\cpan\build\Win32-Mock-0.05-0\blib\lib/Win32/Mock/Win32.pm line 653.
Subroutine Sleep redefined at C:\cpan\build\Win32-Mock-0.05-0\blib\lib/Win32/Mock/Win32.pm line 661.
Subroutine Spawn redefined at C:\cpan\build\Win32-Mock-0.05-0\blib\lib/Win32/Mock/Win32.pm line 674.
Subroutine STORE redefined at C:/Strawberry/perl/lib/Config_heavy.pl line 1378.
t\core\Win32\GuidGen.t ................... ok
Undefined value assigned to typeglob at C:\cpan\build\Devel-FakeOSName-0.01-0/blib/lib/Devel/FakeOSName.pm line 21.
Subroutine CopyFile redefined at C:\cpan\build\Win32-Mock-0.05-0\blib\lib/Win32/Mock/Win32.pm line 177.
Subroutine DomainName redefined at C:\cpan\build\Win32-Mock-0.05-0\blib\lib/Win32/Mock/Win32.pm line 210.
Subroutine FormatMessage redefined at C:\cpan\build\Win32-Mock-0.05-0\blib\lib/Win32/Mock/Win32.pm line 229.
Subroutine FsType redefined at C:\cpan\build\Win32-Mock-0.05-0\blib\lib/Win32/Mock/Win32.pm line 238.
Subroutine GetCwd redefined at C:\cpan\build\Win32-Mock-0.05-0\blib\lib/Win32/Mock/Win32.pm line 297.
Subroutine GetFullPathName redefined at C:\cpan\build\Win32-Mock-0.05-0\blib\lib/Win32/Mock/Win32.pm line 402.
Subroutine GetLastError redefined at C:\cpan\build\Win32-Mock-0.05-0\blib\lib/Win32/Mock/Win32.pm line 420.
Subroutine GetLongPathName redefined at C:\cpan\build\Win32-Mock-0.05-0\blib\lib/Win32/Mock/Win32.pm line 428.
Subroutine GetNextAvailDrive redefined at C:\cpan\build\Win32-Mock-0.05-0\blib\lib/Win32/Mock/Win32.pm line 443.
Subroutine GetOSVersion redefined at C:\cpan\build\Win32-Mock-0.05-0\blib\lib/Win32/Mock/Win32.pm line 462.
Subroutine GetShortPathName redefined at C:\cpan\build\Win32-Mock-0.05-0\blib\lib/Win32/Mock/Win32.pm line 478.
Subroutine GetTickCount redefined at C:\cpan\build\Win32-Mock-0.05-0\blib\lib/Win32/Mock/Win32.pm line 502.
Subroutine IsWinNT redefined at C:\cpan\build\Win32-Mock-0.05-0\blib\lib/Win32/Mock/Win32.pm line 547.
Subroutine IsWin95 redefined at C:\cpan\build\Win32-Mock-0.05-0\blib\lib/Win32/Mock/Win32.pm line 555.
Subroutine LoginName redefined at C:\cpan\build\Win32-Mock-0.05-0\blib\lib/Win32/Mock/Win32.pm line 571.
Subroutine NodeName redefined at C:\cpan\build\Win32-Mock-0.05-0\blib\lib/Win32/Mock/Win32.pm line 610.
Subroutine SetChildShowWindow redefined at C:\cpan\build\Win32-Mock-0.05-0\blib\lib/Win32/Mock/Win32.pm line 636.
Subroutine SetCwd redefined at C:\cpan\build\Win32-Mock-0.05-0\blib\lib/Win32/Mock/Win32.pm line 645.
Subroutine SetLastError redefined at C:\cpan\build\Win32-Mock-0.05-0\blib\lib/Win32/Mock/Win32.pm line 653.
Subroutine Sleep redefined at C:\cpan\build\Win32-Mock-0.05-0\blib\lib/Win32/Mock/Win32.pm line 661.
Subroutine Spawn redefined at C:\cpan\build\Win32-Mock-0.05-0\blib\lib/Win32/Mock/Win32.pm line 674.

#   Failed test 'Win32::LoginName()'
#   at t\core\Win32\Names.t line 51.
#          got: 'The getpwuid function is unimplemented at C:\cpan\build\Win32-Mock-0.05-0\blib\lib/Win32/Mock/Win32.pm line 572.
# '
#     expected: ''
Use of uninitialized value $got in numeric gt (>) at (eval in cmp_ok) t\core\Win32\Names.t line 52.

#   Failed test '  - checking returned login name'
#   at t\core\Win32\Names.t line 52.
Use of uninitialized value $val in addition (+) at C:/Strawberry/perl/site/lib/Test/Builder.pm line 727.
#     undef
#         >
#     '0'
# Looks like you failed 2 tests of 16.
t\core\Win32\Names.t ..................... 
Dubious, test returned 2 (wstat 512, 0x200)
Failed 2/16 subtests 
Undefined value assigned to typeglob at C:\cpan\build\Devel-FakeOSName-0.01-0/blib/lib/Devel/FakeOSName.pm line 21.
Subroutine CopyFile redefined at C:\cpan\build\Win32-Mock-0.05-0\blib\lib/Win32/Mock/Win32.pm line 177.
Subroutine DomainName redefined at C:\cpan\build\Win32-Mock-0.05-0\blib\lib/Win32/Mock/Win32.pm line 210.
Subroutine FormatMessage redefined at C:\cpan\build\Win32-Mock-0.05-0\blib\lib/Win32/Mock/Win32.pm line 229.
Subroutine FsType redefined at C:\cpan\build\Win32-Mock-0.05-0\blib\lib/Win32/Mock/Win32.pm line 238.
Subroutine GetCwd redefined at C:\cpan\build\Win32-Mock-0.05-0\blib\lib/Win32/Mock/Win32.pm line 297.
Subroutine GetFullPathName redefined at C:\cpan\build\Win32-Mock-0.05-0\blib\lib/Win32/Mock/Win32.pm line 402.
Subroutine GetLastError redefined at C:\cpan\build\Win32-Mock-0.05-0\blib\lib/Win32/Mock/Win32.pm line 420.
Subroutine GetLongPathName redefined at C:\cpan\build\Win32-Mock-0.05-0\blib\lib/Win32/Mock/Win32.pm line 428.
Subroutine GetNextAvailDrive redefined at C:\cpan\build\Win32-Mock-0.05-0\blib\lib/Win32/Mock/Win32.pm line 443.
Subroutine GetOSVersion redefined at C:\cpan\build\Win32-Mock-0.05-0\blib\lib/Win32/Mock/Win32.pm line 462.
Subroutine GetShortPathName redefined at C:\cpan\build\Win32-Mock-0.05-0\blib\lib/Win32/Mock/Win32.pm line 478.
Subroutine GetTickCount redefined at C:\cpan\build\Win32-Mock-0.05-0\blib\lib/Win32/Mock/Win32.pm line 502.
Subroutine IsWinNT redefined at C:\cpan\build\Win32-Mock-0.05-0\blib\lib/Win32/Mock/Win32.pm line 547.
Subroutine IsWin95 redefined at C:\cpan\build\Win32-Mock-0.05-0\blib\lib/Win32/Mock/Win32.pm line 555.
Subroutine LoginName redefined at C:\cpan\build\Win32-Mock-0.05-0\blib\lib/Win32/Mock/Win32.pm line 571.
Subroutine NodeName redefined at C:\cpan\build\Win32-Mock-0.05-0\blib\lib/Win32/Mock/Win32.pm line 610.
Subroutine SetChildShowWindow redefined at C:\cpan\build\Win32-Mock-0.05-0\blib\lib/Win32/Mock/Win32.pm line 636.
Subroutine SetCwd redefined at C:\cpan\build\Win32-Mock-0.05-0\blib\lib/Win32/Mock/Win32.pm line 645.
Subroutine SetLastError redefined at C:\cpan\build\Win32-Mock-0.05-0\blib\lib/Win32/Mock/Win32.pm line 653.
Subroutine Sleep redefined at C:\cpan\build\Win32-Mock-0.05-0\blib\lib/Win32/Mock/Win32.pm line 661.
Subroutine Spawn redefined at C:\cpan\build\Win32-Mock-0.05-0\blib\lib/Win32/Mock/Win32.pm line 674.
Subroutine STORE redefined at C:/Strawberry/perl/lib/Config_heavy.pl line 1378.
Deep recursion on subroutine "Cwd::_win32_cwd" at C:\cpan\build\Win32-Mock-0.05-0\blib\lib/Win32/Mock/Win32.pm line 299.
Out of memory!
t\core\Win32\Unicode.t ................... 
Dubious, test returned 1 (wstat 256, 0x100)
No subtests run 
Undefined value assigned to typeglob at C:\cpan\build\Devel-FakeOSName-0.01-0/blib/lib/Devel/FakeOSName.pm line 21.
Subroutine CopyFile redefined at C:\cpan\build\Win32-Mock-0.05-0\blib\lib/Win32/Mock/Win32.pm line 177.
Subroutine DomainName redefined at C:\cpan\build\Win32-Mock-0.05-0\blib\lib/Win32/Mock/Win32.pm line 210.
Subroutine FormatMessage redefined at C:\cpan\build\Win32-Mock-0.05-0\blib\lib/Win32/Mock/Win32.pm line 229.
Subroutine FsType redefined at C:\cpan\build\Win32-Mock-0.05-0\blib\lib/Win32/Mock/Win32.pm line 238.
Subroutine GetCwd redefined at C:\cpan\build\Win32-Mock-0.05-0\blib\lib/Win32/Mock/Win32.pm line 297.
Subroutine GetFullPathName redefined at C:\cpan\build\Win32-Mock-0.05-0\blib\lib/Win32/Mock/Win32.pm line 402.
Subroutine GetLastError redefined at C:\cpan\build\Win32-Mock-0.05-0\blib\lib/Win32/Mock/Win32.pm line 420.
Subroutine GetLongPathName redefined at C:\cpan\build\Win32-Mock-0.05-0\blib\lib/Win32/Mock/Win32.pm line 428.
Subroutine GetNextAvailDrive redefined at C:\cpan\build\Win32-Mock-0.05-0\blib\lib/Win32/Mock/Win32.pm line 443.
Subroutine GetOSVersion redefined at C:\cpan\build\Win32-Mock-0.05-0\blib\lib/Win32/Mock/Win32.pm line 462.
Subroutine GetShortPathName redefined at C:\cpan\build\Win32-Mock-0.05-0\blib\lib/Win32/Mock/Win32.pm line 478.
Subroutine GetTickCount redefined at C:\cpan\build\Win32-Mock-0.05-0\blib\lib/Win32/Mock/Win32.pm line 502.
Subroutine IsWinNT redefined at C:\cpan\build\Win32-Mock-0.05-0\blib\lib/Win32/Mock/Win32.pm line 547.
Subroutine IsWin95 redefined at C:\cpan\build\Win32-Mock-0.05-0\blib\lib/Win32/Mock/Win32.pm line 555.
Subroutine LoginName redefined at C:\cpan\build\Win32-Mock-0.05-0\blib\lib/Win32/Mock/Win32.pm line 571.
Subroutine NodeName redefined at C:\cpan\build\Win32-Mock-0.05-0\blib\lib/Win32/Mock/Win32.pm line 610.
Subroutine SetChildShowWindow redefined at C:\cpan\build\Win32-Mock-0.05-0\blib\lib/Win32/Mock/Win32.pm line 636.
Subroutine SetCwd redefined at C:\cpan\build\Win32-Mock-0.05-0\blib\lib/Win32/Mock/Win32.pm line 645.
Subroutine SetLastError redefined at C:\cpan\build\Win32-Mock-0.05-0\blib\lib/Win32/Mock/Win32.pm line 653.
Subroutine Sleep redefined at C:\cpan\build\Win32-Mock-0.05-0\blib\lib/Win32/Mock/Win32.pm line 661.
Subroutine Spawn redefined at C:\cpan\build\Win32-Mock-0.05-0\blib\lib/Win32/Mock/Win32.pm line 674.
Win32 version 0.27 required--this is only version 0.01 at t\core\Win32CORE\win32core.t line 27.
BEGIN failed--compilation aborted.
# Looks like your test exited with 255 just after 2.
t\core\Win32CORE\win32core.t ............. 
Dubious, test returned 255 (wstat 65280, 0xff00)
Failed 2/4 subtests 
t\libwin32\APINet\test.t ................. skipped: *** NOT IMPLEMENTED
t\libwin32\Clipboard\test.t .............. skipped: *** NOT IMPLEMENTED
t\libwin32\EventLog\eventlog.t ........... skipped: *** NOT IMPLEMENTED
Undefined value assigned to typeglob at C:\cpan\build\Devel-FakeOSName-0.01-0/blib/lib/Devel/FakeOSName.pm line 21.
t\libwin32\File\file.t ................... ok
t\libwin32\NetAdmin\netadmin.t ........... skipped: *** NOT IMPLEMENTED
t\libwin32\NetResource\netresource.t ..... skipped: *** NOT IMPLEMENTED
t\libwin32\OLE\1_nls.t ................... skipped: *** NOT IMPLEMENTED
t\libwin32\OLE\2_variant.t ............... skipped: *** NOT IMPLEMENTED
t\libwin32\OLE\3_ole.t ................... skipped: *** NOT IMPLEMENTED
t\libwin32\OLE\4_compat.t ................ skipped: *** NOT IMPLEMENTED
t\libwin32\OLE\5_unicode.t ............... skipped: *** NOT IMPLEMENTED
t\libwin32\OLE\6_event.t ................. skipped: *** NOT IMPLEMENTED
t\libwin32\OLE\7_overload.t .............. skipped: *** NOT IMPLEMENTED
t\libwin32\Registry\registry.t ........... skipped: *** NOT IMPLEMENTED
Undefined value assigned to typeglob at C:\cpan\build\Devel-FakeOSName-0.01-0/blib/lib/Devel/FakeOSName.pm line 21.
dummy|dummy
	ControlsAccepted		2
	ServiceSpecificExitCode		0
	CurrentState		7
	ServiceType		16
	CheckPoint		0
	Win32ExitCode		0
	WaitHint		0
t\libwin32\Service\service.t ............. ok

Test Summary Report
-------------------
t\core\Win32\GetFolderPath.t           (Wstat: 65280 Tests: 0 Failed: 0)
  Non-zero exit status: 255
  Parse errors: Bad plan.  You planned 1 tests but ran 0.
t\core\Win32\Names.t                   (Wstat: 512 Tests: 16 Failed: 2)
  Failed tests:  13-14
  Non-zero exit status: 2
t\core\Win32\Unicode.t                 (Wstat: 256 Tests: 0 Failed: 0)
  Non-zero exit status: 1
  Parse errors: No plan found in TAP output
t\core\Win32CORE\win32core.t           (Wstat: 65280 Tests: 2 Failed: 0)
  Non-zero exit status: 255
  Parse errors: Bad plan.  You planned 4 tests but ran 2.
Files=32, Tests=57, 430 wallclock secs ( 0.16 usr +  0.06 sys =  0.22 CPU)
Result: FAIL
Failed 4/32 test programs. 2/57 subtests failed.

------------------------------
PREREQUISITES
------------------------------

Prerequisite modules loaded:

requires:

    Module            Need Have    
    ----------------- ---- --------
    constant          1.12 1.33    
    Devel::FakeOSName 0    0.01    
    ExtUtils::Command 0    7.24    
    File::Basename    0    2.85    
    File::Spec        0.7  3.63_01 

build_requires:

    Module            Need Have    
    ----------------- ---- --------
    Test::More        0    1.302075

opt_requires:

    Module            Need Have    
    ----------------- ---- --------
    Data::GUID        0    0.049   
    File::HomeDir     0    1.00    


------------------------------
ENVIRONMENT AND OTHER CONTEXT
------------------------------

Environment variables:

    AUTOMATED_TESTING = 1
    COMSPEC = C:\WINDOWS.0\system32\cmd.exe
    NONINTERACTIVE_TESTING = 1
    NUMBER_OF_PROCESSORS = 1
    PATH = C:\WINDOWS.0\system32;C:\strawberry\c\bin;C:\strawberry\perl\site\bin;C:\strawberry\perl\bin
    PERL5LIB = C:\cpan\build\Devel-FakeOSName-0.01-0/blib/arch;C:\cpan\build\Devel-FakeOSName-0.01-0/blib/lib
    PERL5OPT = 
    PERL5_CPANPLUS_IS_RUNNING = 3608
    PERL5_CPAN_IS_RUNNING = 3608
    PERL5_CPAN_IS_RUNNING_IN_RECURSION = 2620,3608
    PERL_CR_SMOKER_CURRENT = Win32-Mock-0.05
    PERL_EXTUTILS_AUTOINSTALL = --defaultdeps
    PERL_MM_USE_DEFAULT = 1
    PROCESSOR_IDENTIFIER = x86 Family 6 Model 14 Stepping 8, GenuineIntel
    TEMP = C:\DOKUME~1\smoker\LOKALE~1\Temp
    TERM = dumb

Perl special variables (and OS-specific diagnostics, for MSWin32):

    $^X = C:\Strawberry\perl\bin\perl.exe
    $UID/$EUID = 0 / 0
    $GID = 0
    $EGID = 0
    Win32::GetOSName = WinXP/.Net
    Win32::GetOSVersion = Service Pack 3, 5, 1, 2600, 2, 3, 0, 256, 1
    Win32::FsType = NTFS
    Win32::IsAdminUser = 1

Perl module toolchain versions installed:

    Module              Have    
    ------------------- --------
    CPAN                2.14    
    CPAN::Meta          2.150010
    Cwd                 3.63_01 
    ExtUtils::CBuilder  0.280225
    ExtUtils::Command   7.24    
    ExtUtils::Install   2.04    
    ExtUtils::MakeMaker 7.24    
    ExtUtils::Manifest  1.70    
    ExtUtils::ParseXS   3.31    
    File::Spec          3.63_01 
    JSON                2.90    
    JSON::PP            2.27400 
    Module::Build       0.4220  
    Module::Signature   0.81    
    Parse::CPAN::Meta   2.150010
    Test::Harness       3.36_01 
    Test::More          1.302075
    YAML                1.21    
    YAML::Syck          n/a     
    version             0.9917  


--

Summary of my perl5 (revision 5 version 24 subversion 1) configuration:
   
  Platform:
    osname=MSWin32, osvers=6.3, archname=MSWin32-x86-multi-thread-64int
    uname='Win32 strawberry-perl 5.24.1.1 #1 Sun Jan 15 20:28:53 2017 i386'
    config_args='undef'
    hint=recommended, useposix=true, d_sigaction=undef
    useithreads=define, usemultiplicity=define
    use64bitint=define, use64bitall=undef, uselongdouble=undef
    usemymalloc=n, bincompat5005=undef
  Compiler:
    cc='gcc', ccflags =' -s -O2 -DWIN32  -DPERL_TEXTMODE_SCRIPTS -DPERL_IMPLICIT_CONTEXT -DPERL_IMPLICIT_SYS -fwrapv -fno-strict-aliasing -mms-bitfields',
    optimize='-s -O2',
    cppflags='-DWIN32'
    ccversion='', gccversion='4.9.2', gccosandvers=''
    intsize=4, longsize=4, ptrsize=4, doublesize=8, byteorder=12345678, doublekind=3
    d_longlong=define, longlongsize=8, d_longdbl=define, longdblsize=12, longdblkind=3
    ivtype='long long', ivsize=8, nvtype='double', nvsize=8, Off_t='long long', lseeksize=8
    alignbytes=8, prototype=define
  Linker and Libraries:
    ld='g++', ldflags ='-s -L"C:\STRAWB~1\perl\lib\CORE" -L"C:\STRAWB~1\c\lib"'
    libpth=C:\STRAWB~1\c\lib C:\STRAWB~1\c\i686-w64-mingw32\lib C:\STRAWB~1\c\lib\gcc\i686-w64-mingw32\4.9.2
    libs=-lmoldname -lkernel32 -luser32 -lgdi32 -lwinspool -lcomdlg32 -ladvapi32 -lshell32 -lole32 -loleaut32 -lnetapi32 -luuid -lws2_32 -lmpr -lwinmm -lversion -lodbc32 -lodbccp32 -lcomctl32
    perllibs=-lmoldname -lkernel32 -luser32 -lgdi32 -lwinspool -lcomdlg32 -ladvapi32 -lshell32 -lole32 -loleaut32 -lnetapi32 -luuid -lws2_32 -lmpr -lwinmm -lversion -lodbc32 -lodbccp32 -lcomctl32
    libc=, so=dll, useshrplib=true, libperl=libperl524.a
    gnulibc_version=''
  Dynamic Linking:
    dlsrc=dl_win32.xs, dlext=xs.dll, d_dlsymun=undef, ccdlflags=' '
    cccdlflags=' ', lddlflags='-mdll -s -L"C:\STRAWB~1\perl\lib\CORE" -L"C:\STRAWB~1\c\lib"'


Characteristics of this binary (from libperl): 
  Compile-time options: HAS_TIMES HAVE_INTERP_INTERN MULTIPLICITY
                        PERLIO_LAYERS PERL_COPY_ON_WRITE
                        PERL_DONT_CREATE_GVSV
                        PERL_HASH_FUNC_ONE_AT_A_TIME_HARD
                        PERL_IMPLICIT_CONTEXT PERL_IMPLICIT_SYS
                        PERL_MALLOC_WRAP PERL_PRESERVE_IVUV USE_64_BIT_INT
                        USE_ITHREADS USE_LARGE_FILES USE_LOCALE
                        USE_LOCALE_COLLATE USE_LOCALE_CTYPE
                        USE_LOCALE_NUMERIC USE_LOCALE_TIME USE_PERLIO
                        USE_PERL_ATOF
  Built under MSWin32
  Compiled at Jan 15 2017 20:39:08
  %ENV:
    PERL5LIB="C:\cpan\build\Devel-FakeOSName-0.01-0/blib/arch;C:\cpan\build\Devel-FakeOSName-0.01-0/blib/lib"
    PERL5_CPANPLUS_IS_RUNNING="3608"
    PERL5_CPAN_IS_RUNNING="3608"
    PERL5_CPAN_IS_RUNNING_IN_RECURSION="2620,3608"
    PERL_CR_SMOKER_CURRENT="Win32-Mock-0.05"
    PERL_EXTUTILS_AUTOINSTALL="--defaultdeps"
    PERL_MM_USE_DEFAULT="1"
  @INC:
    C:\cpan\build\Devel-FakeOSName-0.01-0/blib/arch
    C:\cpan\build\Devel-FakeOSName-0.01-0/blib/lib
    C:/Strawberry/perl/site/lib/MSWin32-x86-multi-thread-64int
    C:/Strawberry/perl/site/lib
    C:/Strawberry/perl/vendor/lib
    C:/Strawberry/perl/lib
    .