Media-Convert v1.4.1 Perl 5 v5.14.4 x86_64-linux-thread-multi-ld
- Status
- Na
- From
- Andreas J. König (ANDK)
- Dist
-
Media-Convert v1.4.1
- Platform
- Perl 5 v5.14.4 x86_64-linux-thread-multi-ld
- Date
- 2024-12-24 16:25:49
- ID
- bc6610ba-c213-11ef-aa5b-8d9cd0fa6e9b
This distribution has been tested as part of the CPAN Testers
project, supporting the Perl programming language. See
http://wiki.cpantesters.org/ for more information or email
questions to cpan-testers-discuss@perl.org
--
Dear Wouter Verhelst,
This is a computer-generated report for Media-Convert-1.4.1
on perl 5.14.4, created by CPAN-Reporter-1.2020.
Thank you for uploading your work to CPAN. While attempting to build or test
this distribution, the distribution signaled that support is not available
either for this operating system or this version of Perl. Nevertheless, any
diagnostic output produced is provided below for reference. If this is not
what you expect, you may wish to consult the CPAN Testers Wiki:
http://wiki.cpantesters.org/wiki/CPANAuthorNotes
Sections of this report:
* Tester comments
* Program output
* Prerequisites
* Environment and other context
------------------------------
TESTER COMMENTS
------------------------------
Additional comments from tester:
this report is from an automated smoke testing program
and was not reviewed by a human for accuracy
------------------------------
PROGRAM OUTPUT
------------------------------
Output from '/usr/bin/make test':
PERL_DL_NONLAZY=1 "/home/sand/src/perl/repoperls/installed-perls/host/k93msid/v5.14.4/ac75/bin/perl" "-MExtUtils::Command::MM" "-MTest::Harness" "-e" "undef *Test::Harness::Switches; test_harness(0, 'blib/lib', 'blib/arch')" t/*.t
# Failed test 'use Media::Convert::Asset;'
# at t/aac_channels.t line 8.
# Tried to use 'Media::Convert::Asset'.
# Error: Perl v5.24.0 required--this is only v5.14.4, stopped at /tmp/loop_over_bdir-788307-egTh4B/Media-Convert-1.4.1-0/blib/lib/Media/Convert/Asset.pm line 5.
# BEGIN failed--compilation aborted at /tmp/loop_over_bdir-788307-egTh4B/Media-Convert-1.4.1-0/blib/lib/Media/Convert/Asset.pm line 5.
# Compilation failed in require at t/aac_channels.t line 8.
# BEGIN failed--compilation aborted at t/aac_channels.t line 8.
Can't locate object method "new" via package "Media::Convert::Asset" at t/aac_channels.t line 12.
# Tests were run but no plan was declared and done_testing() was not seen.
# Looks like your test exited with 255 just after 3.
t/aac_channels.t ..
Dubious, test returned 255 (wstat 65280, 0xff00)
Failed 1/3 subtests
# Failed test 'use Media::Convert::Asset;'
# at t/av1.t line 8.
# Tried to use 'Media::Convert::Asset'.
# Error: Perl v5.24.0 required--this is only v5.14.4, stopped at /tmp/loop_over_bdir-788307-egTh4B/Media-Convert-1.4.1-0/blib/lib/Media/Convert/Asset.pm line 5.
# BEGIN failed--compilation aborted at /tmp/loop_over_bdir-788307-egTh4B/Media-Convert-1.4.1-0/blib/lib/Media/Convert/Asset.pm line 5.
# Compilation failed in require at t/av1.t line 8.
# BEGIN failed--compilation aborted at t/av1.t line 8.
# Failed test 'use Media::Convert::Asset::ProfileFactory;'
# at t/av1.t line 9.
# Tried to use 'Media::Convert::Asset::ProfileFactory'.
# Error: Attempt to reload Media/Convert/Asset.pm aborted.
# Compilation failed in require at /home/sand/src/perl/repoperls/installed-perls/host/k93msid/v5.14.4/ac75/lib/site_perl/5.14.4/Module/Runtime.pm line 314.
# Compilation failed in require at t/av1.t line 9.
# BEGIN failed--compilation aborted at t/av1.t line 9.
Can't locate object method "new" via package "Media::Convert::Asset" at t/av1.t line 17.
# Tests were run but no plan was declared and done_testing() was not seen.
# Looks like your test exited with 255 just after 4.
t/av1.t ...........
Dubious, test returned 255 (wstat 65280, 0xff00)
Failed 2/4 subtests
# Failed test 'use Media::Convert::Asset;'
# at t/avsync.t line 7.
# Tried to use 'Media::Convert::Asset'.
# Error: Perl v5.24.0 required--this is only v5.14.4, stopped at /tmp/loop_over_bdir-788307-egTh4B/Media-Convert-1.4.1-0/blib/lib/Media/Convert/Asset.pm line 5.
# BEGIN failed--compilation aborted at /tmp/loop_over_bdir-788307-egTh4B/Media-Convert-1.4.1-0/blib/lib/Media/Convert/Asset.pm line 5.
# Compilation failed in require at t/avsync.t line 7.
# BEGIN failed--compilation aborted at t/avsync.t line 7.
# Failed test 'use Media::Convert::AvSync;'
# at t/avsync.t line 8.
# Tried to use 'Media::Convert::AvSync'.
# Error: Attempt to reload Media/Convert/Asset.pm aborted.
# Compilation failed in require at /tmp/loop_over_bdir-788307-egTh4B/Media-Convert-1.4.1-0/blib/lib/Media/Convert/AvSync.pm line 4.
# BEGIN failed--compilation aborted at /tmp/loop_over_bdir-788307-egTh4B/Media-Convert-1.4.1-0/blib/lib/Media/Convert/AvSync.pm line 4.
# Compilation failed in require at t/avsync.t line 8.
# BEGIN failed--compilation aborted at t/avsync.t line 8.
Can't locate object method "new" via package "Media::Convert::Asset" at t/avsync.t line 10.
# Looks like your test exited with 255 just after 2.
t/avsync.t ........
Dubious, test returned 255 (wstat 65280, 0xff00)
Failed 14/14 subtests
Perl v5.24.0 required--this is only v5.14.4, stopped at t/codecs.t line 3.
BEGIN failed--compilation aborted at t/codecs.t line 3.
t/codecs.t ........
Dubious, test returned 255 (wstat 65280, 0xff00)
No subtests run
# Failed test 'use Media::Convert::Asset;'
# at t/concat.t line 8.
# Tried to use 'Media::Convert::Asset'.
# Error: Perl v5.24.0 required--this is only v5.14.4, stopped at /tmp/loop_over_bdir-788307-egTh4B/Media-Convert-1.4.1-0/blib/lib/Media/Convert/Asset.pm line 5.
# BEGIN failed--compilation aborted at /tmp/loop_over_bdir-788307-egTh4B/Media-Convert-1.4.1-0/blib/lib/Media/Convert/Asset.pm line 5.
# Compilation failed in require at t/concat.t line 8.
# BEGIN failed--compilation aborted at t/concat.t line 8.
# Failed test 'use Media::Convert::Asset::Concat;'
# at t/concat.t line 9.
# Tried to use 'Media::Convert::Asset::Concat'.
# Error: Attempt to reload Media/Convert/Asset.pm aborted.
# Compilation failed in require at /home/sand/src/perl/repoperls/installed-perls/host/k93msid/v5.14.4/ac75/lib/site_perl/5.14.4/Module/Runtime.pm line 314.
# Compilation failed in require at t/concat.t line 9.
# BEGIN failed--compilation aborted at t/concat.t line 9.
Can't locate object method "new" via package "Media::Convert::Asset" at t/concat.t line 12.
# Looks like your test exited with 255 just after 3.
t/concat.t ........
Dubious, test returned 255 (wstat 65280, 0xff00)
Failed 8/9 subtests
# Failed test 'use Media::Convert::Asset;'
# at t/convert.t line 7.
# Tried to use 'Media::Convert::Asset'.
# Error: Perl v5.24.0 required--this is only v5.14.4, stopped at /tmp/loop_over_bdir-788307-egTh4B/Media-Convert-1.4.1-0/blib/lib/Media/Convert/Asset.pm line 5.
# BEGIN failed--compilation aborted at /tmp/loop_over_bdir-788307-egTh4B/Media-Convert-1.4.1-0/blib/lib/Media/Convert/Asset.pm line 5.
# Compilation failed in require at t/convert.t line 7.
# BEGIN failed--compilation aborted at t/convert.t line 7.
Can't locate object method "new" via package "Media::Convert::Asset" at t/convert.t line 10.
# Looks like your test exited with 255 just after 2.
t/convert.t .......
Dubious, test returned 255 (wstat 65280, 0xff00)
Failed 9/10 subtests
# Failed test 'use Media::Convert::Asset;'
# at t/copy.t line 7.
# Tried to use 'Media::Convert::Asset'.
# Error: Perl v5.24.0 required--this is only v5.14.4, stopped at /tmp/loop_over_bdir-788307-egTh4B/Media-Convert-1.4.1-0/blib/lib/Media/Convert/Asset.pm line 5.
# BEGIN failed--compilation aborted at /tmp/loop_over_bdir-788307-egTh4B/Media-Convert-1.4.1-0/blib/lib/Media/Convert/Asset.pm line 5.
# Compilation failed in require at t/copy.t line 7.
# BEGIN failed--compilation aborted at t/copy.t line 7.
Can't locate object method "new" via package "Media::Convert::Asset" at t/copy.t line 10.
# Looks like your test exited with 255 just after 2.
t/copy.t ..........
Dubious, test returned 255 (wstat 65280, 0xff00)
Failed 9/10 subtests
# Failed test 'use Media::Convert::Asset;'
# at t/keyframes.t line 8.
# Tried to use 'Media::Convert::Asset'.
# Error: Perl v5.24.0 required--this is only v5.14.4, stopped at /tmp/loop_over_bdir-788307-egTh4B/Media-Convert-1.4.1-0/blib/lib/Media/Convert/Asset.pm line 5.
# BEGIN failed--compilation aborted at /tmp/loop_over_bdir-788307-egTh4B/Media-Convert-1.4.1-0/blib/lib/Media/Convert/Asset.pm line 5.
# Compilation failed in require at t/keyframes.t line 8.
# BEGIN failed--compilation aborted at t/keyframes.t line 8.
Can't locate object method "new" via package "Media::Convert::Asset" at t/keyframes.t line 11.
# Tests were run but no plan was declared and done_testing() was not seen.
# Looks like your test exited with 255 just after 2.
t/keyframes.t .....
Dubious, test returned 255 (wstat 65280, 0xff00)
Failed 1/2 subtests
# Failed test 'use Media::Convert::Asset;'
# at t/normalize.t line 7.
# Tried to use 'Media::Convert::Asset'.
# Error: Perl v5.24.0 required--this is only v5.14.4, stopped at /tmp/loop_over_bdir-788307-egTh4B/Media-Convert-1.4.1-0/blib/lib/Media/Convert/Asset.pm line 5.
# BEGIN failed--compilation aborted at /tmp/loop_over_bdir-788307-egTh4B/Media-Convert-1.4.1-0/blib/lib/Media/Convert/Asset.pm line 5.
# Compilation failed in require at t/normalize.t line 7.
# BEGIN failed--compilation aborted at t/normalize.t line 7.
Can't locate object method "new" via package "Media::Convert::Asset" at t/normalize.t line 10.
# Looks like your test exited with 255 just after 2.
t/normalize.t .....
Dubious, test returned 255 (wstat 65280, 0xff00)
Failed 8/9 subtests
# Failed test 'use Media::Convert::Asset::PNGGen;'
# at t/pnggen.t line 8.
# Tried to use 'Media::Convert::Asset::PNGGen'.
# Error: Perl v5.24.0 required--this is only v5.14.4, stopped at /tmp/loop_over_bdir-788307-egTh4B/Media-Convert-1.4.1-0/blib/lib/Media/Convert/Asset.pm line 5.
# BEGIN failed--compilation aborted at /tmp/loop_over_bdir-788307-egTh4B/Media-Convert-1.4.1-0/blib/lib/Media/Convert/Asset.pm line 5.
# Compilation failed in require at /home/sand/src/perl/repoperls/installed-perls/host/k93msid/v5.14.4/ac75/lib/site_perl/5.14.4/Module/Runtime.pm line 314.
# Compilation failed in require at t/pnggen.t line 8.
# BEGIN failed--compilation aborted at t/pnggen.t line 8.
# Failed test 'use Media::Convert::Asset;'
# at t/pnggen.t line 9.
# Tried to use 'Media::Convert::Asset'.
# Error: Attempt to reload Media/Convert/Asset.pm aborted.
# Compilation failed in require at t/pnggen.t line 9.
# BEGIN failed--compilation aborted at t/pnggen.t line 9.
# Failed test 'An object of class 'Media::Convert::Asset::PNGGen' isa 'Media::Convert::Asset''
# at t/pnggen.t line 13.
# The object of class 'Media::Convert::Asset::PNGGen' isn't a 'Media::Convert::Asset'
Can't locate object method "new" via package "Media::Convert::Asset" at t/pnggen.t line 15.
# Looks like your test exited with 255 just after 5.
t/pnggen.t ........
Dubious, test returned 255 (wstat 65280, 0xff00)
Failed 6/8 subtests
# Failed test 'use Media::Convert::Asset;'
# at t/probe.t line 7.
# Tried to use 'Media::Convert::Asset'.
# Error: Perl v5.24.0 required--this is only v5.14.4, stopped at /tmp/loop_over_bdir-788307-egTh4B/Media-Convert-1.4.1-0/blib/lib/Media/Convert/Asset.pm line 5.
# BEGIN failed--compilation aborted at /tmp/loop_over_bdir-788307-egTh4B/Media-Convert-1.4.1-0/blib/lib/Media/Convert/Asset.pm line 5.
# Compilation failed in require at t/probe.t line 7.
# BEGIN failed--compilation aborted at t/probe.t line 7.
Can't locate object method "new" via package "Media::Convert::Asset" at t/probe.t line 9.
# Looks like your test exited with 255 just after 1.
t/probe.t .........
Dubious, test returned 255 (wstat 65280, 0xff00)
Failed 11/11 subtests
# Failed test 'use Media::Convert::Asset;'
# at t/profiles.t line 8.
# Tried to use 'Media::Convert::Asset'.
# Error: Perl v5.24.0 required--this is only v5.14.4, stopped at /tmp/loop_over_bdir-788307-egTh4B/Media-Convert-1.4.1-0/blib/lib/Media/Convert/Asset.pm line 5.
# BEGIN failed--compilation aborted at /tmp/loop_over_bdir-788307-egTh4B/Media-Convert-1.4.1-0/blib/lib/Media/Convert/Asset.pm line 5.
# Compilation failed in require at t/profiles.t line 8.
# BEGIN failed--compilation aborted at t/profiles.t line 8.
# Failed test 'use Media::Convert::Asset::ProfileFactory;'
# at t/profiles.t line 9.
# Tried to use 'Media::Convert::Asset::ProfileFactory'.
# Error: Attempt to reload Media/Convert/Asset.pm aborted.
# Compilation failed in require at /home/sand/src/perl/repoperls/installed-perls/host/k93msid/v5.14.4/ac75/lib/site_perl/5.14.4/Module/Runtime.pm line 314.
# Compilation failed in require at t/profiles.t line 9.
# BEGIN failed--compilation aborted at t/profiles.t line 9.
Can't locate object method "new" via package "Media::Convert::Asset" at t/profiles.t line 12.
# Looks like your test exited with 255 just after 3.
t/profiles.t ......
Dubious, test returned 255 (wstat 65280, 0xff00)
Failed 44/45 subtests
# Failed test 'use Media::Convert::Asset;'
# at t/reporting.t line 8.
# Tried to use 'Media::Convert::Asset'.
# Error: Perl v5.24.0 required--this is only v5.14.4, stopped at /tmp/loop_over_bdir-788307-egTh4B/Media-Convert-1.4.1-0/blib/lib/Media/Convert/Asset.pm line 5.
# BEGIN failed--compilation aborted at /tmp/loop_over_bdir-788307-egTh4B/Media-Convert-1.4.1-0/blib/lib/Media/Convert/Asset.pm line 5.
# Compilation failed in require at t/reporting.t line 8.
# BEGIN failed--compilation aborted at t/reporting.t line 8.
Can't locate object method "new" via package "Media::Convert::Asset" at t/reporting.t line 11.
# Looks like your test exited with 255 just after 2.
t/reporting.t .....
Dubious, test returned 255 (wstat 65280, 0xff00)
Failed 6/7 subtests
Perl v5.24.0 required--this is only v5.14.4, stopped at t/script.t line 3.
BEGIN failed--compilation aborted at t/script.t line 3.
t/script.t ........
Dubious, test returned 255 (wstat 65280, 0xff00)
No subtests run
Test Summary Report
-------------------
t/aac_channels.t (Wstat: 65280 (exited 255) Tests: 3 Failed: 1)
Failed test: 1
Non-zero exit status: 255
Parse errors: No plan found in TAP output
t/av1.t (Wstat: 65280 (exited 255) Tests: 4 Failed: 2)
Failed tests: 1-2
Non-zero exit status: 255
Parse errors: No plan found in TAP output
t/avsync.t (Wstat: 65280 (exited 255) Tests: 2 Failed: 2)
Failed tests: 1-2
Non-zero exit status: 255
Parse errors: Bad plan. You planned 14 tests but ran 2.
t/codecs.t (Wstat: 65280 (exited 255) Tests: 0 Failed: 0)
Non-zero exit status: 255
Parse errors: No plan found in TAP output
t/concat.t (Wstat: 65280 (exited 255) Tests: 3 Failed: 2)
Failed tests: 1-2
Non-zero exit status: 255
Parse errors: Bad plan. You planned 9 tests but ran 3.
t/convert.t (Wstat: 65280 (exited 255) Tests: 2 Failed: 1)
Failed test: 1
Non-zero exit status: 255
Parse errors: Bad plan. You planned 10 tests but ran 2.
t/copy.t (Wstat: 65280 (exited 255) Tests: 2 Failed: 1)
Failed test: 1
Non-zero exit status: 255
Parse errors: Bad plan. You planned 10 tests but ran 2.
t/keyframes.t (Wstat: 65280 (exited 255) Tests: 2 Failed: 1)
Failed test: 1
Non-zero exit status: 255
Parse errors: No plan found in TAP output
t/normalize.t (Wstat: 65280 (exited 255) Tests: 2 Failed: 1)
Failed test: 1
Non-zero exit status: 255
Parse errors: Bad plan. You planned 9 tests but ran 2.
t/pnggen.t (Wstat: 65280 (exited 255) Tests: 5 Failed: 3)
Failed tests: 1-2, 4
Non-zero exit status: 255
Parse errors: Bad plan. You planned 8 tests but ran 5.
t/probe.t (Wstat: 65280 (exited 255) Tests: 1 Failed: 1)
Failed test: 1
Non-zero exit status: 255
Parse errors: Bad plan. You planned 11 tests but ran 1.
t/profiles.t (Wstat: 65280 (exited 255) Tests: 3 Failed: 2)
Failed tests: 1-2
Non-zero exit status: 255
Parse errors: Bad plan. You planned 45 tests but ran 3.
t/reporting.t (Wstat: 65280 (exited 255) Tests: 2 Failed: 1)
Failed test: 1
Non-zero exit status: 255
Parse errors: Bad plan. You planned 7 tests but ran 2.
t/script.t (Wstat: 65280 (exited 255) Tests: 0 Failed: 0)
Non-zero exit status: 255
Parse errors: No plan found in TAP output
Files=14, Tests=31, 10 wallclock secs ( 0.06 usr 0.04 sys + 3.61 cusr 0.74 csys = 4.45 CPU)
Result: FAIL
Failed 14/14 test programs. 18/31 subtests failed.
make: *** [Makefile:947: test_dynamic] Error 255
------------------------------
PREREQUISITES
------------------------------
Prerequisite modules loaded:
requires:
Module Need Have
------------------- ---- --------
Alien::ffmpeg 0 0.105
IPC::System::Simple 0 1.30
JSON::MaybeXS 0 1.004008
Moose 0 2.2207
MooseX::Singleton 0 0.30
SemVer 0 0.10.0
build_requires:
Module Need Have
------------------- ---- --------
ExtUtils::MakeMaker 0 7.70
Test::More 0 1.302195
configure_requires:
Module Need Have
------------------- ---- --------
ExtUtils::MakeMaker 0 7.70
------------------------------
ENVIRONMENT AND OTHER CONTEXT
------------------------------
Environment variables:
AUTOMATED_TESTING = 1
LANG = en_US.UTF-8
LANGUAGE = en_US:en
PATH = /home/sand/bin:/usr/local/bin:/usr/bin:/bin:/usr/games:/usr/local/perl/bin:/usr/X11/bin:/sbin:/usr/sbin
PERL5LIB =
PERL5OPT =
PERL5_CPANPLUS_IS_RUNNING = 2576635
PERL5_CPAN_IS_RUNNING = 2576635
PERL_CANARY_STABILITY_NOPROMPT = 1
PERL_MM_USE_DEFAULT = 1
PERL_USE_UNSAFE_INC = 1
SHELL = /usr/bin/zsh
TERM = screen
Perl special variables (and OS-specific diagnostics, for MSWin32):
$^X = /home/sand/src/perl/repoperls/installed-perls/host/k93msid/v5.14.4/ac75/bin/perl
$UID/$EUID = 1005 / 1005
$GID = 1005 1005
$EGID = 1005 1005
Perl module toolchain versions installed:
Module Have
------------------- --------
CPAN 2.38
CPAN::Meta 2.150010
Cwd 3.75
ExtUtils::CBuilder 0.280236
ExtUtils::Command 7.70
ExtUtils::Install 2.22
ExtUtils::MakeMaker 7.70
ExtUtils::Manifest 1.70
ExtUtils::ParseXS 3.51
File::Spec 3.75
JSON 4.10
JSON::PP 4.16
Module::Build 0.4234
Module::Signature 0.88
Parse::CPAN::Meta 2.150010
Test2 1.302195
Test::Harness 3.49_01
Test::More 1.302195
YAML 1.30
YAML::Syck 1.34
version 0.9929
--
Summary of my perl5 (revision 5 version 14 subversion 4) configuration:
Derived from: 26c5c13a4ece9084f310610bb17fb2f24c72a73e
Platform:
osname=linux, osvers=6.1.0-7-amd64, archname=x86_64-linux-thread-multi-ld
uname='linux k93msid 6.1.0-7-amd64 #1 smp preempt_dynamic debian 6.1.20-1 (2023-03-19) x86_64 gnulinux '
config_args='-Dprefix=/home/sand/src/perl/repoperls/installed-perls/host/k93msid/v5.14.4/ac75 -Dmyhostname=k93msid -Dinstallusrbinperl=n -Uversiononly -Dusedevel -des -Ui_db -Dlibswanted=cl pthread socket inet nsl gdbm dbm malloc dl ld sun m crypt sec util c cposix posix ucb BSD gdbm_compat -Duseithreads -Duselongdouble -DEBUGGING=both'
hint=recommended, useposix=true, d_sigaction=define
useithreads=define, usemultiplicity=define
useperlio=define, d_sfio=undef, uselargefiles=define, usesocks=undef
use64bitint=define, use64bitall=define, uselongdouble=define
usemymalloc=n, bincompat5005=undef
Compiler:
cc='cc', ccflags ='-D_REENTRANT -D_GNU_SOURCE -fwrapv -DDEBUGGING -fno-strict-aliasing -pipe -fstack-protector -I/usr/local/include -D_LARGEFILE_SOURCE -D_FILE_OFFSET_BITS=64',
optimize='-O2 -g',
cppflags='-D_REENTRANT -D_GNU_SOURCE -fwrapv -DDEBUGGING -fno-strict-aliasing -pipe -fstack-protector -I/usr/local/include'
ccversion='', gccversion='12.2.0', gccosandvers=''
intsize=4, longsize=8, ptrsize=8, doublesize=8, byteorder=12345678
d_longlong=define, longlongsize=8, d_longdbl=define, longdblsize=16
ivtype='long', ivsize=8, nvtype='long double', nvsize=16, Off_t='off_t', lseeksize=8
alignbytes=16, prototype=define
Linker and Libraries:
ld='cc', ldflags =' -fstack-protector -L/usr/local/lib'
libpth=/usr/local/lib /lib/x86_64-linux-gnu /lib/../lib /usr/lib/x86_64-linux-gnu /usr/lib/../lib /lib /usr/lib /lib64 /usr/lib64
libs=-lpthread -lnsl -ldl -lm -lcrypt -lutil -lc
perllibs=-lpthread -lnsl -ldl -lm -lcrypt -lutil -lc
libc=/lib/x86_64-linux-gnu/libc.so.6, so=so, useshrplib=false, libperl=libperl.a
gnulibc_version='2.36'
Dynamic Linking:
dlsrc=dl_dlopen.xs, dlext=so, d_dlsymun=undef, ccdlflags='-Wl,-E'
cccdlflags='-fPIC', lddlflags='-shared -O2 -g -L/usr/local/lib -fstack-protector'
Characteristics of this binary (from libperl):
Compile-time options: DEBUGGING MULTIPLICITY PERL_DONT_CREATE_GVSV
PERL_IMPLICIT_CONTEXT PERL_MALLOC_WRAP
PERL_PRESERVE_IVUV PERL_TRACK_MEMPOOL PERL_USE_DEVEL
USE_64_BIT_ALL USE_64_BIT_INT USE_ITHREADS
USE_LARGE_FILES USE_LONG_DOUBLE USE_PERLIO
USE_PERL_ATOF USE_REENTRANT_API
Locally applied patches:
uncommitted-changes
Built under linux
Compiled at Jun 17 2023 08:27:44
%ENV:
PERL5LIB=""
PERL5OPT=""
PERL5_CPANPLUS_IS_RUNNING="2576635"
PERL5_CPAN_IS_RUNNING="2576635"
PERL_CANARY_STABILITY_NOPROMPT="1"
PERL_MM_USE_DEFAULT="1"
PERL_USE_UNSAFE_INC="1"
@INC:
/home/sand/src/perl/repoperls/installed-perls/host/k93msid/v5.14.4/ac75/lib/site_perl/5.14.4/x86_64-linux-thread-multi-ld
/home/sand/src/perl/repoperls/installed-perls/host/k93msid/v5.14.4/ac75/lib/site_perl/5.14.4
/home/sand/src/perl/repoperls/installed-perls/host/k93msid/v5.14.4/ac75/lib/5.14.4/x86_64-linux-thread-multi-ld
/home/sand/src/perl/repoperls/installed-perls/host/k93msid/v5.14.4/ac75/lib/5.14.4
.