Net-SIP v0.838 Perl 5 v5.10.0 i386-freebsd

Status
Fail
From
Chris Williams (BINGOS)
Dist
Net-SIP v0.838
Platform
Perl 5 v5.10.0 i386-freebsd
Date
2024-08-03 09:14:06
ID
bbf44d6a-5178-11ef-98b0-b3c3213a625c
This distribution has been tested as part of the CPAN Testers
project, supporting the Perl programming language.  See
http://wiki.cpantesters.org/ for more information or email
questions to cpan-testers-discuss@perl.org


--

Dear SULLR,

This is a computer-generated error report created automatically by
CPANPLUS, version 0.9914. Testers personal comments may appear
at the end of this report.


Thank you for uploading your work to CPAN.  However, it appears that
there were some problems testing your distribution.

TEST RESULTS:

Below is the error stack from stage 'make test':

Skip blib/lib/Net/SIP/NATHelper/Server.pod (unchanged)
Skip blib/lib/Net/SIP/Debug.pm (unchanged)
Skip blib/lib/Net/SIP/Response.pm (unchanged)
Skip blib/lib/Net/SIP/Request.pm (unchanged)
Skip blib/lib/Net/SIP/Response.pod (unchanged)
Skip blib/lib/Net/SIP/Packet.pm (unchanged)
Skip blib/lib/Net/SIP/DTMF.pm (unchanged)
Skip blib/lib/Net/SIP/Dropper.pm (unchanged)
Skip blib/lib/Net/SIP/Debug.pod (unchanged)
Skip blib/lib/Net/SIP/Authorize.pod (unchanged)
Skip blib/lib/Net/SIP/Blocker.pm (unchanged)
Skip blib/lib/Net/SIP/SocketPool.pod (unchanged)
Skip blib/lib/Net/SIP/SDP.pod (unchanged)
Skip blib/lib/Net/SIP/Simple/RTP.pod (unchanged)
Skip blib/lib/Net/SIP/Dispatcher.pm (unchanged)
Skip blib/lib/Net/SIP/Simple/RTP.pm (unchanged)
Skip blib/lib/Net/SIP/Request.pod (unchanged)
Skip blib/lib/Net/SIP/NATHelper/Local.pod (unchanged)
Skip blib/lib/Net/SIP/Dispatcher/Eventloop.pm (unchanged)
Skip blib/lib/Net/SIP/SocketPool.pm (unchanged)
Skip blib/lib/Net/SIP/Simple/Call.pm (unchanged)
Skip blib/lib/Net/SIP/NATHelper/Server.pm (unchanged)
Skip blib/lib/Net/SIP/ReceiveChain.pod (unchanged)
Skip blib/lib/Net/SIP/Dispatcher.pod (unchanged)
Skip blib/lib/Net/SIP/Blocker.pod (unchanged)
Skip blib/lib/Net/SIP/Endpoint.pod (unchanged)
Skip blib/lib/Net/SIP/NATHelper/Client.pm (unchanged)
Skip blib/lib/Net/SIP/Dispatcher/Eventloop.pod (unchanged)
Skip blib/lib/Net/SIP/Dropper/ByField.pm (unchanged)
Skip blib/lib/Net/SIP/Leg.pod (unchanged)
Skip blib/lib/Net/SIP/Redirect.pod (unchanged)
Skip blib/lib/Net/SIP/Endpoint.pm (unchanged)
Skip blib/lib/Net/SIP.pm (unchanged)
Skip blib/lib/Net/SIP/NATHelper/Base.pod (unchanged)
Skip blib/lib/Net/SIP/NATHelper/Local.pm (unchanged)
Skip blib/lib/Net/SIP/Registrar.pod (unchanged)
Skip blib/lib/Net/SIP/Leg.pm (unchanged)
Skip blib/lib/Net/SIP/Simple.pod (unchanged)
Skip blib/lib/Net/SIP/ReceiveChain.pm (unchanged)
Skip blib/lib/Net/SIP/Registrar.pm (unchanged)
Skip blib/lib/Net/SIP/Endpoint/Context.pm (unchanged)
Skip blib/lib/Net/SIP/StatelessProxy.pm (unchanged)
Skip blib/lib/Net/SIP/SDP.pm (unchanged)
Skip blib/lib/Net/SIP/DTMF.pod (unchanged)
Skip blib/lib/Net/SIP/Simple.pm (unchanged)
Skip blib/lib/Net/SIP/Packet.pod (unchanged)
Skip blib/lib/Net/SIP/Simple/Call.pod (unchanged)
Skip blib/lib/Net/SIP/Endpoint/Context.pod (unchanged)
Skip blib/lib/Net/SIP/NATHelper/Base.pm (unchanged)
Skip blib/lib/Net/SIP/NATHelper/Client.pod (unchanged)
Skip blib/lib/Net/SIP/StatelessProxy.pod (unchanged)
Skip blib/lib/Net/SIP/Dropper/ByIPPort.pm (unchanged)
Skip blib/lib/Net/SIP/Authorize.pm (unchanged)
Skip blib/lib/Net/SIP.pod (unchanged)
Skip blib/lib/Net/SIP/Util.pod (unchanged)
Skip blib/lib/Net/SIP/Util.pm (unchanged)
Skip blib/lib/Net/SIP/Redirect.pm (unchanged)
PERL_DL_NONLAZY=1 "/usr/home/cpan/pit/bare/perl-5.10.0/bin/perl" "-MExtUtils::Command::MM" "-MTest::Harness" "-e" "undef *Test::Harness::Switches; test_harness(0, 'blib/lib', 'blib/arch')" t/*.t
t/01_load.t ............................. ok
# call created
# got ringing
# call established
# call cleaned up
# call created
# got ringing
# call established
# call cleaned up
t/02_listen_and_invite.t ................ ok
t/03_forward_stateless.t ................ ok
t/04_call_with_rtp.t .................... ok
t/05_call_with_stateless_proxy.t ........ ok
t/06_call_with_reinvite.t ............... ok
t/07_call_on_hold.t ..................... ok
t/08_register_with_auth.t ............... ok
t/09_fdleak.t ........................... ok
t/10_fdleak.t ........................... ok
t/11_invite_timeout.t ................... ok
# call established
# call cleaned up
# call established
# call cleaned up
t/12_maddr.t ............................ ok
t/13_maddr_proxy.t ...................... ok
# UAS   on 127.0.0.1:5062 
# UAC   on 127.0.0.1:5060 
# PROXY on 127.0.0.1:5063 
t/14_bugfix_0.51.t ...................... ok
t/15_block_invite.t ..................... ok
t/16_drop_invite.t ...................... ok
t/17_call_with_reinvite_and_auth.t ...... ok
t/18_register_with_auth_step_by_step.t .. ok
# UAS on 127.0.0.1:34866
# UAC on 127.0.0.1:59696
# call created
# call established
# call cleaned up
# received=465 lost=0 expect ca. 467.5 packets, events='1 2 D # 3 4 B *'
# UAS on 127.0.0.1:40412
# UAC on 127.0.0.1:12854
# call created
# call established
# call cleaned up
# received=465 lost=0 expect ca. 467.5 packets, events='1 2 D # 3 4 B *'
# UAS on 127.0.0.1:35531
# UAC on 127.0.0.1:44185
# call created
# call established
# call cleaned up
# received=466 lost=0 expect ca. 467.5 packets, events='1 2 D # 3 4 B *'
# UAS on 127.0.0.1:51659
# UAC on 127.0.0.1:32377
# call created
# call established
# call cleaned up
# received=465 lost=0 expect ca. 467.5 packets, events='1 2 D # 3 4 B *'
# UAS on 127.0.0.1:10697
# UAC on 127.0.0.1:17091
# call created
# call established
# call cleaned up
# received=464 lost=0 expect ca. 467.5 packets, events='1 2 D # 3 4 B *'
# UAS on 127.0.0.1:27227
# UAC on 127.0.0.1:11435
# call created
# call established
# call cleaned up
# received=465 lost=0 expect ca. 467.5 packets, events='1 2 D # 3 4 B *'
# UAS on 127.0.0.1:50918
# UAC on 127.0.0.1:18920
# call created
# call established
# call cleaned up
# received=465 lost=0 expect ca. 467.5 packets, events='1 2 D # 3 4 B *'
# UAS on 127.0.0.1:61376
# UAC on 127.0.0.1:54530
# call created
# call established
# call cleaned up
# received=464 lost=0 expect ca. 467.5 packets, events='1 2 D # 3 4 B *'
t/19_call_with_dtmf.t ................... ok
t/20_channel_on_hold.t .................. ok
t/21_channel_on_hold_stateless_proxy.t .. ok
t/22_stateless_proxy_ack_on_error.t ..... ok
Use of uninitialized value $header[0] in length at /usr/home/cpan/pit/bare/conf/perl-5.10.0/.cpanplus/5.10.0/build/0fz_VVkL1V/Net-SIP-0.838/blib/lib/Net/SIP/Packet.pm line 651.
t/23_valid_message.t .................... ok

#   Failed test 'DTMF audio generator and extractor for codec pcmu works'
#   at t/24_dtmf_audio.t line 24.
#     Structures begin differing at:
#          $got->[15] = Does not exist
#     $expected->[15] = 'D'

#   Failed test 'DTMF audio generator and extractor for codec pcma works'
#   at t/24_dtmf_audio.t line 24.
#     Structures begin differing at:
#          $got->[12] = 'B'
#     $expected->[12] = 'A'
# Looks like you failed 2 tests of 2.
t/24_dtmf_audio.t ....................... 
Dubious, test returned 2 (wstat 512, 0x200)
Failed 2/2 subtests 
t/25_register_tcp_timeout.t ............. ok
t/26_request_ack.t ...................... ok

Test Summary Report
-------------------
t/24_dtmf_audio.t                     (Wstat: 512 (exited 2) Tests: 2 Failed: 2)
  Failed tests:  1-2
  Non-zero exit status: 2
Files=26, Tests=2000, 175 wallclock secs ( 0.33 usr  0.50 sys + 38.55 cusr  9.77 csys = 49.16 CPU)
Result: FAIL
Failed 1/26 test programs. 2/2000 subtests failed.
*** Error code 255

Stop.
make: stopped in /usr/home/cpan/pit/bare/conf/perl-5.10.0/.cpanplus/5.10.0/build/0fz_VVkL1V/Net-SIP-0.838


PREREQUISITES:

Here is a list of prerequisites you specified and versions we
managed to load:

	  Module Name                        Have     Want
	  ExtUtils::MakeMaker                7.70        0
	  Socket                            2.038     1.95

Perl module toolchain versions installed:
	Module Name                        Have
	CPANPLUS                         0.9914
	CPANPLUS::Dist::Build              0.90
	Cwd                                3.75
	ExtUtils::CBuilder             0.280236
	ExtUtils::Command                  7.70
	ExtUtils::Install                  2.22
	ExtUtils::MakeMaker                7.70
	ExtUtils::Manifest                 1.75
	ExtUtils::ParseXS                  3.51
	File::Spec                         3.75
	Module::Build                    0.4234
	Pod::Parser                        1.35
	Pod::Simple                        3.05
	Test2                          1.302198
	Test::Harness                      3.48
	Test::More                     1.302198
	version                          0.9930

******************************** NOTE ********************************
The comments above are created mechanically, possibly without manual
checking by the sender.  As there are many people performing automatic
tests on each upload to CPAN, it is likely that you will receive
identical messages about the same problem.

If you believe that the message is mistaken, please reply to the first
one with correction and/or additional informations, and do not take
it personally.  We appreciate your patience. :)
**********************************************************************

Additional comments:


This report was machine-generated by CPANPLUS::Dist::YACSmoke 1.08.
Powered by minismokebox version 0.68

CPANPLUS is prefering Build.PL

------------------------------
ENVIRONMENT AND OTHER CONTEXT
------------------------------

Environment variables:

    AUTOMATED_TESTING = 1
    NONINTERACTIVE_TESTING = 1
    PATH = /sbin:/bin:/usr/sbin:/usr/bin:/usr/local/sbin:/usr/local/bin:/home/cpan/bin
    PERL5LIB = /usr/home/cpan/pit/jail/_cwwBqyVlX/lib/perl5:/usr/home/cpan/pit/bare/conf/perl-5.10.0/.cpanplus/5.10.0/build/0fz_VVkL1V/Net-SIP-0.838/blib/lib:/usr/home/cpan/pit/bare/conf/perl-5.10.0/.cpanplus/5.10.0/build/0fz_VVkL1V/Net-SIP-0.838/blib/arch
    PERL5_CPANPLUS_IS_RUNNING = 82143
    PERL5_CPANPLUS_IS_VERSION = 0.9914
    PERL5_MINISMOKEBOX = 0.68
    PERL5_YACSMOKE_BASE = /usr/home/cpan/pit/bare/conf/perl-5.10.0
    PERL_EXTUTILS_AUTOINSTALL = --defaultdeps
    PERL_LOCAL_LIB_ROOT = /usr/home/cpan/pit/jail/_cwwBqyVlX
    PERL_MB_OPT = --install_base "/usr/home/cpan/pit/jail/_cwwBqyVlX"
    PERL_MM_OPT = INSTALL_BASE=/usr/home/cpan/pit/jail/_cwwBqyVlX
    PERL_MM_USE_DEFAULT = 1
    SHELL = /usr/local/bin/bash
    TERM = screen

Perl special variables (and OS-specific diagnostics, for MSWin32):

    Perl: $^X = /usr/home/cpan/pit/bare/perl-5.10.0/bin/perl
    UID:  $<  = 1002
    EUID: $>  = 1002
    GID:  $(  = 1002 1002
    EGID: $)  = 1002 1002


-------------------------------


--

Summary of my perl5 (revision 5 version 10 subversion 0) configuration:
  Platform:
    osname=freebsd, osvers=12.4-release, archname=i386-freebsd
    uname='freebsd ffyrc 12.4-release freebsd 12.4-release r372781 generic i386 '
    config_args='-des -Dprefix=/usr/home/cpan/pit/bare/perl-5.10.0'
    hint=recommended, useposix=true, d_sigaction=define
    useithreads=undef, usemultiplicity=undef
    useperlio=define, d_sfio=undef, uselargefiles=define, usesocks=undef
    use64bitint=undef, use64bitall=undef, uselongdouble=undef
    usemymalloc=n, bincompat5005=undef
  Compiler:
    cc='cc', ccflags ='-DHAS_FPSETMASK -DHAS_FLOATINGPOINT_H -fno-strict-aliasing -pipe -I/usr/local/include',
    optimize='-O2',
    cppflags='-DHAS_FPSETMASK -DHAS_FLOATINGPOINT_H -fno-strict-aliasing -pipe -I/usr/local/include'
    ccversion='', gccversion='FreeBSD Clang 13.0.0 (git@github.com:llvm/llvm-project.git llvmorg-13.0.0-0-gd7b669b3a303)', gccosandvers=''
    intsize=4, longsize=4, ptrsize=4, doublesize=8, byteorder=1234
    d_longlong=define, longlongsize=8, d_longdbl=define, longdblsize=12
    ivtype='long', ivsize=4, nvtype='double', nvsize=8, Off_t='off_t', lseeksize=8
    alignbytes=4, prototype=define
  Linker and Libraries:
    ld='cc', ldflags ='-Wl,-E  -L/usr/local/lib'
    libpth=/usr/lib /usr/local/lib
    libs=-lgdbm -ldl -lm -lcrypt -lutil -lc
    perllibs=-ldl -lm -lcrypt -lutil -lc
    libc=, so=so, useshrplib=false, libperl=libperl.a
    gnulibc_version=''
  Dynamic Linking:
    dlsrc=dl_dlopen.xs, dlext=so, d_dlsymun=undef, ccdlflags=' '
    cccdlflags='-DPIC -fPIC', lddlflags='-shared  -L/usr/local/lib'


Characteristics of this binary (from libperl): 
  Compile-time options: PERL_DONT_CREATE_GVSV PERL_MALLOC_WRAP
                        USE_LARGE_FILES USE_PERLIO
  Locally applied patches:
	Devel::PatchPerl 2.08
  Built under freebsd
  Compiled at Apr  2 2023 12:25:29
  %ENV:
    PERL5LIB="/usr/home/cpan/pit/jail/_cwwBqyVlX/lib/perl5:/usr/home/cpan/pit/bare/conf/perl-5.10.0/.cpanplus/5.10.0/build/0fz_VVkL1V/Net-SIP-0.838/blib/lib:/usr/home/cpan/pit/bare/conf/perl-5.10.0/.cpanplus/5.10.0/build/0fz_VVkL1V/Net-SIP-0.838/blib/arch"
    PERL5_CPANPLUS_IS_RUNNING="82143"
    PERL5_CPANPLUS_IS_VERSION="0.9914"
    PERL5_MINISMOKEBOX="0.68"
    PERL5_YACSMOKE_BASE="/usr/home/cpan/pit/bare/conf/perl-5.10.0"
    PERL_EXTUTILS_AUTOINSTALL="--defaultdeps"
    PERL_LOCAL_LIB_ROOT="/usr/home/cpan/pit/jail/_cwwBqyVlX"
    PERL_MB_OPT="--install_base "/usr/home/cpan/pit/jail/_cwwBqyVlX""
    PERL_MM_OPT="INSTALL_BASE=/usr/home/cpan/pit/jail/_cwwBqyVlX"
    PERL_MM_USE_DEFAULT="1"
  @INC:
    /usr/home/cpan/pit/jail/_cwwBqyVlX/lib/perl5/5.10.0/i386-freebsd
    /usr/home/cpan/pit/jail/_cwwBqyVlX/lib/perl5/5.10.0
    /usr/home/cpan/pit/jail/_cwwBqyVlX/lib/perl5/i386-freebsd
    /usr/home/cpan/pit/jail/_cwwBqyVlX/lib/perl5
    /usr/home/cpan/pit/bare/conf/perl-5.10.0/.cpanplus/5.10.0/build/0fz_VVkL1V/Net-SIP-0.838/blib/lib
    /usr/home/cpan/pit/bare/conf/perl-5.10.0/.cpanplus/5.10.0/build/0fz_VVkL1V/Net-SIP-0.838/blib/arch
    /usr/home/cpan/pit/bare/perl-5.10.0/lib/5.10.0/i386-freebsd
    /usr/home/cpan/pit/bare/perl-5.10.0/lib/5.10.0
    /usr/home/cpan/pit/bare/perl-5.10.0/lib/site_perl/5.10.0/i386-freebsd
    /usr/home/cpan/pit/bare/perl-5.10.0/lib/site_perl/5.10.0
    .