Orochi v0.00010 Perl 5 v5.22.4 x86_64-linux

Status
Fail
From
Oleg Pronin (SYBER)
Dist
Orochi v0.00010
Platform
Perl 5 v5.22.4 x86_64-linux
Date
2019-08-12 14:08:59
ID
baf44e36-bd0a-11e9-9bf7-71c62958ff60
This distribution has been tested as part of the CPAN Testers
project, supporting the Perl programming language.  See
http://wiki.cpantesters.org/ for more information or email
questions to cpan-testers-discuss@perl.org


--
Dear Daisuke Maki,

This is a computer-generated report for Orochi-0.00010
on perl 5.22.4, created by CPAN-Reporter-1.2018.

Thank you for uploading your work to CPAN.  However, there was a problem
testing your distribution.

If you think this report is invalid, please consult the CPAN Testers Wiki
for suggestions on how to avoid getting FAIL reports for missing library
or binary dependencies, unsupported operating systems, and so on:

http://wiki.cpantesters.org/wiki/CPANAuthorNotes

Sections of this report:

    * Tester comments
    * Program output
    * Prerequisites
    * Environment and other context

------------------------------
TESTER COMMENTS
------------------------------

Additional comments from tester:

this report is from an automated smoke testing program
and was not reviewed by a human for accuracy

------------------------------
PROGRAM OUTPUT
------------------------------

Output from '/usr/bin/make test':

PERL_DL_NONLAZY=1 "/home/syber/perl5/perlbrew/perls/5.22.4/bin/perl" "-MExtUtils::Command::MM" "-MTest::Harness" "-e" "undef *Test::Harness::Switches; test_harness(0, 'inc', 'blib/lib', 'blib/arch')" t/*.t
Variable "$__CONTAINER" is not imported at /home/syber/.local/share/.cpan/build/Orochi-0.00010-0/blib/lib/Orochi/Declare.pm line 28.
syntax error at /home/syber/.local/share/.cpan/build/Orochi-0.00010-0/blib/lib/Orochi/Declare.pm line 12, near "$name qw( bin_value container inject_constructor inject_literal )"
Global symbol "$name" requires explicit package name (did you forget to declare "my $name"?) at /home/syber/.local/share/.cpan/build/Orochi-0.00010-0/blib/lib/Orochi/Declare.pm line 15.
Global symbol "$name" requires explicit package name (did you forget to declare "my $name"?) at /home/syber/.local/share/.cpan/build/Orochi-0.00010-0/blib/lib/Orochi/Declare.pm line 16.
Global symbol "$name" requires explicit package name (did you forget to declare "my $name"?) at /home/syber/.local/share/.cpan/build/Orochi-0.00010-0/blib/lib/Orochi/Declare.pm line 17.
Global symbol "$name" requires explicit package name (did you forget to declare "my $name"?) at /home/syber/.local/share/.cpan/build/Orochi-0.00010-0/blib/lib/Orochi/Declare.pm line 19.
syntax error at /home/syber/.local/share/.cpan/build/Orochi-0.00010-0/blib/lib/Orochi/Declare.pm line 22, near "}"
Global symbol "$__CONTAINER" requires explicit package name (did you forget to declare "my $__CONTAINER"?) at /home/syber/.local/share/.cpan/build/Orochi-0.00010-0/blib/lib/Orochi/Declare.pm line 28.
Compilation failed in require at t/001_constructor.t line 90.
BEGIN failed--compilation aborted at t/001_constructor.t line 90.
t/001_constructor.t ... 
Dubious, test returned 255 (wstat 65280, 0xff00)
No subtests run 
Variable "$__CONTAINER" is not imported at /home/syber/.local/share/.cpan/build/Orochi-0.00010-0/blib/lib/Orochi/Declare.pm line 28.
syntax error at /home/syber/.local/share/.cpan/build/Orochi-0.00010-0/blib/lib/Orochi/Declare.pm line 12, near "$name qw( bin_value container inject_constructor inject_literal )"
Global symbol "$name" requires explicit package name (did you forget to declare "my $name"?) at /home/syber/.local/share/.cpan/build/Orochi-0.00010-0/blib/lib/Orochi/Declare.pm line 15.
Global symbol "$name" requires explicit package name (did you forget to declare "my $name"?) at /home/syber/.local/share/.cpan/build/Orochi-0.00010-0/blib/lib/Orochi/Declare.pm line 16.
Global symbol "$name" requires explicit package name (did you forget to declare "my $name"?) at /home/syber/.local/share/.cpan/build/Orochi-0.00010-0/blib/lib/Orochi/Declare.pm line 17.
Global symbol "$name" requires explicit package name (did you forget to declare "my $name"?) at /home/syber/.local/share/.cpan/build/Orochi-0.00010-0/blib/lib/Orochi/Declare.pm line 19.
syntax error at /home/syber/.local/share/.cpan/build/Orochi-0.00010-0/blib/lib/Orochi/Declare.pm line 22, near "}"
Global symbol "$__CONTAINER" requires explicit package name (did you forget to declare "my $__CONTAINER"?) at /home/syber/.local/share/.cpan/build/Orochi-0.00010-0/blib/lib/Orochi/Declare.pm line 28.
Compilation failed in require at t/002_declare.t line 4.
BEGIN failed--compilation aborted at t/002_declare.t line 4.
t/002_declare.t ....... 
Dubious, test returned 255 (wstat 65280, 0xff00)
No subtests run 
Class::MOP::is_class_loaded is deprecated at /home/syber/perl5/perlbrew/perls/5.22.4/lib/site_perl/5.22.4/x86_64-linux/Class/MOP.pm line 87.
	Class::MOP::is_class_loaded("Orochi::Test::MooseBased1") called at /home/syber/.local/share/.cpan/build/Orochi-0.00010-0/blib/lib/Orochi.pm line 213
	Orochi::inject_class(Orochi=HASH(0x560a67fc3160), "Orochi::Test::MooseBased1") called at t/300_moosex.t line 10
Class::MOP::load_class is deprecated at /home/syber/perl5/perlbrew/perls/5.22.4/lib/site_perl/5.22.4/x86_64-linux/Class/MOP.pm line 69.
	Class::MOP::load_class("Orochi::Test::MooseBased1") called at /home/syber/.local/share/.cpan/build/Orochi-0.00010-0/blib/lib/Orochi.pm line 213
	Orochi::inject_class(Orochi=HASH(0x560a67fc3160), "Orochi::Test::MooseBased1") called at t/300_moosex.t line 10
Class::MOP::is_class_loaded is deprecated at /home/syber/perl5/perlbrew/perls/5.22.4/lib/site_perl/5.22.4/x86_64-linux/Class/MOP.pm line 87.
	Class::MOP::is_class_loaded("Orochi::Injection::Constructor") called at /home/syber/.local/share/.cpan/build/Orochi-0.00010-0/blib/lib/MooseX/Orochi.pm line 42
	MooseX::Orochi::bind_constructor(Moose::Meta::Class::__ANON__::SERIAL::1=HASH(0x560a6a2023b0), "/orochi/test/MooseBased1", "args", HASH(0x560a6a10f148)) called at /home/syber/perl5/perlbrew/perls/5.22.4/lib/site_perl/5.22.4/x86_64-linux/Moose/Exporter.pm line 419
	MooseX::Orochi::bind_constructor("/orochi/test/MooseBased1", "args", HASH(0x560a6a10f148)) called at t/lib/Orochi/Test/MooseBased1.pm line 5
	require Orochi/Test/MooseBased1.pm called at /home/syber/perl5/perlbrew/perls/5.22.4/lib/site_perl/5.22.4/Module/Runtime.pm line 314
	Module::Runtime::require_module("Orochi::Test::MooseBased1") called at /home/syber/perl5/perlbrew/perls/5.22.4/lib/site_perl/5.22.4/Class/Load.pm line 174
	Class::Load::try {...} () called at /home/syber/perl5/perlbrew/perls/5.22.4/lib/site_perl/5.22.4/Try/Tiny.pm line 98
	eval {...} called at /home/syber/perl5/perlbrew/perls/5.22.4/lib/site_perl/5.22.4/Try/Tiny.pm line 93
	Try::Tiny::try(CODE(0x560a6a0a50f8), Try::Tiny::Catch=REF(0x560a6a0a5410)) called at /home/syber/perl5/perlbrew/perls/5.22.4/lib/site_perl/5.22.4/Class/Load.pm line 180
	Class::Load::try_load_class("Orochi::Test::MooseBased1", undef) called at /home/syber/perl5/perlbrew/perls/5.22.4/lib/site_perl/5.22.4/Class/Load.pm line 35
	Class::Load::load_class("Orochi::Test::MooseBased1") called at /home/syber/.local/share/.cpan/build/Orochi-0.00010-0/blib/lib/Orochi.pm line 213
	Orochi::inject_class(Orochi=HASH(0x560a67fc3160), "Orochi::Test::MooseBased1") called at t/300_moosex.t line 10
Class::MOP::is_class_loaded is deprecated at /home/syber/perl5/perlbrew/perls/5.22.4/lib/site_perl/5.22.4/x86_64-linux/Class/MOP.pm line 87.
	Class::MOP::is_class_loaded("Orochi::Test::MooseBased1") called at /home/syber/.local/share/.cpan/build/Orochi-0.00010-0/blib/lib/Orochi/Injection/Constructor.pm line 58
	Orochi::Injection::Constructor::construct_object(Orochi::Injection::Constructor=HASH(0x560a697c2568), Orochi=HASH(0x560a67fc3160), ARRAY(0x560a6995d3b0)) called at /home/syber/.local/share/.cpan/build/Orochi-0.00010-0/blib/lib/Orochi/Injection/Constructor.pm line 50
	Orochi::Injection::Constructor::expand(Orochi::Injection::Constructor=HASH(0x560a697c2568), Orochi=HASH(0x560a67fc3160)) called at /home/syber/.local/share/.cpan/build/Orochi-0.00010-0/blib/lib/Orochi.pm line 88
	eval {...} called at /home/syber/.local/share/.cpan/build/Orochi-0.00010-0/blib/lib/Orochi.pm line 87
	Orochi::get(Orochi=HASH(0x560a67fc3160), "/orochi/test/MooseBased1") called at t/300_moosex.t line 12
t/300_moosex.t ........ ok
Class::MOP::is_class_loaded is deprecated at /home/syber/perl5/perlbrew/perls/5.22.4/lib/site_perl/5.22.4/x86_64-linux/Class/MOP.pm line 87.
	Class::MOP::is_class_loaded("Orochi::Test::MooseBased3") called at /home/syber/.local/share/.cpan/build/Orochi-0.00010-0/blib/lib/Orochi.pm line 213
	Orochi::inject_class(Orochi=HASH(0x55b519825a10), "Orochi::Test::MooseBased3") called at t/900_cascade_bind.t line 19
Class::MOP::load_class is deprecated at /home/syber/perl5/perlbrew/perls/5.22.4/lib/site_perl/5.22.4/x86_64-linux/Class/MOP.pm line 69.
	Class::MOP::load_class("Orochi::Test::MooseBased3") called at /home/syber/.local/share/.cpan/build/Orochi-0.00010-0/blib/lib/Orochi.pm line 213
	Orochi::inject_class(Orochi=HASH(0x55b519825a10), "Orochi::Test::MooseBased3") called at t/900_cascade_bind.t line 19
Class::MOP::is_class_loaded is deprecated at /home/syber/perl5/perlbrew/perls/5.22.4/lib/site_perl/5.22.4/x86_64-linux/Class/MOP.pm line 87.
	Class::MOP::is_class_loaded("Orochi::Injection::Setter") called at /home/syber/.local/share/.cpan/build/Orochi-0.00010-0/blib/lib/MooseX/Orochi.pm line 42
	MooseX::Orochi::bind_constructor(Moose::Meta::Class::__ANON__::SERIAL::1=HASH(0x55b51986d920), "/orochi/test/MooseBased3", "injection_class", "Setter", "setter_params", HASH(0x55b519835a78)) called at /home/syber/perl5/perlbrew/perls/5.22.4/lib/site_perl/5.22.4/x86_64-linux/Moose/Exporter.pm line 419
	MooseX::Orochi::bind_constructor("/orochi/test/MooseBased3", "injection_class", "Setter", "setter_params", HASH(0x55b519835a78)) called at t/lib/Orochi/Test/MooseBased3.pm line 5
	require Orochi/Test/MooseBased3.pm called at /home/syber/perl5/perlbrew/perls/5.22.4/lib/site_perl/5.22.4/Module/Runtime.pm line 314
	Module::Runtime::require_module("Orochi::Test::MooseBased3") called at /home/syber/perl5/perlbrew/perls/5.22.4/lib/site_perl/5.22.4/Class/Load.pm line 174
	Class::Load::try {...} () called at /home/syber/perl5/perlbrew/perls/5.22.4/lib/site_perl/5.22.4/Try/Tiny.pm line 98
	eval {...} called at /home/syber/perl5/perlbrew/perls/5.22.4/lib/site_perl/5.22.4/Try/Tiny.pm line 93
	Try::Tiny::try(CODE(0x55b5197d0318), Try::Tiny::Catch=REF(0x55b5197d0690)) called at /home/syber/perl5/perlbrew/perls/5.22.4/lib/site_perl/5.22.4/Class/Load.pm line 180
	Class::Load::try_load_class("Orochi::Test::MooseBased3", undef) called at /home/syber/perl5/perlbrew/perls/5.22.4/lib/site_perl/5.22.4/Class/Load.pm line 35
	Class::Load::load_class("Orochi::Test::MooseBased3") called at /home/syber/.local/share/.cpan/build/Orochi-0.00010-0/blib/lib/Orochi.pm line 213
	Orochi::inject_class(Orochi=HASH(0x55b519825a10), "Orochi::Test::MooseBased3") called at t/900_cascade_bind.t line 19
Class::MOP::load_class is deprecated at /home/syber/perl5/perlbrew/perls/5.22.4/lib/site_perl/5.22.4/x86_64-linux/Class/MOP.pm line 69.
	Class::MOP::load_class("Orochi::Injection::Setter") called at /home/syber/.local/share/.cpan/build/Orochi-0.00010-0/blib/lib/MooseX/Orochi.pm line 42
	MooseX::Orochi::bind_constructor(Moose::Meta::Class::__ANON__::SERIAL::1=HASH(0x55b51986d920), "/orochi/test/MooseBased3", "injection_class", "Setter", "setter_params", HASH(0x55b519835a78)) called at /home/syber/perl5/perlbrew/perls/5.22.4/lib/site_perl/5.22.4/x86_64-linux/Moose/Exporter.pm line 419
	MooseX::Orochi::bind_constructor("/orochi/test/MooseBased3", "injection_class", "Setter", "setter_params", HASH(0x55b519835a78)) called at t/lib/Orochi/Test/MooseBased3.pm line 5
	require Orochi/Test/MooseBased3.pm called at /home/syber/perl5/perlbrew/perls/5.22.4/lib/site_perl/5.22.4/Module/Runtime.pm line 314
	Module::Runtime::require_module("Orochi::Test::MooseBased3") called at /home/syber/perl5/perlbrew/perls/5.22.4/lib/site_perl/5.22.4/Class/Load.pm line 174
	Class::Load::try {...} () called at /home/syber/perl5/perlbrew/perls/5.22.4/lib/site_perl/5.22.4/Try/Tiny.pm line 98
	eval {...} called at /home/syber/perl5/perlbrew/perls/5.22.4/lib/site_perl/5.22.4/Try/Tiny.pm line 93
	Try::Tiny::try(CODE(0x55b5197d0318), Try::Tiny::Catch=REF(0x55b5197d0690)) called at /home/syber/perl5/perlbrew/perls/5.22.4/lib/site_perl/5.22.4/Class/Load.pm line 180
	Class::Load::try_load_class("Orochi::Test::MooseBased3", undef) called at /home/syber/perl5/perlbrew/perls/5.22.4/lib/site_perl/5.22.4/Class/Load.pm line 35
	Class::Load::load_class("Orochi::Test::MooseBased3") called at /home/syber/.local/share/.cpan/build/Orochi-0.00010-0/blib/lib/Orochi.pm line 213
	Orochi::inject_class(Orochi=HASH(0x55b519825a10), "Orochi::Test::MooseBased3") called at t/900_cascade_bind.t line 19
Class::MOP::is_class_loaded is deprecated at /home/syber/perl5/perlbrew/perls/5.22.4/lib/site_perl/5.22.4/x86_64-linux/Class/MOP.pm line 87.
	Class::MOP::is_class_loaded("Orochi::Test::MooseBased3") called at /home/syber/.local/share/.cpan/build/Orochi-0.00010-0/blib/lib/Orochi/Injection/Constructor.pm line 58
	Orochi::Injection::Constructor::construct_object(Orochi::Injection::Setter=HASH(0x55b51989b518), Orochi=HASH(0x55b519825a10), ARRAY(0x55b51908fb10)) called at /home/syber/.local/share/.cpan/build/Orochi-0.00010-0/blib/lib/Orochi/Injection/Constructor.pm line 50
	Orochi::Injection::Constructor::expand(Orochi::Injection::Setter=HASH(0x55b51989b518), Orochi=HASH(0x55b519825a10)) called at /home/syber/.local/share/.cpan/build/Orochi-0.00010-0/blib/lib/Orochi.pm line 88
	eval {...} called at /home/syber/.local/share/.cpan/build/Orochi-0.00010-0/blib/lib/Orochi.pm line 87
	Orochi::get(Orochi=HASH(0x55b519825a10), "/orochi/test/MooseBased3") called at t/900_cascade_bind.t line 23
	main::__ANON__() called at /home/syber/perl5/perlbrew/perls/5.22.4/lib/site_perl/5.22.4/Test/Exception.pm line 353
	eval {...} called at /home/syber/perl5/perlbrew/perls/5.22.4/lib/site_perl/5.22.4/Test/Exception.pm line 353
	Test::Exception::lives_and(CODE(0x55b519954dd8)) called at t/900_cascade_bind.t line 26
t/900_cascade_bind.t .. ok

Test Summary Report
-------------------
t/001_constructor.t (Wstat: 65280 Tests: 0 Failed: 0)
  Non-zero exit status: 255
  Parse errors: No plan found in TAP output
t/002_declare.t     (Wstat: 65280 Tests: 0 Failed: 0)
  Non-zero exit status: 255
  Parse errors: No plan found in TAP output
Files=4, Tests=14,  1 wallclock secs ( 0.02 usr  0.01 sys +  1.09 cusr  0.06 csys =  1.18 CPU)
Result: FAIL
Failed 2/4 test programs. 0/14 subtests failed.
Makefile:794: recipe for target 'test_dynamic' failed
make: *** [test_dynamic] Error 255

------------------------------
PREREQUISITES
------------------------------

Prerequisite modules loaded:

requires:

    Module              Need    Have      
    ------------------- ------- ----------
    Data::Visitor       0       0.30      
    Module::Pluggable   0       5.2       
    Moose               0.93_01 2.2011    
    namespace::clean    0       0.27      
    Path::Router        0       0.15      
    Sub::Exporter       0       0.987     

build_requires:

    Module              Need    Have      
    ------------------- ------- ----------
    ExtUtils::MakeMaker 6.42    7.37_03   
    Test::MockObject    0       1.20180705
    Test::More          0.88    1.302164  
    UNIVERSAL::can      0       1.20140328
    UNIVERSAL::isa      0       1.20171012

configure_requires:

    Module              Need    Have      
    ------------------- ------- ----------
    ExtUtils::MakeMaker 6.42    7.37_03   


------------------------------
ENVIRONMENT AND OTHER CONTEXT
------------------------------

Environment variables:

    AUTOMATED_TESTING = 1
    LC_COLLATE = ru_RU.utf8
    LC_CTYPE = ru_RU.utf8
    PATH = /home/syber/perl5/perlbrew/bin:/home/syber/perl5/perlbrew/perls/5.22.4/bin:/usr/local/bin:/usr/bin:/bin:/usr/local/games:/usr/games
    PERL5LIB = 
    PERL5OPT = 
    PERL5_CPANPLUS_IS_RUNNING = 27728
    PERL5_CPAN_IS_RUNNING = 27728
    PERL5_CPAN_IS_RUNNING_IN_RECURSION = 32194,27728
    PERLBREW_HOME = /home/syber/.perlbrew
    PERLBREW_MANPATH = /home/syber/perl5/perlbrew/perls/5.22.4/man
    PERLBREW_PATH = /home/syber/perl5/perlbrew/bin:/home/syber/perl5/perlbrew/perls/5.22.4/bin
    PERLBREW_PERL = 5.22.4
    PERLBREW_ROOT = /home/syber/perl5/perlbrew
    PERLBREW_SHELLRC_VERSION = 0.86
    PERLBREW_VERSION = 0.86
    PERL_CR_SMOKER_CURRENT = Orochi-0.00010
    PERL_EXTUTILS_AUTOINSTALL = --defaultdeps
    PERL_MM_USE_DEFAULT = 1
    PERL_USE_UNSAFE_INC = 1
    SHELL = /bin/bash
    TERM = screen

Perl special variables (and OS-specific diagnostics, for MSWin32):

    $^X = /home/syber/perl5/perlbrew/perls/5.22.4/bin/perl
    $UID/$EUID = 1003 / 1003
    $GID = 1003 11 1003
    $EGID = 1003 11 1003

Perl module toolchain versions installed:

    Module              Have     
    ------------------- ---------
    CPAN                2.27     
    CPAN::Meta          2.150010 
    Cwd                 3.75     
    ExtUtils::CBuilder  0.280231 
    ExtUtils::Command   7.37_03  
    ExtUtils::Install   2.14     
    ExtUtils::MakeMaker 7.37_03  
    ExtUtils::Manifest  1.72     
    ExtUtils::ParseXS   3.36_03  
    File::Spec          3.75     
    JSON                4.02     
    JSON::PP            4.04     
    Module::Build       0.42_30  
    Module::Signature   0.83     
    Parse::CPAN::Meta   2.150010 
    Test::Harness       3.42     
    Test::More          1.302164 
    YAML                1.29     
    YAML::Syck          1.31     
    version             0.9924_02


--

Summary of my perl5 (revision 5 version 22 subversion 4) configuration:
   
  Platform:
    osname=linux, osvers=4.9.0-8-amd64, archname=x86_64-linux
    uname='linux dexter.crazypanda.ru 4.9.0-8-amd64 #1 smp debian 4.9.110-3+deb9u6 (2018-10-08) x86_64 gnulinux '
    config_args='-de -Dprefix=/home/syber/perl5/perlbrew/perls/5.22.4 -Aeval:scriptdir=/home/syber/perl5/perlbrew/perls/5.22.4/bin'
    hint=recommended, useposix=true, d_sigaction=define
    useithreads=undef, usemultiplicity=undef
    use64bitint=define, use64bitall=define, uselongdouble=undef
    usemymalloc=n, bincompat5005=undef
  Compiler:
    cc='cc', ccflags ='-fwrapv -fno-strict-aliasing -pipe -fstack-protector-strong -I/usr/local/include -D_LARGEFILE_SOURCE -D_FILE_OFFSET_BITS=64',
    optimize='-O2',
    cppflags='-fwrapv -fno-strict-aliasing -pipe -fstack-protector-strong -I/usr/local/include'
    ccversion='', gccversion='6.3.0 20170516', gccosandvers=''
    intsize=4, longsize=8, ptrsize=8, doublesize=8, byteorder=12345678, doublekind=3
    d_longlong=define, longlongsize=8, d_longdbl=define, longdblsize=16, longdblkind=3
    ivtype='long', ivsize=8, nvtype='double', nvsize=8, Off_t='off_t', lseeksize=8
    alignbytes=8, prototype=define
  Linker and Libraries:
    ld='cc', ldflags =' -fstack-protector-strong -L/usr/local/lib'
    libpth=/usr/local/lib /usr/lib/gcc/x86_64-linux-gnu/6/include-fixed /usr/include/x86_64-linux-gnu /usr/lib /lib/x86_64-linux-gnu /lib/../lib /usr/lib/x86_64-linux-gnu /usr/lib/../lib /lib
    libs=-lpthread -lnsl -ldl -lm -lcrypt -lutil -lc
    perllibs=-lpthread -lnsl -ldl -lm -lcrypt -lutil -lc
    libc=libc-2.24.so, so=so, useshrplib=false, libperl=libperl.a
    gnulibc_version='2.24'
  Dynamic Linking:
    dlsrc=dl_dlopen.xs, dlext=so, d_dlsymun=undef, ccdlflags='-Wl,-E'
    cccdlflags='-fPIC', lddlflags='-shared -O2 -L/usr/local/lib -fstack-protector-strong'


Characteristics of this binary (from libperl): 
  Compile-time options: HAS_TIMES PERLIO_LAYERS PERL_DONT_CREATE_GVSV
                        PERL_HASH_FUNC_ONE_AT_A_TIME_HARD PERL_MALLOC_WRAP
                        PERL_NEW_COPY_ON_WRITE PERL_PRESERVE_IVUV
                        USE_64_BIT_ALL USE_64_BIT_INT USE_LARGE_FILES
                        USE_LOCALE USE_LOCALE_COLLATE USE_LOCALE_CTYPE
                        USE_LOCALE_NUMERIC USE_LOCALE_TIME USE_PERLIO
                        USE_PERL_ATOF
  Locally applied patches:
	Devel::PatchPerl 1.64
  Built under linux
  Compiled at Aug  5 2019 14:01:27
  %ENV:
    PERL5LIB=""
    PERL5OPT=""
    PERL5_CPANPLUS_IS_RUNNING="27728"
    PERL5_CPAN_IS_RUNNING="27728"
    PERL5_CPAN_IS_RUNNING_IN_RECURSION="32194,27728"
    PERLBREW_HOME="/home/syber/.perlbrew"
    PERLBREW_MANPATH="/home/syber/perl5/perlbrew/perls/5.22.4/man"
    PERLBREW_PATH="/home/syber/perl5/perlbrew/bin:/home/syber/perl5/perlbrew/perls/5.22.4/bin"
    PERLBREW_PERL="5.22.4"
    PERLBREW_ROOT="/home/syber/perl5/perlbrew"
    PERLBREW_SHELLRC_VERSION="0.86"
    PERLBREW_VERSION="0.86"
    PERL_CR_SMOKER_CURRENT="Orochi-0.00010"
    PERL_EXTUTILS_AUTOINSTALL="--defaultdeps"
    PERL_MM_USE_DEFAULT="1"
    PERL_USE_UNSAFE_INC="1"
  @INC:
    /home/syber/perl5/perlbrew/perls/5.22.4/lib/site_perl/5.22.4/x86_64-linux
    /home/syber/perl5/perlbrew/perls/5.22.4/lib/site_perl/5.22.4
    /home/syber/perl5/perlbrew/perls/5.22.4/lib/5.22.4/x86_64-linux
    /home/syber/perl5/perlbrew/perls/5.22.4/lib/5.22.4
    .