Test-Unit v0.25 Perl 5 v5.24.3 x86_64-dragonfly

Status
Fail
From
Nigel Horne
Dist
Test-Unit v0.25
Platform
Perl 5 v5.24.3 x86_64-dragonfly
Date
2018-07-05 23:54:18
ID
babd1c7a-80ae-11e8-8fb1-ef5133556b3f
This distribution has been tested as part of the CPAN Testers
project, supporting the Perl programming language.  See
http://wiki.cpantesters.org/ for more information or email
questions to cpan-testers-discuss@perl.org


--
Dear Matthew Astley,

This is a computer-generated report for Test-Unit-0.25
on perl 5.24.3, created by CPAN-Reporter-1.2018.

Thank you for uploading your work to CPAN.  However, there was a problem
testing your distribution.

If you think this report is invalid, please consult the CPAN Testers Wiki
for suggestions on how to avoid getting FAIL reports for missing library
or binary dependencies, unsupported operating systems, and so on:

http://wiki.cpantesters.org/wiki/CPANAuthorNotes

Sections of this report:

    * Tester comments
    * Program output
    * Prerequisites
    * Environment and other context

------------------------------
TESTER COMMENTS
------------------------------

Additional comments from tester:

this report is from an automated smoke testing program
and was not reviewed by a human for accuracy

------------------------------
PROGRAM OUTPUT
------------------------------

Output from '/usr/bin/make test':

PERL_DL_NONLAZY=1 "/home/njh/perl5/perlbrew/perls/perl-5.24.3/bin/perl" "-MExtUtils::Command::MM" "-MTest::Harness" "-e" "undef *Test::Harness::Switches; test_harness(0, 'blib/lib', 'blib/arch')" t/*.t
Can't use 'defined(@array)' (Maybe you should just omit the defined()?) at /home/njh/.cpan/build/Test-Unit-0.25-0/blib/lib/Test/Unit/TestCase.pm line 106.
Compilation failed in require at /home/njh/.cpan/build/Test-Unit-0.25-0/blib/lib/Test/Unit/TestSuite.pm line 15.
BEGIN failed--compilation aborted at /home/njh/.cpan/build/Test-Unit-0.25-0/blib/lib/Test/Unit/TestSuite.pm line 15.
Compilation failed in require at /home/njh/.cpan/build/Test-Unit-0.25-0/blib/lib/Test/Unit/Loader.pm line 7.
BEGIN failed--compilation aborted at /home/njh/.cpan/build/Test-Unit-0.25-0/blib/lib/Test/Unit/Loader.pm line 7.
Compilation failed in require at /home/njh/.cpan/build/Test-Unit-0.25-0/blib/lib/Test/Unit/Listener.pm line 2.
BEGIN failed--compilation aborted at /home/njh/.cpan/build/Test-Unit-0.25-0/blib/lib/Test/Unit/Listener.pm line 2.
Compilation failed in require at /home/njh/perl5/perlbrew/perls/perl-5.24.3/lib/5.24.3/base.pm line 138.
	...propagated at /home/njh/perl5/perlbrew/perls/perl-5.24.3/lib/5.24.3/base.pm line 160.
BEGIN failed--compilation aborted at /home/njh/.cpan/build/Test-Unit-0.25-0/blib/lib/Test/Unit/Runner.pm line 25.
Compilation failed in require at /home/njh/perl5/perlbrew/perls/perl-5.24.3/lib/5.24.3/base.pm line 138.
	...propagated at /home/njh/perl5/perlbrew/perls/perl-5.24.3/lib/5.24.3/base.pm line 160.
BEGIN failed--compilation aborted at /home/njh/.cpan/build/Test-Unit-0.25-0/blib/lib/Test/Unit/HarnessUnit.pm line 6.
Compilation failed in require at t/all_tests.t line 6.
BEGIN failed--compilation aborted at t/all_tests.t line 6.
t/all_tests.t ..... 
Dubious, test returned 255 (wstat 65280, 0xff00)
No subtests run 
Can't use 'defined(@array)' (Maybe you should just omit the defined()?) at /home/njh/.cpan/build/Test-Unit-0.25-0/blib/lib/Test/Unit/TestCase.pm line 106.
Compilation failed in require at /home/njh/.cpan/build/Test-Unit-0.25-0/blib/lib/Test/Unit/TestSuite.pm line 15.
BEGIN failed--compilation aborted at /home/njh/.cpan/build/Test-Unit-0.25-0/blib/lib/Test/Unit/TestSuite.pm line 15.
Compilation failed in require at /home/njh/.cpan/build/Test-Unit-0.25-0/blib/lib/Test/Unit/Loader.pm line 7.
BEGIN failed--compilation aborted at /home/njh/.cpan/build/Test-Unit-0.25-0/blib/lib/Test/Unit/Loader.pm line 7.
Compilation failed in require at /home/njh/.cpan/build/Test-Unit-0.25-0/blib/lib/Test/Unit/Listener.pm line 2.
BEGIN failed--compilation aborted at /home/njh/.cpan/build/Test-Unit-0.25-0/blib/lib/Test/Unit/Listener.pm line 2.
Compilation failed in require at /home/njh/perl5/perlbrew/perls/perl-5.24.3/lib/5.24.3/base.pm line 138.
	...propagated at /home/njh/perl5/perlbrew/perls/perl-5.24.3/lib/5.24.3/base.pm line 160.
BEGIN failed--compilation aborted at /home/njh/.cpan/build/Test-Unit-0.25-0/blib/lib/Test/Unit/Runner.pm line 25.
Compilation failed in require at /home/njh/perl5/perlbrew/perls/perl-5.24.3/lib/5.24.3/base.pm line 138.
	...propagated at /home/njh/perl5/perlbrew/perls/perl-5.24.3/lib/5.24.3/base.pm line 160.
BEGIN failed--compilation aborted at /home/njh/.cpan/build/Test-Unit-0.25-0/blib/lib/Test/Unit/HarnessUnit.pm line 6.
Compilation failed in require at t/assert.t line 5.
BEGIN failed--compilation aborted at t/assert.t line 5.
t/assert.t ........ 
Dubious, test returned 255 (wstat 65280, 0xff00)
No subtests run 
# Test 1 got: "Can't use 'defined(@array)' (Maybe you should just omit the defined()?) at /home/njh/.cpan/build/Test-Unit-0.25-0/blib/lib/Test/Unit/TestCase.pm line 106.\n# Compilation failed in require at /home/njh/.cpan/build/Test-Unit-0.25-0/blib/lib/Test/Unit/TestSuite.pm line 15.\n# BEGIN failed--compilation aborted at /home/njh/.cpan/build/Test-Unit-0.25-0/blib/lib/Test/Unit/TestSuite.pm line 15.\n# Compilation failed in require at /home/njh/.cpan/build/Test-Unit-0.25-0/blib/lib/Test/Unit/Loader.pm line 7.\n# BEGIN failed--compilation aborted at /home/njh/.cpan/build/Test-Unit-0.25-0/blib/lib/Test/Unit/Loader.pm line 7.\n# Compilation failed in require at /home/njh/.cpan/build/Test-Unit-0.25-0/blib/lib/Test/Unit/Listener.pm line 2.\n# BEGIN failed--compilation aborted at /home/njh/.cpan/build/Test-Unit-0.25-0/blib/lib/Test/Unit/Listener.pm line 2.\n# Compilation failed in require at /home/njh/perl5/perlbrew/perls/perl-5.24.3/lib/5.24.3/base.pm line 138.\n# \t...propagated at /home/njh/perl5/perlbrew/perls/perl-5.24.3/lib/5.24.3/base.pm line 160.\n# BEGIN failed--compilation aborted at /home/njh/.cpan/build/Test-Unit-0.25-0/blib/lib/Test/Unit/Runner.pm line 25.\n# Compilation failed in require at /home/njh/perl5/perlbrew/perls/perl-5.24.3/lib/5.24.3/base.pm line 138.\n# \t...propagated at /home/njh/perl5/perlbrew/perls/perl-5.24.3/lib/5.24.3/base.pm line 160.\n# BEGIN failed--compilation aborted at /home/njh/.cpan/build/Test-Unit-0.25-0/blib/lib/Test/Unit/TestRunner.pm line 4.\n# Compilation failed in require at ./TestRunner.pl line 6.\n# BEGIN failed--compilation aborted at ./TestRunner.pl line 6.\n# " (t/try_examples.t at line 106)
#   Expected: "Suite setup\n# TEST-RUN-SUMMARY\n# \n# TIME-SUMMARY\n# \n# !!!FAILURES!!!\n# Test Results:\n# Run: 2, Failures: 1, Errors: 0\n# \n# There was 1 failure:\n# 1) examples/fail_example.pm:19 - test_fail(fail_example)\n# Born to lose ...\n# \n# Test was not successful.\n# "
#   Lines 1-14 are changed:
#    - "Suite setup\n"
#    + "Can't use 'defined(@array)' (Maybe you should just omit the defined()?) at /home/njh/.cpan/build/Test-Unit-0.25-0/blib/lib/Test/Unit/TestCase.pm line 106.\n"
#    - "# TEST-RUN-SUMMARY\n"
#    + "# Compilation failed in require at /home/njh/.cpan/build/Test-Unit-0.25-0/blib/lib/Test/Unit/TestSuite.pm line 15.\n"
#    - "# \n"
#    + "# BEGIN failed--compilation aborted at /home/njh/.cpan/build/Test-Unit-0.25-0/blib/lib/Test/Unit/TestSuite.pm line 15.\n"
#    - "# TIME-SUMMARY\n"
#    + "# Compilation failed in require at /home/njh/.cpan/build/Test-Unit-0.25-0/blib/lib/Test/Unit/Loader.pm line 7.\n"
#    - "# \n"
#    + "# BEGIN failed--compilation aborted at /home/njh/.cpan/build/Test-Unit-0.25-0/blib/lib/Test/Unit/Loader.pm line 7.\n"
#    - "# !!!FAILURES!!!\n"
#    + "# Compilation failed in require at /home/njh/.cpan/build/Test-Unit-0.25-0/blib/lib/Test/Unit/Listener.pm line 2.\n"
#    - "# Test Results:\n"
#    + "# BEGIN failed--compilation aborted at /home/njh/.cpan/build/Test-Unit-0.25-0/blib/lib/Test/Unit/Listener.pm line 2.\n"
#    - "# Run: 2, Failures: 1, Errors: 0\n"
#    + "# Compilation failed in require at /home/njh/perl5/perlbrew/perls/perl-5.24.3/lib/5.24.3/base.pm line 138.\n"
#    - "# \n"
#    + "# \t...propagated at /home/njh/perl5/perlbrew/perls/perl-5.24.3/lib/5.24.3/base.pm line 160.\n"
#    - "# There was 1 failure:\n"
#    + "# BEGIN failed--compilation aborted at /home/njh/.cpan/build/Test-Unit-0.25-0/blib/lib/Test/Unit/Runner.pm line 25.\n"
#    - "# 1) examples/fail_example.pm:19 - test_fail(fail_example)\n"
#    + "# Compilation failed in require at /home/njh/perl5/perlbrew/perls/perl-5.24.3/lib/5.24.3/base.pm line 138.\n"
#    - "# Born to lose ...\n"
#    + "# \t...propagated at /home/njh/perl5/perlbrew/perls/perl-5.24.3/lib/5.24.3/base.pm line 160.\n"
#    - "# \n"
#    + "# BEGIN failed--compilation aborted at /home/njh/.cpan/build/Test-Unit-0.25-0/blib/lib/Test/Unit/TestRunner.pm line 4.\n"
#    - "# Test was not successful.\n"
#    + "# Compilation failed in require at ./TestRunner.pl line 6.\n"
#   Got 1 extra line at line 15:
#    + "# BEGIN failed--compilation aborted at ./TestRunner.pl line 6.\n"
#  t/try_examples.t line 106 is: 	ok($out, $guru_checked{$e});
# Test 2 got: "Can't use 'defined(@array)' (Maybe you should just omit the defined()?) at /home/njh/.cpan/build/Test-Unit-0.25-0/blib/lib/Test/Unit/TestCase.pm line 106.\n# Compilation failed in require at /home/njh/.cpan/build/Test-Unit-0.25-0/blib/lib/Test/Unit/TestSuite.pm line 15.\n# BEGIN failed--compilation aborted at /home/njh/.cpan/build/Test-Unit-0.25-0/blib/lib/Test/Unit/TestSuite.pm line 15.\n# Compilation failed in require at /home/njh/.cpan/build/Test-Unit-0.25-0/blib/lib/Test/Unit/Procedural.pm line 5.\n# BEGIN failed--compilation aborted at /home/njh/.cpan/build/Test-Unit-0.25-0/blib/lib/Test/Unit/Procedural.pm line 5.\n# Compilation failed in require at examples/patch100132 line 6.\n# BEGIN failed--compilation aborted at examples/patch100132 line 6.\n# " (t/try_examples.t at line 106 fail #2)
#   Expected: "...\n# TIME-SUMMARY\n# \n# OK (3 tests)\n# "
#   Lines 1-4 are changed:
#    - "...\n"
#    + "Can't use 'defined(@array)' (Maybe you should just omit the defined()?) at /home/njh/.cpan/build/Test-Unit-0.25-0/blib/lib/Test/Unit/TestCase.pm line 106.\n"
#    - "# TIME-SUMMARY\n"
#    + "# Compilation failed in require at /home/njh/.cpan/build/Test-Unit-0.25-0/blib/lib/Test/Unit/TestSuite.pm line 15.\n"
#    - "# \n"
#    + "# BEGIN failed--compilation aborted at /home/njh/.cpan/build/Test-Unit-0.25-0/blib/lib/Test/Unit/TestSuite.pm line 15.\n"
#    - "# OK (3 tests)\n"
#    + "# Compilation failed in require at /home/njh/.cpan/build/Test-Unit-0.25-0/blib/lib/Test/Unit/Procedural.pm line 5.\n"
#   Got 3 extra lines at line 5:
#    + "# BEGIN failed--compilation aborted at /home/njh/.cpan/build/Test-Unit-0.25-0/blib/lib/Test/Unit/Procedural.pm line 5.\n"
#    + "# Compilation failed in require at examples/patch100132 line 6.\n"
#    + "# BEGIN failed--compilation aborted at examples/patch100132 line 6.\n"
# Test 3 got: "Can't use 'defined(@array)' (Maybe you should just omit the defined()?) at /home/njh/.cpan/build/Test-Unit-0.25-0/blib/lib/Test/Unit/TestCase.pm line 106.\n# Compilation failed in require at /home/njh/.cpan/build/Test-Unit-0.25-0/blib/lib/Test/Unit/TestSuite.pm line 15.\n# BEGIN failed--compilation aborted at /home/njh/.cpan/build/Test-Unit-0.25-0/blib/lib/Test/Unit/TestSuite.pm line 15.\n# Compilation failed in require at /home/njh/.cpan/build/Test-Unit-0.25-0/blib/lib/Test/Unit/Procedural.pm line 5.\n# BEGIN failed--compilation aborted at /home/njh/.cpan/build/Test-Unit-0.25-0/blib/lib/Test/Unit/Procedural.pm line 5.\n# Compilation failed in require at examples/patch100132-1 line 6.\n# BEGIN failed--compilation aborted at examples/patch100132-1 line 6.\n# " (t/try_examples.t at line 106 fail #3)
#   Expected: "...\n# TIME-SUMMARY\n# \n# OK (3 tests)\n# "
#   Lines 1-4 are changed:
#    - "...\n"
#    + "Can't use 'defined(@array)' (Maybe you should just omit the defined()?) at /home/njh/.cpan/build/Test-Unit-0.25-0/blib/lib/Test/Unit/TestCase.pm line 106.\n"
#    - "# TIME-SUMMARY\n"
#    + "# Compilation failed in require at /home/njh/.cpan/build/Test-Unit-0.25-0/blib/lib/Test/Unit/TestSuite.pm line 15.\n"
#    - "# \n"
#    + "# BEGIN failed--compilation aborted at /home/njh/.cpan/build/Test-Unit-0.25-0/blib/lib/Test/Unit/TestSuite.pm line 15.\n"
#    - "# OK (3 tests)\n"
#    + "# Compilation failed in require at /home/njh/.cpan/build/Test-Unit-0.25-0/blib/lib/Test/Unit/Procedural.pm line 5.\n"
#   Got 3 extra lines at line 5:
#    + "# BEGIN failed--compilation aborted at /home/njh/.cpan/build/Test-Unit-0.25-0/blib/lib/Test/Unit/Procedural.pm line 5.\n"
#    + "# Compilation failed in require at examples/patch100132-1 line 6.\n"
#    + "# BEGIN failed--compilation aborted at examples/patch100132-1 line 6.\n"
# Test 4 got: "Can't use 'defined(@array)' (Maybe you should just omit the defined()?) at /home/njh/.cpan/build/Test-Unit-0.25-0/blib/lib/Test/Unit/TestCase.pm line 106.\n# Compilation failed in require at /home/njh/.cpan/build/Test-Unit-0.25-0/blib/lib/Test/Unit/TestSuite.pm line 15.\n# BEGIN failed--compilation aborted at /home/njh/.cpan/build/Test-Unit-0.25-0/blib/lib/Test/Unit/TestSuite.pm line 15.\n# Compilation failed in require at /home/njh/.cpan/build/Test-Unit-0.25-0/blib/lib/Test/Unit/Procedural.pm line 5.\n# BEGIN failed--compilation aborted at /home/njh/.cpan/build/Test-Unit-0.25-0/blib/lib/Test/Unit/Procedural.pm line 5.\n# Compilation failed in require at examples/patch100132-2 line 6.\n# BEGIN failed--compilation aborted at examples/patch100132-2 line 6.\n# " (t/try_examples.t at line 106 fail #4)
#   Expected: "...\n# TIME-SUMMARY\n# \n# OK (3 tests)\n# "
#   Lines 1-4 are changed:
#    - "...\n"
#    + "Can't use 'defined(@array)' (Maybe you should just omit the defined()?) at /home/njh/.cpan/build/Test-Unit-0.25-0/blib/lib/Test/Unit/TestCase.pm line 106.\n"
#    - "# TIME-SUMMARY\n"
#    + "# Compilation failed in require at /home/njh/.cpan/build/Test-Unit-0.25-0/blib/lib/Test/Unit/TestSuite.pm line 15.\n"
#    - "# \n"
#    + "# BEGIN failed--compilation aborted at /home/njh/.cpan/build/Test-Unit-0.25-0/blib/lib/Test/Unit/TestSuite.pm line 15.\n"
#    - "# OK (3 tests)\n"
#    + "# Compilation failed in require at /home/njh/.cpan/build/Test-Unit-0.25-0/blib/lib/Test/Unit/Procedural.pm line 5.\n"
#   Got 3 extra lines at line 5:
#    + "# BEGIN failed--compilation aborted at /home/njh/.cpan/build/Test-Unit-0.25-0/blib/lib/Test/Unit/Procedural.pm line 5.\n"
#    + "# Compilation failed in require at examples/patch100132-2 line 6.\n"
#    + "# BEGIN failed--compilation aborted at examples/patch100132-2 line 6.\n"
t/try_examples.t .. 
Failed 4/4 subtests 

Test Summary Report
-------------------
t/all_tests.t   (Wstat: 65280 Tests: 0 Failed: 0)
  Non-zero exit status: 255
  Parse errors: No plan found in TAP output
t/assert.t      (Wstat: 65280 Tests: 0 Failed: 0)
  Non-zero exit status: 255
  Parse errors: No plan found in TAP output
t/try_examples.t (Wstat: 0 Tests: 4 Failed: 4)
  Failed tests:  1-4
Files=3, Tests=4,  1 wallclock secs ( 0.05 usr  0.02 sys +  0.41 cusr  0.21 csys =  0.68 CPU)
Result: FAIL
Failed 3/3 test programs. 4/4 subtests failed.
*** Error code 255

Stop.
make: stopped in /home/njh/.cpan/build/Test-Unit-0.25-0

------------------------------
PREREQUISITES
------------------------------

Prerequisite modules loaded:

requires:

    Module              Need Have    
    ------------------- ---- --------
    base                1    2.23_01 
    Class::Inner        0    0.200001
    Devel::Symdump      0    2.18    
    Error               0    0.17026 

build_requires:

    Module              Need Have    
    ------------------- ---- --------
    ExtUtils::MakeMaker 0    7.30    


------------------------------
ENVIRONMENT AND OTHER CONTEXT
------------------------------

Environment variables:

    AUTOMATED_TESTING = 1
    PATH = /home/njh/perl5/perlbrew/bin:/home/njh/perl5/perlbrew/perls/perl-5.24.3/bin:src/njh/smoker/bin:/bin:/sbin:/usr/bin:/usr/sbin:/usr/local/bin:/usr/local/sbin:/usr/pkg/bin:/usr/pkg/sbin
    PERL5LIB = /home/njh/.cpan/build/Error-0.17026-0/blib/arch:/home/njh/.cpan/build/Error-0.17026-0/blib/lib:/home/njh/.cpan/build/Class-Inner-0.200001-0/blib/arch:/home/njh/.cpan/build/Class-Inner-0.200001-0/blib/lib:/home/njh/.cpan/build/Spreadsheet-WriteExcel-2.40-0/blib/arch:/home/njh/.cpan/build/Spreadsheet-WriteExcel-2.40-0/blib/lib:/home/njh/.cpan/build/OLE-Storage_Lite-0.19-0/blib/arch:/home/njh/.cpan/build/OLE-Storage_Lite-0.19-0/blib/lib
    PERL5OPT = 
    PERL5_CPANPLUS_IS_RUNNING = 55579
    PERL5_CPAN_IS_RUNNING = 55579
    PERLBREW_HOME = /home/njh/.perlbrew
    PERLBREW_MANPATH = /home/njh/perl5/perlbrew/perls/perl-5.24.3/man
    PERLBREW_PATH = /home/njh/perl5/perlbrew/bin:/home/njh/perl5/perlbrew/perls/perl-5.24.3/bin
    PERLBREW_PERL = perl-5.24.3
    PERLBREW_ROOT = /home/njh/perl5/perlbrew
    PERLBREW_SHELLRC_VERSION = 0.82
    PERLBREW_VERSION = 0.82
    SHELL = /bin/sh
    TMPDIR = /tmp/testwrapper.55567

Perl special variables (and OS-specific diagnostics, for MSWin32):

    $^X = /home/njh/perl5/perlbrew/perls/perl-5.24.3/bin/perl
    $UID/$EUID = 1001 / 1001
    $GID = 1001 1001 0
    $EGID = 1001 1001 0

Perl module toolchain versions installed:

    Module              Have      
    ------------------- ----------
    CPAN                2.16      
    CPAN::Meta          2.150005  
    Cwd                 3.63_01   
    ExtUtils::CBuilder  0.280225  
    ExtUtils::Command   7.30      
    ExtUtils::Install   2.06      
    ExtUtils::MakeMaker 7.30      
    ExtUtils::Manifest  1.70      
    ExtUtils::ParseXS   3.31      
    File::Spec          3.63_01   
    JSON                2.97001   
    JSON::PP            2.27300_01
    Module::Build       0.4224    
    Module::Signature   n/a       
    Parse::CPAN::Meta   1.4417_001
    Test::Harness       3.36_01   
    Test::More          1.302136  
    YAML                1.26      
    YAML::Syck          1.30      
    version             0.9916    


--

Summary of my perl5 (revision 5 version 24 subversion 3) configuration:
   
  Platform:
    osname=dragonfly, osvers=5.0-release, archname=x86_64-dragonfly
    uname='dragonfly david.bandsman.co.uk 5.0-release dragonfly v5.0.2-release #4: sun dec 3 17:42:25 est 2017 root@www.shiningsilence.com:usrobjhomejustinrelease5_0sysx86_64_generic x86_64 '
    config_args='-de -Dprefix=/home/njh/perl5/perlbrew/perls/perl-5.24.3 -Aeval:scriptdir=/home/njh/perl5/perlbrew/perls/perl-5.24.3/bin'
    hint=recommended, useposix=true, d_sigaction=define
    useithreads=undef, usemultiplicity=undef
    use64bitint=define, use64bitall=define, uselongdouble=undef
    usemymalloc=n, bincompat5005=undef
  Compiler:
    cc='cc', ccflags ='-DHAS_FPSETMASK -DHAS_FLOATINGPOINT_H -fwrapv -fno-strict-aliasing -pipe -fstack-protector-strong -I/usr/local/include -D_FORTIFY_SOURCE=2',
    optimize='-O',
    cppflags='-DHAS_FPSETMASK -DHAS_FLOATINGPOINT_H -fwrapv -fno-strict-aliasing -pipe -fstack-protector-strong -I/usr/local/include'
    ccversion='', gccversion='5.4.1 [DragonFly] Release/2016-08-27', gccosandvers=''
    intsize=4, longsize=8, ptrsize=8, doublesize=8, byteorder=12345678, doublekind=3
    d_longlong=define, longlongsize=8, d_longdbl=define, longdblsize=16, longdblkind=3
    ivtype='long', ivsize=8, nvtype='double', nvsize=8, Off_t='off_t', lseeksize=8
    alignbytes=8, prototype=define
  Linker and Libraries:
    ld='cc', ldflags ='-Wl,-E  -fstack-protector-strong -L/usr/local/lib'
    libpth=/usr/lib /usr/local/lib /usr/lib
    libs=-lpthread -ldl -lm -lcrypt -lutil -lc
    perllibs=-lpthread -ldl -lm -lcrypt -lutil -lc
    libc=, so=so, useshrplib=false, libperl=libperl.a
    gnulibc_version=''
  Dynamic Linking:
    dlsrc=dl_dlopen.xs, dlext=so, d_dlsymun=undef, ccdlflags=' '
    cccdlflags='-DPIC -fPIC', lddlflags='-shared  -L/usr/local/lib -fstack-protector-strong'


Characteristics of this binary (from libperl): 
  Compile-time options: HAS_TIMES PERLIO_LAYERS PERL_COPY_ON_WRITE
                        PERL_DONT_CREATE_GVSV
                        PERL_HASH_FUNC_ONE_AT_A_TIME_HARD PERL_MALLOC_WRAP
                        PERL_PRESERVE_IVUV USE_64_BIT_ALL USE_64_BIT_INT
                        USE_LARGE_FILES USE_LOCALE USE_LOCALE_COLLATE
                        USE_LOCALE_CTYPE USE_LOCALE_NUMERIC USE_LOCALE_TIME
                        USE_PERLIO USE_PERL_ATOF
  Locally applied patches:
	Devel::PatchPerl 1.48
  Built under dragonfly
  Compiled at Jan 27 2018 17:53:56
  %ENV:
    PERL5LIB="/home/njh/.cpan/build/Error-0.17026-0/blib/arch:/home/njh/.cpan/build/Error-0.17026-0/blib/lib:/home/njh/.cpan/build/Class-Inner-0.200001-0/blib/arch:/home/njh/.cpan/build/Class-Inner-0.200001-0/blib/lib:/home/njh/.cpan/build/Spreadsheet-WriteExcel-2.40-0/blib/arch:/home/njh/.cpan/build/Spreadsheet-WriteExcel-2.40-0/blib/lib:/home/njh/.cpan/build/OLE-Storage_Lite-0.19-0/blib/arch:/home/njh/.cpan/build/OLE-Storage_Lite-0.19-0/blib/lib"
    PERL5OPT=""
    PERL5_CPANPLUS_IS_RUNNING="55579"
    PERL5_CPAN_IS_RUNNING="55579"
    PERLBREW_HOME="/home/njh/.perlbrew"
    PERLBREW_MANPATH="/home/njh/perl5/perlbrew/perls/perl-5.24.3/man"
    PERLBREW_PATH="/home/njh/perl5/perlbrew/bin:/home/njh/perl5/perlbrew/perls/perl-5.24.3/bin"
    PERLBREW_PERL="perl-5.24.3"
    PERLBREW_ROOT="/home/njh/perl5/perlbrew"
    PERLBREW_SHELLRC_VERSION="0.82"
    PERLBREW_VERSION="0.82"
  @INC:
    /home/njh/.cpan/build/Error-0.17026-0/blib/arch
    /home/njh/.cpan/build/Error-0.17026-0/blib/lib
    /home/njh/.cpan/build/Class-Inner-0.200001-0/blib/arch
    /home/njh/.cpan/build/Class-Inner-0.200001-0/blib/lib
    /home/njh/.cpan/build/Spreadsheet-WriteExcel-2.40-0/blib/arch
    /home/njh/.cpan/build/Spreadsheet-WriteExcel-2.40-0/blib/lib
    /home/njh/.cpan/build/OLE-Storage_Lite-0.19-0/blib/arch
    /home/njh/.cpan/build/OLE-Storage_Lite-0.19-0/blib/lib
    /home/njh/perl5/perlbrew/perls/perl-5.24.3/lib/site_perl/5.24.3/x86_64-dragonfly
    /home/njh/perl5/perlbrew/perls/perl-5.24.3/lib/site_perl/5.24.3
    /home/njh/perl5/perlbrew/perls/perl-5.24.3/lib/5.24.3/x86_64-dragonfly
    /home/njh/perl5/perlbrew/perls/perl-5.24.3/lib/5.24.3
    .