Report for Hardware-Vhdl-Automake-1.00

Back
From: metabase:user:322078bc-2aae-11df-837a-5e0a49663a4f
Subject: FAIL Hardware-Vhdl-Automake-1.00 v5.12.2 GNU/Linux
Date: 2011-01-29T20:24:08Z

This distribution has been tested as part of the CPAN Testers
project, supporting the Perl programming language.  See
http://wiki.cpantesters.org/ for more information or email
questions to cpan-testers-discuss@perl.org


--

Dear MYKL,
    
This is a computer-generated error report created automatically by
CPANPLUS, version 0.9011. Testers personal comments may appear 
at the end of this report.


Thank you for uploading your work to CPAN.  However, it appears that
there were some problems testing your distribution.

TEST RESULTS:

Below is the error stack from stage 'make test':

[MSG] [Sat Jan 29 20:24:24 2011] cp lib/Hardware/Vhdl/Automake/CLI.pm blib/lib/Hardware/Vhdl/Automake/CLI.pm
cp lib/Hardware/Vhdl/Automake/Project.pm blib/lib/Hardware/Vhdl/Automake/Project.pm
cp lib/Hardware/Vhdl/Automake/CompileTool.pm blib/lib/Hardware/Vhdl/Automake/CompileTool.pm
cp lib/Hardware/Vhdl/Automake/PreProcessor/Cish.pm blib/lib/Hardware/Vhdl/Automake/PreProcessor/Cish.pm
cp lib/Hardware/Vhdl/Automake.pod blib/lib/Hardware/Vhdl/Automake.pod
cp lib/Hardware/Vhdl/Automake/Compiler/ModelSim.pm blib/lib/Hardware/Vhdl/Automake/Compiler/ModelSim.pm
cp lib/Hardware/Vhdl/Automake/SourceFile.pm blib/lib/Hardware/Vhdl/Automake/SourceFile.pm
cp lib/Hardware/Vhdl/Automake/UnitName.pm blib/lib/Hardware/Vhdl/Automake/UnitName.pm
cp lib/Hardware/Vhdl/Automake/Tutorial.pod blib/lib/Hardware/Vhdl/Automake/Tutorial.pod
cp lib/Hardware/Vhdl/Automake/DesignUnit.pm blib/lib/Hardware/Vhdl/Automake/DesignUnit.pm
cp lib/Hardware/Vhdl/Automake/PreProcessor.pm blib/lib/Hardware/Vhdl/Automake/PreProcessor.pm
Manifying blib/man3/Hardware::Vhdl::Automake::Tutorial.3
Manifying blib/man3/Hardware::Vhdl::Automake::CompileTool.3
Manifying blib/man3/Hardware::Vhdl::Automake::Compiler::ModelSim.3
Manifying blib/man3/Hardware::Vhdl::Automake.3

[ERROR] [Sat Jan 29 20:24:25 2011] MAKE TEST failed: PERL_DL_NONLAZY=1 /home/cpan/pit/thr/perl-5.12.2/bin/perl "-MExtUtils::Command::MM" "-e" "test_harness(0, 'blib/lib', 'blib/arch')" t/*.t
# Testing Hardware::Vhdl::Automake::Project, Perl 5.012002, /home/cpan/pit/thr/perl-5.12.2/bin/perl
t/00-load.t ...... ok
couldn't open lib\Hardware\Vhdl\Automake\Project.pm for reading: No such file or directory at t/boilerplate.t line 9.
# Looks like you planned 3 tests but ran 2.
# Looks like your test exited with 2 just after 2.
t/boilerplate.t .. 
Dubious, test returned 2 (wstat 512, 0x200)
Failed 1/3 subtests 
t/pod.t .......... skipped: Test::Pod 1.14 required for testing POD

Test Summary Report
-------------------
t/boilerplate.t (Wstat: 512 Tests: 2 Failed: 0)
  Non-zero exit status: 2
  Parse errors: Bad plan.  You planned 3 tests but ran 2.
Files=3, Tests=5,  1 wallclock secs ( 0.05 usr  0.01 sys +  0.25 cusr  0.05 csys =  0.36 CPU)
Result: FAIL
Failed 1/3 test programs. 0/5 subtests failed.
make: *** [test_dynamic] Error 255

[MSG] [Sat Jan 29 20:24:25 2011] DEFAULT 'proceed_on_test_failure' HANDLER RETURNING 'sub return value'

PREREQUISITES:

Here is a list of prerequisites you specified and versions we 
managed to load:
                                
	  Module Name                        Have     Want
	  Carp                               1.17        0
	  Digest::MD5                        2.51        0
	  File::Basename                     2.78        0
	  File::Copy                         2.18        0
	  File::Path                      2.08_01        0
	  File::Spec::Functions              3.33        0
	  File::Temp                         0.22        0
	  Hardware::Vhdl::Lexer              1.00        1
	  List::Util                         1.22        0
	  Math::Expression                   1.21        0
	  Test::More                         0.96        0
	  YAML                               0.72     0.62

Perl module toolchain versions installed:
	Module Name                        Have
	CPANPLUS                         0.9011
	CPANPLUS::Dist::Build              0.52
	Cwd                                3.33
	ExtUtils::CBuilder             0.280201
	ExtUtils::Command                  1.16
	ExtUtils::Install                  1.55
	ExtUtils::MakeMaker                6.56
	ExtUtils::Manifest                 1.58
	ExtUtils::ParseXS                2.2206
	File::Spec                         3.33
	Module::Build                    0.3607
	Test::Harness                      3.22
	Test::More                         0.96
	version                            0.88

******************************** NOTE ********************************
The comments above are created mechanically, possibly without manual
checking by the sender.  As there are many people performing automatic
tests on each upload to CPAN, it is likely that you will receive 
identical messages about the same problem.

If you believe that the message is mistaken, please reply to the first
one with correction and/or additional informations, and do not take
it personally.  We appreciate your patience. :)
**********************************************************************

Additional comments:
 

This report was machine-generated by CPANPLUS::Dist::YACSmoke 0.62.
Powered by minismokebox version 0.40

------------------------------
ENVIRONMENT AND OTHER CONTEXT
------------------------------

Environment variables:

    AUTOMATED_TESTING = 1
    LANG = en_GB.UTF-8
    PATH = /usr/local/sbin:/usr/local/bin:/usr/sbin:/usr/bin:/sbin:/bin:/usr/games
    PERL5LIB = :/home/cpan/pit/thr/conf/perl-5.12.2/.cpanplus/5.12.2/build/Class-Std-0.011/blib/lib:/home/cpan/pit/thr/conf/perl-5.12.2/.cpanplus/5.12.2/build/Class-Std-0.011/blib/arch:/home/cpan/pit/thr/conf/perl-5.12.2/.cpanplus/5.12.2/build/Readonly-1.03/blib/lib:/home/cpan/pit/thr/conf/perl-5.12.2/.cpanplus/5.12.2/build/Readonly-1.03/blib/arch:/home/cpan/pit/thr/conf/perl-5.12.2/.cpanplus/5.12.2/build/Hardware-Vhdl-Lexer-1.00/blib/lib:/home/cpan/pit/thr/conf/perl-5.12.2/.cpanplus/5.12.2/build/Hardware-Vhdl-Lexer-1.00/blib/arch:/home/cpan/pit/thr/conf/perl-5.12.2/.cpanplus/5.12.2/build/Math-Expression-1.21/blib/lib:/home/cpan/pit/thr/conf/perl-5.12.2/.cpanplus/5.12.2/build/Math-Expression-1.21/blib/arch:/home/cpan/pit/thr/conf/perl-5.12.2/.cpanplus/5.12.2/build/YAML-0.72/blib/lib:/home/cpan/pit/thr/conf/perl-5.12.2/.cpanplus/5.12.2/build/YAML-0.72/blib/arch:/home/cpan/pit/thr/conf/perl-5.12.2/.cpanplus/5.12.2/build/Hardware-Vhdl-Automake-1.00/blib/lib:/home/cpan/pit/thr/conf/perl-5.12.2/.cpanplus/5.12.2/build/Hardware-Vhdl-Automake-1.00/blib/arch
    PERL5_CPANPLUS_IS_RUNNING = 13512
    PERL5_CPANPLUS_IS_VERSION = 0.9011
    PERL5_MINISMOKEBOX = 0.40
    PERL5_YACSMOKE_BASE = /home/cpan/pit/thr/conf/perl-5.12.2
    PERL_EXTUTILS_AUTOINSTALL = --defaultdeps
    PERL_MM_USE_DEFAULT = 1
    SHELL = /bin/bash
    TERM = screen

Perl special variables (and OS-specific diagnostics, for MSWin32):

    Perl: $^X = /home/cpan/pit/thr/perl-5.12.2/bin/perl
    UID:  $<  = 1001
    EUID: $>  = 1001
    GID:  $(  = 1001 1001
    EGID: $)  = 1001 1001


-------------------------------


--

Summary of my perl5 (revision 5 version 12 subversion 2) configuration:
   
  Platform:
    osname=linux, osvers=2.6.32-24-generic, archname=x86_64-linux-thread-multi
    uname='linux velvet 2.6.32-24-generic #41-ubuntu smp thu aug 19 01:38:40 utc 2010 x86_64 gnulinux '
    config_args='-des -Dprefix=/home/cpan/pit/thr/perl-5.12.2 -Dusethreads'
    hint=recommended, useposix=true, d_sigaction=define
    useithreads=define, usemultiplicity=define
    useperlio=define, d_sfio=undef, uselargefiles=define, usesocks=undef
    use64bitint=define, use64bitall=define, uselongdouble=undef
    usemymalloc=n, bincompat5005=undef
  Compiler:
    cc='cc', ccflags ='-D_REENTRANT -D_GNU_SOURCE -fno-strict-aliasing -pipe -fstack-protector -I/usr/local/include -D_LARGEFILE_SOURCE -D_FILE_OFFSET_BITS=64',
    optimize='-O2',
    cppflags='-D_REENTRANT -D_GNU_SOURCE -fno-strict-aliasing -pipe -fstack-protector -I/usr/local/include'
    ccversion='', gccversion='4.4.3', gccosandvers=''
    intsize=4, longsize=8, ptrsize=8, doublesize=8, byteorder=12345678
    d_longlong=define, longlongsize=8, d_longdbl=define, longdblsize=16
    ivtype='long', ivsize=8, nvtype='double', nvsize=8, Off_t='off_t', lseeksize=8
    alignbytes=8, prototype=define
  Linker and Libraries:
    ld='cc', ldflags =' -fstack-protector -L/usr/local/lib'
    libpth=/usr/local/lib /lib /usr/lib /lib64 /usr/lib64
    libs=-lnsl -ldl -lm -lcrypt -lutil -lpthread -lc
    perllibs=-lnsl -ldl -lm -lcrypt -lutil -lpthread -lc
    libc=/lib/libc-2.11.1.so, so=so, useshrplib=false, libperl=libperl.a
    gnulibc_version='2.11.1'
  Dynamic Linking:
    dlsrc=dl_dlopen.xs, dlext=so, d_dlsymun=undef, ccdlflags='-Wl,-E'
    cccdlflags='-fPIC', lddlflags='-shared -O2 -L/usr/local/lib -fstack-protector'


Characteristics of this binary (from libperl): 
  Compile-time options: MULTIPLICITY PERL_DONT_CREATE_GVSV
                        PERL_IMPLICIT_CONTEXT PERL_MALLOC_WRAP USE_64_BIT_ALL
                        USE_64_BIT_INT USE_ITHREADS USE_LARGE_FILES
                        USE_PERLIO USE_PERL_ATOF USE_REENTRANT_API
  Built under linux
  Compiled at Sep  7 2010 10:58:27
  %ENV:
    PERL5LIB=":/home/cpan/pit/thr/conf/perl-5.12.2/.cpanplus/5.12.2/build/Class-Std-0.011/blib/lib:/home/cpan/pit/thr/conf/perl-5.12.2/.cpanplus/5.12.2/build/Class-Std-0.011/blib/arch:/home/cpan/pit/thr/conf/perl-5.12.2/.cpanplus/5.12.2/build/Readonly-1.03/blib/lib:/home/cpan/pit/thr/conf/perl-5.12.2/.cpanplus/5.12.2/build/Readonly-1.03/blib/arch:/home/cpan/pit/thr/conf/perl-5.12.2/.cpanplus/5.12.2/build/Hardware-Vhdl-Lexer-1.00/blib/lib:/home/cpan/pit/thr/conf/perl-5.12.2/.cpanplus/5.12.2/build/Hardware-Vhdl-Lexer-1.00/blib/arch:/home/cpan/pit/thr/conf/perl-5.12.2/.cpanplus/5.12.2/build/Math-Expression-1.21/blib/lib:/home/cpan/pit/thr/conf/perl-5.12.2/.cpanplus/5.12.2/build/Math-Expression-1.21/blib/arch:/home/cpan/pit/thr/conf/perl-5.12.2/.cpanplus/5.12.2/build/YAML-0.72/blib/lib:/home/cpan/pit/thr/conf/perl-5.12.2/.cpanplus/5.12.2/build/YAML-0.72/blib/arch:/home/cpan/pit/thr/conf/perl-5.12.2/.cpanplus/5.12.2/build/Hardware-Vhdl-Automake-1.00/blib/lib:/home/cpan/pit/thr/conf/perl-5.12.2/.cpanplus/5.12.2/build/Hardware-Vhdl-Automake-1.00/blib/arch"
    PERL5_CPANPLUS_IS_RUNNING="13512"
    PERL5_CPANPLUS_IS_VERSION="0.9011"
    PERL5_MINISMOKEBOX="0.40"
    PERL5_YACSMOKE_BASE="/home/cpan/pit/thr/conf/perl-5.12.2"
    PERL_EXTUTILS_AUTOINSTALL="--defaultdeps"
    PERL_MM_USE_DEFAULT="1"
  @INC:
    /home/cpan/pit/thr/conf/perl-5.12.2/.cpanplus/5.12.2/build/Class-Std-0.011/blib/lib
    /home/cpan/pit/thr/conf/perl-5.12.2/.cpanplus/5.12.2/build/Class-Std-0.011/blib/arch
    /home/cpan/pit/thr/conf/perl-5.12.2/.cpanplus/5.12.2/build/Readonly-1.03/blib/lib
    /home/cpan/pit/thr/conf/perl-5.12.2/.cpanplus/5.12.2/build/Readonly-1.03/blib/arch
    /home/cpan/pit/thr/conf/perl-5.12.2/.cpanplus/5.12.2/build/Hardware-Vhdl-Lexer-1.00/blib/lib
    /home/cpan/pit/thr/conf/perl-5.12.2/.cpanplus/5.12.2/build/Hardware-Vhdl-Lexer-1.00/blib/arch
    /home/cpan/pit/thr/conf/perl-5.12.2/.cpanplus/5.12.2/build/Math-Expression-1.21/blib/lib
    /home/cpan/pit/thr/conf/perl-5.12.2/.cpanplus/5.12.2/build/Math-Expression-1.21/blib/arch
    /home/cpan/pit/thr/conf/perl-5.12.2/.cpanplus/5.12.2/build/YAML-0.72/blib/lib
    /home/cpan/pit/thr/conf/perl-5.12.2/.cpanplus/5.12.2/build/YAML-0.72/blib/arch
    /home/cpan/pit/thr/conf/perl-5.12.2/.cpanplus/5.12.2/build/Hardware-Vhdl-Automake-1.00/blib/lib
    /home/cpan/pit/thr/conf/perl-5.12.2/.cpanplus/5.12.2/build/Hardware-Vhdl-Automake-1.00/blib/arch
    /home/cpan/pit/thr/perl-5.12.2/lib/site_perl/5.12.2/x86_64-linux-thread-multi
    /home/cpan/pit/thr/perl-5.12.2/lib/site_perl/5.12.2
    /home/cpan/pit/thr/perl-5.12.2/lib/5.12.2/x86_64-linux-thread-multi
    /home/cpan/pit/thr/perl-5.12.2/lib/5.12.2
    .