NBI-Slurm v0.12.0 Perl 5 v5.18.4 MSWin32-x64-multi-thread

Status
Fail
From
twata
Dist
NBI-Slurm v0.12.0
Platform
Perl 5 v5.18.4 MSWin32-x64-multi-thread
Date
2025-03-24 13:39:24
ID
b9303b38-70ed-1014-b47a-e726cf55203a
This distribution has been tested as part of the CPAN Testers
project, supporting the Perl programming language.  See
http://wiki.cpantesters.org/ for more information or email
questions to cpan-testers-discuss@perl.org


--
Dear Andrea Telatin,

This is a computer-generated report for NBI-Slurm-0.12.0
on perl 5.18.4, created by CPAN-Reporter-1.2020.

Thank you for uploading your work to CPAN.  However, there was a problem
testing your distribution.

If you think this report is invalid, please consult the CPAN Testers Wiki
for suggestions on how to avoid getting FAIL reports for missing library
or binary dependencies, unsupported operating systems, and so on:

http://wiki.cpantesters.org/wiki/CPANAuthorNotes

Sections of this report:

    * Tester comments
    * Program output
    * Prerequisites
    * Environment and other context

------------------------------
TESTER COMMENTS
------------------------------

Additional comments from tester:

none provided

------------------------------
PROGRAM OUTPUT
------------------------------

Output from 'C:\Strawberry\c\bin\dmake.exe test':

"C:\Strawberry\perl\bin\perl.exe" "-MExtUtils::Command::MM" "-MTest::Harness" "-e" "undef *Test::Harness::Switches; test_harness(0, 'blib\lib', 'blib\arch')" t/*.t
t/01-base.t ....................... ok
t/01-unit.t ....................... ok
t/02-opts.t ....................... ok
t/03-job.t ........................ ok
t/04-queuedjob.t .................. ok

        #   Failed test 'bin [lsjobs]: exit code is 0'
        #   at t/05-bin-ver.t line 42.
        #          got: '72057594037927935'
        #     expected: '0'

        #   Failed test '[lsjobs]: output contains program name (lsjobs)'
        #   at t/05-bin-ver.t line 45.
        #                   undef
        #     doesn't match '(?^:lsjobs)'

        #   Failed test 'lsjobs: output contains expected version 0.12.0'
        #   at t/05-bin-ver.t line 49.
        #                   undef
        #     doesn't match '(?^:0.12.0)'
        # Looks like you failed 3 tests of 4.

    #   Failed test 'lsjobs version check'
    #   at t/05-bin-ver.t line 55.

        #   Failed test 'bin [whojobs]: exit code is 0'
        #   at t/05-bin-ver.t line 42.
        #          got: '72057594037927935'
        #     expected: '0'

        #   Failed test '[whojobs]: output contains program name (whojobs)'
        #   at t/05-bin-ver.t line 45.
        #                   undef
        #     doesn't match '(?^:whojobs)'

        #   Failed test 'whojobs: output contains expected version 0.12.0'
        #   at t/05-bin-ver.t line 49.
        #                   undef
        #     doesn't match '(?^:0.12.0)'
        # Looks like you failed 3 tests of 4.

    #   Failed test 'whojobs version check'
    #   at t/05-bin-ver.t line 55.

        #   Failed test 'bin [session]: exit code is 0'
        #   at t/05-bin-ver.t line 42.
        #          got: '72057594037927935'
        #     expected: '0'

        #   Failed test '[session]: output contains program name (session)'
        #   at t/05-bin-ver.t line 45.
        #                   undef
        #     doesn't match '(?^:session)'

        #   Failed test 'session: output contains expected version 0.12.0'
        #   at t/05-bin-ver.t line 49.
        #                   undef
        #     doesn't match '(?^:0.12.0)'
        # Looks like you failed 3 tests of 4.

    #   Failed test 'session version check'
    #   at t/05-bin-ver.t line 55.

        #   Failed test 'bin [waitjobs]: exit code is 0'
        #   at t/05-bin-ver.t line 42.
        #          got: '72057594037927935'
        #     expected: '0'

        #   Failed test '[waitjobs]: output contains program name (waitjobs)'
        #   at t/05-bin-ver.t line 45.
        #                   undef
        #     doesn't match '(?^:waitjobs)'

        #   Failed test 'waitjobs: output contains expected version 0.12.0'
        #   at t/05-bin-ver.t line 49.
        #                   undef
        #     doesn't match '(?^:0.12.0)'
        # Looks like you failed 3 tests of 4.

    #   Failed test 'waitjobs version check'
    #   at t/05-bin-ver.t line 55.
    # Looks like you failed 4 tests of 4.

#   Failed test 'Binary version tests'
#   at t/05-bin-ver.t line 57.
# Looks like you failed 1 test of 1.
t/05-bin-ver.t .................... 
Dubious, test returned 1 (wstat 256, 0x100)
Failed 1/1 subtests 
t/10-hpc.t ........................ skipped: Skipping all tests: not in a slurm cluster
t/11-bins.t ....................... skipped: Skipping all tests: scripts not supported on Windows
t/12-array.t ...................... ok
t/20-intensive.t .................. ok
t/29-bins-pod.t ................... skipped: Skipping all tests: scripts not supported on Windows
t/30-misc.t ....................... ok
t/release-00-pod.t ................ skipped: these tests are for release candidate testing
t/release-01-pod-coverage.t ....... skipped: these tests are for release candidate testing
t/release-03-minimum-standards.t .. skipped: these tests are for release candidate testing
t/release-05-changes.t ............ skipped: these tests are for release candidate testing
t/release-check-version.t ......... skipped: these tests are for release candidate testing

Test Summary Report
-------------------
t/05-bin-ver.t                  (Wstat: 256 (exited 1) Tests: 1 Failed: 1)
  Failed test:  1
  Non-zero exit status: 1
Files=17, Tests=32,  9 wallclock secs ( 0.14 usr +  0.09 sys =  0.23 CPU)
Result: FAIL
Failed 1/17 test programs. 1/32 subtests failed.
dmake.exe:  Error code 255, while making 'test_dynamic'

------------------------------
PREREQUISITES
------------------------------

Prerequisite modules loaded:

requires:

    Module              Need  Have    
    ------------------- ----- --------
    Capture::Tiny       0.40  0.50    
    Carp                1.2   1.50    
    Data::Dumper        2.1   2.183   
    FindBin             1.3   1.54    
    JSON::PP            0     4.17_01 
    perl                5.016 5.018004
    PerlIO::encoding    0     0.16    
    Storable            0     3.25    
    Text::ASCIITable    0.22  0.22    

build_requires:

    Module              Need  Have    
    ------------------- ----- --------
    ExtUtils::MakeMaker 0     7.72    

configure_requires:

    Module              Need  Have    
    ------------------- ----- --------
    ExtUtils::MakeMaker 0     7.72    


------------------------------
ENVIRONMENT AND OTHER CONTEXT
------------------------------

Environment variables:

    COMSPEC = C:\WINDOWS\system32\cmd.exe
    NONINTERACTIVE_TESTING = 1
    NUMBER_OF_PROCESSORS = 4
    PATH = C:\home\golfball\perl5\bin;C:\WINDOWS\system32;C:\WINDOWS;C:\WINDOWS\System32\Wbem;C:\WINDOWS\System32\WindowsPowerShell\v1.0\;C:\Strawberry\c\bin;C:\Strawberry\perl\site\bin;C:\Strawberry\perl\bin
    PERL5LIB = C:\home\golfball\perl5\lib\perl5
    PERL5OPT = 
    PERL5_CPANPLUS_IS_RUNNING = 13804
    PERL5_CPAN_IS_RUNNING = 13804
    PERL_LOCAL_LIB_ROOT = C:\home\golfball\perl5
    PERL_MB_OPT = --install_base "C:\\home\\golfball\\perl5"
    PERL_MM_OPT = INSTALL_BASE=C:\\home\\golfball\\perl5
    PERL_MM_USE_DEFAULT = 1
    PERL_USE_UNSAFE_INC = 1
    PROCESSOR_IDENTIFIER = Intel64 Family 6 Model 58 Stepping 9, GenuineIntel
    TEMP = C:\Users\USER\AppData\Local\Temp
    TERM = dumb

Perl special variables (and OS-specific diagnostics, for MSWin32):

    $^X = C:\Strawberry\perl\bin\perl.exe
    $UID/$EUID = 0 / 0
    $GID = 0
    $EGID = 0
    Win32::GetOSName = Win8
    Win32::GetOSVersion = , 6, 2, 9200, 2, 0, 0, 256, 1
    Win32::FsType = NTFS
    Win32::IsAdminUser = 0

Perl module toolchain versions installed:

    Module              Have    
    ------------------- --------
    CPAN                2.34    
    CPAN::Meta          2.150010
    Cwd                 3.75    
    ExtUtils::CBuilder  0.280236
    ExtUtils::Command   7.72    
    ExtUtils::Install   2.22    
    ExtUtils::MakeMaker 7.72    
    ExtUtils::Manifest  1.75    
    ExtUtils::ParseXS   3.51    
    File::Spec          3.75    
    JSON                4.10    
    JSON::PP            4.17_01 
    Module::Build       0.42_35 
    Module::Signature   0.89    
    Parse::CPAN::Meta   2.150010
    Test2               1.302209
    Test::Harness       3.51_01 
    Test::More          1.302209
    YAML                1.31    
    YAML::Syck          1.34    
    version             0.9933  


--

Summary of my perl5 (revision 5 version 18 subversion 4) configuration:
   
  Platform:
    osname=MSWin32, osvers=6.3, archname=MSWin32-x64-multi-thread
    uname='Win32 strawberry-perl 5.18.4.1 #1 Thu Oct  2 07:49:26 2014 x64'
    config_args='undef'
    hint=recommended, useposix=true, d_sigaction=undef
    useithreads=define, usemultiplicity=define
    useperlio=define, d_sfio=undef, uselargefiles=define, usesocks=undef
    use64bitint=define, use64bitall=undef, uselongdouble=undef
    usemymalloc=n, bincompat5005=undef
  Compiler:
    cc='gcc', ccflags =' -s -O2 -DWIN32 -DWIN64 -DCONSERVATIVE  -DPERL_TEXTMODE_SCRIPTS -DPERL_IMPLICIT_CONTEXT -DPERL_IMPLICIT_SYS -DUSE_PERLIO -fno-strict-aliasing -mms-bitfields',
    optimize='-s -O2',
    cppflags='-DWIN32'
    ccversion='', gccversion='4.7.3', gccosandvers=''
    intsize=4, longsize=4, ptrsize=8, doublesize=8, byteorder=12345678
    d_longlong=define, longlongsize=8, d_longdbl=define, longdblsize=12
    ivtype='long long', ivsize=8, nvtype='double', nvsize=8, Off_t='long long', lseeksize=8
    alignbytes=8, prototype=define
  Linker and Libraries:
    ld='g++', ldflags ='-s -L"C:\Strawberry\perl\lib\CORE" -L"C:\Strawberry\c\lib"'
    libpth=C:\Strawberry\c\lib C:\Strawberry\c\x86_64-w64-mingw32\lib C:\Strawberry\c\lib\gcc\x86_64-w64-mingw32\4.7.3
    libs=-lmoldname -lkernel32 -luser32 -lgdi32 -lwinspool -lcomdlg32 -ladvapi32 -lshell32 -lole32 -loleaut32 -lnetapi32 -luuid -lws2_32 -lmpr -lwinmm -lversion -lodbc32 -lodbccp32 -lcomctl32
    perllibs=-lmoldname -lkernel32 -luser32 -lgdi32 -lwinspool -lcomdlg32 -ladvapi32 -lshell32 -lole32 -loleaut32 -lnetapi32 -luuid -lws2_32 -lmpr -lwinmm -lversion -lodbc32 -lodbccp32 -lcomctl32
    libc=, so=dll, useshrplib=true, libperl=libperl518.a
    gnulibc_version=''
  Dynamic Linking:
    dlsrc=dl_win32.xs, dlext=dll, d_dlsymun=undef, ccdlflags=' '
    cccdlflags=' ', lddlflags='-mdll -s -L"C:\Strawberry\perl\lib\CORE" -L"C:\Strawberry\c\lib"'


Characteristics of this binary (from libperl): 
  Compile-time options: HAS_TIMES HAVE_INTERP_INTERN MULTIPLICITY
                        PERLIO_LAYERS PERL_DONT_CREATE_GVSV
                        PERL_HASH_FUNC_ONE_AT_A_TIME_HARD
                        PERL_IMPLICIT_CONTEXT PERL_IMPLICIT_SYS
                        PERL_MALLOC_WRAP PERL_PRESERVE_IVUV PERL_SAWAMPERSAND
                        USE_64_BIT_INT USE_ITHREADS USE_LARGE_FILES
                        USE_LOCALE USE_LOCALE_COLLATE USE_LOCALE_CTYPE
                        USE_LOCALE_NUMERIC USE_PERLIO USE_PERL_ATOF
  Built under MSWin32
  Compiled at Oct  2 2014 07:58:36
  %ENV:
    PERL5LIB="C:\home\golfball\perl5\lib\perl5"
    PERL5_CPANPLUS_IS_RUNNING="13804"
    PERL5_CPAN_IS_RUNNING="13804"
    PERL_LOCAL_LIB_ROOT="C:\home\golfball\perl5"
    PERL_MB_OPT="--install_base "C:\\home\\golfball\\perl5""
    PERL_MM_OPT="INSTALL_BASE=C:\\home\\golfball\\perl5"
    PERL_MM_USE_DEFAULT="1"
    PERL_USE_UNSAFE_INC="1"
  @INC:
    C:\home\golfball\perl5\lib\perl5/MSWin32-x64-multi-thread
    C:\home\golfball\perl5\lib\perl5
    C:/Strawberry/perl/site/lib
    C:/Strawberry/perl/vendor/lib
    C:/Strawberry/perl/lib
    .