Web-DataService v0.42 Perl 5 v5.14.4 amd64-freebsd

Status
Fail
From
Slaven Rezić
Dist
Web-DataService v0.42
Platform
Perl 5 v5.14.4 amd64-freebsd
Date
2023-12-29 22:36:35
ID
b914e840-a69a-11ee-9c1e-22106e8775ea
This distribution has been tested as part of the CPAN Testers
project, supporting the Perl programming language.  See
http://wiki.cpantesters.org/ for more information or email
questions to cpan-testers-discuss@perl.org


--
Dear Michael McClennen,

This is a computer-generated report for Web-DataService-0.42
on perl 5.14.4, created by CPAN-Reporter-1.2019.

Thank you for uploading your work to CPAN.  However, there was a problem
testing your distribution.

If you think this report is invalid, please consult the CPAN Testers Wiki
for suggestions on how to avoid getting FAIL reports for missing library
or binary dependencies, unsupported operating systems, and so on:

http://wiki.cpantesters.org/wiki/CPANAuthorNotes

Sections of this report:

    * Tester comments
    * Program output
    * Prerequisites
    * Environment and other context

------------------------------
TESTER COMMENTS
------------------------------

Additional comments from tester:

none provided

------------------------------
PROGRAM OUTPUT
------------------------------

Output from './Build test':

# Testing Web::DataService 0.42, Perl 5.014004, /usr/perl5.14.4/bin/perl
t/00-load.t ...... ok
t/01-basic.t ..... ok
>> Dancer dummy debug server
>> Dancer dummy debug server
t/02-request.t ... ok
>> Dancer dummy debug server
>> Dancer dummy debug server
>> Dancer dummy debug server
t/03-doc.t ....... ok
[79054] error @0.002447> [hit #2]request to GET /data1.0/ crashed: Undefined subroutine &B::svref_2object called at ../lib/Web/DataService/Diagnostic.pm line 826, <DATA> line 16. in /usr/perl5.14.4/lib/site_perl/5.14.4/Dancer/Handler.pm l. 98
Undefined subroutine &B::svref_2object called at ../lib/Web/DataService/Diagnostic.pm line 826, <DATA> line 16.
1
#   Failed test 'yaml decode'
#   at t/04-diag.t line 41.
#     message was: YAML Error: Expected separator '---'
#    Code: YAML_PARSE_ERR_NO_SEPARATOR
#    Line: 1
#    Document: 2
#  at /usr/perl5.14.4/lib/site_perl/5.14.4/YAML/Loader.pm line 88.

#   Failed test 'basic block'
#   at t/04-diag.t line 43.
#          got: undef
#     expected: 'name'

#   Failed test 'data_source'
#   at t/04-diag.t line 45.
#          got: undef
#     expected: 'U.S. Bureau of the Census'

#   Failed test 'feature: format_suffix'
#   at t/04-diag.t line 47.

#   Failed test 'format: json'
#   at t/04-diag.t line 49.
#          got: undef
#     expected: 'json'

#   Failed test 'vocab: null'
#   at t/04-diag.t line 51.

#   Failed test 'special: linebreak'
#   at t/04-diag.t line 53.
#          got: undef
#     expected: 'lb'

#   Failed test 'node "/" allow_method'
#   at t/04-diag.t line 55.

#   Failed test 'node "/" node_list'
#   at t/04-diag.t line 57.
#          got: undef
#     expected: 'single'

#   Failed test 'node "list" method'
#   at t/04-diag.t line 59.
#          got: undef
#     expected: 'list'

#   Failed test 'node "list" doc_string'
#   at t/04-diag.t line 61.
#                   undef
#     doesn't match '(?^:Returns information about)'

#   Failed test 'node "list" allow_format'
#   at t/04-diag.t line 63.

#   Failed test 'ruleset "list" first item'
#   at t/04-diag.t line 65.
#                   undef
#     doesn't match '(?^:You can use)'

#   Failed test 'set "output_order" value "name"'
#   at t/04-diag.t line 67.
# Looks like you failed 14 tests of 20.
t/04-diag.t ...... 
Dubious, test returned 14 (wstat 3584, 0xe00)
Failed 14/20 subtests 
t/boilerplate.t .. ok
t/pod.t .......... skipped: Pod tests for authors only

Test Summary Report
-------------------
t/04-diag.t    (Wstat: 3584 (exited 14) Tests: 20 Failed: 14)
  Failed tests:  7-20
  Non-zero exit status: 14
t/boilerplate.t (Wstat: 0 Tests: 3 Failed: 0)
  TODO passed:   1-3
Files=7, Tests=68,  4 wallclock secs ( 0.03 usr  0.01 sys +  2.16 cusr  0.27 csys =  2.47 CPU)
Result: FAIL
Failed 1/7 test programs. 14/68 subtests failed.

------------------------------
PREREQUISITES
------------------------------

Prerequisite modules loaded:

requires:

    Module                   Need  Have    
    ------------------------ ----- --------
    Dancer                   1     1.3513  
    HTTP::Validate           0.47  0.981   
    JSON                     2     4.10    
    Moo                      1     2.005005
    namespace::clean         0.16  0.27    
    perl                     5.012 5.014004
    Pod::Simple              3.32  3.45    
    YAML                     0     1.30    

build_requires:

    Module                   Need  Have    
    ------------------------ ----- --------
    Module::Build            0.42  0.4234  
    Test::More               0     1.302198

configure_requires:

    Module                   Need  Have    
    ------------------------ ----- --------
    Module::Build            0.42  0.4234  

opt_requires:

    Module                   Need  Have    
    ------------------------ ----- --------
    Dancer::Plugin::Database 0     2.13    
    Template                 0     3.101   


------------------------------
ENVIRONMENT AND OTHER CONTEXT
------------------------------

Environment variables:

    LC_ALL = de_DE.ISO8859-1
    PATH = /usr/local/bin:/usr/bin:/bin:/usr/local/sbin:/usr/sbin:/sbin:/home/cpansand/bin/freebsd9.3:/home/cpansand/bin/sh:/home/cpansand/bin:/usr/games:/home/cpansand/devel:/usr/home/eserte/src/srezic-misc/scripts
    PERL5LIB = 
    PERL5OPT = 
    PERL5_CPANPLUS_IS_RUNNING = 78971
    PERL5_CPAN_IS_RUNNING = 78971
    PERL5_CPAN_IS_RUNNING_IN_RECURSION = 78658,78971
    PERLDOC = -MPod::Perldoc::ToTextOverstrike
    PERL_BATCH = yes
    PERL_CANARY_STABILITY_NOPROMPT = 1
    PERL_CPAN_REPORTER_CONFIG = /var/tmp/cpansmoker-1023/2023122921/cpanreporter_002_config.ini
    PERL_EXTUTILS_AUTOINSTALL = --defaultdeps
    PERL_USE_UNSAFE_INC = 1
    SHELL = /usr/local/bin/zsh
    TERM = screen
    TMPDIR = /var/tmp/cpansmoker-1023/2023122921

Perl special variables (and OS-specific diagnostics, for MSWin32):

    $^X = /usr/perl5.14.4/bin/perl
    $UID/$EUID = 1023 / 1023
    $GID = 1023 1023
    $EGID = 1023 1023

Perl module toolchain versions installed:

    Module              Have    
    ------------------- --------
    CPAN                2.36    
    CPAN::Meta          2.150010
    Cwd                 3.75    
    ExtUtils::CBuilder  0.280236
    ExtUtils::Command   7.70    
    ExtUtils::Install   2.22    
    ExtUtils::MakeMaker 7.70    
    ExtUtils::Manifest  1.75    
    ExtUtils::ParseXS   3.51    
    File::Spec          3.75    
    JSON                4.10    
    JSON::PP            4.16    
    Module::Build       0.4234  
    Module::Signature   0.88    
    Parse::CPAN::Meta   2.150010
    Test2               1.302198
    Test::Harness       3.47    
    Test::More          1.302198
    YAML                1.30    
    YAML::Syck          1.34    
    version             0.9929  


--

Summary of my perl5 (revision 5 version 14 subversion 4) configuration:
   
  Platform:
    osname=freebsd, osvers=9.2-release-p4, archname=amd64-freebsd
    uname='freebsd cvrsnica-freebsd-92 9.2-release-p4 freebsd 9.2-release-p4 #0: tue apr 8 18:08:22 utc 2014 root@amd64-builder.daemonology.net:usrobjusrsrcsysgeneric amd64 '
    config_args='-ds -e -Dprefix=/usr/perl5.14.4'
    hint=recommended, useposix=true, d_sigaction=define
    useithreads=undef, usemultiplicity=undef
    useperlio=define, d_sfio=undef, uselargefiles=define, usesocks=undef
    use64bitint=define, use64bitall=define, uselongdouble=undef
    usemymalloc=n, bincompat5005=undef
  Compiler:
    cc='cc', ccflags ='-DHAS_FPSETMASK -DHAS_FLOATINGPOINT_H -fno-strict-aliasing -pipe -fstack-protector -I/usr/local/include',
    optimize='-O',
    cppflags='-DHAS_FPSETMASK -DHAS_FLOATINGPOINT_H -fno-strict-aliasing -pipe -fstack-protector -I/usr/local/include'
    ccversion='', gccversion='4.2.1 20070831 patched [FreeBSD]', gccosandvers=''
    intsize=4, longsize=8, ptrsize=8, doublesize=8, byteorder=12345678
    d_longlong=define, longlongsize=8, d_longdbl=define, longdblsize=16
    ivtype='long', ivsize=8, nvtype='double', nvsize=8, Off_t='off_t', lseeksize=8
    alignbytes=8, prototype=define
  Linker and Libraries:
    ld='cc', ldflags ='-Wl,-E  -fstack-protector -L/usr/local/lib'
    libpth=/usr/lib /usr/local/lib
    libs=-lgdbm -lm -lcrypt -lutil -lc
    perllibs=-lm -lcrypt -lutil -lc
    libc=, so=so, useshrplib=false, libperl=libperl.a
    gnulibc_version=''
  Dynamic Linking:
    dlsrc=dl_dlopen.xs, dlext=so, d_dlsymun=undef, ccdlflags=' '
    cccdlflags='-DPIC -fPIC', lddlflags='-shared  -L/usr/local/lib -fstack-protector'


Characteristics of this binary (from libperl): 
  Compile-time options: PERL_DONT_CREATE_GVSV PERL_MALLOC_WRAP
                        PERL_PRESERVE_IVUV USE_64_BIT_ALL USE_64_BIT_INT
                        USE_LARGE_FILES USE_PERLIO USE_PERL_ATOF
  Built under freebsd
  Compiled at May 16 2014 00:20:44
  %ENV:
    PERL5LIB=""
    PERL5OPT=""
    PERL5_CPANPLUS_IS_RUNNING="78971"
    PERL5_CPAN_IS_RUNNING="78971"
    PERL5_CPAN_IS_RUNNING_IN_RECURSION="78658,78971"
    PERLDOC="-MPod::Perldoc::ToTextOverstrike"
    PERL_BATCH="yes"
    PERL_CANARY_STABILITY_NOPROMPT="1"
    PERL_CPAN_REPORTER_CONFIG="/var/tmp/cpansmoker-1023/2023122921/cpanreporter_002_config.ini"
    PERL_EXTUTILS_AUTOINSTALL="--defaultdeps"
    PERL_USE_UNSAFE_INC="1"
  @INC:
    /usr/perl5.14.4/lib/site_perl/5.14.4/amd64-freebsd
    /usr/perl5.14.4/lib/site_perl/5.14.4
    /usr/perl5.14.4/lib/5.14.4/amd64-freebsd
    /usr/perl5.14.4/lib/5.14.4
    .