Pod-Perldoc v3.28 Perl 5 v5.22.4 x86_64-linux

Status
Fail
From
Chris Williams (BINGOS)
Dist
Pod-Perldoc v3.28
Platform
Perl 5 v5.22.4 x86_64-linux
Date
2018-05-02 19:05:03
ID
b8493bae-4e3b-11e8-a1cf-bb670eaac09d
This distribution has been tested as part of the CPAN Testers
project, supporting the Perl programming language.  See
http://wiki.cpantesters.org/ for more information or email
questions to cpan-testers-discuss@perl.org


--

Dear Mark Allen,

This is a computer-generated error report created automatically by
CPANPLUS, version 0.9172. Testers personal comments may appear
at the end of this report.


Thank you for uploading your work to CPAN.  However, it appears that
there were some problems testing your distribution.

TEST RESULTS:

Below is the error stack from stage 'make test':

PERL_DL_NONLAZY=1 "/opt/perl-5.22.4/bin/perl" "-MExtUtils::Command::MM" "-MTest::Harness" "-e" "undef *Test::Harness::Switches; test_harness(0, 'blib/lib', 'blib/arch')" t/*.t t/*/*.t
t/00_load.t ............... ok
t/01_about_verbose.t ...... ok

#   Failed test 'got expected output in STDOUT'
#   at t/02_module_pod_output.t line 47.
#                   undef
#     doesn't match '(?^:Look up Perl documentation)'

#   Failed test 'got expected output in STDERR'
#   at t/02_module_pod_output.t line 80.
#                   'Can't find any loadable formatter class in Pod::Perldoc::Toterm Pod::Perldoc::Toterm Pod::Perldoc::ToTerm Pod::Perldoc::ToTERM Pod::Simple::term Pod::Simple::term Pod::Simple::Term Pod::Simple::TERM Pod::term Pod::term Pod::Term Pod::TERM Pod::Perldoc::Totext Pod::Perldoc::Totext Pod::Perldoc::ToText Pod::Perldoc::ToTEXT Pod::Simple::text Pod::Simple::text Pod::Simple::Text Pod::Simple::TEXT Pod::text Pod::text Pod::Text Pod::TEXT Pod::Perldoc::ToPod?!
# Aborting
#  at /opt/perl-5.22.4/.cpanplus/5.22.4/build/nfclodwMc6/Pod-Perldoc-3.28/blib/script/perldoc line 6.
# '
#     doesn't match '(?^:No documentation)'
# Looks like you failed 2 tests of 7.
t/02_module_pod_output.t .. 
Dubious, test returned 2 (wstat 512, 0x200)
Failed 2/7 subtests 
t/man/_get_columns.t ...... ok
t/pod.t ................... skipped: Pod tests not required for installation.

Test Summary Report
-------------------
t/02_module_pod_output.t (Wstat: 512 Tests: 7 Failed: 2)
  Failed tests:  3, 7
  Non-zero exit status: 2
Files=5, Tests=56,  1 wallclock secs ( 0.08 usr  0.02 sys +  0.58 cusr  0.06 csys =  0.74 CPU)
Result: FAIL
Failed 1/5 test programs. 2/56 subtests failed.
make: *** [test_dynamic] Error 255


PREREQUISITES:

Here is a list of prerequisites you specified and versions we
managed to load:

	  Module Name                        Have     Want
	  Encode                             2.98        0
	  ExtUtils::MakeMaker                7.34        0
	  Fcntl                              1.13        0
	  File::Spec::Functions              3.74        0
	  File::Temp                       0.2304     0.22
	  IO::Select                         1.39        0
	  Pod::Man                           4.10     2.18
	  Pod::Simple::RTF                   3.29     3.16
	  Pod::Simple::XMLOutStream          3.29     3.16
	  Pod::Text                          4.10        0
	  Symbol                             1.07        0
	  Test::More                     1.001014        0
	  Text::ParseWords                   3.30        0
	  parent                            0.232        0
	  strict                             1.09        0
	  warnings                           1.34        0

Perl module toolchain versions installed:
	Module Name                        Have
	CPANPLUS                         0.9172
	CPANPLUS::Dist::Build              0.88
	Cwd                                3.74
	ExtUtils::CBuilder             0.280230
	ExtUtils::Command                  7.34
	ExtUtils::Install                  2.14
	ExtUtils::MakeMaker                7.34
	ExtUtils::Manifest                 1.70
	ExtUtils::ParseXS                  3.35
	File::Spec                         3.74
	Module::Build                    0.4224
	Pod::Parser                        1.63
	Pod::Simple                        3.29
	Test2                          1.302136
	Test::Harness                      3.42
	Test::More                     1.001014
	version                          0.9909

******************************** NOTE ********************************
The comments above are created mechanically, possibly without manual
checking by the sender.  As there are many people performing automatic
tests on each upload to CPAN, it is likely that you will receive
identical messages about the same problem.

If you believe that the message is mistaken, please reply to the first
one with correction and/or additional informations, and do not take
it personally.  We appreciate your patience. :)
**********************************************************************

Additional comments:


This report was machine-generated by CPANPLUS::Dist::YACSmoke 1.02.

------------------------------
ENVIRONMENT AND OTHER CONTEXT
------------------------------

Environment variables:

    AUTOMATED_TESTING = 1
    LANG = en_GB.UTF-8
    LANGUAGE = en_GB:en
    PATH = /opt/perl-5.22.4/.cpanplus/5.22.4/build/nfclodwMc6/Pod-Perldoc-3.28/blib/script:/usr/local/sbin:/usr/local/bin:/usr/sbin:/usr/bin:/sbin:/bin
    PERL5LIB = :/opt/perl-5.22.4/.cpanplus/5.22.4/build/nfclodwMc6/Pod-Perldoc-3.28/blib/lib:/opt/perl-5.22.4/.cpanplus/5.22.4/build/nfclodwMc6/Pod-Perldoc-3.28/blib/arch
    PERL5_CPANIDX_URL = http://cpan.mirror.local/cpanidx/
    PERL5_CPANPLUS_HOME = /opt/perl-5.22.4
    PERL5_CPANPLUS_IS_RUNNING = 19793
    PERL5_CPANPLUS_IS_VERSION = 0.9172
    PERL_EXTUTILS_AUTOINSTALL = --defaultdeps
    PERL_INSTALL_QUIET = 1
    PERL_MM_USE_DEFAULT = 1
    SHELL = /bin/bash
    TERM = xterm

Perl special variables (and OS-specific diagnostics, for MSWin32):

    Perl: $^X = /opt/perl-5.22.4/bin/perl
    UID:  $<  = 0
    EUID: $>  = 0
    GID:  $(  = 0 0
    EGID: $)  = 0 0


-------------------------------


--

Summary of my perl5 (revision 5 version 22 subversion 4) configuration:
   
  Platform:
    osname=linux, osvers=4.4.0-121-generic, archname=x86_64-linux
    uname='linux llansatr 4.4.0-121-generic #145~14.04.1-ubuntu smp mon apr 16 18:40:43 utc 2018 x86_64 x86_64 x86_64 gnulinux '
    config_args='-des -Dprefix=/opt/perl-5.22.4'
    hint=recommended, useposix=true, d_sigaction=define
    useithreads=undef, usemultiplicity=undef
    use64bitint=define, use64bitall=define, uselongdouble=undef
    usemymalloc=n, bincompat5005=undef
  Compiler:
    cc='cc', ccflags ='-fwrapv -fno-strict-aliasing -pipe -fstack-protector -I/usr/local/include -D_LARGEFILE_SOURCE -D_FILE_OFFSET_BITS=64',
    optimize='-O2',
    cppflags='-fwrapv -fno-strict-aliasing -pipe -fstack-protector -I/usr/local/include'
    ccversion='', gccversion='4.8.4', gccosandvers=''
    intsize=4, longsize=8, ptrsize=8, doublesize=8, byteorder=12345678, doublekind=3
    d_longlong=define, longlongsize=8, d_longdbl=define, longdblsize=16, longdblkind=3
    ivtype='long', ivsize=8, nvtype='double', nvsize=8, Off_t='off_t', lseeksize=8
    alignbytes=8, prototype=define
  Linker and Libraries:
    ld='cc', ldflags =' -fstack-protector -L/usr/local/lib'
    libpth=/usr/local/lib /usr/lib/gcc/x86_64-linux-gnu/4.8/include-fixed /usr/include/x86_64-linux-gnu /usr/lib /lib/x86_64-linux-gnu /lib/../lib /usr/lib/x86_64-linux-gnu /usr/lib/../lib /lib
    libs=-lpthread -lnsl -lgdbm -ldb -ldl -lm -lcrypt -lutil -lc -lgdbm_compat
    perllibs=-lpthread -lnsl -ldl -lm -lcrypt -lutil -lc
    libc=libc-2.19.so, so=so, useshrplib=false, libperl=libperl.a
    gnulibc_version='2.19'
  Dynamic Linking:
    dlsrc=dl_dlopen.xs, dlext=so, d_dlsymun=undef, ccdlflags='-Wl,-E'
    cccdlflags='-fPIC', lddlflags='-shared -O2 -L/usr/local/lib -fstack-protector'


Characteristics of this binary (from libperl): 
  Compile-time options: HAS_TIMES PERLIO_LAYERS PERL_DONT_CREATE_GVSV
                        PERL_HASH_FUNC_ONE_AT_A_TIME_HARD PERL_MALLOC_WRAP
                        PERL_NEW_COPY_ON_WRITE PERL_PRESERVE_IVUV
                        USE_64_BIT_ALL USE_64_BIT_INT USE_LARGE_FILES
                        USE_LOCALE USE_LOCALE_COLLATE USE_LOCALE_CTYPE
                        USE_LOCALE_NUMERIC USE_LOCALE_TIME USE_PERLIO
                        USE_PERL_ATOF
  Built under linux
  Compiled at May  2 2018 19:45:01
  %ENV:
    PERL5LIB=":/opt/perl-5.22.4/.cpanplus/5.22.4/build/nfclodwMc6/Pod-Perldoc-3.28/blib/lib:/opt/perl-5.22.4/.cpanplus/5.22.4/build/nfclodwMc6/Pod-Perldoc-3.28/blib/arch"
    PERL5_CPANIDX_URL="http://cpan.mirror.local/cpanidx/"
    PERL5_CPANPLUS_HOME="/opt/perl-5.22.4"
    PERL5_CPANPLUS_IS_RUNNING="19793"
    PERL5_CPANPLUS_IS_VERSION="0.9172"
    PERL_EXTUTILS_AUTOINSTALL="--defaultdeps"
    PERL_INSTALL_QUIET="1"
    PERL_MM_USE_DEFAULT="1"
  @INC:
    /opt/perl-5.22.4/.cpanplus/5.22.4/build/nfclodwMc6/Pod-Perldoc-3.28/blib/lib
    /opt/perl-5.22.4/.cpanplus/5.22.4/build/nfclodwMc6/Pod-Perldoc-3.28/blib/arch
    /opt/perl-5.22.4/lib/site_perl/5.22.4/x86_64-linux
    /opt/perl-5.22.4/lib/site_perl/5.22.4
    /opt/perl-5.22.4/lib/5.22.4/x86_64-linux
    /opt/perl-5.22.4/lib/5.22.4
    /opt/perl-5.22.4/lib/site_perl/5.22.1/x86_64-linux
    /opt/perl-5.22.4/lib/site_perl/5.22.1
    /opt/perl-5.22.4/lib/site_perl
    .