HTML-Blitz v0.07 Perl 5 v5.37.9 x86_64-linux
- Status
- Fail
- From
- Andreas J. König (ANDK)
- Dist
-
HTML-Blitz v0.07
- Platform
- Perl 5 v5.37.9 x86_64-linux
- Date
- 2023-03-20 11:38:21
- ID
- b7b4554c-c713-11ed-97a4-496eef7f97a0
This distribution has been tested as part of the CPAN Testers
project, supporting the Perl programming language. See
http://wiki.cpantesters.org/ for more information or email
questions to cpan-testers-discuss@perl.org
--
Dear Lukas Mai,
This is a computer-generated report for HTML-Blitz-0.07
on perl 5.37.9, created by CPAN-Reporter-1.2018.
Thank you for uploading your work to CPAN. However, there was a problem
testing your distribution.
If you think this report is invalid, please consult the CPAN Testers Wiki
for suggestions on how to avoid getting FAIL reports for missing library
or binary dependencies, unsupported operating systems, and so on:
http://wiki.cpantesters.org/wiki/CPANAuthorNotes
Sections of this report:
* Tester comments
* Program output
* Prerequisites
* Environment and other context
------------------------------
TESTER COMMENTS
------------------------------
Additional comments from tester:
this report is from an automated smoke testing program
and was not reviewed by a human for accuracy
------------------------------
PROGRAM OUTPUT
------------------------------
Output from '/usr/bin/make test':
PERL_DL_NONLAZY=1 "/home/sand/src/perl/repoperls/installed-perls/host/k93msid/v5.37.9/da1c/bin/perl" "-MExtUtils::Command::MM" "-MTest::Harness" "-e" "undef *Test::Harness::Switches; test_harness(0, 'blib/lib', 'blib/arch')" t/*.t
t/actions.t ............... ok
t/builder.t ............... ok
t/conflict.t .............. ok
# Failed test 'unset template variable is an error'
# at t/errors.t line 7.
# +---------------------------------+----+---------------------------------+
# | GOT | OP | CHECK |
# +---------------------------------+----+---------------------------------+
# | Use of uninitialized value in s | =~ | (?^:\buninitialized value \$\w* |
# | ubstitution (s///) at (blitz-te | | tiny_dancer) |
# | mplate)hermetic/koala.html line | | |
# | 7.\n | | |
# +---------------------------------+----+---------------------------------+
# Seeded srand with seed '20230320' from local date.
t/errors.t ................
Dubious, test returned 1 (wstat 256, 0x100)
Failed 1/2 subtests
t/marshal.t ............... ok
t/methods.t ............... ok
t/parser.t ................ ok
t/selector-combinators.t .. ok
t/selectors.t ............. ok
t/special.t ............... ok
t/void.t .................. ok
t/xmlish.t ................ ok
Test Summary Report
-------------------
t/errors.t (Wstat: 256 (exited 1) Tests: 2 Failed: 1)
Failed test: 1
Non-zero exit status: 1
Files=12, Tests=318, 4 wallclock secs ( 0.07 usr 0.13 sys + 2.21 cusr 1.09 csys = 3.50 CPU)
Result: FAIL
Failed 1/12 test programs. 1/318 subtests failed.
make: *** [Makefile:925: test_dynamic] Error 255
------------------------------
PREREQUISITES
------------------------------
Prerequisite modules loaded:
requires:
Module Need Have
-------------------- -------- --------
Carp 0 1.54
constant 0 1.33
Exporter 5.57 5.77
feature 0 1.80
Function::Parameters 2 2.001005
List::Util 1.33 1.63
overload 0 1.36
perl 5.024000 5.037009
Scalar::Util 0 1.63
strict 0 1.12
warnings 0 1.62
build_requires:
Module Need Have
-------------------- -------- --------
Fcntl 0 1.15
File::Temp 0.2307 0.2311
FindBin 0 1.53
Test2::API 0 1.302192
Test2::V0 0 0.000145
configure_requires:
Module Need Have
-------------------- -------- --------
ExtUtils::MakeMaker 0 7.66
File::Find 0 1.43
File::Spec 0 3.88
strict 0 1.12
warnings 0 1.62
------------------------------
ENVIRONMENT AND OTHER CONTEXT
------------------------------
Environment variables:
AUTOMATED_TESTING = 1
LANG = en_US.UTF-8
LANGUAGE = en_US:en
PATH = /home/sand/bin:/usr/local/bin:/usr/bin:/bin:/usr/games:/usr/local/perl/bin:/usr/X11/bin:/sbin:/usr/sbin
PERL5LIB =
PERL5OPT =
PERL5_CPANPLUS_IS_RUNNING = 2618061
PERL5_CPAN_IS_RUNNING = 2618061
PERL_CANARY_STABILITY_NOPROMPT = 1
PERL_MM_USE_DEFAULT = 1
PERL_USE_UNSAFE_INC = 1
SHELL = /usr/bin/zsh
TERM = screen
Perl special variables (and OS-specific diagnostics, for MSWin32):
$^X = /home/sand/src/perl/repoperls/installed-perls/host/k93msid/v5.37.9/da1c/bin/perl
$UID/$EUID = 1005 / 1005
$GID = 1005 1005
$EGID = 1005 1005
Perl module toolchain versions installed:
Module Have
------------------- --------
CPAN 2.34
CPAN::Meta 2.150010
Cwd 3.88
ExtUtils::CBuilder 0.280238
ExtUtils::Command 7.66
ExtUtils::Install 2.22
ExtUtils::MakeMaker 7.66
ExtUtils::Manifest 1.73
ExtUtils::ParseXS 3.49
File::Spec 3.88
JSON 4.10
JSON::PP 4.16
Module::Build 0.4232
Module::Signature 0.88
Parse::CPAN::Meta 2.150010
Test::Harness 3.44
Test::More 1.302192
YAML 1.30
YAML::Syck 1.34
version 0.9929
--
Summary of my perl5 (revision 5 version 37 subversion 9) configuration:
Commit id: 692cfdb0a41902b1e4fd4d934426ef95c2b4b694
Platform:
osname=linux
osvers=6.0.0-5-amd64
archname=x86_64-linux
uname='linux k93msid 6.0.0-5-amd64 #1 smp preempt_dynamic debian 6.0.10-2 (2022-12-01) x86_64 gnulinux '
config_args='-Dprefix=/home/sand/src/perl/repoperls/installed-perls/host/k93msid/v5.37.9/da1c -Dmyhostname=k93msid -Dinstallusrbinperl=n -Uversiononly -Dusedevel -des -Ui_db -Dlibswanted=cl pthread socket inet nsl gdbm dbm malloc dl ld sun m crypt sec util c cposix posix ucb BSD gdbm_compat -Uuseithreads -Uuselongdouble -DEBUGGING=-g'
hint=recommended
useposix=true
d_sigaction=define
useithreads=undef
usemultiplicity=undef
use64bitint=define
use64bitall=define
uselongdouble=undef
usemymalloc=n
default_inc_excludes_dot=define
Compiler:
cc='cc'
ccflags ='-fwrapv -fno-strict-aliasing -pipe -fstack-protector-strong -I/usr/local/include -D_LARGEFILE_SOURCE -D_FILE_OFFSET_BITS=64 -D_FORTIFY_SOURCE=2'
optimize='-O2 -g'
cppflags='-fwrapv -fno-strict-aliasing -pipe -fstack-protector-strong -I/usr/local/include'
ccversion=''
gccversion='12.2.0'
gccosandvers=''
intsize=4
longsize=8
ptrsize=8
doublesize=8
byteorder=12345678
doublekind=3
d_longlong=define
longlongsize=8
d_longdbl=define
longdblsize=16
longdblkind=3
ivtype='long'
ivsize=8
nvtype='double'
nvsize=8
Off_t='off_t'
lseeksize=8
alignbytes=8
prototype=define
Linker and Libraries:
ld='cc'
ldflags =' -fstack-protector-strong -L/usr/local/lib'
libpth=/usr/local/lib /usr/lib/x86_64-linux-gnu /usr/lib /usr/lib64
libs=-lpthread -lnsl -ldl -lm -lcrypt -lutil -lc
perllibs=-lpthread -lnsl -ldl -lm -lcrypt -lutil -lc
libc=/lib/x86_64-linux-gnu/libc.so.6
so=so
useshrplib=false
libperl=libperl.a
gnulibc_version='2.36'
Dynamic Linking:
dlsrc=dl_dlopen.xs
dlext=so
d_dlsymun=undef
ccdlflags='-Wl,-E'
cccdlflags='-fPIC'
lddlflags='-shared -O2 -g -L/usr/local/lib -fstack-protector-strong'
Characteristics of this binary (from libperl):
Compile-time options:
HAS_TIMES
PERLIO_LAYERS
PERL_COPY_ON_WRITE
PERL_DONT_CREATE_GVSV
PERL_HASH_FUNC_SIPHASH13
PERL_HASH_USE_SBOX32
PERL_MALLOC_WRAP
PERL_OP_PARENT
PERL_PRESERVE_IVUV
PERL_USE_DEVEL
PERL_USE_SAFE_PUTENV
USE_64_BIT_ALL
USE_64_BIT_INT
USE_LARGE_FILES
USE_LOCALE
USE_LOCALE_COLLATE
USE_LOCALE_CTYPE
USE_LOCALE_NUMERIC
USE_LOCALE_TIME
USE_PERLIO
USE_PERL_ATOF
Built under linux
Compiled at Feb 21 2023 05:49:20
%ENV:
PERL5LIB=""
PERL5OPT=""
PERL5_CPANPLUS_IS_RUNNING="2618061"
PERL5_CPAN_IS_RUNNING="2618061"
PERL_CANARY_STABILITY_NOPROMPT="1"
PERL_MM_USE_DEFAULT="1"
PERL_USE_UNSAFE_INC="1"
@INC:
/home/sand/src/perl/repoperls/installed-perls/host/k93msid/v5.37.9/da1c/lib/site_perl/5.37.9/x86_64-linux
/home/sand/src/perl/repoperls/installed-perls/host/k93msid/v5.37.9/da1c/lib/site_perl/5.37.9
/home/sand/src/perl/repoperls/installed-perls/host/k93msid/v5.37.9/da1c/lib/5.37.9/x86_64-linux
/home/sand/src/perl/repoperls/installed-perls/host/k93msid/v5.37.9/da1c/lib/5.37.9
.