Media-Convert v1.4.1 Perl 5 v5.30.1 x86_64-linux-thread-multi

Status
Fail
From
Andreas J. König (ANDK)
Dist
Media-Convert v1.4.1
Platform
Perl 5 v5.30.1 x86_64-linux-thread-multi
Date
2025-03-05 01:18:16
ID
b741e694-f95f-11ef-bf07-afabdc02a660
This distribution has been tested as part of the CPAN Testers
project, supporting the Perl programming language.  See
http://wiki.cpantesters.org/ for more information or email
questions to cpan-testers-discuss@perl.org


--
Dear Wouter Verhelst,

This is a computer-generated report for Media-Convert-1.4.1
on perl 5.30.1, created by CPAN-Reporter-1.2019.

Thank you for uploading your work to CPAN.  However, there was a problem
testing your distribution.

If you think this report is invalid, please consult the CPAN Testers Wiki
for suggestions on how to avoid getting FAIL reports for missing library
or binary dependencies, unsupported operating systems, and so on:

http://wiki.cpantesters.org/wiki/CPANAuthorNotes

Sections of this report:

    * Tester comments
    * Program output
    * Prerequisites
    * Environment and other context

------------------------------
TESTER COMMENTS
------------------------------

Additional comments from tester:

this report is from an automated smoke testing program
and was not reviewed by a human for accuracy

------------------------------
PROGRAM OUTPUT
------------------------------

Output from '/usr/bin/make test':

PERL_DL_NONLAZY=1 "/home/sand/src/perl/repoperls/installed-perls/host/k93msid/v5.30.1/29fb/bin/perl" "-MExtUtils::Command::MM" "-MTest::Harness" "-e" "undef *Test::Harness::Switches; test_harness(0, 'blib/lib', 'blib/arch')" t/*.t
t/aac_channels.t .. ok
Svt[info]: -------------------------------------------
Svt[info]: SVT [version]:	SVT-AV1 Encoder Lib v1.7.0
Svt[info]: SVT [build]  :	GCC 13.2.0	 64 bit
Svt[info]: -------------------------------------------
Svt[info]: Number of logical cores available: 3
Svt[info]: Number of PPCS 74
Svt[info]: [asm level on system : up to avx2]
Svt[info]: [asm level selected : up to avx2]
Svt[info]: -------------------------------------------
Svt[info]: SVT [config]: main profile	tier (auto)	level (auto)
Svt[info]: SVT [config]: width / height / fps numerator / fps denominator 		: 856 / 480 / 24 / 1
Svt[info]: SVT [config]: bit-depth / color format 					: 8 / YUV420
Svt[info]: SVT [config]: preset / tune / pred struct 					: 4 / VQ / random access
Svt[info]: SVT [config]: gop size / mini-gop size / key-frame type 			: 161 / 32 / key frame
Svt[info]: SVT [config]: BRC mode / rate factor 					: CRF / 25 
Svt[info]: SVT [config]: film grain synth / denoising / level 				: 1 / 1 / 8
Svt[info]: -------------------------------------------
t/av1.t ........... ok
t/avsync.t ........ ok
t/codecs.t ........ ok
[matroska @ 0x55a6f7c528c0] Non-monotonic DTS in output stream 0:1; previous: 20016, current: 20000; changing to 20016. This may result in incorrect timestamps in the output file.
t/concat.t ........ ok
t/convert.t ....... ok
t/copy.t .......... ok
t/keyframes.t ..... ok
t/normalize.t ..... ok
t/pnggen.t ........ ok
t/probe.t ......... ok
[mpeg @ 0x561c2c04fc40] VBV buffer size not set, using default size of 230KB
If you want the mpeg file to be compliant to some specification
Like DVD, VCD or others, make sure you set the correct buffer size
[out#0/mp4 @ 0x55f9123e3440] Codec AVOption threads (set the number of threads) has not been used for any stream. The most likely reason is either wrong type (e.g. a video option with no video streams) or that it is a private option of some encoder which was not actually used for any stream.
[out#0/mp4 @ 0x55f9123e3440] Codec AVOption minrate (minimum bitrate (in bits/s). Most useful in setting up a CBR encode. It is of little use otherwise.) has not been used for any stream. The most likely reason is either wrong type (e.g. a video option with no video streams) or that it is a private option of some encoder which was not actually used for any stream.
[out#0/mp4 @ 0x55f9123e3440] Codec AVOption maxrate (maximum bitrate (in bits/s). Used for VBV together with bufsize.) has not been used for any stream. The most likely reason is either wrong type (e.g. a video option with no video streams) or that it is a private option of some encoder which was not actually used for any stream.
[out#0/mp4 @ 0x55f9123e3440] Codec AVOption b (set bitrate (in bits/s)) has not been used for any stream. The most likely reason is either wrong type (e.g. a video option with no video streams) or that it is a private option of some encoder which was not actually used for any stream.
t/profiles.t ...... ok
Use of uninitialized value in multiplication (*) at /tmp/loop_over_bdir-2639088-mZzq3K/Media-Convert-1.4.1-0/blib/lib/Media/Convert/Pipe.pm line 235.
[libvpx @ 0x558a0fdcfe40] Neither bitrate nor constrained quality specified, using default CRF of 32 and bitrate of 256kbit/sec
[libvpx @ 0x55d68a709e40] Neither bitrate nor constrained quality specified, using default CRF of 32 and bitrate of 256kbit/sec
t/reporting.t ..... ok
Can't locate Moose.pm in @INC (you may need to install the Moose module) (@INC entries checked: /tmp/loop_over_bdir-2639088-mZzq3K/Media-Convert-1.4.1-0/blib/lib /tmp/loop_over_bdir-2639088-mZzq3K/Media-Convert-1.4.1-0/blib/lib /tmp/loop_over_bdir-2639088-mZzq3K/Media-Convert-1.4.1-0/blib/arch /etc/perl /usr/local/lib/x86_64-linux-gnu/perl/5.40.0 /usr/local/share/perl/5.40.0 /usr/lib/x86_64-linux-gnu/perl5/5.40 /usr/share/perl5 /usr/lib/x86_64-linux-gnu/perl-base /usr/lib/x86_64-linux-gnu/perl/5.40 /usr/share/perl/5.40 /usr/local/lib/site_perl .) at /tmp/loop_over_bdir-2639088-mZzq3K/Media-Convert-1.4.1-0/blib/lib/Media/Convert/Asset.pm line 94.
BEGIN failed--compilation aborted at /tmp/loop_over_bdir-2639088-mZzq3K/Media-Convert-1.4.1-0/blib/lib/Media/Convert/Asset.pm line 94.
Compilation failed in require at ./scripts/mc-encode line 16.
BEGIN failed--compilation aborted at ./scripts/mc-encode line 16.
system perl -I /tmp/loop_over_bdir-2639088-mZzq3K/Media-Convert-1.4.1-0/blib/lib ./scripts/mc-encode --input t/testvids/bbb.mp4 --output bbb.webm --multipass --profile webm failed: 512 at t/script.t line 20.
t/script.t ........ 
Dubious, test returned 2 (wstat 512, 0x200)
No subtests run 

Test Summary Report
-------------------
t/script.t      (Wstat: 512 (exited 2) Tests: 0 Failed: 0)
  Non-zero exit status: 2
  Parse errors: No plan found in TAP output
Files=14, Tests=140, 76 wallclock secs ( 0.07 usr  0.03 sys + 79.67 cusr  4.39 csys = 84.16 CPU)
Result: FAIL
Failed 1/14 test programs. 0/140 subtests failed.
make: *** [Makefile:947: test_dynamic] Error 2

------------------------------
PREREQUISITES
------------------------------

Prerequisite modules loaded:

requires:

    Module              Need Have    
    ------------------- ---- --------
    Alien::ffmpeg       0    0.105   
    IPC::System::Simple 0    1.30    
    JSON::MaybeXS       0    1.004008
    Moose               0    2.2207  
    MooseX::Singleton   0    0.30    
    SemVer              0    0.10.0  

build_requires:

    Module              Need Have    
    ------------------- ---- --------
    ExtUtils::MakeMaker 0    7.70    
    Test::More          0    1.302207

configure_requires:

    Module              Need Have    
    ------------------- ---- --------
    ExtUtils::MakeMaker 0    7.70    


------------------------------
ENVIRONMENT AND OTHER CONTEXT
------------------------------

Environment variables:

    AUTOMATED_TESTING = 1
    LANG = en_US.UTF-8
    LANGUAGE = en_US:en
    PATH = /home/sand/bin:/usr/local/bin:/usr/bin:/bin:/usr/games:/usr/local/perl/bin:/usr/X11/bin:/sbin:/usr/sbin
    PERL5LIB = 
    PERL5OPT = 
    PERL5_CPANPLUS_IS_RUNNING = 520969
    PERL5_CPAN_IS_RUNNING = 520969
    PERL_CANARY_STABILITY_NOPROMPT = 1
    PERL_MM_USE_DEFAULT = 1
    PERL_USE_UNSAFE_INC = 1
    SHELL = /usr/bin/zsh
    TERM = screen

Perl special variables (and OS-specific diagnostics, for MSWin32):

    $^X = /home/sand/src/perl/repoperls/installed-perls/host/k93msid/v5.30.1/29fb/bin/perl
    $UID/$EUID = 1005 / 1005
    $GID = 1005 1005
    $EGID = 1005 1005

Perl module toolchain versions installed:

    Module              Have    
    ------------------- --------
    CPAN                2.34    
    CPAN::Meta          2.150010
    Cwd                 3.78    
    ExtUtils::CBuilder  0.280236
    ExtUtils::Command   7.70    
    ExtUtils::Install   2.14    
    ExtUtils::MakeMaker 7.70    
    ExtUtils::Manifest  1.75    
    ExtUtils::ParseXS   3.51    
    File::Spec          3.78    
    JSON                4.10    
    JSON::PP            4.17_01 
    Module::Build       0.4234  
    Module::Signature   0.88    
    Parse::CPAN::Meta   2.150010
    Test2               1.302207
    Test::Harness       3.50    
    Test::More          1.302207
    YAML                1.30    
    YAML::Syck          1.34    
    version             0.9929  


--

Summary of my perl5 (revision 5 version 30 subversion 1) configuration:
  Commit id: 92dc8555fd2841214d65c8e754898f4079ec46bf
  Platform:
    osname=linux
    osvers=5.17.0-1-amd64
    archname=x86_64-linux-thread-multi
    uname='linux k93msid 5.17.0-1-amd64 #1 smp preempt debian 5.17.3-1 (2022-04-18) x86_64 gnulinux '
    config_args='-Dprefix=/home/sand/src/perl/repoperls/installed-perls/host/k93msid/v5.30.1/29fb -Dmyhostname=k93msid -Dinstallusrbinperl=n -Uversiononly -Dusedevel -des -Ui_db -Dlibswanted=cl pthread socket inet nsl gdbm dbm malloc dl ld sun m crypt sec util c cposix posix ucb BSD gdbm_compat -Duseithreads -Uuselongdouble -DEBUGGING=both'
    hint=recommended
    useposix=true
    d_sigaction=define
    useithreads=define
    usemultiplicity=define
    use64bitint=define
    use64bitall=define
    uselongdouble=undef
    usemymalloc=n
    default_inc_excludes_dot=define
    bincompat5005=undef
  Compiler:
    cc='cc'
    ccflags ='-D_REENTRANT -D_GNU_SOURCE -fwrapv -DDEBUGGING -fpcc-struct-return -pipe -fstack-protector-strong -I/usr/local/include -D_LARGEFILE_SOURCE -D_FILE_OFFSET_BITS=64'
    optimize='-O2 -g'
    cppflags='-D_REENTRANT -D_GNU_SOURCE -fwrapv -DDEBUGGING -fpcc-struct-return -pipe -fstack-protector-strong -I/usr/local/include -D__GNUC__'
    ccversion=''
    gccversion='11.3.0'
    gccosandvers=''
    intsize=4
    longsize=8
    ptrsize=8
    doublesize=8
    byteorder=12345678
    doublekind=3
    d_longlong=define
    longlongsize=8
    d_longdbl=define
    longdblsize=16
    longdblkind=3
    ivtype='long'
    ivsize=8
    nvtype='double'
    nvsize=8
    Off_t='off_t'
    lseeksize=8
    alignbytes=8
    prototype=define
  Linker and Libraries:
    ld='cc'
    ldflags =' -fstack-protector-strong -L/usr/local/lib'
    libpth=/usr/local/lib /usr/include/x86_64-linux-gnu /usr/lib /lib/x86_64-linux-gnu /lib/../lib /usr/lib/x86_64-linux-gnu /usr/lib/../lib /lib
    libs=-lpthread -lnsl -ldl -lm -lcrypt -lutil -lc
    perllibs=-lpthread -lnsl -ldl -lm -lcrypt -lutil -lc
    libc=libc-2.33.so
    so=so
    useshrplib=false
    libperl=libperl.a
    gnulibc_version='2.33'
  Dynamic Linking:
    dlsrc=dl_dlopen.xs
    dlext=so
    d_dlsymun=undef
    ccdlflags='-Wl,-E'
    cccdlflags='-fPIC'
    lddlflags='-shared -O2 -g -L/usr/local/lib -fstack-protector-strong'


Characteristics of this binary (from libperl): 
  Compile-time options:
    DEBUGGING
    HAS_TIMES
    MULTIPLICITY
    PERLIO_LAYERS
    PERL_COPY_ON_WRITE
    PERL_DONT_CREATE_GVSV
    PERL_IMPLICIT_CONTEXT
    PERL_MALLOC_WRAP
    PERL_OP_PARENT
    PERL_PRESERVE_IVUV
    PERL_TRACK_MEMPOOL
    PERL_USE_DEVEL
    USE_64_BIT_ALL
    USE_64_BIT_INT
    USE_ITHREADS
    USE_LARGE_FILES
    USE_LOCALE
    USE_LOCALE_COLLATE
    USE_LOCALE_CTYPE
    USE_LOCALE_NUMERIC
    USE_LOCALE_TIME
    USE_PERLIO
    USE_PERL_ATOF
    USE_REENTRANT_API
    USE_THREAD_SAFE_LOCALE
  Built under linux
  Compiled at Apr 29 2022 16:36:49
  %ENV:
    PERL5LIB=""
    PERL5OPT=""
    PERL5_CPANPLUS_IS_RUNNING="520969"
    PERL5_CPAN_IS_RUNNING="520969"
    PERL_CANARY_STABILITY_NOPROMPT="1"
    PERL_MM_USE_DEFAULT="1"
    PERL_USE_UNSAFE_INC="1"
  @INC:
    /home/sand/src/perl/repoperls/installed-perls/host/k93msid/v5.30.1/29fb/lib/site_perl/5.30.1/x86_64-linux-thread-multi
    /home/sand/src/perl/repoperls/installed-perls/host/k93msid/v5.30.1/29fb/lib/site_perl/5.30.1
    /home/sand/src/perl/repoperls/installed-perls/host/k93msid/v5.30.1/29fb/lib/5.30.1/x86_64-linux-thread-multi
    /home/sand/src/perl/repoperls/installed-perls/host/k93msid/v5.30.1/29fb/lib/5.30.1
    .