Report for MogileFS-Client-Async-0.030

Back
From: metabase:user:30ae4450-2aae-11df-837a-5e0a49663a4f
Subject: FAIL MogileFS-Client-Async-0.030 v5.16.2 GNU/Linux
Date: 2013-05-28T09:55:23Z

This distribution has been tested as part of the CPAN Testers
project, supporting the Perl programming language.  See
http://wiki.cpantesters.org/ for more information or email
questions to cpan-testers-discuss@perl.org


--
Dear Dave Lambley,

This is a computer-generated report for MogileFS-Client-Async-0.030
on perl 5.16.2, created by CPAN-Reporter-1.2009.

Thank you for uploading your work to CPAN.  However, there was a problem
testing your distribution.

If you think this report is invalid, please consult the CPAN Testers Wiki
for suggestions on how to avoid getting FAIL reports for missing library
or binary dependencies, unsupported operating systems, and so on:

http://wiki.cpantesters.org/wiki/CPANAuthorNotes

Sections of this report:

    * Tester comments
    * Program output
    * Prerequisites
    * Environment and other context

------------------------------
TESTER COMMENTS
------------------------------

Additional comments from tester:

this report is from an automated smoke testing program
and was not reviewed by a human for accuracy

------------------------------
PROGRAM OUTPUT
------------------------------

Output from '/usr/bin/make test':

PERL_DL_NONLAZY=1 /home/c/perl5/perlbrew/perls/perl-5.16.2/bin/perl "-MExtUtils::Command::MM" "-e" "test_harness(0, 'inc', 'blib/lib', 'blib/arch')" t/*.t

#   Failed test 'use MogileFS::Client::Callback;'
#   at t/00_compile.t line 6.
#     Tried to use 'MogileFS::Client::Callback'.
#     Error:  Can't locate MogileFS/Client/Callback.pm in @INC (@INC contains: /home/c/.cpan/build/MogileFS-Client-Async-0.030-0fjJf5/inc /home/c/.cpan/build/MogileFS-Client-Async-0.030-0fjJf5/blib/lib /home/c/.cpan/build/MogileFS-Client-Async-0.030-0fjJf5/blib/arch /home/c/.cpan/build/Linux-PipeMagic-0.03-1A9Ric/blib/arch /home/c/.cpan/build/Linux-PipeMagic-0.03-1A9Ric/blib/lib /home/c/.cpan/build/MogileFS-Client-1.16-7pJiS_/blib/arch /home/c/.cpan/build/MogileFS-Client-1.16-7pJiS_/blib/lib /home/c/.cpan/build/Linux-PipeMagic-0.03-1A9Ric/blib/arch /home/c/.cpan/build/Linux-PipeMagic-0.03-1A9Ric/blib/lib /home/c/.cpan/build/MogileFS-Client-1.16-7pJiS_/blib/arch /home/c/.cpan/build/MogileFS-Client-1.16-7pJiS_/blib/lib /home/c/perl5/perlbrew/perls/perl-5.16.2/lib/site_perl/5.16.2/i686-linux /home/c/perl5/perlbrew/perls/perl-5.16.2/lib/site_perl/5.16.2 /home/c/perl5/perlbrew/perls/perl-5.16.2/lib/5.16.2/i686-linux /home/c/perl5/perlbrew/perls/perl-5.16.2/lib/5.16.2 .) at (eval 53) line 2.
# BEGIN failed--compilation aborted at (eval 53) line 2.
# Looks like you failed 1 test of 2.
t/00_compile.t .......... 
Dubious, test returned 1 (wstat 256, 0x100)
Failed 1/2 subtests 
Mogile backend failed: MogileFS::Backend: couldn't connect to mogilefsd backend at /home/c/.cpan/build/MogileFS-Client-Async-0.030-0fjJf5/blib/lib/MogileFS/Client/CallbackFile.pm line 95.
Mogile backend failed: MogileFS::Backend: couldn't connect to mogilefsd backend at /home/c/.cpan/build/MogileFS-Client-Async-0.030-0fjJf5/blib/lib/MogileFS/Client/CallbackFile.pm line 95.
Mogile backend failed: MogileFS::Backend: couldn't connect to mogilefsd backend at /home/c/.cpan/build/MogileFS-Client-Async-0.030-0fjJf5/blib/lib/MogileFS/Client/CallbackFile.pm line 95.
Mogile backend failed: MogileFS::Backend: couldn't connect to mogilefsd backend at /home/c/.cpan/build/MogileFS-Client-Async-0.030-0fjJf5/blib/lib/MogileFS/Client/CallbackFile.pm line 95.
Mogile backend failed: MogileFS::Backend: couldn't connect to mogilefsd backend at /home/c/.cpan/build/MogileFS-Client-Async-0.030-0fjJf5/blib/lib/MogileFS/Client/CallbackFile.pm line 95.
Fail to get a destination to write to. at /home/c/.cpan/build/MogileFS-Client-Async-0.030-0fjJf5/blib/lib/MogileFS/Client/CallbackFile.pm line 132.
Mogile backend failed: MogileFS::Backend: couldn't connect to mogilefsd backend at /home/c/.cpan/build/MogileFS-Client-Async-0.030-0fjJf5/blib/lib/MogileFS/Client/CallbackFile.pm line 95.
Mogile backend failed: MogileFS::Backend: couldn't connect to mogilefsd backend at /home/c/.cpan/build/MogileFS-Client-Async-0.030-0fjJf5/blib/lib/MogileFS/Client/CallbackFile.pm line 95.
Mogile backend failed: MogileFS::Backend: couldn't connect to mogilefsd backend at /home/c/.cpan/build/MogileFS-Client-Async-0.030-0fjJf5/blib/lib/MogileFS/Client/CallbackFile.pm line 95.
Mogile backend failed: MogileFS::Backend: couldn't connect to mogilefsd backend at /home/c/.cpan/build/MogileFS-Client-Async-0.030-0fjJf5/blib/lib/MogileFS/Client/CallbackFile.pm line 95.
Mogile backend failed: MogileFS::Backend: couldn't connect to mogilefsd backend at /home/c/.cpan/build/MogileFS-Client-Async-0.030-0fjJf5/blib/lib/MogileFS/Client/CallbackFile.pm line 95.
Fail to get a destination to write to. at /home/c/.cpan/build/MogileFS-Client-Async-0.030-0fjJf5/blib/lib/MogileFS/Client/CallbackFile.pm line 132.
Mogile backend failed: MogileFS::Backend: couldn't connect to mogilefsd backend at /home/c/.cpan/build/MogileFS-Client-Async-0.030-0fjJf5/blib/lib/MogileFS/Client/CallbackFile.pm line 95.
Mogile backend failed: MogileFS::Backend: couldn't connect to mogilefsd backend at /home/c/.cpan/build/MogileFS-Client-Async-0.030-0fjJf5/blib/lib/MogileFS/Client/CallbackFile.pm line 95.
Mogile backend failed: MogileFS::Backend: couldn't connect to mogilefsd backend at /home/c/.cpan/build/MogileFS-Client-Async-0.030-0fjJf5/blib/lib/MogileFS/Client/CallbackFile.pm line 95.
Mogile backend failed: MogileFS::Backend: couldn't connect to mogilefsd backend at /home/c/.cpan/build/MogileFS-Client-Async-0.030-0fjJf5/blib/lib/MogileFS/Client/CallbackFile.pm line 95.
Mogile backend failed: MogileFS::Backend: couldn't connect to mogilefsd backend at /home/c/.cpan/build/MogileFS-Client-Async-0.030-0fjJf5/blib/lib/MogileFS/Client/CallbackFile.pm line 95.
Fail to get a destination to write to. at /home/c/.cpan/build/MogileFS-Client-Async-0.030-0fjJf5/blib/lib/MogileFS/Client/CallbackFile.pm line 132.
Mogile backend failed: MogileFS::Backend: couldn't connect to mogilefsd backend at /home/c/.cpan/build/MogileFS-Client-Async-0.030-0fjJf5/blib/lib/MogileFS/Client/CallbackFile.pm line 95.
Mogile backend failed: MogileFS::Backend: couldn't connect to mogilefsd backend at /home/c/.cpan/build/MogileFS-Client-Async-0.030-0fjJf5/blib/lib/MogileFS/Client/CallbackFile.pm line 95.
Mogile backend failed: MogileFS::Backend: couldn't connect to mogilefsd backend at /home/c/.cpan/build/MogileFS-Client-Async-0.030-0fjJf5/blib/lib/MogileFS/Client/CallbackFile.pm line 95.
Mogile backend failed: MogileFS::Backend: couldn't connect to mogilefsd backend at /home/c/.cpan/build/MogileFS-Client-Async-0.030-0fjJf5/blib/lib/MogileFS/Client/CallbackFile.pm line 95.
Mogile backend failed: MogileFS::Backend: couldn't connect to mogilefsd backend at /home/c/.cpan/build/MogileFS-Client-Async-0.030-0fjJf5/blib/lib/MogileFS/Client/CallbackFile.pm line 95.
Fail to get a destination to write to. at /home/c/.cpan/build/MogileFS-Client-Async-0.030-0fjJf5/blib/lib/MogileFS/Client/CallbackFile.pm line 132.
Mogile backend failed: MogileFS::Backend: couldn't connect to mogilefsd backend at /home/c/.cpan/build/MogileFS-Client-Async-0.030-0fjJf5/blib/lib/MogileFS/Client/CallbackFile.pm line 95.
Mogile backend failed: MogileFS::Backend: couldn't connect to mogilefsd backend at /home/c/.cpan/build/MogileFS-Client-Async-0.030-0fjJf5/blib/lib/MogileFS/Client/CallbackFile.pm line 95.
Mogile backend failed: MogileFS::Backend: couldn't connect to mogilefsd backend at /home/c/.cpan/build/MogileFS-Client-Async-0.030-0fjJf5/blib/lib/MogileFS/Client/CallbackFile.pm line 95.
Mogile backend failed: MogileFS::Backend: couldn't connect to mogilefsd backend at /home/c/.cpan/build/MogileFS-Client-Async-0.030-0fjJf5/blib/lib/MogileFS/Client/CallbackFile.pm line 95.
Mogile backend failed: MogileFS::Backend: couldn't connect to mogilefsd backend at /home/c/.cpan/build/MogileFS-Client-Async-0.030-0fjJf5/blib/lib/MogileFS/Client/CallbackFile.pm line 95.
Fail to get a destination to write to. at /home/c/.cpan/build/MogileFS-Client-Async-0.030-0fjJf5/blib/lib/MogileFS/Client/CallbackFile.pm line 132.
Mogile backend failed: MogileFS::Backend: couldn't connect to mogilefsd backend at /home/c/.cpan/build/MogileFS-Client-Async-0.030-0fjJf5/blib/lib/MogileFS/Client/CallbackFile.pm line 95.
Mogile backend failed: MogileFS::Backend: couldn't connect to mogilefsd backend at /home/c/.cpan/build/MogileFS-Client-Async-0.030-0fjJf5/blib/lib/MogileFS/Client/CallbackFile.pm line 95.
Mogile backend failed: MogileFS::Backend: couldn't connect to mogilefsd backend at /home/c/.cpan/build/MogileFS-Client-Async-0.030-0fjJf5/blib/lib/MogileFS/Client/CallbackFile.pm line 95.
Mogile backend failed: MogileFS::Backend: couldn't connect to mogilefsd backend at /home/c/.cpan/build/MogileFS-Client-Async-0.030-0fjJf5/blib/lib/MogileFS/Client/CallbackFile.pm line 95.
Mogile backend failed: MogileFS::Backend: couldn't connect to mogilefsd backend at /home/c/.cpan/build/MogileFS-Client-Async-0.030-0fjJf5/blib/lib/MogileFS/Client/CallbackFile.pm line 95.
Fail to get a destination to write to. at /home/c/.cpan/build/MogileFS-Client-Async-0.030-0fjJf5/blib/lib/MogileFS/Client/CallbackFile.pm line 132.
Mogile write failed: Fail to get a destination to write to. at /home/c/.cpan/build/MogileFS-Client-Async-0.030-0fjJf5/blib/lib/MogileFS/Client/CallbackFile.pm line 132.
# Tests were run but no plan was declared and done_testing() was not seen.
t/callbackfile_works.t .. 
Dubious, test returned 115 (wstat 29440, 0x7300)
All 3 subtests passed 

#   Failed test at t/works.t line 35.
# died: MogileFS::Backend: couldn't connect to mogilefsd backend at /home/c/.cpan/build/MogileFS-Client-Async-0.030-0fjJf5/blib/lib/MogileFS/Client/Async.pm line 131.

#   Failed test at t/works.t line 44.
# died: MogileFS::Backend: couldn't connect to mogilefsd backend at /home/c/.cpan/build/MogileFS-Client-1.16-7pJiS_/blib/lib/MogileFS/Client.pm line 567.
# Looks like you failed 2 tests of 3.
t/works.t ............... 
Dubious, test returned 2 (wstat 512, 0x200)
Failed 2/3 subtests 

Test Summary Report
-------------------
t/00_compile.t        (Wstat: 256 Tests: 2 Failed: 1)
  Failed test:  2
  Non-zero exit status: 1
t/callbackfile_works.t (Wstat: 29440 Tests: 3 Failed: 0)
  Non-zero exit status: 115
  Parse errors: No plan found in TAP output
t/works.t             (Wstat: 512 Tests: 3 Failed: 2)
  Failed tests:  2-3
  Non-zero exit status: 2
Files=3, Tests=8, 39 wallclock secs ( 0.02 usr  0.04 sys +  0.22 cusr  0.21 csys =  0.49 CPU)
Result: FAIL
Failed 3/3 test programs. 3/8 subtests failed.
make: *** [test_dynamic] Ошибка 2

------------------------------
PREREQUISITES
------------------------------

Prerequisite modules loaded:

requires:

    Module              Need Have    
    ------------------- ---- --------
    AnyEvent            0    7.04    
    AnyEvent::HTTP      0    2.15    
    File::Slurp         0    9999.19 
    IO::AIO             3.25 4.18    
    IO::Socket::INET    0    1.33    
    Linux::PipeMagic    0.03 0.03    
    LWP::Simple         0    6.00    
    MogileFS::Client    0    1.16    
    namespace::clean    0    0.24    
    Try::Tiny           0    0.12    

build_requires:

    Module              Need Have    
    ------------------- ---- --------
    Data::Dumper        0    2.135_06
    Digest::MD5         0    2.52    
    Digest::SHA1        0    2.13    
    ExtUtils::MakeMaker 6.42 6.63_02 
    File::Temp          0    0.22    
    Test::Exception     0.31 0.31    
    Test::More          0.88 0.98    

configure_requires:

    Module              Need Have    
    ------------------- ---- --------
    ExtUtils::MakeMaker 6.42 6.63_02 


------------------------------
ENVIRONMENT AND OTHER CONTEXT
------------------------------

Environment variables:

    AUTOMATED_TESTING = 1
    LANG = ru_RU.utf8
    PATH = /home/c/perl5/perlbrew/bin:/home/c/perl5/perlbrew/perls/perl-5.16.2/bin:/usr/local/bin:/usr/bin:/bin:/usr/local/games:/usr/games
    PERL5LIB = /home/c/.cpan/build/Linux-PipeMagic-0.03-1A9Ric/blib/arch:/home/c/.cpan/build/Linux-PipeMagic-0.03-1A9Ric/blib/lib:/home/c/.cpan/build/MogileFS-Client-1.16-7pJiS_/blib/arch:/home/c/.cpan/build/MogileFS-Client-1.16-7pJiS_/blib/lib
    PERL5OPT = 
    PERL5_CPANPLUS_IS_RUNNING = 16668
    PERL5_CPAN_IS_RUNNING = 16668
    PERL5_CPAN_IS_RUNNING_IN_RECURSION = 5223,16668
    PERLBREW_MANPATH = /home/c/perl5/perlbrew/perls/perl-5.16.2/man
    PERLBREW_PATH = /home/c/perl5/perlbrew/bin:/home/c/perl5/perlbrew/perls/perl-5.16.2/bin
    PERLBREW_PERL = perl-5.16.2
    PERLBREW_ROOT = /home/c/perl5/perlbrew
    PERLBREW_SKIP_INIT = 1
    PERLBREW_VERSION = 0.58
    PERL_CR_SMOKER_CURRENT = MogileFS-Client-Async-0.030
    PERL_EXTUTILS_AUTOINSTALL = --defaultdeps
    PERL_MM_USE_DEFAULT = 1
    SHELL = /bin/bash
    TERM = xterm

Perl special variables (and OS-specific diagnostics, for MSWin32):

    $^X = /home/c/perl5/perlbrew/perls/perl-5.16.2/bin/perl
    $UID/$EUID = 1000 / 1000
    $GID = 1000 24 25 27 29 30 44 46 108 109 115 1000 1001
    $EGID = 1000 24 25 27 29 30 44 46 108 109 115 1000 1001

Perl module toolchain versions installed:

    Module              Have    
    ------------------- --------
    CPAN                1.9800  
    CPAN::Meta          2.120921
    Cwd                 3.39_02 
    ExtUtils::CBuilder  0.280206
    ExtUtils::Command   1.17    
    ExtUtils::Install   1.58    
    ExtUtils::MakeMaker 6.63_02 
    ExtUtils::Manifest  1.61    
    ExtUtils::ParseXS   3.16    
    File::Spec          3.39_02 
    JSON                2.53    
    JSON::PP            2.27200 
    Module::Build       0.4004  
    Module::Signature   0.70    
    Parse::CPAN::Meta   1.4404  
    Test::Harness       3.23    
    Test::More          0.98    
    YAML                0.84    
    YAML::Syck          1.22    
    version             0.9901  


--

Summary of my perl5 (revision 5 version 16 subversion 2) configuration:
   
  Platform:
    osname=linux, osvers=2.6.32-5-686, archname=i686-linux
    uname='linux deb1 2.6.32-5-686 #1 smp sun sep 23 09:49:36 utc 2012 i686 gnulinux '
    config_args='-de -Dprefix=/home/c/perl5/perlbrew/perls/perl-5.16.2 -Aeval:scriptdir=/home/c/perl5/perlbrew/perls/perl-5.16.2/bin'
    hint=recommended, useposix=true, d_sigaction=define
    useithreads=undef, usemultiplicity=undef
    useperlio=define, d_sfio=undef, uselargefiles=define, usesocks=undef
    use64bitint=undef, use64bitall=undef, uselongdouble=undef
    usemymalloc=n, bincompat5005=undef
  Compiler:
    cc='cc', ccflags ='-fno-strict-aliasing -pipe -fstack-protector -I/usr/local/include -D_LARGEFILE_SOURCE -D_FILE_OFFSET_BITS=64',
    optimize='-O2',
    cppflags='-fno-strict-aliasing -pipe -fstack-protector -I/usr/local/include'
    ccversion='', gccversion='4.4.5', gccosandvers=''
    intsize=4, longsize=4, ptrsize=4, doublesize=8, byteorder=1234
    d_longlong=define, longlongsize=8, d_longdbl=define, longdblsize=12
    ivtype='long', ivsize=4, nvtype='double', nvsize=8, Off_t='off_t', lseeksize=8
    alignbytes=4, prototype=define
  Linker and Libraries:
    ld='cc', ldflags =' -fstack-protector -L/usr/local/lib'
    libpth=/usr/local/lib /lib/../lib /usr/lib/../lib /lib /usr/lib /usr/lib/i486-linux-gnu /usr/lib64
    libs=-lnsl -ldl -lm -lcrypt -lutil -lc
    perllibs=-lnsl -ldl -lm -lcrypt -lutil -lc
    libc=/lib/libc-2.11.3.so, so=so, useshrplib=false, libperl=libperl.a
    gnulibc_version='2.11.3'
  Dynamic Linking:
    dlsrc=dl_dlopen.xs, dlext=so, d_dlsymun=undef, ccdlflags='-Wl,-E'
    cccdlflags='-fPIC', lddlflags='-shared -O2 -L/usr/local/lib -fstack-protector'


Characteristics of this binary (from libperl): 
  Compile-time options: HAS_TIMES PERLIO_LAYERS PERL_DONT_CREATE_GVSV
                        PERL_MALLOC_WRAP PERL_PRESERVE_IVUV USE_LARGE_FILES
                        USE_LOCALE USE_LOCALE_COLLATE USE_LOCALE_CTYPE
                        USE_LOCALE_NUMERIC USE_PERLIO USE_PERL_ATOF
  Built under linux
  Compiled at Jan  4 2013 21:20:12
  %ENV:
    PERL5LIB="/home/c/.cpan/build/Linux-PipeMagic-0.03-1A9Ric/blib/arch:/home/c/.cpan/build/Linux-PipeMagic-0.03-1A9Ric/blib/lib:/home/c/.cpan/build/MogileFS-Client-1.16-7pJiS_/blib/arch:/home/c/.cpan/build/MogileFS-Client-1.16-7pJiS_/blib/lib"
    PERL5OPT=""
    PERL5_CPANPLUS_IS_RUNNING="16668"
    PERL5_CPAN_IS_RUNNING="16668"
    PERL5_CPAN_IS_RUNNING_IN_RECURSION="5223,16668"
    PERLBREW_MANPATH="/home/c/perl5/perlbrew/perls/perl-5.16.2/man"
    PERLBREW_PATH="/home/c/perl5/perlbrew/bin:/home/c/perl5/perlbrew/perls/perl-5.16.2/bin"
    PERLBREW_PERL="perl-5.16.2"
    PERLBREW_ROOT="/home/c/perl5/perlbrew"
    PERLBREW_SKIP_INIT="1"
    PERLBREW_VERSION="0.58"
    PERL_CR_SMOKER_CURRENT="MogileFS-Client-Async-0.030"
    PERL_EXTUTILS_AUTOINSTALL="--defaultdeps"
    PERL_MM_USE_DEFAULT="1"
  @INC:
    /home/c/.cpan/build/Linux-PipeMagic-0.03-1A9Ric/blib/arch
    /home/c/.cpan/build/Linux-PipeMagic-0.03-1A9Ric/blib/lib
    /home/c/.cpan/build/MogileFS-Client-1.16-7pJiS_/blib/arch
    /home/c/.cpan/build/MogileFS-Client-1.16-7pJiS_/blib/lib
    /home/c/perl5/perlbrew/perls/perl-5.16.2/lib/site_perl/5.16.2/i686-linux
    /home/c/perl5/perlbrew/perls/perl-5.16.2/lib/site_perl/5.16.2
    /home/c/perl5/perlbrew/perls/perl-5.16.2/lib/5.16.2/i686-linux
    /home/c/perl5/perlbrew/perls/perl-5.16.2/lib/5.16.2
    .