Back
From: metabase:user:30f0bd62-2aae-11df-837a-5e0a49663a4f
Subject: FAIL Genezzo-0.72 v5.15.1 OpenBSD
Date: 2011-08-18T19:31:45Z
This distribution has been tested as part of the CPAN Testers
project, supporting the Perl programming language. See
http://wiki.cpantesters.org/ for more information or email
questions to cpan-testers-discuss@perl.org
--
Dear Jeffrey Cohen,
This is a computer-generated report for Genezzo-0.72
on perl 5.15.1, created by CPAN-Reporter-1.2002.
Thank you for uploading your work to CPAN. However, there was a problem
testing your distribution.
If you think this report is invalid, please consult the CPAN Testers Wiki
for suggestions on how to avoid getting FAIL reports for missing library
or binary dependencies, unsupported operating systems, and so on:
http://wiki.cpantesters.org/wiki/CPANAuthorNotes
Sections of this report:
* Tester comments
* Program output
* Prerequisites
* Environment and other context
------------------------------
TESTER COMMENTS
------------------------------
Additional comments from tester:
this report is from an automated smoke testing program
and was not reviewed by a human for accuracy
------------------------------
PROGRAM OUTPUT
------------------------------
Output from '/usr/bin/make test':
PERL_DL_NONLAZY=1 /home/sts/cpansmoke/perl-5.15.1/bin/perl5.15.1 "-MExtUtils::Command::MM" "-e" "test_harness(0, 'blib/lib', 'blib/arch')" t/*.t
Use of qw(...) as parentheses is deprecated at /home/sts/cpansmoke/perl-5.15.1/cpan/build/Genezzo-0.72-YWLm0_/blib/lib/Genezzo/Tablespace.pm line 603.
Use of qw(...) as parentheses is deprecated at /home/sts/cpansmoke/perl-5.15.1/cpan/build/Genezzo-0.72-YWLm0_/blib/lib/Genezzo/Dict.pm line 4521.
Use of uninitialized value $htype in uc at /home/sts/cpansmoke/perl-5.15.1/cpan/build/Genezzo-0.72-YWLm0_/blib/lib/Genezzo/Tablespace.pm line 313.
Use of uninitialized value $htype in uc at /home/sts/cpansmoke/perl-5.15.1/cpan/build/Genezzo-0.72-YWLm0_/blib/lib/Genezzo/Tablespace.pm line 313.
t/AAASetup1.t .. ok
t/Block1.t ..... ok
t/Block2.t ..... ok
t/Block3.t ..... ok
t/Block4.t ..... ok
t/BufCa1.t ..... ok
Use of qw(...) as parentheses is deprecated at /home/sts/cpansmoke/perl-5.15.1/cpan/build/Genezzo-0.72-YWLm0_/blib/lib/Genezzo/Tablespace.pm line 603.
Use of qw(...) as parentheses is deprecated at /home/sts/cpansmoke/perl-5.15.1/cpan/build/Genezzo-0.72-YWLm0_/blib/lib/Genezzo/Dict.pm line 4521.
Use of uninitialized value $htype in uc at /home/sts/cpansmoke/perl-5.15.1/cpan/build/Genezzo-0.72-YWLm0_/blib/lib/Genezzo/Tablespace.pm line 313.
Use of uninitialized value $htype in uc at /home/sts/cpansmoke/perl-5.15.1/cpan/build/Genezzo-0.72-YWLm0_/blib/lib/Genezzo/Tablespace.pm line 313.
Use of uninitialized value $htype in uc at /home/sts/cpansmoke/perl-5.15.1/cpan/build/Genezzo-0.72-YWLm0_/blib/lib/Genezzo/Tablespace.pm line 313.
Use of uninitialized value $htype in uc at /home/sts/cpansmoke/perl-5.15.1/cpan/build/Genezzo-0.72-YWLm0_/blib/lib/Genezzo/Tablespace.pm line 313.
t/Cons1.t ...... ok
Use of qw(...) as parentheses is deprecated at /home/sts/cpansmoke/perl-5.15.1/cpan/build/Genezzo-0.72-YWLm0_/blib/lib/Genezzo/Tablespace.pm line 603.
Use of qw(...) as parentheses is deprecated at /home/sts/cpansmoke/perl-5.15.1/cpan/build/Genezzo-0.72-YWLm0_/blib/lib/Genezzo/Dict.pm line 4521.
Use of uninitialized value $htype in uc at /home/sts/cpansmoke/perl-5.15.1/cpan/build/Genezzo-0.72-YWLm0_/blib/lib/Genezzo/Tablespace.pm line 313.
Use of uninitialized value $htype in uc at /home/sts/cpansmoke/perl-5.15.1/cpan/build/Genezzo-0.72-YWLm0_/blib/lib/Genezzo/Tablespace.pm line 313.
Use of uninitialized value $htype in uc at /home/sts/cpansmoke/perl-5.15.1/cpan/build/Genezzo-0.72-YWLm0_/blib/lib/Genezzo/Tablespace.pm line 313.
Use of uninitialized value $htype in uc at /home/sts/cpansmoke/perl-5.15.1/cpan/build/Genezzo-0.72-YWLm0_/blib/lib/Genezzo/Tablespace.pm line 313.
Use of uninitialized value $htype in uc at /home/sts/cpansmoke/perl-5.15.1/cpan/build/Genezzo-0.72-YWLm0_/blib/lib/Genezzo/Tablespace.pm line 313.
t/DBI1.t ....... ok
Use of qw(...) as parentheses is deprecated at /home/sts/cpansmoke/perl-5.15.1/cpan/build/Genezzo-0.72-YWLm0_/blib/lib/Genezzo/Tablespace.pm line 603.
Use of qw(...) as parentheses is deprecated at /home/sts/cpansmoke/perl-5.15.1/cpan/build/Genezzo-0.72-YWLm0_/blib/lib/Genezzo/Dict.pm line 4521.
Use of uninitialized value $htype in uc at /home/sts/cpansmoke/perl-5.15.1/cpan/build/Genezzo-0.72-YWLm0_/blib/lib/Genezzo/Tablespace.pm line 313.
Use of uninitialized value $htype in uc at /home/sts/cpansmoke/perl-5.15.1/cpan/build/Genezzo-0.72-YWLm0_/blib/lib/Genezzo/Tablespace.pm line 313.
Use of uninitialized value $htype in uc at /home/sts/cpansmoke/perl-5.15.1/cpan/build/Genezzo-0.72-YWLm0_/blib/lib/Genezzo/Tablespace.pm line 313.
t/Feeble1.t .... ok
Use of qw(...) as parentheses is deprecated at /home/sts/cpansmoke/perl-5.15.1/cpan/build/Genezzo-0.72-YWLm0_/blib/lib/Genezzo/Tablespace.pm line 603.
Use of qw(...) as parentheses is deprecated at /home/sts/cpansmoke/perl-5.15.1/cpan/build/Genezzo-0.72-YWLm0_/blib/lib/Genezzo/Dict.pm line 4521.
Use of uninitialized value $htype in uc at /home/sts/cpansmoke/perl-5.15.1/cpan/build/Genezzo-0.72-YWLm0_/blib/lib/Genezzo/Tablespace.pm line 313.
Use of uninitialized value $htype in uc at /home/sts/cpansmoke/perl-5.15.1/cpan/build/Genezzo-0.72-YWLm0_/blib/lib/Genezzo/Tablespace.pm line 313.
Use of uninitialized value $htype in uc at /home/sts/cpansmoke/perl-5.15.1/cpan/build/Genezzo-0.72-YWLm0_/blib/lib/Genezzo/Tablespace.pm line 313.
t/Gnzo1.t ...... ok
Use of qw(...) as parentheses is deprecated at /home/sts/cpansmoke/perl-5.15.1/cpan/build/Genezzo-0.72-YWLm0_/blib/lib/Genezzo/Tablespace.pm line 603.
Use of qw(...) as parentheses is deprecated at /home/sts/cpansmoke/perl-5.15.1/cpan/build/Genezzo-0.72-YWLm0_/blib/lib/Genezzo/Dict.pm line 4521.
Use of uninitialized value $htype in uc at /home/sts/cpansmoke/perl-5.15.1/cpan/build/Genezzo-0.72-YWLm0_/blib/lib/Genezzo/Tablespace.pm line 313.
Use of uninitialized value $htype in uc at /home/sts/cpansmoke/perl-5.15.1/cpan/build/Genezzo-0.72-YWLm0_/blib/lib/Genezzo/Tablespace.pm line 313.
Use of uninitialized value $htype in uc at /home/sts/cpansmoke/perl-5.15.1/cpan/build/Genezzo-0.72-YWLm0_/blib/lib/Genezzo/Tablespace.pm line 313.
t/Gnzo2.t ...... ok
Use of qw(...) as parentheses is deprecated at /home/sts/cpansmoke/perl-5.15.1/cpan/build/Genezzo-0.72-YWLm0_/blib/lib/Genezzo/Tablespace.pm line 603.
Use of qw(...) as parentheses is deprecated at /home/sts/cpansmoke/perl-5.15.1/cpan/build/Genezzo-0.72-YWLm0_/blib/lib/Genezzo/Dict.pm line 4521.
Use of uninitialized value $htype in uc at /home/sts/cpansmoke/perl-5.15.1/cpan/build/Genezzo-0.72-YWLm0_/blib/lib/Genezzo/Tablespace.pm line 313.
Use of uninitialized value $htype in uc at /home/sts/cpansmoke/perl-5.15.1/cpan/build/Genezzo-0.72-YWLm0_/blib/lib/Genezzo/Tablespace.pm line 313.
Use of uninitialized value $htype in uc at /home/sts/cpansmoke/perl-5.15.1/cpan/build/Genezzo-0.72-YWLm0_/blib/lib/Genezzo/Tablespace.pm line 313.
Use of uninitialized value $htype in uc at /home/sts/cpansmoke/perl-5.15.1/cpan/build/Genezzo-0.72-YWLm0_/blib/lib/Genezzo/Tablespace.pm line 313.
Use of uninitialized value $htype in uc at /home/sts/cpansmoke/perl-5.15.1/cpan/build/Genezzo-0.72-YWLm0_/blib/lib/Genezzo/Tablespace.pm line 313.
t/Gnzo3.t ...... ok
Use of qw(...) as parentheses is deprecated at /home/sts/cpansmoke/perl-5.15.1/cpan/build/Genezzo-0.72-YWLm0_/blib/lib/Genezzo/Tablespace.pm line 603.
Use of qw(...) as parentheses is deprecated at /home/sts/cpansmoke/perl-5.15.1/cpan/build/Genezzo-0.72-YWLm0_/blib/lib/Genezzo/Dict.pm line 4521.
Use of uninitialized value $htype in uc at /home/sts/cpansmoke/perl-5.15.1/cpan/build/Genezzo-0.72-YWLm0_/blib/lib/Genezzo/Tablespace.pm line 313.
Use of uninitialized value $htype in uc at /home/sts/cpansmoke/perl-5.15.1/cpan/build/Genezzo-0.72-YWLm0_/blib/lib/Genezzo/Tablespace.pm line 313.
Use of uninitialized value $htype in uc at /home/sts/cpansmoke/perl-5.15.1/cpan/build/Genezzo-0.72-YWLm0_/blib/lib/Genezzo/Tablespace.pm line 313.
Use of uninitialized value $htype in uc at /home/sts/cpansmoke/perl-5.15.1/cpan/build/Genezzo-0.72-YWLm0_/blib/lib/Genezzo/Tablespace.pm line 313.
Use of uninitialized value $htype in uc at /home/sts/cpansmoke/perl-5.15.1/cpan/build/Genezzo-0.72-YWLm0_/blib/lib/Genezzo/Tablespace.pm line 313.
Use of uninitialized value $htype in uc at /home/sts/cpansmoke/perl-5.15.1/cpan/build/Genezzo-0.72-YWLm0_/blib/lib/Genezzo/Tablespace.pm line 313.
t/GSysHook1.t .. ok
Use of qw(...) as parentheses is deprecated at /home/sts/cpansmoke/perl-5.15.1/cpan/build/Genezzo-0.72-YWLm0_/blib/lib/Genezzo/Tablespace.pm line 603.
Use of qw(...) as parentheses is deprecated at /home/sts/cpansmoke/perl-5.15.1/cpan/build/Genezzo-0.72-YWLm0_/blib/lib/Genezzo/Dict.pm line 4521.
Use of uninitialized value $htype in uc at /home/sts/cpansmoke/perl-5.15.1/cpan/build/Genezzo-0.72-YWLm0_/blib/lib/Genezzo/Tablespace.pm line 313.
t/GSysHook2.t .. ok
Use of qw(...) as parentheses is deprecated at /home/sts/cpansmoke/perl-5.15.1/cpan/build/Genezzo-0.72-YWLm0_/blib/lib/Genezzo/Tablespace.pm line 603.
Use of qw(...) as parentheses is deprecated at /home/sts/cpansmoke/perl-5.15.1/cpan/build/Genezzo-0.72-YWLm0_/blib/lib/Genezzo/Dict.pm line 4521.
Use of uninitialized value $htype in uc at /home/sts/cpansmoke/perl-5.15.1/cpan/build/Genezzo-0.72-YWLm0_/blib/lib/Genezzo/Tablespace.pm line 313.
Use of uninitialized value $htype in uc at /home/sts/cpansmoke/perl-5.15.1/cpan/build/Genezzo-0.72-YWLm0_/blib/lib/Genezzo/Tablespace.pm line 313.
Use of uninitialized value $htype in uc at /home/sts/cpansmoke/perl-5.15.1/cpan/build/Genezzo-0.72-YWLm0_/blib/lib/Genezzo/Tablespace.pm line 313.
Use of uninitialized value $htype in uc at /home/sts/cpansmoke/perl-5.15.1/cpan/build/Genezzo-0.72-YWLm0_/blib/lib/Genezzo/Tablespace.pm line 313.
Use of uninitialized value $htype in uc at /home/sts/cpansmoke/perl-5.15.1/cpan/build/Genezzo-0.72-YWLm0_/blib/lib/Genezzo/Tablespace.pm line 313.
t/Havok1.t ..... ok
Use of qw(...) as parentheses is deprecated at /home/sts/cpansmoke/perl-5.15.1/cpan/build/Genezzo-0.72-YWLm0_/blib/lib/Genezzo/Tablespace.pm line 603.
Use of qw(...) as parentheses is deprecated at /home/sts/cpansmoke/perl-5.15.1/cpan/build/Genezzo-0.72-YWLm0_/blib/lib/Genezzo/Dict.pm line 4521.
t/Index1.t ..... ok
Use of qw(...) as parentheses is deprecated at /home/sts/cpansmoke/perl-5.15.1/cpan/build/Genezzo-0.72-YWLm0_/blib/lib/Genezzo/Tablespace.pm line 603.
Use of qw(...) as parentheses is deprecated at /home/sts/cpansmoke/perl-5.15.1/cpan/build/Genezzo-0.72-YWLm0_/blib/lib/Genezzo/Dict.pm line 4521.
Use of uninitialized value $htype in uc at /home/sts/cpansmoke/perl-5.15.1/cpan/build/Genezzo-0.72-YWLm0_/blib/lib/Genezzo/Tablespace.pm line 313.
Use of uninitialized value $htype in uc at /home/sts/cpansmoke/perl-5.15.1/cpan/build/Genezzo-0.72-YWLm0_/blib/lib/Genezzo/Tablespace.pm line 313.
t/Index2.t ..... ok
Use of qw(...) as parentheses is deprecated at /home/sts/cpansmoke/perl-5.15.1/cpan/build/Genezzo-0.72-YWLm0_/blib/lib/Genezzo/Tablespace.pm line 603.
Use of qw(...) as parentheses is deprecated at /home/sts/cpansmoke/perl-5.15.1/cpan/build/Genezzo-0.72-YWLm0_/blib/lib/Genezzo/Dict.pm line 4521.
Use of uninitialized value $htype in uc at /home/sts/cpansmoke/perl-5.15.1/cpan/build/Genezzo-0.72-YWLm0_/blib/lib/Genezzo/Tablespace.pm line 313.
Use of uninitialized value $htype in uc at /home/sts/cpansmoke/perl-5.15.1/cpan/build/Genezzo-0.72-YWLm0_/blib/lib/Genezzo/Tablespace.pm line 313.
t/Index3.t ..... ok
Use of qw(...) as parentheses is deprecated at /home/sts/cpansmoke/perl-5.15.1/cpan/build/Genezzo-0.72-YWLm0_/blib/lib/Genezzo/Tablespace.pm line 603.
Use of qw(...) as parentheses is deprecated at /home/sts/cpansmoke/perl-5.15.1/cpan/build/Genezzo-0.72-YWLm0_/blib/lib/Genezzo/Dict.pm line 4521.
Use of uninitialized value $htype in uc at /home/sts/cpansmoke/perl-5.15.1/cpan/build/Genezzo-0.72-YWLm0_/blib/lib/Genezzo/Tablespace.pm line 313.
Use of uninitialized value $htype in uc at /home/sts/cpansmoke/perl-5.15.1/cpan/build/Genezzo-0.72-YWLm0_/blib/lib/Genezzo/Tablespace.pm line 313.
Use of uninitialized value $htype in uc at /home/sts/cpansmoke/perl-5.15.1/cpan/build/Genezzo-0.72-YWLm0_/blib/lib/Genezzo/Tablespace.pm line 313.
t/Join1.t ...... ok
Use of qw(...) as parentheses is deprecated at /home/sts/cpansmoke/perl-5.15.1/cpan/build/Genezzo-0.72-YWLm0_/blib/lib/Genezzo/Tablespace.pm line 603.
Use of qw(...) as parentheses is deprecated at /home/sts/cpansmoke/perl-5.15.1/cpan/build/Genezzo-0.72-YWLm0_/blib/lib/Genezzo/Dict.pm line 4521.
Use of uninitialized value $htype in uc at /home/sts/cpansmoke/perl-5.15.1/cpan/build/Genezzo-0.72-YWLm0_/blib/lib/Genezzo/Tablespace.pm line 313.
Use of uninitialized value $htype in uc at /home/sts/cpansmoke/perl-5.15.1/cpan/build/Genezzo-0.72-YWLm0_/blib/lib/Genezzo/Tablespace.pm line 313.
Use of uninitialized value $htype in uc at /home/sts/cpansmoke/perl-5.15.1/cpan/build/Genezzo-0.72-YWLm0_/blib/lib/Genezzo/Tablespace.pm line 313.
Use of uninitialized value $htype in uc at /home/sts/cpansmoke/perl-5.15.1/cpan/build/Genezzo-0.72-YWLm0_/blib/lib/Genezzo/Tablespace.pm line 313.
Use of uninitialized value $htype in uc at /home/sts/cpansmoke/perl-5.15.1/cpan/build/Genezzo-0.72-YWLm0_/blib/lib/Genezzo/Tablespace.pm line 313.
Use of uninitialized value $htype in uc at /home/sts/cpansmoke/perl-5.15.1/cpan/build/Genezzo-0.72-YWLm0_/blib/lib/Genezzo/Tablespace.pm line 313.
Use of uninitialized value $htype in uc at /home/sts/cpansmoke/perl-5.15.1/cpan/build/Genezzo-0.72-YWLm0_/blib/lib/Genezzo/Tablespace.pm line 313.
Use of uninitialized value $htype in uc at /home/sts/cpansmoke/perl-5.15.1/cpan/build/Genezzo-0.72-YWLm0_/blib/lib/Genezzo/Tablespace.pm line 313.
Use of uninitialized value $htype in uc at /home/sts/cpansmoke/perl-5.15.1/cpan/build/Genezzo-0.72-YWLm0_/blib/lib/Genezzo/Tablespace.pm line 313.
Use of uninitialized value $htype in uc at /home/sts/cpansmoke/perl-5.15.1/cpan/build/Genezzo-0.72-YWLm0_/blib/lib/Genezzo/Tablespace.pm line 313.
t/Prefs1.t ..... ok
Use of qw(...) as parentheses is deprecated at /home/sts/cpansmoke/perl-5.15.1/cpan/build/Genezzo-0.72-YWLm0_/blib/lib/Genezzo/Tablespace.pm line 603.
Use of qw(...) as parentheses is deprecated at /home/sts/cpansmoke/perl-5.15.1/cpan/build/Genezzo-0.72-YWLm0_/blib/lib/Genezzo/Dict.pm line 4521.
Use of uninitialized value $htype in uc at /home/sts/cpansmoke/perl-5.15.1/cpan/build/Genezzo-0.72-YWLm0_/blib/lib/Genezzo/Tablespace.pm line 313.
Use of uninitialized value $htype in uc at /home/sts/cpansmoke/perl-5.15.1/cpan/build/Genezzo-0.72-YWLm0_/blib/lib/Genezzo/Tablespace.pm line 313.
Use of uninitialized value $htype in uc at /home/sts/cpansmoke/perl-5.15.1/cpan/build/Genezzo-0.72-YWLm0_/blib/lib/Genezzo/Tablespace.pm line 313.
t/PTPrep1.t .... ok
Use of qw(...) as parentheses is deprecated at t/PushHash1.t line 39.
Use of qw(...) as parentheses is deprecated at t/PushHash1.t line 182.
Use of qw(...) as parentheses is deprecated at t/PushHash1.t line 240.
Use of qw(...) as parentheses is deprecated at t/PushHash1.t line 308.
Use of qw(...) as parentheses is deprecated at t/PushHash1.t line 456.
Use of qw(...) as parentheses is deprecated at t/PushHash1.t line 509.
t/PushHash1.t .. ok
Use of qw(...) as parentheses is deprecated at t/Row1.t line 36.
Use of qw(...) as parentheses is deprecated at t/Row1.t line 179.
Use of qw(...) as parentheses is deprecated at t/Row1.t line 235.
Use of qw(...) as parentheses is deprecated at t/Row1.t line 302.
Use of qw(...) as parentheses is deprecated at t/Row1.t line 448.
Use of qw(...) as parentheses is deprecated at t/Row1.t line 499.
t/Row1.t ....... ok
Use of qw(...) as parentheses is deprecated at /home/sts/cpansmoke/perl-5.15.1/cpan/build/Genezzo-0.72-YWLm0_/blib/lib/Genezzo/Tablespace.pm line 603.
Use of qw(...) as parentheses is deprecated at /home/sts/cpansmoke/perl-5.15.1/cpan/build/Genezzo-0.72-YWLm0_/blib/lib/Genezzo/Dict.pm line 4521.
Use of uninitialized value $htype in uc at /home/sts/cpansmoke/perl-5.15.1/cpan/build/Genezzo-0.72-YWLm0_/blib/lib/Genezzo/Tablespace.pm line 313.
Use of uninitialized value $htype in uc at /home/sts/cpansmoke/perl-5.15.1/cpan/build/Genezzo-0.72-YWLm0_/blib/lib/Genezzo/Tablespace.pm line 313.
Replacement list is longer than search list at (eval 507) line 1, <$fh> line 111.
Replacement list is longer than search list at (eval 509) line 1, <$fh> line 111.
Replacement list is longer than search list at (eval 511) line 1, <$fh> line 111.
Use of uninitialized value $htype in uc at /home/sts/cpansmoke/perl-5.15.1/cpan/build/Genezzo-0.72-YWLm0_/blib/lib/Genezzo/Tablespace.pm line 313.
t/SQLTest1.t ...
Failed 1/4 subtests
t/Util1.t ...... ok
Test Summary Report
-------------------
t/SQLTest1.t (Wstat: 0 Tests: 5 Failed: 2)
Failed tests: 4-5
Parse errors: Bad plan. You planned 4 tests but ran 5.
Files=25, Tests=1472, 120 wallclock secs ( 0.71 usr 0.23 sys + 114.42 cusr 2.71 csys = 118.07 CPU)
Result: FAIL
Failed 1/25 test programs. 2/1472 subtests failed.
*** Error code 255
Stop in /home/sts/cpansmoke/perl-5.15.1/cpan/build/Genezzo-0.72-YWLm0_ (line 1296 of Makefile).
------------------------------
PREREQUISITES
------------------------------
Prerequisite modules loaded:
requires:
Module Need Have
------------------- ---- --------
File::Compare 0 1.1006
File::Copy 0 2.21
File::Path 0 2.08_01
File::Spec 0 3.33
IO::Handle 0 1.31
Parse::RecDescent 1.94 1.965001
Term::ReadLine 0 1.07
Text::ParseWords 0 3.27
Text::Soundex 0 3.03_01
build_requires:
Module Need Have
------------------- ---- --------
ExtUtils::MakeMaker 0 6.58
------------------------------
ENVIRONMENT AND OTHER CONTEXT
------------------------------
Environment variables:
AUTOMATED_TESTING = 1
PATH = /home/sts/bin:/bin:/sbin:/usr/bin:/usr/sbin:/usr/X11R6/bin:/usr/local/bin:/usr/local/sbin:/usr/games:.
PERL5LIB = /home/sts/cpansmoke/perl-5.15.1/cpan/build/Parse-RecDescent-1.965001-EdkMQa/blib/arch:/home/sts/cpansmoke/perl-5.15.1/cpan/build/Parse-RecDescent-1.965001-EdkMQa/blib/lib
PERL5OPT =
PERL5_CPANPLUS_IS_RUNNING = 32427
PERL5_CPAN_IS_RUNNING = 32427
PERL5_CPAN_IS_RUNNING_IN_RECURSION = 10455,32427
PERL_CR_SMOKER_CURRENT = Genezzo-0.72
PERL_EXTUTILS_AUTOINSTALL = --defaultdeps
PERL_MM_USE_DEFAULT = 1
SHELL = /usr/local/bin/bash
TERM = screen
TMPDIR = /home/sts/cpansmoke/tmp
Perl special variables (and OS-specific diagnostics, for MSWin32):
$^X = /home/sts/cpansmoke/perl-5.15.1/bin/perl5.15.1
$UID/$EUID = 1000 / 1000
$GID = 10 10 0
$EGID = 10 10 0
Perl module toolchain versions installed:
Module Have
------------------- -----------
CPAN 1.9800
CPAN::Meta 2.110930001
Cwd 3.37
ExtUtils::CBuilder 0.280204
ExtUtils::Command 1.17
ExtUtils::Install 1.56
ExtUtils::MakeMaker 6.58
ExtUtils::Manifest 1.58
ExtUtils::ParseXS 3.00_01
File::Spec 3.33
JSON n/a
JSON::PP 2.27200
Module::Build 0.3800
Module::Signature n/a
Parse::CPAN::Meta 1.4401
Test::Harness 3.23
Test::More 0.98
YAML 0.73
YAML::Syck n/a
version 0.93
--
Summary of my perl5 (revision 5 version 15 subversion 1) configuration:
Platform:
osname=openbsd, osvers=4.9, archname=OpenBSD.i386-openbsd-thread-multi
uname='openbsd cpansmoke3 4.9 generic.mp#794 i386 '
config_args='-des -Dusedevel -Dusethreads -Dprefix=/home/sts/cpansmoke/perl-5.15.1'
hint=recommended, useposix=true, d_sigaction=define
useithreads=define, usemultiplicity=define
useperlio=define, d_sfio=undef, uselargefiles=define, usesocks=undef
use64bitint=undef, use64bitall=undef, uselongdouble=undef
usemymalloc=y, bincompat5005=undef
Compiler:
cc='cc', ccflags ='-pthread -fno-strict-aliasing -pipe -fstack-protector -I/usr/local/include',
optimize='-O2',
cppflags='-pthread -fno-strict-aliasing -pipe -fstack-protector -I/usr/local/include'
ccversion='', gccversion='4.2.1 20070719 ', gccosandvers='openbsd4.9'
intsize=4, longsize=4, ptrsize=4, doublesize=8, byteorder=1234
d_longlong=define, longlongsize=8, d_longdbl=define, longdblsize=12
ivtype='long', ivsize=4, nvtype='double', nvsize=8, Off_t='off_t', lseeksize=8
alignbytes=4, prototype=define
Linker and Libraries:
ld='cc', ldflags ='-pthread -Wl,-E -fstack-protector -L/usr/local/lib'
libpth=/usr/local/lib /usr/lib
libs=-lgdbm -lm -lutil -lc
perllibs=-lm -lutil -lc
libc=/usr/lib/libc.so.58.0, so=so, useshrplib=false, libperl=libperl.a
gnulibc_version=''
Dynamic Linking:
dlsrc=dl_dlopen.xs, dlext=so, d_dlsymun=undef, ccdlflags=' '
cccdlflags='-DPIC -fPIC ', lddlflags='-shared -fPIC -L/usr/local/lib -fstack-protector'
Characteristics of this binary (from libperl):
Compile-time options: HAS_TIMES MULTIPLICITY MYMALLOC PERLIO_LAYERS
PERL_DONT_CREATE_GVSV PERL_IMPLICIT_CONTEXT
PERL_MALLOC_WRAP PERL_PRESERVE_IVUV PERL_USE_DEVEL
USE_ITHREADS USE_LARGE_FILES USE_LOCALE
USE_LOCALE_COLLATE USE_LOCALE_CTYPE
USE_LOCALE_NUMERIC USE_PERLIO USE_PERL_ATOF
USE_REENTRANT_API
Built under openbsd
Compiled at Aug 2 2011 08:28:01
%ENV:
PERL5LIB="/home/sts/cpansmoke/perl-5.15.1/cpan/build/Parse-RecDescent-1.965001-EdkMQa/blib/arch:/home/sts/cpansmoke/perl-5.15.1/cpan/build/Parse-RecDescent-1.965001-EdkMQa/blib/lib"
PERL5OPT=""
PERL5_CPANPLUS_IS_RUNNING="32427"
PERL5_CPAN_IS_RUNNING="32427"
PERL5_CPAN_IS_RUNNING_IN_RECURSION="10455,32427"
PERL_CR_SMOKER_CURRENT="Genezzo-0.72"
PERL_EXTUTILS_AUTOINSTALL="--defaultdeps"
PERL_MM_USE_DEFAULT="1"
@INC:
/home/sts/cpansmoke/perl-5.15.1/cpan/build/Parse-RecDescent-1.965001-EdkMQa/blib/arch
/home/sts/cpansmoke/perl-5.15.1/cpan/build/Parse-RecDescent-1.965001-EdkMQa/blib/lib
/home/sts/cpansmoke/perl-5.15.1/lib/site_perl/5.15.1/OpenBSD.i386-openbsd-thread-multi
/home/sts/cpansmoke/perl-5.15.1/lib/site_perl/5.15.1
/home/sts/cpansmoke/perl-5.15.1/lib/5.15.1/OpenBSD.i386-openbsd-thread-multi
/home/sts/cpansmoke/perl-5.15.1/lib/5.15.1
.