Algorithm-LSH v0.00001_01 Perl 5 v5.28.0 x86_64-linux-thread-multi-ld

Status
Fail
From
Andreas J. K├Ânig (ANDK)
Dist
Algorithm-LSH v0.00001_01
Platform
Perl 5 v5.28.0 x86_64-linux-thread-multi-ld
Date
2018-12-01T15:49:38
ID
b54cd90a-f580-11e8-a16a-d0729ac12625
This distribution has been tested as part of the CPAN Testers
project, supporting the Perl programming language.  See
http://wiki.cpantesters.org/ for more information or email
questions to cpan-testers-discuss@perl.org


--
Dear Takeshi Miki,

This is a computer-generated report for Algorithm-LSH-0.00001_01
on perl 5.28.0, created by CPAN-Reporter-1.2018.

Thank you for uploading your work to CPAN.  However, there was a problem
testing your distribution.

If you think this report is invalid, please consult the CPAN Testers Wiki
for suggestions on how to avoid getting FAIL reports for missing library
or binary dependencies, unsupported operating systems, and so on:

http://wiki.cpantesters.org/wiki/CPANAuthorNotes

Sections of this report:

    * Tester comments
    * Program output
    * Prerequisites
    * Environment and other context

------------------------------
TESTER COMMENTS
------------------------------

Additional comments from tester:

this report is from an automated smoke testing program
and was not reviewed by a human for accuracy

------------------------------
PROGRAM OUTPUT
------------------------------

Output from '/usr/bin/make test':

PERL_DL_NONLAZY=1 "/home/sand/src/perl/repoperls/installed-perls/host/k93msid/v5.28.0/ac75/bin/perl" "-MExtUtils::Command::MM" "-MTest::Harness" "-e" "undef *Test::Harness::Switches; test_harness(0, 'inc', 'blib/lib', 'blib/arch')" t/*.t
Possible precedence issue with control flow operator at /tmp/loop_over_bdir-30347-LGQzlR/Algorithm-LSH-0.00001_01-0/inc/Test/Builder.pm line 503.
t/00_compile.t ............ ok
Possible precedence issue with control flow operator at /tmp/loop_over_bdir-30347-LGQzlR/Algorithm-LSH-0.00001_01-0/inc/Test/Builder.pm line 503.
t/01_basic.t .............. ok
Possible precedence issue with control flow operator at /tmp/loop_over_bdir-30347-LGQzlR/Algorithm-LSH-0.00001_01-0/inc/Test/Builder.pm line 503.
t/02_custpm_hash_class.t .. ok
Possible precedence issue with control flow operator at /tmp/loop_over_bdir-30347-LGQzlR/Algorithm-LSH-0.00001_01-0/inc/Test/Builder.pm line 503.
Byte order is not compatible at /home/sand/src/perl/repoperls/installed-perls/host/k93msid/v5.28.0/ac75/lib/5.28.0/x86_64-linux-thread-multi-ld/Storable.pm line 414, at t/10_hash_hamming.t line 16.
# Looks like you planned 3 tests but ran 2.
# Looks like your test exited with 25 just after 2.
t/10_hash_hamming.t ....... 
Dubious, test returned 25 (wstat 6400, 0x1900)
Failed 1/3 subtests 
Possible precedence issue with control flow operator at /tmp/loop_over_bdir-30347-LGQzlR/Algorithm-LSH-0.00001_01-0/inc/Test/Builder.pm line 503.
t/20_bucket.t ............. ok
Possible precedence issue with control flow operator at /tmp/loop_over_bdir-30347-LGQzlR/Algorithm-LSH-0.00001_01-0/inc/Test/Builder.pm line 503.
t/97_kwalitee.t ........... skipped: Test::Kwalitee not installed; skipping
Possible precedence issue with control flow operator at /tmp/loop_over_bdir-30347-LGQzlR/Algorithm-LSH-0.00001_01-0/inc/Test/Builder.pm line 503.
t/98_pod-coverage.t ....... ok
Possible precedence issue with control flow operator at /tmp/loop_over_bdir-30347-LGQzlR/Algorithm-LSH-0.00001_01-0/inc/Test/Builder.pm line 503.
t/99_pod.t ................ ok

Test Summary Report
-------------------
t/10_hash_hamming.t     (Wstat: 6400 Tests: 2 Failed: 0)
  Non-zero exit status: 25
  Parse errors: Bad plan.  You planned 3 tests but ran 2.
Files=8, Tests=41,  0 wallclock secs ( 0.03 usr  0.05 sys +  0.34 cusr  0.09 csys =  0.51 CPU)
Result: FAIL
Failed 1/8 test programs. 0/41 subtests failed.
make: *** [Makefile:805: test_dynamic] Error 255

------------------------------
PREREQUISITES
------------------------------

Prerequisite modules loaded:

requires:

    Module                   Need   Have    
    ------------------------ ------ --------
    Carp                     0      1.50    
    Class::Accessor::Fast    0      0.51    
    Class::Data::Inheritable 0      0.08    
    ExtUtils::MakeMaker      7.3507 7.35_07 
    Filter::Util::Call       0      1.58    
    FindBin::libs            0      v2.12.01
    List::MoreUtils          0      0.428   
    List::Util               0      1.50    
    Scalar::Util             0      1.50    
    Storable                 0      3.08    
    Test::More               0      1.302140
    UNIVERSAL::require       0      0.18    

build_requires:

    Module                   Need   Have    
    ------------------------ ------ --------
    ExtUtils::MakeMaker      0      7.35_07 


------------------------------
ENVIRONMENT AND OTHER CONTEXT
------------------------------

Environment variables:

    AUTOMATED_TESTING = 1
    LANG = en_US.UTF-8
    PATH = /home/sand/bin:/usr/local/bin:/usr/bin:/bin:/usr/games:/usr/local/perl/bin:/usr/X11/bin:/sbin:/usr/sbin
    PERL5LIB = /tmp/loop_over_bdir-30347-LGQzlR/FindBin-libs-2.019002-0/blib/arch:/tmp/loop_over_bdir-30347-LGQzlR/FindBin-libs-2.019002-0/blib/lib
    PERL5OPT = 
    PERL5_CPANPLUS_IS_RUNNING = 30349
    PERL5_CPAN_IS_RUNNING = 30349
    PERL5_CPAN_IS_RUNNING_IN_RECURSION = 2358,30349
    PERL_CANARY_STABILITY_NOPROMPT = 1
    PERL_MM_USE_DEFAULT = 1
    PERL_USE_UNSAFE_INC = 1
    SHELL = /usr/bin/zsh
    TERM = screen

Perl special variables (and OS-specific diagnostics, for MSWin32):

    $^X = /home/sand/src/perl/repoperls/installed-perls/host/k93msid/v5.28.0/ac75/bin/perl
    $UID/$EUID = 1005 / 1005
    $GID = 1005 1005
    $EGID = 1005 1005

Perl module toolchain versions installed:

    Module              Have    
    ------------------- --------
    CPAN                2.21    
    CPAN::Meta          2.150010
    Cwd                 3.75    
    ExtUtils::CBuilder  0.280230
    ExtUtils::Command   7.35_07 
    ExtUtils::Install   2.14    
    ExtUtils::MakeMaker 7.35_07 
    ExtUtils::Manifest  1.70    
    ExtUtils::ParseXS   3.39    
    File::Spec          3.75    
    JSON                2.97001 
    JSON::PP            2.97001 
    Module::Build       0.4224  
    Module::Signature   0.83    
    Parse::CPAN::Meta   2.150010
    Test::Harness       3.42    
    Test::More          1.302140
    YAML                1.26    
    YAML::Syck          1.31    
    version             0.9923  


--

Summary of my perl5 (revision 5 version 28 subversion 0) configuration:
  Commit id: 6cb72a3d7fbefb477b95588e2fd81e33073da8b3
  Platform:
    osname=linux
    osvers=4.18.0-2-amd64
    archname=x86_64-linux-thread-multi-ld
    uname='linux k93msid 4.18.0-2-amd64 #1 smp debian 4.18.10-2 (2018-10-07) x86_64 gnulinux '
    config_args='-Dprefix=/home/sand/src/perl/repoperls/installed-perls/host/k93msid/v5.28.0/ac75 -Dmyhostname=k93msid -Dinstallusrbinperl=n -Uversiononly -Dusedevel -des -Ui_db -Dlibswanted=cl pthread socket inet nsl gdbm dbm malloc dl ld sun m crypt sec util c cposix posix ucb BSD gdbm_compat -Duseithreads -Duselongdouble -DEBUGGING=both'
    hint=recommended
    useposix=true
    d_sigaction=define
    useithreads=define
    usemultiplicity=define
    use64bitint=define
    use64bitall=define
    uselongdouble=define
    usemymalloc=n
    default_inc_excludes_dot=define
    bincompat5005=undef
  Compiler:
    cc='cc'
    ccflags ='-D_REENTRANT -D_GNU_SOURCE -fwrapv -DDEBUGGING -fno-strict-aliasing -pipe -fstack-protector-strong -I/usr/local/include -D_LARGEFILE_SOURCE -D_FILE_OFFSET_BITS=64'
    optimize='-O2 -g'
    cppflags='-D_REENTRANT -D_GNU_SOURCE -fwrapv -DDEBUGGING -fno-strict-aliasing -pipe -fstack-protector-strong -I/usr/local/include'
    ccversion=''
    gccversion='8.2.0'
    gccosandvers=''
    intsize=4
    longsize=8
    ptrsize=8
    doublesize=8
    byteorder=12345678
    doublekind=3
    d_longlong=define
    longlongsize=8
    d_longdbl=define
    longdblsize=16
    longdblkind=3
    ivtype='long'
    ivsize=8
    nvtype='long double'
    nvsize=16
    Off_t='off_t'
    lseeksize=8
    alignbytes=16
    prototype=define
  Linker and Libraries:
    ld='cc'
    ldflags =' -fstack-protector-strong -L/usr/local/lib'
    libpth=/usr/local/lib /usr/lib/gcc/x86_64-linux-gnu/8/include-fixed /usr/include/x86_64-linux-gnu /usr/lib /lib/x86_64-linux-gnu /lib/../lib /usr/lib/x86_64-linux-gnu /usr/lib/../lib /lib
    libs=-lpthread -lnsl -ldl -lm -lcrypt -lutil -lc
    perllibs=-lpthread -lnsl -ldl -lm -lcrypt -lutil -lc
    libc=libc-2.27.so
    so=so
    useshrplib=false
    libperl=libperl.a
    gnulibc_version='2.27'
  Dynamic Linking:
    dlsrc=dl_dlopen.xs
    dlext=so
    d_dlsymun=undef
    ccdlflags='-Wl,-E'
    cccdlflags='-fPIC'
    lddlflags='-shared -O2 -g -L/usr/local/lib -fstack-protector-strong'


Characteristics of this binary (from libperl): 
  Compile-time options:
    DEBUGGING
    HAS_TIMES
    MULTIPLICITY
    PERLIO_LAYERS
    PERL_COPY_ON_WRITE
    PERL_DONT_CREATE_GVSV
    PERL_IMPLICIT_CONTEXT
    PERL_MALLOC_WRAP
    PERL_OP_PARENT
    PERL_PRESERVE_IVUV
    PERL_TRACK_MEMPOOL
    PERL_USE_DEVEL
    USE_64_BIT_ALL
    USE_64_BIT_INT
    USE_ITHREADS
    USE_LARGE_FILES
    USE_LOCALE
    USE_LOCALE_COLLATE
    USE_LOCALE_CTYPE
    USE_LOCALE_NUMERIC
    USE_LOCALE_TIME
    USE_LONG_DOUBLE
    USE_PERLIO
    USE_PERL_ATOF
    USE_REENTRANT_API
  Built under linux
  Compiled at Oct 28 2018 03:16:21
  %ENV:
    PERL5LIB="/tmp/loop_over_bdir-30347-LGQzlR/FindBin-libs-2.019002-0/blib/arch:/tmp/loop_over_bdir-30347-LGQzlR/FindBin-libs-2.019002-0/blib/lib"
    PERL5OPT=""
    PERL5_CPANPLUS_IS_RUNNING="30349"
    PERL5_CPAN_IS_RUNNING="30349"
    PERL5_CPAN_IS_RUNNING_IN_RECURSION="2358,30349"
    PERL_CANARY_STABILITY_NOPROMPT="1"
    PERL_MM_USE_DEFAULT="1"
    PERL_USE_UNSAFE_INC="1"
  @INC:
    /tmp/loop_over_bdir-30347-LGQzlR/FindBin-libs-2.019002-0/blib/arch
    /tmp/loop_over_bdir-30347-LGQzlR/FindBin-libs-2.019002-0/blib/lib
    /home/sand/src/perl/repoperls/installed-perls/host/k93msid/v5.28.0/ac75/lib/site_perl/5.28.0/x86_64-linux-thread-multi-ld
    /home/sand/src/perl/repoperls/installed-perls/host/k93msid/v5.28.0/ac75/lib/site_perl/5.28.0
    /home/sand/src/perl/repoperls/installed-perls/host/k93msid/v5.28.0/ac75/lib/5.28.0/x86_64-linux-thread-multi-ld
    /home/sand/src/perl/repoperls/installed-perls/host/k93msid/v5.28.0/ac75/lib/5.28.0
    .