Back
From: metabase:user:320bfe00-2aae-11df-837a-5e0a49663a4f
Subject: FAIL KiokuDB-0.57 v5.23.5 GNU/Linux
Date: 2016-02-14T12:15:57Z
This distribution has been tested as part of the CPAN Testers
project, supporting the Perl programming language. See
http://wiki.cpantesters.org/ for more information or email
questions to cpan-testers-discuss@perl.org
--
Dear Jesse Luehrs,
This is a computer-generated report for KiokuDB-0.57
on perl 5.23.5, created by CPAN-Reporter-1.2015.
Thank you for uploading your work to CPAN. However, there was a problem
testing your distribution.
If you think this report is invalid, please consult the CPAN Testers Wiki
for suggestions on how to avoid getting FAIL reports for missing library
or binary dependencies, unsupported operating systems, and so on:
http://wiki.cpantesters.org/wiki/CPANAuthorNotes
Sections of this report:
* Tester comments
* Program output
* Prerequisites
* Environment and other context
------------------------------
TESTER COMMENTS
------------------------------
Additional comments from tester:
this report is from an automated smoke testing program
and was not reviewed by a human for accuracy
------------------------------
PROGRAM OUTPUT
------------------------------
Output from '/usr/bin/make test':
PERL_DL_NONLAZY=1 "/home/sand/src/perl/repoperls/installed-perls/perl/v5.23.5/8d81/bin/perl" "-MExtUtils::Command::MM" "-MTest::Harness" "-e" "undef *Test::Harness::Switches; test_harness(0, 'blib/lib', 'blib/arch')" t/*.t
t/00-compile.t ................. ok
t/coderefs.t ................... ok
t/collapser.t .................. ok
t/digest.t ..................... ok
t/directory.t .................. ok
t/entry.t ...................... ok
t/gc_naive.t ................... ok
# Failed test 'no error in fixture'
# at /tmp/loop_over_bdir-3002-MZU8hV/KiokuDB-0.57-wHhe25/blib/lib/KiokuDB/Test.pm line 38.
# died: Transaction aborted: Can't store REGEXP items at /home/sand/src/perl/repoperls/installed-perls/perl/v5.23.5/8d81/lib/5.23.5/x86_64-linux-ld/Storable.pm line 341, at /tmp/loop_over_bdir-3002-MZU8hV/KiokuDB-0.57-wHhe25/blib/lib/KiokuDB/Backend/Serialize/Storable.pm line 23.
# , rollback failed: no open transaction at /tmp/loop_over_bdir-3002-MZU8hV/KiokuDB-0.57-wHhe25/blib/lib/KiokuDB/Backend/Role/TXN.pm line 46.
# at /tmp/loop_over_bdir-3002-MZU8hV/KiokuDB-0.57-wHhe25/blib/lib/KiokuDB/Backend/Role/TXN.pm line 50.
# Looks like you failed 1 test of 601.
t/gin.t ........................
Dubious, test returned 1 (wstat 256, 0x100)
Failed 1/601 subtests
(less 2 skipped subtests: 598 okay)
# Failed test 'no error in fixture'
# at /tmp/loop_over_bdir-3002-MZU8hV/KiokuDB-0.57-wHhe25/blib/lib/KiokuDB/Test.pm line 38.
# died: Transaction aborted: Can't store REGEXP items at /tmp/loop_over_bdir-3002-MZU8hV/KiokuDB-0.57-wHhe25/blib/lib/KiokuDB/Backend/Serialize/Memory.pm line 22.
# , rollback failed: no open transaction at /tmp/loop_over_bdir-3002-MZU8hV/KiokuDB-0.57-wHhe25/blib/lib/KiokuDB/Backend/Role/TXN.pm line 46.
# at /tmp/loop_over_bdir-3002-MZU8hV/KiokuDB-0.57-wHhe25/blib/lib/KiokuDB/Backend/Role/TXN.pm line 50.
# Failed test 'no error in fixture'
# at /tmp/loop_over_bdir-3002-MZU8hV/KiokuDB-0.57-wHhe25/blib/lib/KiokuDB/Test.pm line 38.
# died: Transaction aborted: Can't store REGEXP items at /tmp/loop_over_bdir-3002-MZU8hV/KiokuDB-0.57-wHhe25/blib/lib/KiokuDB/Backend/Serialize/Memory.pm line 22.
# , rollback failed: no open transaction at /tmp/loop_over_bdir-3002-MZU8hV/KiokuDB-0.57-wHhe25/blib/lib/KiokuDB/Backend/Role/TXN.pm line 46.
# at /tmp/loop_over_bdir-3002-MZU8hV/KiokuDB-0.57-wHhe25/blib/lib/KiokuDB/Backend/Role/TXN.pm line 50.
# Failed test 'no error in fixture'
# at /tmp/loop_over_bdir-3002-MZU8hV/KiokuDB-0.57-wHhe25/blib/lib/KiokuDB/Test.pm line 38.
# died: Transaction aborted: Can't store REGEXP items at /tmp/loop_over_bdir-3002-MZU8hV/KiokuDB-0.57-wHhe25/blib/lib/KiokuDB/Backend/Serialize/Memory.pm line 22.
# , rollback failed: no open transaction at /tmp/loop_over_bdir-3002-MZU8hV/KiokuDB-0.57-wHhe25/blib/lib/KiokuDB/Backend/Role/TXN.pm line 46.
# at /tmp/loop_over_bdir-3002-MZU8hV/KiokuDB-0.57-wHhe25/blib/lib/KiokuDB/Backend/Role/TXN.pm line 50.
# Failed test 'no error in fixture'
# at /tmp/loop_over_bdir-3002-MZU8hV/KiokuDB-0.57-wHhe25/blib/lib/KiokuDB/Test.pm line 38.
# died: Transaction aborted: Can't store REGEXP items at /tmp/loop_over_bdir-3002-MZU8hV/KiokuDB-0.57-wHhe25/blib/lib/KiokuDB/Backend/Serialize/Memory.pm line 22.
# , rollback failed: no open transaction at /tmp/loop_over_bdir-3002-MZU8hV/KiokuDB-0.57-wHhe25/blib/lib/KiokuDB/Backend/Role/TXN.pm line 46.
# at /tmp/loop_over_bdir-3002-MZU8hV/KiokuDB-0.57-wHhe25/blib/lib/KiokuDB/Backend/Role/TXN.pm line 50.
# Failed test 'no error in fixture'
# at /tmp/loop_over_bdir-3002-MZU8hV/KiokuDB-0.57-wHhe25/blib/lib/KiokuDB/Test.pm line 38.
# died: Transaction aborted: Can't store REGEXP items at /tmp/loop_over_bdir-3002-MZU8hV/KiokuDB-0.57-wHhe25/blib/lib/KiokuDB/Backend/Serialize/Memory.pm line 22.
# , rollback failed: no open transaction at /tmp/loop_over_bdir-3002-MZU8hV/KiokuDB-0.57-wHhe25/blib/lib/KiokuDB/Backend/Role/TXN.pm line 46.
# at /tmp/loop_over_bdir-3002-MZU8hV/KiokuDB-0.57-wHhe25/blib/lib/KiokuDB/Backend/Role/TXN.pm line 50.
# Failed test 'no error in fixture'
# at /tmp/loop_over_bdir-3002-MZU8hV/KiokuDB-0.57-wHhe25/blib/lib/KiokuDB/Test.pm line 38.
# died: Transaction aborted: Can't store REGEXP items at /tmp/loop_over_bdir-3002-MZU8hV/KiokuDB-0.57-wHhe25/blib/lib/KiokuDB/Backend/Serialize/Memory.pm line 22.
# , rollback failed: no open transaction at /tmp/loop_over_bdir-3002-MZU8hV/KiokuDB-0.57-wHhe25/blib/lib/KiokuDB/Backend/Role/TXN.pm line 46.
# at /tmp/loop_over_bdir-3002-MZU8hV/KiokuDB-0.57-wHhe25/blib/lib/KiokuDB/Backend/Role/TXN.pm line 50.
# Failed test 'no error in fixture'
# at /tmp/loop_over_bdir-3002-MZU8hV/KiokuDB-0.57-wHhe25/blib/lib/KiokuDB/Test.pm line 38.
# died: Transaction aborted: Can't store REGEXP items at /tmp/loop_over_bdir-3002-MZU8hV/KiokuDB-0.57-wHhe25/blib/lib/KiokuDB/Backend/Serialize/Memory.pm line 22.
# , rollback failed: no open transaction at /tmp/loop_over_bdir-3002-MZU8hV/KiokuDB-0.57-wHhe25/blib/lib/KiokuDB/Backend/Role/TXN.pm line 46.
# at /tmp/loop_over_bdir-3002-MZU8hV/KiokuDB-0.57-wHhe25/blib/lib/KiokuDB/Backend/Role/TXN.pm line 50.
# Failed test 'no error in fixture'
# at /tmp/loop_over_bdir-3002-MZU8hV/KiokuDB-0.57-wHhe25/blib/lib/KiokuDB/Test.pm line 38.
# died: Transaction aborted: Can't store REGEXP items at /tmp/loop_over_bdir-3002-MZU8hV/KiokuDB-0.57-wHhe25/blib/lib/KiokuDB/Backend/Serialize/Memory.pm line 22.
# , rollback failed: no open transaction at /tmp/loop_over_bdir-3002-MZU8hV/KiokuDB-0.57-wHhe25/blib/lib/KiokuDB/Backend/Role/TXN.pm line 46.
# at /tmp/loop_over_bdir-3002-MZU8hV/KiokuDB-0.57-wHhe25/blib/lib/KiokuDB/Backend/Role/TXN.pm line 50.
# Failed test 'no error in fixture'
# at /tmp/loop_over_bdir-3002-MZU8hV/KiokuDB-0.57-wHhe25/blib/lib/KiokuDB/Test.pm line 38.
# died: Transaction aborted: Can't store REGEXP items at /home/sand/src/perl/repoperls/installed-perls/perl/v5.23.5/8d81/lib/5.23.5/x86_64-linux-ld/Storable.pm line 341, at /tmp/loop_over_bdir-3002-MZU8hV/KiokuDB-0.57-wHhe25/blib/lib/KiokuDB/Backend/Serialize/Storable.pm line 23.
# , rollback failed: no open transaction at /tmp/loop_over_bdir-3002-MZU8hV/KiokuDB-0.57-wHhe25/blib/lib/KiokuDB/Backend/Role/TXN.pm line 46.
# at /tmp/loop_over_bdir-3002-MZU8hV/KiokuDB-0.57-wHhe25/blib/lib/KiokuDB/Backend/Role/TXN.pm line 50.
# Failed test 'no error in fixture'
# at /tmp/loop_over_bdir-3002-MZU8hV/KiokuDB-0.57-wHhe25/blib/lib/KiokuDB/Test.pm line 38.
# died: Transaction aborted: Can't store REGEXP items at /home/sand/src/perl/repoperls/installed-perls/perl/v5.23.5/8d81/lib/5.23.5/x86_64-linux-ld/Storable.pm line 341, at /tmp/loop_over_bdir-3002-MZU8hV/KiokuDB-0.57-wHhe25/blib/lib/KiokuDB/Backend/Serialize/Storable.pm line 23.
# , rollback failed: no open transaction at /tmp/loop_over_bdir-3002-MZU8hV/KiokuDB-0.57-wHhe25/blib/lib/KiokuDB/Backend/Role/TXN.pm line 46.
# at /tmp/loop_over_bdir-3002-MZU8hV/KiokuDB-0.57-wHhe25/blib/lib/KiokuDB/Backend/Role/TXN.pm line 50.
# Failed test 'no error in fixture'
# at /tmp/loop_over_bdir-3002-MZU8hV/KiokuDB-0.57-wHhe25/blib/lib/KiokuDB/Test.pm line 38.
# died: Transaction aborted: Can't store REGEXP items at /home/sand/src/perl/repoperls/installed-perls/perl/v5.23.5/8d81/lib/5.23.5/x86_64-linux-ld/Storable.pm line 341, at /tmp/loop_over_bdir-3002-MZU8hV/KiokuDB-0.57-wHhe25/blib/lib/KiokuDB/Backend/Serialize/Storable.pm line 23.
# , rollback failed: no open transaction at /tmp/loop_over_bdir-3002-MZU8hV/KiokuDB-0.57-wHhe25/blib/lib/KiokuDB/Backend/Role/TXN.pm line 46.
# at /tmp/loop_over_bdir-3002-MZU8hV/KiokuDB-0.57-wHhe25/blib/lib/KiokuDB/Backend/Role/TXN.pm line 50.
# Failed test 'no error in fixture'
# at /tmp/loop_over_bdir-3002-MZU8hV/KiokuDB-0.57-wHhe25/blib/lib/KiokuDB/Test.pm line 38.
# died: Transaction aborted: Can't store REGEXP items at /home/sand/src/perl/repoperls/installed-perls/perl/v5.23.5/8d81/lib/5.23.5/x86_64-linux-ld/Storable.pm line 341, at /tmp/loop_over_bdir-3002-MZU8hV/KiokuDB-0.57-wHhe25/blib/lib/KiokuDB/Backend/Serialize/Storable.pm line 23.
# , rollback failed: no open transaction at /tmp/loop_over_bdir-3002-MZU8hV/KiokuDB-0.57-wHhe25/blib/lib/KiokuDB/Backend/Role/TXN.pm line 46.
# at /tmp/loop_over_bdir-3002-MZU8hV/KiokuDB-0.57-wHhe25/blib/lib/KiokuDB/Backend/Role/TXN.pm line 50.
# Failed test 'no error in fixture'
# at /tmp/loop_over_bdir-3002-MZU8hV/KiokuDB-0.57-wHhe25/blib/lib/KiokuDB/Test.pm line 38.
# died: Transaction aborted: Can't store REGEXP items at /home/sand/src/perl/repoperls/installed-perls/perl/v5.23.5/8d81/lib/5.23.5/x86_64-linux-ld/Storable.pm line 341, at /tmp/loop_over_bdir-3002-MZU8hV/KiokuDB-0.57-wHhe25/blib/lib/KiokuDB/Backend/Serialize/Storable.pm line 23.
# , rollback failed: no open transaction at /tmp/loop_over_bdir-3002-MZU8hV/KiokuDB-0.57-wHhe25/blib/lib/KiokuDB/Backend/Role/TXN.pm line 46.
# at /tmp/loop_over_bdir-3002-MZU8hV/KiokuDB-0.57-wHhe25/blib/lib/KiokuDB/Backend/Role/TXN.pm line 50.
# Failed test 'no error in fixture'
# at /tmp/loop_over_bdir-3002-MZU8hV/KiokuDB-0.57-wHhe25/blib/lib/KiokuDB/Test.pm line 38.
# died: Transaction aborted: Can't store REGEXP items at /home/sand/src/perl/repoperls/installed-perls/perl/v5.23.5/8d81/lib/5.23.5/x86_64-linux-ld/Storable.pm line 341, at /tmp/loop_over_bdir-3002-MZU8hV/KiokuDB-0.57-wHhe25/blib/lib/KiokuDB/Backend/Serialize/Storable.pm line 23.
# , rollback failed: no open transaction at /tmp/loop_over_bdir-3002-MZU8hV/KiokuDB-0.57-wHhe25/blib/lib/KiokuDB/Backend/Role/TXN.pm line 46.
# at /tmp/loop_over_bdir-3002-MZU8hV/KiokuDB-0.57-wHhe25/blib/lib/KiokuDB/Backend/Role/TXN.pm line 50.
# Failed test 'no error in fixture'
# at /tmp/loop_over_bdir-3002-MZU8hV/KiokuDB-0.57-wHhe25/blib/lib/KiokuDB/Test.pm line 38.
# died: Transaction aborted: Can't store REGEXP items at /home/sand/src/perl/repoperls/installed-perls/perl/v5.23.5/8d81/lib/5.23.5/x86_64-linux-ld/Storable.pm line 341, at /tmp/loop_over_bdir-3002-MZU8hV/KiokuDB-0.57-wHhe25/blib/lib/KiokuDB/Backend/Serialize/Storable.pm line 23.
# , rollback failed: no open transaction at /tmp/loop_over_bdir-3002-MZU8hV/KiokuDB-0.57-wHhe25/blib/lib/KiokuDB/Backend/Role/TXN.pm line 46.
# at /tmp/loop_over_bdir-3002-MZU8hV/KiokuDB-0.57-wHhe25/blib/lib/KiokuDB/Backend/Role/TXN.pm line 50.
# Failed test 'no error in fixture'
# at /tmp/loop_over_bdir-3002-MZU8hV/KiokuDB-0.57-wHhe25/blib/lib/KiokuDB/Test.pm line 38.
# died: Transaction aborted: Can't store REGEXP items at /home/sand/src/perl/repoperls/installed-perls/perl/v5.23.5/8d81/lib/5.23.5/x86_64-linux-ld/Storable.pm line 341, at /tmp/loop_over_bdir-3002-MZU8hV/KiokuDB-0.57-wHhe25/blib/lib/KiokuDB/Backend/Serialize/Storable.pm line 23.
# , rollback failed: no open transaction at /tmp/loop_over_bdir-3002-MZU8hV/KiokuDB-0.57-wHhe25/blib/lib/KiokuDB/Backend/Role/TXN.pm line 46.
# at /tmp/loop_over_bdir-3002-MZU8hV/KiokuDB-0.57-wHhe25/blib/lib/KiokuDB/Backend/Role/TXN.pm line 50.
# Looks like you failed 16 tests of 19704.
t/hash.t .......................
Dubious, test returned 16 (wstat 4096, 0x1000)
Failed 16/19704 subtests
(less 120 skipped subtests: 19568 okay)
t/hash_backend.t ............... ok
t/jspon_serialization.t ........ ok
t/kiokudb_class_native.t ....... ok
t/lazy.t ....................... ok
t/link_checker.t ............... ok
t/link_checker_real.t .......... ok
t/live_objs.t .................. ok
t/moose_triggers.t ............. ok
t/ref.t ........................ ok
t/scaling.t .................... ok
t/serializer.t ................. ok
t/stream.t ..................... ok
t/tied.t ....................... ok
t/typemap.t .................... ok
t/typemap_default_json.t ....... ok
t/typemap_default_storable.t ... ok
t/typemap_entry_callback.t ..... ok
t/typemap_entry_mop.t .......... ok
t/typemap_entry_naive.t ........ ok
t/typemap_entry_passthrough.t .. ok
t/typemap_entry_storable.t ..... ok
t/typemap_extra.t .............. ok
t/typemap_resolver.t ........... ok
t/typemap_values.t ............. ok
t/uuid.t ....................... ok
t/versioning.t ................. ok
Test Summary Report
-------------------
t/gin.t (Wstat: 256 Tests: 601 Failed: 1)
Failed test: 375
Non-zero exit status: 1
t/hash.t (Wstat: 4096 Tests: 19704 Failed: 16)
Failed tests: 351, 924, 1501, 2074, 2662, 3236, 3814
4388, 4955, 5528, 6105, 6678, 7266, 7840
8418, 8992
Non-zero exit status: 16
Files=35, Tests=22227, 181 wallclock secs ( 1.92 usr 0.37 sys + 120.52 cusr 9.78 csys = 132.59 CPU)
Result: FAIL
Failed 2/35 test programs. 17/22227 subtests failed.
Makefile:1868: recipe for target 'test_dynamic' failed
make: *** [test_dynamic] Error 255
------------------------------
PREREQUISITES
------------------------------
Prerequisite modules loaded:
requires:
Module Need Have
---------------------------------------------- ------ --------
B 0 1.61
B::Deparse 0 1.35
Cache::Ref 0.02 0.04
Carp 0 1.38
Class::Load 0 0.23
constant 0 1.33
Data::Stream::Bulk 0.08 0.11
Data::Stream::Bulk::Util 0 0.11
Data::Swap 0 0.08
Data::UUID 1.203 1.221
Data::Visitor 0.24 0.30
Digest::SHA 0 5.95
Encode 0 2.82
Hash::Util::FieldHash::Compat 0 0.10
IO::Handle 0 1.35
JSON 2.12 2.90
JSON::XS 2.231 3.01
List::Util 0 1.42_002
Module::Pluggable::Object 0 5.2
Moose 2.0000 2.1604
Moose::Exporter 0 2.1604
Moose::Role 0 2.1604
Moose::Util 0 2.1604
Moose::Util::MetaRole 0 2.1604
Moose::Util::TypeConstraints 0 2.1604
MooseX::Clone 0.04 0.06
MooseX::Clone::Meta::Attribute::Trait::NoClone 0 0.06
MooseX::Role::Parameterized 0.10 1.08
MooseX::YAML 0.04 0.04
namespace::clean 0.08 0.26
overload 0 1.26
PadWalker 1.9 2.2
Path::Class 0 0.35
POSIX 0 1.59
Scalar::Util 0 1.42_002
Scope::Guard 0 0.21
Search::GIN::Driver 0 0.11
Search::GIN::Extract 0 0.11
Search::GIN::Query::Class 0.03 0.11
Set::Object 1.26 1.35
Storable 0 2.54
strict 0 1.09
Sub::Exporter 0 0.987
Symbol 0 1.07
Test::Exception 0 0.43
Test::Moose 0 2.1604
Test::More 0.88 1.001014
Throwable 0 0.200013
Tie::RefHash 0 1.39
Tie::ToObject 0 0.03
Try::Tiny 0 0.24
utf8 0 1.17
warnings 0 1.35
YAML::XS 0.30 0.60
build_requires:
Module Need Have
---------------------------------------------- ------ --------
base 0 2.22_01
Cache::Ref::CART 0 0.04
Cache::Ref::CLOCK 0 0.04
Data::Dumper 0 2.158
Data::Stream::Bulk::Callback 0 0.11
File::Spec 0 3.62
if 0 0.0606
IO::Handle 0 1.35
IPC::Open3 0 1.20
Search::GIN::Driver::Hash 0 0.11
Search::GIN::Extract::Class 0 0.11
Search::GIN::Extract::Delegate 0 0.11
Test::More 0.88 1.001014
configure_requires:
Module Need Have
---------------------------------------------- ------ --------
ExtUtils::MakeMaker 6.30 7.10
------------------------------
ENVIRONMENT AND OTHER CONTEXT
------------------------------
Environment variables:
AUTOMATED_TESTING = 1
LANG = en_US.UTF-8
LANGUAGE = en_US:en
PATH = /usr/lib/ccache:/home/sand/bin:/usr/local/bin:/usr/bin:/bin:/usr/games:/usr/local/perl/bin:/usr/X11/bin:/sbin:/usr/sbin
PERL5LIB =
PERL5OPT =
PERL5_CPANPLUS_IS_RUNNING = 3005
PERL5_CPAN_IS_RUNNING = 3005
PERL_MM_USE_DEFAULT = 1
SHELL = /usr/bin/zsh
TERM = screen
Perl special variables (and OS-specific diagnostics, for MSWin32):
$^X = /home/sand/src/perl/repoperls/installed-perls/perl/v5.23.5/8d81/bin/perl
$UID/$EUID = 1005 / 1005
$GID = 1005 1005
$EGID = 1005 1005
Perl module toolchain versions installed:
Module Have
------------------- --------
CPAN 2.11
CPAN::Meta 2.150005
Cwd 3.62
ExtUtils::CBuilder 0.280224
ExtUtils::Command 7.10
ExtUtils::Install 2.04
ExtUtils::MakeMaker 7.10
ExtUtils::Manifest 1.70
ExtUtils::ParseXS 3.30
File::Spec 3.62
JSON 2.90
JSON::PP 2.27300
Module::Build 0.4216
Module::Signature 0.79
Parse::CPAN::Meta 1.4417
Test::Harness 3.36
Test::More 1.001014
YAML 1.15
YAML::Syck 1.29
version 0.9909
--
Summary of my perl5 (revision 5 version 23 subversion 5) configuration:
Derived from: e1ad135da437c09f811d4667b8ae1c137ed192a2
Platform:
osname=linux, osvers=4.3.0-1-amd64, archname=x86_64-linux-ld
uname='linux k83 4.3.0-1-amd64 #1 smp debian 4.3.3-7 (2016-01-19) x86_64 gnulinux '
config_args='-Dprefix=/home/sand/src/perl/repoperls/installed-perls/perl/v5.23.5/8d81 -Dmyhostname=k83 -Dinstallusrbinperl=n -Uversiononly -Dusedevel -des -Ui_db -Dlibswanted=cl pthread socket inet nsl gdbm dbm malloc dl ld sun m crypt sec util c cposix posix ucb BSD gdbm_compat -Uuseithreads -Duselongdouble'
hint=recommended, useposix=true, d_sigaction=define
useithreads=undef, usemultiplicity=undef
use64bitint=define, use64bitall=define, uselongdouble=define
usemymalloc=n, bincompat5005=undef
Compiler:
cc='cc', ccflags ='-fwrapv -fno-strict-aliasing -pipe -fstack-protector-strong -I/usr/local/include -D_LARGEFILE_SOURCE -D_FILE_OFFSET_BITS=64 -D_FORTIFY_SOURCE=2',
optimize='-O2',
cppflags='-fwrapv -fno-strict-aliasing -pipe -fstack-protector-strong -I/usr/local/include'
ccversion='', gccversion='5.3.1 20160121', gccosandvers=''
intsize=4, longsize=8, ptrsize=8, doublesize=8, byteorder=12345678, doublekind=3
d_longlong=define, longlongsize=8, d_longdbl=define, longdblsize=16, longdblkind=3
ivtype='long', ivsize=8, nvtype='long double', nvsize=16, Off_t='off_t', lseeksize=8
alignbytes=16, prototype=define
Linker and Libraries:
ld='cc', ldflags =' -fstack-protector-strong -L/usr/local/lib'
libpth=/usr/local/lib /usr/lib/gcc/x86_64-linux-gnu/5/include-fixed /usr/include/x86_64-linux-gnu /usr/lib /lib/x86_64-linux-gnu /lib/../lib /usr/lib/x86_64-linux-gnu /usr/lib/../lib /lib
libs=-lpthread -lnsl -lgdbm -ldl -lm -lcrypt -lutil -lc -lgdbm_compat
perllibs=-lpthread -lnsl -ldl -lm -lcrypt -lutil -lc
libc=libc-2.21.so, so=so, useshrplib=false, libperl=libperl.a
gnulibc_version='2.21'
Dynamic Linking:
dlsrc=dl_dlopen.xs, dlext=so, d_dlsymun=undef, ccdlflags='-Wl,-E'
cccdlflags='-fPIC', lddlflags='-shared -O2 -L/usr/local/lib -fstack-protector-strong'
Characteristics of this binary (from libperl):
Compile-time options: HAS_TIMES PERLIO_LAYERS PERL_COPY_ON_WRITE
PERL_DONT_CREATE_GVSV
PERL_HASH_FUNC_ONE_AT_A_TIME_HARD PERL_MALLOC_WRAP
PERL_PRESERVE_IVUV PERL_USE_DEVEL USE_64_BIT_ALL
USE_64_BIT_INT USE_LARGE_FILES USE_LOCALE
USE_LOCALE_COLLATE USE_LOCALE_CTYPE
USE_LOCALE_NUMERIC USE_LOCALE_TIME USE_LONG_DOUBLE
USE_PERLIO USE_PERL_ATOF
Locally applied patches:
uncommitted-changes
Devel::PatchPerl 1.40
Built under linux
Compiled at Feb 1 2016 03:18:28
%ENV:
PERL5LIB=""
PERL5OPT=""
PERL5_CPANPLUS_IS_RUNNING="3005"
PERL5_CPAN_IS_RUNNING="3005"
PERL_MM_USE_DEFAULT="1"
@INC:
/home/sand/src/perl/repoperls/installed-perls/perl/v5.23.5/8d81/lib/site_perl/5.23.5/x86_64-linux-ld
/home/sand/src/perl/repoperls/installed-perls/perl/v5.23.5/8d81/lib/site_perl/5.23.5
/home/sand/src/perl/repoperls/installed-perls/perl/v5.23.5/8d81/lib/5.23.5/x86_64-linux-ld
/home/sand/src/perl/repoperls/installed-perls/perl/v5.23.5/8d81/lib/5.23.5
.