PDF-API2 v2.038 Perl 5 v5.33.3 x86_64-linux

Status
Fail
From
Carlos Guevara
Dist
PDF-API2 v2.038
Platform
Perl 5 v5.33.3 x86_64-linux
Date
2020-09-30 16:05:04
ID
b3e7c28a-0336-11eb-96e5-3c53c08e6191
This distribution has been tested as part of the CPAN Testers
project, supporting the Perl programming language.  See
http://wiki.cpantesters.org/ for more information or email
questions to cpan-testers-discuss@perl.org


--
Dear Steve Simms,

This is a computer-generated report for PDF-API2-2.038
on perl 5.33.3, created by CPAN-Reporter-1.2018.

Thank you for uploading your work to CPAN.  However, there was a problem
testing your distribution.

If you think this report is invalid, please consult the CPAN Testers Wiki
for suggestions on how to avoid getting FAIL reports for missing library
or binary dependencies, unsupported operating systems, and so on:

http://wiki.cpantesters.org/wiki/CPANAuthorNotes

Sections of this report:

    * Tester comments
    * Program output
    * Prerequisites
    * Environment and other context

------------------------------
TESTER COMMENTS
------------------------------

Additional comments from tester:

this report is from an automated smoke testing program
and was not reviewed by a human for accuracy

------------------------------
PROGRAM OUTPUT
------------------------------

Output from '/usr/bin/make test':

PERL_DL_NONLAZY=1 "/home/cpan/bin/perl-blead/bin/perl5.33.3" "-MExtUtils::Command::MM" "-MTest::Harness" "-e" "undef *Test::Harness::Switches; test_harness(0, 'blib/lib', 'blib/arch')" t/*.t
t/00-all-usable.t ........... ok
t/01-basic.t ................ ok
t/02-xrefstm.t .............. ok
t/03-xrefstm-index.t ........ ok
t/annotate.t ................ ok
t/author-critic.t ........... skipped: these tests are for testing by the author
t/author-pod-syntax.t ....... skipped: these tests are for testing by the author
Use of uninitialized value $s2 in substr at /home/cpan/.cpan/build/PDF-API2-2.038-0/blib/lib/PDF/API2/Resource/XObject/Form/BarCode/int2of5.pm line 51.
Use of uninitialized value $s2 in substr at /home/cpan/.cpan/build/PDF-API2-2.038-0/blib/lib/PDF/API2/Resource/XObject/Form/BarCode/int2of5.pm line 51.
substr outside of string at /home/cpan/.cpan/build/PDF-API2-2.038-0/blib/lib/PDF/API2/Resource/XObject/Form/BarCode/int2of5.pm line 51.
Use of uninitialized value in concatenation (.) or string at /home/cpan/.cpan/build/PDF-API2-2.038-0/blib/lib/PDF/API2/Resource/XObject/Form/BarCode/int2of5.pm line 51.
Use of uninitialized value $s2 in substr at /home/cpan/.cpan/build/PDF-API2-2.038-0/blib/lib/PDF/API2/Resource/XObject/Form/BarCode/int2of5.pm line 51.
substr outside of string at /home/cpan/.cpan/build/PDF-API2-2.038-0/blib/lib/PDF/API2/Resource/XObject/Form/BarCode/int2of5.pm line 51.
Use of uninitialized value in concatenation (.) or string at /home/cpan/.cpan/build/PDF-API2-2.038-0/blib/lib/PDF/API2/Resource/XObject/Form/BarCode/int2of5.pm line 51.
Use of uninitialized value $s2 in substr at /home/cpan/.cpan/build/PDF-API2-2.038-0/blib/lib/PDF/API2/Resource/XObject/Form/BarCode/int2of5.pm line 51.
substr outside of string at /home/cpan/.cpan/build/PDF-API2-2.038-0/blib/lib/PDF/API2/Resource/XObject/Form/BarCode/int2of5.pm line 51.
Use of uninitialized value in concatenation (.) or string at /home/cpan/.cpan/build/PDF-API2-2.038-0/blib/lib/PDF/API2/Resource/XObject/Form/BarCode/int2of5.pm line 51.
Use of uninitialized value $s2 in substr at /home/cpan/.cpan/build/PDF-API2-2.038-0/blib/lib/PDF/API2/Resource/XObject/Form/BarCode/int2of5.pm line 51.
substr outside of string at /home/cpan/.cpan/build/PDF-API2-2.038-0/blib/lib/PDF/API2/Resource/XObject/Form/BarCode/int2of5.pm line 51.
Use of uninitialized value in concatenation (.) or string at /home/cpan/.cpan/build/PDF-API2-2.038-0/blib/lib/PDF/API2/Resource/XObject/Form/BarCode/int2of5.pm line 51.

#   Failed test 'Correctly encoded Interleaved 2 of 5 barcode'
#   at t/barcode.t line 124.
#          got: 'aaaa11221baaa'
#     expected: 'aaaa12112121121222111121121122112111212112122112112211baaa'
# Looks like you failed 1 test of 28.
t/barcode.t ................. 
Dubious, test returned 1 (wstat 256, 0x100)
Failed 1/28 subtests 
t/bbox.t .................... ok
t/circular-references.t ..... ok
t/cmap.t .................... ok
t/content.t ................. ok
t/cs-webcolor.t ............. ok
t/deprecations.t ............ ok
t/extgstate.t ............... ok
t/filter-ascii85decode.t .... ok
t/filter-asciihexdecode.t ... ok
t/filter-runlengthdecode.t .. ok
t/font-corefont.t ........... ok
t/font-synfont.t ............ ok
t/font-ttf.t ................ ok
t/font-type1.t .............. ok
t/gd.t ...................... ok
t/gif.t ..................... ok
t/jpg.t ..................... ok
t/lite.t .................... ok
t/outline.t ................. ok
t/page.t .................... ok
t/papersizes.t .............. ok
t/pdf.t ..................... ok
t/png.t ..................... ok
t/pnm.t ..................... ok
t/rt120397.t ................ ok
t/rt120450.t ................ ok
t/rt126274.t ................ ok
t/rt67767.t ................. ok
t/rt69503.t ................. ok
t/string.t .................. ok
t/text.t .................... ok
t/tiff.t .................... ok
t/viewer-preferences.t ...... ok

Test Summary Report
-------------------
t/barcode.t               (Wstat: 256 Tests: 28 Failed: 1)
  Failed test:  28
  Non-zero exit status: 1
Files=41, Tests=573, 13 wallclock secs ( 0.18 usr  0.07 sys + 11.21 cusr  1.36 csys = 12.82 CPU)
Result: FAIL
Failed 1/41 test programs. 1/573 subtests failed.
make: *** [Makefile:968: test_dynamic] Error 255

------------------------------
PREREQUISITES
------------------------------

Prerequisite modules loaded:

requires:

    Module              Need     Have    
    ------------------- -------- --------
    Compress::Zlib      1.0      2.096   
    Font::TTF           0        1.06    
    perl                5.010000 5.033003

build_requires:

    Module              Need     Have    
    ------------------- -------- --------
    ExtUtils::MakeMaker 0        7.46    
    Test::Exception     0        0.43    
    Test::Memory::Cycle 0        1.06    

configure_requires:

    Module              Need     Have    
    ------------------- -------- --------
    ExtUtils::MakeMaker 0        7.46    


------------------------------
ENVIRONMENT AND OTHER CONTEXT
------------------------------

Environment variables:

    AUTOMATED_TESTING = 1
    DATE_MANIP_TEST_DM5 = 1
    LANG = C.UTF-8
    LC_ALL = C
    LC_COLLATE = C
    NONINTERACTIVE_TESTING = 1
    PATH = /home/cpan/bin/perl-blead/bin:/home/cpan/bin:/usr/local/sbin:/usr/local/bin:/usr/sbin:/usr/bin:/sbin:/bin
    PERL5LIB = 
    PERL5OPT = 
    PERL5_CPANPLUS_IS_RUNNING = 9900
    PERL5_CPAN_IS_RUNNING = 9900
    PERL_MM_USE_DEFAULT = 1
    PERL_USE_UNSAFE_INC = 1
    PERL_VERSION = blead
    SHELL = /bin/bash
    TERM = screen.xterm-256color
    TMPDIR = /home/cpan/tmp

Perl special variables (and OS-specific diagnostics, for MSWin32):

    $^X = /home/cpan/bin/perl-blead/bin/perl5.33.3
    $UID/$EUID = 1001 / 1001
    $GID = 1001 1001
    $EGID = 1001 1001

Perl module toolchain versions installed:

    Module              Have    
    ------------------- --------
    CPAN                2.27    
    CPAN::Meta          2.150010
    Cwd                 3.78    
    ExtUtils::CBuilder  0.280234
    ExtUtils::Command   7.46    
    ExtUtils::Install   2.18    
    ExtUtils::MakeMaker 7.46    
    ExtUtils::Manifest  1.72    
    ExtUtils::ParseXS   3.41    
    File::Spec          3.78    
    JSON                4.02    
    JSON::PP            4.05    
    Module::Build       0.4231  
    Module::Signature   n/a     
    Parse::CPAN::Meta   2.150010
    Test::Harness       3.42    
    Test::More          1.302181
    YAML                1.30    
    YAML::Syck          1.32    
    version             0.9924  


--

Summary of my perl5 (revision 5 version 33 subversion 3) configuration:
  Commit id: 4559f7e6350cb49ddd0cd4ae3df3db012693f220
  Platform:
    osname=linux
    osvers=5.4.43-1-lts
    archname=x86_64-linux
    uname='linux cjg-alpine3 5.4.43-1-lts #2-alpine smp thu, 28 may 2020 20:13:48 utc x86_64 linux '
    config_args='-des -Dprefix=~/bin/perl-blead -Dscriptdir=~/bin/perl-blead/bin -Dusedevel -Duse64bitall'
    hint=recommended
    useposix=true
    d_sigaction=define
    useithreads=undef
    usemultiplicity=undef
    use64bitint=define
    use64bitall=define
    uselongdouble=undef
    usemymalloc=n
    default_inc_excludes_dot=define
  Compiler:
    cc='cc'
    ccflags ='-D_GNU_SOURCE -fwrapv -fno-strict-aliasing -pipe -fstack-protector-strong -D_LARGEFILE_SOURCE -D_FILE_OFFSET_BITS=64'
    optimize='-O2'
    cppflags='-D_GNU_SOURCE -fwrapv -fno-strict-aliasing -pipe -fstack-protector-strong'
    ccversion=''
    gccversion='9.3.0'
    gccosandvers=''
    intsize=4
    longsize=8
    ptrsize=8
    doublesize=8
    byteorder=12345678
    doublekind=3
    d_longlong=define
    longlongsize=8
    d_longdbl=define
    longdblsize=16
    longdblkind=3
    ivtype='long'
    ivsize=8
    nvtype='double'
    nvsize=8
    Off_t='off_t'
    lseeksize=8
    alignbytes=8
    prototype=define
  Linker and Libraries:
    ld='cc'
    ldflags =' -fstack-protector-strong -L/usr/local/lib'
    libpth=/usr/include/fortify /usr/lib /usr/local/lib /lib/../lib /usr/lib/../lib /lib
    libs=-lpthread -ldb -ldl -lm -lcrypt -lutil -lc
    perllibs=-lpthread -ldl -lm -lcrypt -lutil -lc
    libc=/usr/lib/libc.a
    so=so
    useshrplib=false
    libperl=libperl.a
    gnulibc_version=''
  Dynamic Linking:
    dlsrc=dl_dlopen.xs
    dlext=so
    d_dlsymun=undef
    ccdlflags='-Wl,-E'
    cccdlflags='-fPIC'
    lddlflags='-shared -O2 -L/usr/local/lib -fstack-protector-strong'


Characteristics of this binary (from libperl): 
  Compile-time options:
    HAS_TIMES
    PERLIO_LAYERS
    PERL_COPY_ON_WRITE
    PERL_DONT_CREATE_GVSV
    PERL_MALLOC_WRAP
    PERL_OP_PARENT
    PERL_PRESERVE_IVUV
    PERL_USE_DEVEL
    USE_64_BIT_ALL
    USE_64_BIT_INT
    USE_LARGE_FILES
    USE_LOCALE
    USE_LOCALE_COLLATE
    USE_LOCALE_CTYPE
    USE_LOCALE_NUMERIC
    USE_LOCALE_TIME
    USE_PERLIO
    USE_PERL_ATOF
  Built under linux
  Compiled at Sep 30 2020 05:29:28
  %ENV:
    PERL5LIB=""
    PERL5OPT=""
    PERL5_CPANPLUS_IS_RUNNING="9900"
    PERL5_CPAN_IS_RUNNING="9900"
    PERL_MM_USE_DEFAULT="1"
    PERL_USE_UNSAFE_INC="1"
    PERL_VERSION="blead"
  @INC:
    /home/cpan/bin/perl-blead/lib/site_perl/5.33.3/x86_64-linux
    /home/cpan/bin/perl-blead/lib/site_perl/5.33.3
    /home/cpan/bin/perl-blead/lib/5.33.3/x86_64-linux
    /home/cpan/bin/perl-blead/lib/5.33.3
    .