Back
From: metabase:user:775a6ef0-a30d-11e0-b928-abcd0a1a245f
Subject: FAIL Text-Hatena-0.20 v5.10.1 GNU/Linux
Date: 2011-09-06T21:25:10Z
This distribution has been tested as part of the CPAN Testers
project, supporting the Perl programming language. See
http://wiki.cpantesters.org/ for more information or email
questions to cpan-testers-discuss@perl.org
--
Dear Junya Kondo,
This is a computer-generated report for Text-Hatena-0.20
on perl 5.10.1, created by CPAN-Reporter-1.1902.
Thank you for uploading your work to CPAN. However, there was a problem
testing your distribution.
If you think this report is invalid, please consult the CPAN Testers Wiki
for suggestions on how to avoid getting FAIL reports for missing library
or binary dependencies, unsupported operating systems, and so on:
http://wiki.cpantesters.org/wiki/CPANAuthorNotes
Sections of this report:
* Tester comments
* Program output
* Prerequisites
* Environment and other context
------------------------------
TESTER COMMENTS
------------------------------
Additional comments from tester:
this report is from an automated smoke testing program
and was not reviewed by a human for accuracy
------------------------------
PROGRAM OUTPUT
------------------------------
Output from '/usr/bin/make test':
PERL_DL_NONLAZY=1 /smoker/5.10.1/perl/bin/perl "-MExtUtils::Command::MM" "-e" "test_harness(0, 'blib/lib', 'blib/arch')" t/*.t
# Failed test 'use Text::Hatena;'
# at t/00_compile.t line 7.
# Tried to use 'Text::Hatena'.
# Error: Base class package "Class::Data::Inheritable" is empty.
# (Perhaps you need to 'use' the module which defines that package first,
# or make that module available in @INC (@INC contains: lib /smoker/5.10.1/cpan/build/Text-Hatena-0.20-weeh3R/blib/lib /smoker/5.10.1/cpan/build/Text-Hatena-0.20-weeh3R/blib/arch /smoker/5.10.1/cpan/build/Parse-RecDescent-1.965001-Ap7dyw/blib/arch /smoker/5.10.1/cpan/build/Parse-RecDescent-1.965001-Ap7dyw/blib/lib /smoker/5.10.1/cpan/build/Regexp-Assemble-0.35-tCRwf1/blib/arch /smoker/5.10.1/cpan/build/Regexp-Assemble-0.35-tCRwf1/blib/lib /smoker/5.10.1/cpan/build/Test-Base-0.60-ihlzvs/blib/arch /smoker/5.10.1/cpan/build/Test-Base-0.60-ihlzvs/blib/lib /smoker/5.10.1/cpan/build/Spiffy-0.30-gTLgZF/blib/arch /smoker/5.10.1/cpan/build/Spiffy-0.30-gTLgZF/blib/lib /smoker/5.10.1/perl/lib .).
# at lib/Text/Hatena.pm line 5
# BEGIN failed--compilation aborted at lib/Text/Hatena.pm line 5.
# Compilation failed in require at (eval 6) line 2.
# BEGIN failed--compilation aborted at (eval 6) line 2.
# Looks like you failed 1 test of 1.
t/00_compile.t ..........
Dubious, test returned 1 (wstat 256, 0x100)
Failed 1/1 subtests
Can't locate object method "mk_classdata" via package "Text::Hatena::AutoLink" at /smoker/5.10.1/cpan/build/Text-Hatena-0.20-weeh3R/blib/lib/Text/Hatena/AutoLink.pm line 9.
Compilation failed in require at /smoker/5.10.1/cpan/build/Text-Hatena-0.20-weeh3R/blib/lib/Text/Hatena.pm line 8.
BEGIN failed--compilation aborted at /smoker/5.10.1/cpan/build/Text-Hatena-0.20-weeh3R/blib/lib/Text/Hatena.pm line 8.
Compilation failed in require at t/01_module.t line 5.
BEGIN failed--compilation aborted at t/01_module.t line 5.
t/01_module.t ...........
Dubious, test returned 2 (wstat 512, 0x200)
No subtests run
Can't locate object method "syntax" via package "MyParser" at t/lib/MyParser.pm line 6.
Compilation failed in require at t/02_module_extend.t line 6.
BEGIN failed--compilation aborted at t/02_module_extend.t line 6.
t/02_module_extend.t ....
Dubious, test returned 255 (wstat 65280, 0xff00)
No subtests run
Can't locate object method "mk_classdata" via package "Text::Hatena::AutoLink" at /smoker/5.10.1/cpan/build/Text-Hatena-0.20-weeh3R/blib/lib/Text/Hatena/AutoLink.pm line 9.
Compilation failed in require at t/10_autolink.t line 4.
BEGIN failed--compilation aborted at t/10_autolink.t line 4.
t/10_autolink.t .........
Dubious, test returned 2 (wstat 512, 0x200)
No subtests run
Can't locate object method "mk_classdata" via package "Text::Hatena::AutoLink" at /smoker/5.10.1/cpan/build/Text-Hatena-0.20-weeh3R/blib/lib/Text/Hatena/AutoLink.pm line 9.
Compilation failed in require at t/11_autolink_extend.t line 4.
BEGIN failed--compilation aborted at t/11_autolink_extend.t line 4.
t/11_autolink_extend.t ..
Dubious, test returned 2 (wstat 512, 0x200)
No subtests run
Test Summary Report
-------------------
t/00_compile.t (Wstat: 256 Tests: 1 Failed: 1)
Failed test: 1
Non-zero exit status: 1
t/01_module.t (Wstat: 512 Tests: 0 Failed: 0)
Non-zero exit status: 2
Parse errors: No plan found in TAP output
t/02_module_extend.t (Wstat: 65280 Tests: 0 Failed: 0)
Non-zero exit status: 255
Parse errors: No plan found in TAP output
t/10_autolink.t (Wstat: 512 Tests: 0 Failed: 0)
Non-zero exit status: 2
Parse errors: No plan found in TAP output
t/11_autolink_extend.t (Wstat: 512 Tests: 0 Failed: 0)
Non-zero exit status: 2
Parse errors: No plan found in TAP output
Files=5, Tests=1, 1 wallclock secs ( 0.02 usr 0.02 sys + 0.30 cusr 0.02 csys = 0.36 CPU)
Result: FAIL
Failed 5/5 test programs. 1/1 subtests failed.
make: *** [test_dynamic] Error 2
------------------------------
PREREQUISITES
------------------------------
Prerequisite modules loaded:
requires:
Module Need Have
----------------- ---- --------
Parse::RecDescent 1.94 1.965001
Regexp::Assemble 0.28 0.35
Test::Base 0.53 0.60
Test::More 0.32 0.98
------------------------------
ENVIRONMENT AND OTHER CONTEXT
------------------------------
Environment variables:
AUTOMATED_TESTING = 1
LANG = en_US.UTF-8
LC_ALL = C
PATH = /usr/local/bin:/usr/bin:/bin:/usr/local/games:/usr/games
PERL5LIB = /smoker/5.10.1/cpan/build/Parse-RecDescent-1.965001-Ap7dyw/blib/arch:/smoker/5.10.1/cpan/build/Parse-RecDescent-1.965001-Ap7dyw/blib/lib:/smoker/5.10.1/cpan/build/Regexp-Assemble-0.35-tCRwf1/blib/arch:/smoker/5.10.1/cpan/build/Regexp-Assemble-0.35-tCRwf1/blib/lib:/smoker/5.10.1/cpan/build/Test-Base-0.60-ihlzvs/blib/arch:/smoker/5.10.1/cpan/build/Test-Base-0.60-ihlzvs/blib/lib:/smoker/5.10.1/cpan/build/Spiffy-0.30-gTLgZF/blib/arch:/smoker/5.10.1/cpan/build/Spiffy-0.30-gTLgZF/blib/lib
PERL5OPT =
PERL5_CPANPLUS_IS_RUNNING = 81227
PERL5_CPAN_IS_RUNNING = 81227
PERL5_CPAN_IS_RUNNING_IN_RECURSION = 8710,81227
PERL_AUTOINSTALL = --skip
PERL_CPAN_REPORTER_CONFIG = /smoker/cpanreporter-config.ini
PERL_CPAN_REPORTER_DIR = /smoker/5.10.1/cpanreporter
PERL_CR_SMOKER_CURRENT = Template-Plugin-Hatena-0.02
PERL_CR_SMOKER_RUNONCE = 1
PERL_EXTUTILS_AUTOINSTALL = --defaultdeps
PERL_MM_USE_DEFAULT = 1
SHELL = /bin/sh
TERM = screen
Perl special variables (and OS-specific diagnostics, for MSWin32):
$^X = /smoker/5.10.1/perl/bin/perl
$UID/$EUID = 60000 / 60000
$GID = 60000 60000
$EGID = 60000 60000
Perl module toolchain versions installed:
Module Have
------------------- --------
CPAN 1.9600
Cwd 3.33
ExtUtils::CBuilder 0.280202
ExtUtils::Command 1.16
ExtUtils::Install 1.54
ExtUtils::MakeMaker 6.56
ExtUtils::Manifest 1.56
ExtUtils::ParseXS 2.2206
File::Spec 3.33
Module::Build 0.3800
Module::Signature n/a
Test::Harness 3.23
Test::More 0.98
YAML 0.73
YAML::Syck 1.17
version 0.91
--
Summary of my perl5 (revision 5 version 10 subversion 1) configuration:
Platform:
osname=linux, osvers=2.6.26-2-amd64, archname=i686-linux
uname='linux rijk 2.6.26-2-amd64 #1 smp thu nov 5 02:23:12 utc 2009 i686 gnulinux '
config_args='-Duselargefiles -Uuse64bitint -Dusemymalloc=n -Uusedl -Uusethreads -Uuseithreads -Uusemultiplicity -Uusesfio -Uuseshrplib -Uinstallusrbinperl -A ccflags= -g -DPERL_DISABLE_PMC -DPERL_ARENA_SIZE=16376 -DNO_PERL_MALLOC_ENV -D_GNU_SOURCE -DNDEBUG -Dcc=cc -Doptimize=-O2 -mpush-args -fomit-frame-pointer -march=core2 -mtune=core2 -Dldflags= -lc -lm -ldl -lpthread -Dlibs=-lm -lcrypt -Dprefix=/smoker/5.10.1/perl -Dbin=/smoker/5.10.1/perl/bin -Dprivlib=/smoker/5.10.1/perl/lib -Darchlib=/smoker/5.10.1/perl/lib -Uusevendorprefix -Dsitelib=/smoker/5.10.1/perl/lib -Dsitearch=/smoker/5.10.1/perl/lib -Uman1dir -Uman3dir -Usiteman1dir -Usiteman3dir -Dpager=/usr/bin/less -Demail=Marc Lehmann <staticperl-smoker-5.10.1@plan9.de> -Dcf_email=Marc Lehmann <staticperl-smoker-5.10.1@plan9.de> -Dcf_by=Marc Lehmann <staticperl-smoker-5.10.1@plan9.de> -Dusedl -Uusemymalloc -Duseperlio -dE'
hint=recommended, useposix=true, d_sigaction=define
useithreads=undef, usemultiplicity=undef
useperlio=define, d_sfio=undef, uselargefiles=define, usesocks=undef
use64bitint=undef, use64bitall=undef, uselongdouble=undef
usemymalloc=n, bincompat5005=undef
Compiler:
cc='cc', ccflags ='-g -DPERL_DISABLE_PMC -DPERL_ARENA_SIZE=16376 -DNO_PERL_MALLOC_ENV -D_GNU_SOURCE -DNDEBUG -fno-strict-aliasing -pipe -I/usr/local/include -D_LARGEFILE_SOURCE -D_FILE_OFFSET_BITS=64',
optimize='-O2 -mpush-args -fomit-frame-pointer -march=core2 -mtune=core2',
cppflags='-g -DPERL_DISABLE_PMC -DPERL_ARENA_SIZE=16376 -DNO_PERL_MALLOC_ENV -D_GNU_SOURCE -DNDEBUG -fno-strict-aliasing -pipe -I/usr/local/include'
ccversion='', gccversion='4.4.5', gccosandvers=''
intsize=4, longsize=4, ptrsize=4, doublesize=8, byteorder=1234
d_longlong=define, longlongsize=8, d_longdbl=define, longdblsize=12
ivtype='long', ivsize=4, nvtype='double', nvsize=8, Off_t='off_t', lseeksize=8
alignbytes=4, prototype=define
Linker and Libraries:
ld='cc', ldflags =' -lc -lm -ldl -lpthread -L/usr/local/lib'
libpth=/usr/local/lib /lib /usr/lib /usr/lib64
libs=-lm -lcrypt
perllibs=-lm -lcrypt
libc=/lib/libc-2.11.2.so, so=so, useshrplib=false, libperl=libperl.a
gnulibc_version='2.11.2'
Dynamic Linking:
dlsrc=dl_dlopen.xs, dlext=so, d_dlsymun=undef, ccdlflags='-Wl,-E'
cccdlflags='-fPIC', lddlflags='-shared -O2 -mpush-args -fomit-frame-pointer -march=core2 -mtune=core2 -L/usr/local/lib '
Characteristics of this binary (from libperl):
Compile-time options: PERL_DONT_CREATE_GVSV PERL_MALLOC_WRAP
USE_LARGE_FILES USE_PERLIO
Built under linux
Compiled at Jul 1 2011 16:11:01
%ENV:
PERL5LIB="/smoker/5.10.1/cpan/build/Parse-RecDescent-1.965001-Ap7dyw/blib/arch:/smoker/5.10.1/cpan/build/Parse-RecDescent-1.965001-Ap7dyw/blib/lib:/smoker/5.10.1/cpan/build/Regexp-Assemble-0.35-tCRwf1/blib/arch:/smoker/5.10.1/cpan/build/Regexp-Assemble-0.35-tCRwf1/blib/lib:/smoker/5.10.1/cpan/build/Test-Base-0.60-ihlzvs/blib/arch:/smoker/5.10.1/cpan/build/Test-Base-0.60-ihlzvs/blib/lib:/smoker/5.10.1/cpan/build/Spiffy-0.30-gTLgZF/blib/arch:/smoker/5.10.1/cpan/build/Spiffy-0.30-gTLgZF/blib/lib"
PERL5OPT=""
PERL5_CPANPLUS_IS_RUNNING="81227"
PERL5_CPAN_IS_RUNNING="81227"
PERL5_CPAN_IS_RUNNING_IN_RECURSION="8710,81227"
PERL_AUTOINSTALL="--skip"
PERL_CPAN_REPORTER_CONFIG="/smoker/cpanreporter-config.ini"
PERL_CPAN_REPORTER_DIR="/smoker/5.10.1/cpanreporter"
PERL_CR_SMOKER_CURRENT="Template-Plugin-Hatena-0.02"
PERL_CR_SMOKER_RUNONCE="1"
PERL_EXTUTILS_AUTOINSTALL="--defaultdeps"
PERL_MM_USE_DEFAULT="1"
@INC:
/smoker/5.10.1/cpan/build/Parse-RecDescent-1.965001-Ap7dyw/blib/arch
/smoker/5.10.1/cpan/build/Parse-RecDescent-1.965001-Ap7dyw/blib/lib
/smoker/5.10.1/cpan/build/Regexp-Assemble-0.35-tCRwf1/blib/arch
/smoker/5.10.1/cpan/build/Regexp-Assemble-0.35-tCRwf1/blib/lib
/smoker/5.10.1/cpan/build/Test-Base-0.60-ihlzvs/blib/arch
/smoker/5.10.1/cpan/build/Test-Base-0.60-ihlzvs/blib/lib
/smoker/5.10.1/cpan/build/Spiffy-0.30-gTLgZF/blib/arch
/smoker/5.10.1/cpan/build/Spiffy-0.30-gTLgZF/blib/lib
/smoker/5.10.1/perl/lib
.