LaTeXML v0.8.8 Perl 5 v5.42.0 RC3 x86_64-linux-thread-multi-ld

Status
Fail
From
Andreas J. König (ANDK)
Dist
LaTeXML v0.8.8
Platform
Perl 5 v5.42.0 RC3 x86_64-linux-thread-multi-ld
Date
2025-07-03 23:44:45
ID
b2eb8f52-5867-11f0-9dfe-903ca9a53f67
This distribution has been tested as part of the CPAN Testers
project, supporting the Perl programming language.  See
http://wiki.cpantesters.org/ for more information or email
questions to cpan-testers-discuss@perl.org


--
Dear Bruce Miller,

This is a computer-generated report for LaTeXML-0.8.8
on perl 5.42.0, created by CPAN-Reporter-1.2020.

Thank you for uploading your work to CPAN.  However, there was a problem
testing your distribution.

If you think this report is invalid, please consult the CPAN Testers Wiki
for suggestions on how to avoid getting FAIL reports for missing library
or binary dependencies, unsupported operating systems, and so on:

http://wiki.cpantesters.org/wiki/CPANAuthorNotes

Sections of this report:

    * Tester comments
    * Program output
    * Prerequisites
    * Environment and other context

------------------------------
TESTER COMMENTS
------------------------------

Additional comments from tester:

this report is from an automated smoke testing program
and was not reviewed by a human for accuracy

------------------------------
PROGRAM OUTPUT
------------------------------

Output from '/usr/bin/make test':

PERL_DL_NONLAZY=1 "/tmp/basesmoker-reloperl-KF6j/bin/perl" "-MExtUtils::Command::MM" "-MTest::Harness" "-e" "undef *Test::Harness::Switches; test_harness(0, 'blib/lib', 'blib/arch')" t/*.t
# 
#   LaTeXML version 0.8.8
#   XML::LibXML 2.0210; libxml2 20913
#   XML::LibXSLT 2.003000; libxslt 10134
#   TeX 3.141592653 (TeX Live 2022/dev/Debian)
t/000_test_context.t ...... ok
t/002_unit_findfile.t ..... ok
# Skip: This unit test only examines basic Image::Magick conversion, when installed.
t/003_unit_imagemagick.t .. ok
t/00_unittest.t ........... ok
t/05_tokenize.t ........... ok
# Skip: Missing requirement etoolbox.sty for t/expansion/etoolbox
# Skip: Missing requirement ifthen.sty for t/expansion/ifthen
# Skip: Missing requirement t1enc.def for t/expansion/meaning
# Skip: Missing requirement textcase.sty for t/expansion/textcase
t/10_expansion.t .......... ok
t/12_grouping.t ........... ok
t/170_grammar_coverage.t .. skipped: Only checked in continuous integration. (use make test CI=true)
t/20_digestion.t .......... ok

#   Failed test 't/fonts/abxtest'
#   at /tmp/loop_over_bdir-1238322-AL6bXl/LaTeXML-0.8.8-0/blib/lib/LaTeXML/Util/Test.pm line 120.
Wide character in print at /home/sand/src/perl/repoperls/installed-perls/host/k93jammy/v5.42.0-RC3/322f/lib/site_perl/5.42.0/Test2/Formatter/TAP.pm line 125.
# Difference at line 4810 for t/fonts/abxtest
#       got : '                    <XMTok font="italic" name="widecheck" role="OVERACCENT">ˇ</XMTok>'
#  expected : '                    <XMTok name="widecheck" role="OVERACCENT">ˇ</XMTok>'

#   Failed test 't/fonts/mathaccents'
#   at /tmp/loop_over_bdir-1238322-AL6bXl/LaTeXML-0.8.8-0/blib/lib/LaTeXML/Util/Test.pm line 120.
Wide character in print at /home/sand/src/perl/repoperls/installed-perls/host/k93jammy/v5.42.0-RC3/322f/lib/site_perl/5.42.0/Test2/Formatter/TAP.pm line 125.
# Difference at line 124 for t/fonts/mathaccents
#       got : '                  <XMTok font="italic" name="check" role="OVERACCENT" stretchy="false">ˇ</XMTok>'
#  expected : '                  <XMTok name="check" role="OVERACCENT" stretchy="false">ˇ</XMTok>'
# Looks like you failed 2 tests of 23.
t/22_fonts.t .............. 
Dubious, test returned 2 (wstat 512, 0x200)
Failed 2/23 subtests 
# Skip: Missing requirement ansinew.def for t/encoding/ansinew
# Skip: Missing requirement applemac.def for t/encoding/applemac
# Skip: Missing requirement cp1250.def for t/encoding/cp1250
# Skip: Missing requirement cp1252.def for t/encoding/cp1252
# Skip: Missing requirement cp437.def for t/encoding/cp437
# Skip: Missing requirement cp437de.def for t/encoding/cp437de
# Skip: Missing requirement cp850.def for t/encoding/cp850
# Skip: Missing requirement cp852.def for t/encoding/cp852
# Skip: Missing requirement cp858.def for t/encoding/cp858
# Skip: Missing requirement cp865.def for t/encoding/cp865
# Skip: Missing requirement decmulti.def for t/encoding/decmulti
# Skip: Missing requirement latin1.def for t/encoding/latin1
# Skip: Missing requirement latin10.def for t/encoding/latin10
# Skip: Missing requirement latin2.def for t/encoding/latin2
# Skip: Missing requirement latin3.def for t/encoding/latin3
# Skip: Missing requirement latin4.def for t/encoding/latin4
# Skip: Missing requirement latin5.def for t/encoding/latin5
# Skip: Missing requirement latin9.def for t/encoding/latin9
# Skip: Missing requirement ly1enc.def for t/encoding/ly1
# Skip: Missing requirement ot1enc.def for t/encoding/ot1
# Skip: Missing requirement t1enc.def for t/encoding/t1
# Skip: Missing requirement t2aenc.def for t/encoding/t2a
# Skip: Missing requirement t2benc.def for t/encoding/t2b
# Skip: Missing requirement t2cenc.def for t/encoding/t2c
# Skip: Missing requirement ts1enc.def for t/encoding/ts1
t/30_encoding.t ........... ok
# Skip: Missing requirement xkvview.sty for t/keyval/xkeyvalview
t/32_keyval.t ............. ok
t/33_keyval_options.t ..... ok
t/40_math.t ............... ok
# Skip: Missing requirement amsart.cls for t/structure/amsarticle
# Skip: Missing requirement csquotes.sty for t/structure/csquotes
# Skip: Missing requirement graphicx.sty for t/structure/figure_grids
# Skip: Missing requirement glossaries.sty for t/structure/glossary
t/50_structure.t .......... ok
t/52_namespace.t .......... ok
# Skip: Missing requirement algorithm.sty for t/alignment/algx
# Skip: Missing requirement makecell.sty for t/alignment/cells
# Skip: Missing requirement listings.cfg for t/alignment/listing
t/53_alignment.t .......... ok
# Skip: Missing requirement ntheorem.std for t/theorem/ntheorem
t/55_theorem.t ............ ok
t/56_ams.t ................ ok
# Skip: Missing requirement dvipsnam.def for t/graphics/colors
# Skip: Missing requirement dvipsnam.def for t/graphics/xcolors
t/65_graphics.t ........... ok
t/70_parse.t .............. ok
# Skip: Missing requirement cleveref.sty for t/complex/cleveref_minimal
# Skip: Missing requirement graphicx.sty for t/complex/figure_dual_caption
# Skip: Missing requirement graphicx.sty for t/complex/figure_mixed_content
# Skip: Missing requirement siunitx.sty for t/complex/si
t/80_complex.t ............ ok
# Skip: Missing requirement babel.sty for t/babel/csquotes
# Skip: Missing requirement babel.sty for t/babel/french
# Skip: Missing requirement babel.sty for t/babel/german
# Skip: Missing requirement babel.sty for t/babel/greek
# Skip: Missing requirement babel.sty for t/babel/numprints
# Skip: Missing requirement babel.sty for t/babel/page545
t/81_babel.t .............. ok
t/82_moderncv.t ........... ok
# Skip: Missing requirement expl3.sty for t/expl3/tilde_tricks
# Skip: Missing requirement expl3.sty for t/expl3/xparse
t/83_expl3.t .............. ok
t/84_slides.t ............. ok
t/90_latexmlpost.t ........ ok
t/91_latexmlc_api.t ....... ok
# Skip: Missing requirement dvipsnam.def for t/daemon/profiles/fragment
# Skip: Missing requirement dvipsnam.def for t/daemon/profiles/math
t/92_profiles.t ........... ok
t/931_epub.t .............. ok
# Skip: Missing requirement amsart.cls for t/daemon/formats/jats
# Skip: Missing requirement amsart.cls for t/daemon/formats/tei
t/93_formats.t ............ ok
t/94_runtimes.t ........... ok
t/95_complex_config.t ..... ok
t/96_fatal.t .............. ok
t/97_manifest.t ........... skipped: Only checked in continuous integration. (use make test CI=true)

Test Summary Report
-------------------
t/22_fonts.t            (Wstat: 512 (exited 2) Tests: 23 Failed: 2)
  Failed tests:  2, 12
  Non-zero exit status: 2
Files=35, Tests=452, 279 wallclock secs ( 0.15 usr  0.06 sys + 267.57 cusr 11.64 csys = 279.42 CPU)
Result: FAIL
Failed 1/35 test programs. 2/452 subtests failed.
make: *** [Makefile:1876: test_dynamic] Error 255

------------------------------
PREREQUISITES
------------------------------

Prerequisite modules loaded:

requires:

    Module              Need     Have    
    ------------------- -------- --------
    Archive::Zip        0        1.68    
    DB_File             0        1.859   
    File::Which         0        1.27    
    Getopt::Long        2.37     2.58    
    Image::Size         0        3.300   
    IO::Handle          0        1.55    
    IO::String          0        1.08    
    JSON::XS            0        4.03    
    LWP                 0        6.79    
    MIME::Base64        0        3.16_01 
    Parse::RecDescent   0        1.967015
    perl                5.010001 5.042000
    Pod::Parser         0        1.67    
    Test::More          0        1.302214
    Text::Unidecode     0        1.30    
    Time::HiRes         0        1.9778  
    URI                 0        5.32    
    version             0        0.9933  
    XML::LibXML         1.61     2.0210  
    XML::LibXSLT        1.58     2.003000

build_requires:

    Module              Need     Have    
    ------------------- -------- --------
    ExtUtils::MakeMaker 0        7.76    


------------------------------
ENVIRONMENT AND OTHER CONTEXT
------------------------------

Environment variables:

    AUTOMATED_TESTING = 1
    LANG = en_US.UTF-8
    LC_ADDRESS = de_DE.UTF-8
    LC_IDENTIFICATION = de_DE.UTF-8
    LC_MEASUREMENT = de_DE.UTF-8
    LC_MONETARY = de_DE.UTF-8
    LC_NAME = de_DE.UTF-8
    LC_NUMERIC = de_DE.UTF-8
    LC_PAPER = de_DE.UTF-8
    LC_TELEPHONE = de_DE.UTF-8
    LC_TIME = de_DE.UTF-8
    PATH = /home/sand/bin:/usr/local/bin:/usr/local/sbin:/usr/sbin:/usr/bin:/sbin:/bin:/usr/games:/usr/local/games:/snap/bin:/usr/local/perl/bin:/usr/X11/bin
    PERL = /tmp/basesmoker-reloperl-KF6j/bin/perl
    PERL5LIB = /tmp/loop_over_bdir-1238322-AL6bXl/MP3-PodcastFetch-1.05-0/blib/arch:/tmp/loop_over_bdir-1238322-AL6bXl/MP3-PodcastFetch-1.05-0/blib/lib:/tmp/loop_over_bdir-1238322-AL6bXl/LiquidWeb-Storm-CLI-1.03-0/blib/arch:/tmp/loop_over_bdir-1238322-AL6bXl/LiquidWeb-Storm-CLI-1.03-0/blib/lib
    PERL5OPT = 
    PERL5_CPANPLUS_IS_RUNNING = 1238330
    PERL5_CPAN_IS_RUNNING = 1238330
    PERL_CANARY_STABILITY_NOPROMPT = 1
    PERL_MM_USE_DEFAULT = 1
    PERL_USE_UNSAFE_INC = 1
    SHELL = /usr/bin/zsh
    TERM = screen

Perl special variables (and OS-specific diagnostics, for MSWin32):

    $^X = /tmp/basesmoker-reloperl-KF6j/bin/perl
    $UID/$EUID = 1005 / 1005
    $GID = 1005 1005
    $EGID = 1005 1005

Perl module toolchain versions installed:

    Module              Have    
    ------------------- --------
    CPAN                2.38    
    CPAN::Meta          2.150010
    Cwd                 3.94    
    ExtUtils::CBuilder  0.280242
    ExtUtils::Command   7.76    
    ExtUtils::Install   2.22    
    ExtUtils::MakeMaker 7.76    
    ExtUtils::Manifest  1.75    
    ExtUtils::ParseXS   3.57    
    File::Spec          3.94    
    JSON                4.10    
    JSON::PP            4.16    
    Module::Build       0.4234  
    Module::Signature   0.93    
    Parse::CPAN::Meta   2.150010
    Test2               1.302214
    Test::Harness       3.52    
    Test::More          1.302214
    YAML                1.31    
    YAML::Syck          1.34    
    version             0.9933  


--

Summary of my perl5 (revision 5 version 42 subversion 0) configuration:
  Commit id: ee68a7501ce49adbfe222c18f4d4b71e5374cfac
  Platform:
    osname=linux
    osvers=6.8.0-60-generic
    archname=x86_64-linux-thread-multi-ld
    uname='linux k93jammy 6.8.0-60-generic #63~22.04.1-ubuntu smp preempt_dynamic tue apr 22 19:00:15 utc 2 x86_64 x86_64 x86_64 gnulinux '
    config_args='-Dprefix=/home/sand/src/perl/repoperls/installed-perls/host/k93jammy/v5.42.0-RC3/322f -Dmyhostname=k93jammy -Dinstallusrbinperl=n -Uversiononly -Dusedevel -des -Ui_db -Dlibswanted=cl pthread socket inet nsl gdbm dbm malloc dl ld sun m crypt sec util c cposix posix ucb BSD gdbm_compat -Duseithreads -Duselongdouble -DEBUGGING=-g'
    hint=recommended
    useposix=true
    d_sigaction=define
    useithreads=define
    usemultiplicity=define
    use64bitint=define
    use64bitall=define
    uselongdouble=define
    usemymalloc=n
    default_inc_excludes_dot=define
  Compiler:
    cc='cc'
    ccflags ='-D_REENTRANT -D_GNU_SOURCE -fwrapv -fno-strict-aliasing -pipe -fstack-protector-strong -I/usr/local/include -D_LARGEFILE_SOURCE -D_FILE_OFFSET_BITS=64'
    optimize='-O2 -g'
    cppflags='-D_REENTRANT -D_GNU_SOURCE -fwrapv -fno-strict-aliasing -pipe -fstack-protector-strong -I/usr/local/include'
    ccversion=''
    gccversion='11.4.0'
    gccosandvers=''
    intsize=4
    longsize=8
    ptrsize=8
    doublesize=8
    byteorder=12345678
    doublekind=3
    d_longlong=define
    longlongsize=8
    d_longdbl=define
    longdblsize=16
    longdblkind=3
    ivtype='long'
    ivsize=8
    nvtype='long double'
    nvsize=16
    Off_t='off_t'
    lseeksize=8
    alignbytes=16
    prototype=define
  Linker and Libraries:
    ld='cc'
    ldflags =' -fstack-protector-strong -L/usr/local/lib'
    libpth=/usr/local/lib /usr/lib/x86_64-linux-gnu /usr/lib /usr/lib64
    libs=-lpthread -lnsl -ldl -lm -lcrypt -lutil -lc
    perllibs=-lpthread -lnsl -ldl -lm -lcrypt -lutil -lc
    libc=/lib/x86_64-linux-gnu/libc.so.6
    so=so
    useshrplib=false
    libperl=libperl.a
    gnulibc_version='2.35'
  Dynamic Linking:
    dlsrc=dl_dlopen.xs
    dlext=so
    d_dlsymun=undef
    ccdlflags='-Wl,-E'
    cccdlflags='-fPIC'
    lddlflags='-shared -O2 -g -L/usr/local/lib -fstack-protector-strong'


Characteristics of this binary (from libperl): 
  Compile-time options:
    HAS_LONG_DOUBLE
    HAS_STRTOLD
    HAS_TIMES
    MULTIPLICITY
    PERLIO_LAYERS
    PERL_COPY_ON_WRITE
    PERL_DONT_CREATE_GVSV
    PERL_HASH_FUNC_SIPHASH13
    PERL_HASH_USE_SBOX32
    PERL_MALLOC_WRAP
    PERL_OP_PARENT
    PERL_PRESERVE_IVUV
    PERL_USE_DEVEL
    PERL_USE_SAFE_PUTENV
    USE_64_BIT_ALL
    USE_64_BIT_INT
    USE_ITHREADS
    USE_LARGE_FILES
    USE_LOCALE
    USE_LOCALE_COLLATE
    USE_LOCALE_CTYPE
    USE_LOCALE_NUMERIC
    USE_LOCALE_TIME
    USE_LONG_DOUBLE
    USE_PERLIO
    USE_PERL_ATOF
    USE_REENTRANT_API
    USE_THREAD_SAFE_LOCALE
  Locally applied patches:
    RC3
  Built under linux
  Compiled at Jul  2 2025 06:28:05
  %ENV:
    PERL="/tmp/basesmoker-reloperl-KF6j/bin/perl"
    PERL5LIB="/tmp/loop_over_bdir-1238322-AL6bXl/MP3-PodcastFetch-1.05-0/blib/arch:/tmp/loop_over_bdir-1238322-AL6bXl/MP3-PodcastFetch-1.05-0/blib/lib:/tmp/loop_over_bdir-1238322-AL6bXl/LiquidWeb-Storm-CLI-1.03-0/blib/arch:/tmp/loop_over_bdir-1238322-AL6bXl/LiquidWeb-Storm-CLI-1.03-0/blib/lib"
    PERL5OPT=""
    PERL5_CPANPLUS_IS_RUNNING="1238330"
    PERL5_CPAN_IS_RUNNING="1238330"
    PERL_CANARY_STABILITY_NOPROMPT="1"
    PERL_MM_USE_DEFAULT="1"
    PERL_USE_UNSAFE_INC="1"
  @INC:
    /tmp/loop_over_bdir-1238322-AL6bXl/MP3-PodcastFetch-1.05-0/blib/arch
    /tmp/loop_over_bdir-1238322-AL6bXl/MP3-PodcastFetch-1.05-0/blib/lib
    /tmp/loop_over_bdir-1238322-AL6bXl/LiquidWeb-Storm-CLI-1.03-0/blib/arch
    /tmp/loop_over_bdir-1238322-AL6bXl/LiquidWeb-Storm-CLI-1.03-0/blib/lib
    /home/sand/src/perl/repoperls/installed-perls/host/k93jammy/v5.42.0-RC3/322f/lib/site_perl/5.42.0/x86_64-linux-thread-multi-ld
    /home/sand/src/perl/repoperls/installed-perls/host/k93jammy/v5.42.0-RC3/322f/lib/site_perl/5.42.0
    /home/sand/src/perl/repoperls/installed-perls/host/k93jammy/v5.42.0-RC3/322f/lib/5.42.0/x86_64-linux-thread-multi-ld
    /home/sand/src/perl/repoperls/installed-perls/host/k93jammy/v5.42.0-RC3/322f/lib/5.42.0
    .