EO v0.96 Perl 5 v5.37.5 x86_64-linux-ld
- Status
- Fail
- From
- Andreas J. König (ANDK)
- Dist
-
EO v0.96
- Platform
- Perl 5 v5.37.5 x86_64-linux-ld
- Date
- 2022-11-02 05:39:19
- ID
- b2a78908-5a70-11ed-a2a3-7b367775af68
This distribution has been tested as part of the CPAN Testers
project, supporting the Perl programming language. See
http://wiki.cpantesters.org/ for more information or email
questions to cpan-testers-discuss@perl.org
--
Dear James A. Duncan,
This is a computer-generated report for EO-0.96
on perl 5.37.5, created by CPAN-Reporter-1.2018.
Thank you for uploading your work to CPAN. However, there was a problem
testing your distribution.
If you think this report is invalid, please consult the CPAN Testers Wiki
for suggestions on how to avoid getting FAIL reports for missing library
or binary dependencies, unsupported operating systems, and so on:
http://wiki.cpantesters.org/wiki/CPANAuthorNotes
Sections of this report:
* Tester comments
* Program output
* Prerequisites
* Environment and other context
------------------------------
TESTER COMMENTS
------------------------------
Additional comments from tester:
this report is from an automated smoke testing program
and was not reviewed by a human for accuracy
------------------------------
PROGRAM OUTPUT
------------------------------
Output from './Build test':
no_plan takes no arguments at t/001_array.t line 5.
# Failed test 'The class (or class-like) 'Can't locate object method "throw" via package "EO::Error::InvalidParameters" (perhaps you forgot to load "EO::Error::InvalidParameters"?) at /tmp/loop_over_bdir-2056195-Zm5mnY/EO-0.96-0/blib/lib/EO/Array.pm line 40.
# ' isa 'EO::Error''
# at t/001_array.t line 46.
# The class (or class-like) 'Can't locate object method "throw" via package "EO::Error::InvalidParameters" (perhaps you forgot to load "EO::Error::InvalidParameters"?) at /tmp/loop_over_bdir-2056195-Zm5mnY/EO-0.96-0/blib/lib/EO/Array.pm line 40.
# ' isn't a 'EO::Error'
# Failed test 'The class (or class-like) 'Can't locate object method "throw" via package "EO::Error::InvalidParameters" (perhaps you forgot to load "EO::Error::InvalidParameters"?) at /tmp/loop_over_bdir-2056195-Zm5mnY/EO-0.96-0/blib/lib/EO/Array.pm line 40.
# ' isa 'EO::Error::InvalidParameters''
# at t/001_array.t line 47.
# The class (or class-like) 'Can't locate object method "throw" via package "EO::Error::InvalidParameters" (perhaps you forgot to load "EO::Error::InvalidParameters"?) at /tmp/loop_over_bdir-2056195-Zm5mnY/EO-0.96-0/blib/lib/EO/Array.pm line 40.
# ' isn't a 'EO::Error::InvalidParameters'
# Failed test 'The class (or class-like) 'Can't locate object method "throw" via package "EO::Error::InvalidParameters" (perhaps you forgot to load "EO::Error::InvalidParameters"?) at /tmp/loop_over_bdir-2056195-Zm5mnY/EO-0.96-0/blib/lib/EO/Array.pm line 107.
# ' isa 'EO::Error''
# at t/001_array.t line 55.
# The class (or class-like) 'Can't locate object method "throw" via package "EO::Error::InvalidParameters" (perhaps you forgot to load "EO::Error::InvalidParameters"?) at /tmp/loop_over_bdir-2056195-Zm5mnY/EO-0.96-0/blib/lib/EO/Array.pm line 107.
# ' isn't a 'EO::Error'
# Failed test 'The class (or class-like) 'Can't locate object method "throw" via package "EO::Error::InvalidParameters" (perhaps you forgot to load "EO::Error::InvalidParameters"?) at /tmp/loop_over_bdir-2056195-Zm5mnY/EO-0.96-0/blib/lib/EO/Array.pm line 107.
# ' isa 'EO::Error::InvalidParameters''
# at t/001_array.t line 56.
# The class (or class-like) 'Can't locate object method "throw" via package "EO::Error::InvalidParameters" (perhaps you forgot to load "EO::Error::InvalidParameters"?) at /tmp/loop_over_bdir-2056195-Zm5mnY/EO-0.96-0/blib/lib/EO/Array.pm line 107.
# ' isn't a 'EO::Error::InvalidParameters'
# Looks like you failed 4 tests of 45.
t/001_array.t ............
Dubious, test returned 4 (wstat 1024, 0x400)
Failed 4/45 subtests
no_plan takes no arguments at t/001_array_hierarchy.t line 5.
t/001_array_hierarchy.t .. ok
t/001_dataload.t ......... ok
no_plan takes no arguments at t/001_delegate_load.t line 5.
Can't locate object method "record" via package "EO::Error::Method::NotFound" (perhaps you forgot to load "EO::Error::Method::NotFound"?) at /tmp/loop_over_bdir-2056195-Zm5mnY/EO-0.96-0/blib/lib/EO/delegate.pm line 71.
# Looks like your test exited with 255 just after 4.
t/001_delegate_load.t ....
Dubious, test returned 255 (wstat 65280, 0xff00)
All 4 subtests passed
# Failed test 'The class (or class-like) 'Can't locate object method "throw" via package "EO::Error::Method::Private" (perhaps you forgot to load "EO::Error::Method::Private"?) at /tmp/loop_over_bdir-2056195-Zm5mnY/EO-0.96-0/blib/lib/EO/Attributes.pm line 24.
# ' isa 'EO::Error''
# at t/001_load.t line 50.
# The class (or class-like) 'Can't locate object method "throw" via package "EO::Error::Method::Private" (perhaps you forgot to load "EO::Error::Method::Private"?) at /tmp/loop_over_bdir-2056195-Zm5mnY/EO-0.96-0/blib/lib/EO/Attributes.pm line 24.
# ' isn't a 'EO::Error'
# Failed test 'The class (or class-like) 'Can't locate object method "throw" via package "EO::Error::Method::Private" (perhaps you forgot to load "EO::Error::Method::Private"?) at /tmp/loop_over_bdir-2056195-Zm5mnY/EO-0.96-0/blib/lib/EO/Attributes.pm line 24.
# ' isa 'EO::Error::Method::Private''
# at t/001_load.t line 51.
# The class (or class-like) 'Can't locate object method "throw" via package "EO::Error::Method::Private" (perhaps you forgot to load "EO::Error::Method::Private"?) at /tmp/loop_over_bdir-2056195-Zm5mnY/EO-0.96-0/blib/lib/EO/Attributes.pm line 24.
# ' isn't a 'EO::Error::Method::Private'
# Failed test 'The class (or class-like) 'Can't locate object method "throw" via package "EO::Error::New" (perhaps you forgot to load "EO::Error::New"?) at /tmp/loop_over_bdir-2056195-Zm5mnY/EO-0.96-0/blib/lib/EO.pm line 31.
# ' isa 'EO::Error''
# at t/001_load.t line 58.
# The class (or class-like) 'Can't locate object method "throw" via package "EO::Error::New" (perhaps you forgot to load "EO::Error::New"?) at /tmp/loop_over_bdir-2056195-Zm5mnY/EO-0.96-0/blib/lib/EO.pm line 31.
# ' isn't a 'EO::Error'
# Failed test ''What file the exception happend in' isa 'EO::Error::New''
# at t/001_load.t line 63.
# 'What file the exception happend in' isn't a 'EO::Error::New'
Can't locate object method "file" via package "Can't locate object method \"throw\" via package \"EO::Error::New\" (perhaps you forgot to load \"EO::Error::New\"?) at /tmp/loo"..."r::New\" (perhaps you forgot to load \"EO::Error::New\"?) at /tmp/loop_over_bdir-2056195-Zm5mnY/EO-0.96-0/blib/lib/EO.pm line 31"... (perhaps you forgot to load "Can't locate object method \"throw\" via package \"EO::Error::New\" (perhaps you forgot to load \"EO::Error::New\"?) at /tmp/loo"..."r::New\" (perhaps you forgot to load \"EO::Error::New\"?) at /tmp/loop_over_bdir-2056195-Zm5mnY/EO-0.96-0/blib/lib/EO.pm line 31"...?) at t/001_load.t line 65.
# Looks like your test exited with 255 just after 16.
t/001_load.t .............
Dubious, test returned 255 (wstat 65280, 0xff00)
Failed 22/34 subtests
Subroutine DESTROY redefined at /tmp/loop_over_bdir-2056195-Zm5mnY/EO-0.96-0/blib/lib/EO/File.pm line 168.
# Failed test 'The class (or class-like) 'Can't locate object method "throw" via package "EO::Error::File::NotFound" (perhaps you forgot to load "EO::Error::File::NotFound"?) at /tmp/loop_over_bdir-2056195-Zm5mnY/EO-0.96-0/blib/lib/EO/File.pm line 68.
# ' isa 'EO::Error::File''
# at t/002_basic.t line 14.
# The class (or class-like) 'Can't locate object method "throw" via package "EO::Error::File::NotFound" (perhaps you forgot to load "EO::Error::File::NotFound"?) at /tmp/loop_over_bdir-2056195-Zm5mnY/EO-0.96-0/blib/lib/EO/File.pm line 68.
# ' isn't a 'EO::Error::File'
# Failed test 'The class (or class-like) 'Can't locate object method "throw" via package "EO::Error::File::NotFound" (perhaps you forgot to load "EO::Error::File::NotFound"?) at /tmp/loop_over_bdir-2056195-Zm5mnY/EO-0.96-0/blib/lib/EO/File.pm line 68.
# ' isa 'EO::Error::File::NotFound''
# at t/002_basic.t line 15.
# The class (or class-like) 'Can't locate object method "throw" via package "EO::Error::File::NotFound" (perhaps you forgot to load "EO::Error::File::NotFound"?) at /tmp/loop_over_bdir-2056195-Zm5mnY/EO-0.96-0/blib/lib/EO/File.pm line 68.
# ' isn't a 'EO::Error::File::NotFound'
# Failed test at t/002_basic.t line 16.
# 'Can't locate object method "throw" via package "EO::Error::File::NotFound" (perhaps you forgot to load "EO::Error::File::NotFound"?) at /tmp/loop_over_bdir-2056195-Zm5mnY/EO-0.96-0/blib/lib/EO/File.pm line 68.
# '
# doesn't match '(?^:file not found)'
Can't locate object method "filename" via package "Can't locate object method \"throw\" via package \"EO::Error::File::NotFound\" (perhaps you forgot to load \"EO::Error::File::No"..." you forgot to load \"EO::Error::File::NotFound\"?) at /tmp/loop_over_bdir-2056195-Zm5mnY/EO-0.96-0/blib/lib/EO/File.pm line 68."... (perhaps you forgot to load "Can't locate object method \"throw\" via package \"EO::Error::File::NotFound\" (perhaps you forgot to load \"EO::Error::File::No"..." you forgot to load \"EO::Error::File::NotFound\"?) at /tmp/loop_over_bdir-2056195-Zm5mnY/EO-0.96-0/blib/lib/EO/File.pm line 68."...?) at t/002_basic.t line 17.
# Looks like your test exited with 2 just after 4.
t/002_basic.t ............
Dubious, test returned 2 (wstat 512, 0x200)
Failed 11/12 subtests
no_plan takes no arguments at t/002_hash.t line 5.
# Failed test 'The class (or class-like) 'Can't locate object method "throw" via package "EO::Error::InvalidParameters" (perhaps you forgot to load "EO::Error::InvalidParameters"?) at /tmp/loop_over_bdir-2056195-Zm5mnY/EO-0.96-0/blib/lib/EO/Hash.pm line 46.
# ' isa 'EO::Error''
# at t/002_hash.t line 41.
# The class (or class-like) 'Can't locate object method "throw" via package "EO::Error::InvalidParameters" (perhaps you forgot to load "EO::Error::InvalidParameters"?) at /tmp/loop_over_bdir-2056195-Zm5mnY/EO-0.96-0/blib/lib/EO/Hash.pm line 46.
# ' isn't a 'EO::Error'
# Failed test 'The class (or class-like) 'Can't locate object method "throw" via package "EO::Error::InvalidParameters" (perhaps you forgot to load "EO::Error::InvalidParameters"?) at /tmp/loop_over_bdir-2056195-Zm5mnY/EO-0.96-0/blib/lib/EO/Hash.pm line 46.
# ' isa 'EO::Error::InvalidParameters''
# at t/002_hash.t line 42.
# The class (or class-like) 'Can't locate object method "throw" via package "EO::Error::InvalidParameters" (perhaps you forgot to load "EO::Error::InvalidParameters"?) at /tmp/loop_over_bdir-2056195-Zm5mnY/EO-0.96-0/blib/lib/EO/Hash.pm line 46.
# ' isn't a 'EO::Error::InvalidParameters'
# Failed test 'The class (or class-like) 'Can't locate object method "throw" via package "EO::Error::InvalidParameters" (perhaps you forgot to load "EO::Error::InvalidParameters"?) at /tmp/loop_over_bdir-2056195-Zm5mnY/EO-0.96-0/blib/lib/EO/Hash.pm line 135.
# ' isa 'EO::Error''
# at t/002_hash.t line 49.
# The class (or class-like) 'Can't locate object method "throw" via package "EO::Error::InvalidParameters" (perhaps you forgot to load "EO::Error::InvalidParameters"?) at /tmp/loop_over_bdir-2056195-Zm5mnY/EO-0.96-0/blib/lib/EO/Hash.pm line 135.
# ' isn't a 'EO::Error'
# Failed test 'The class (or class-like) 'Can't locate object method "throw" via package "EO::Error::InvalidParameters" (perhaps you forgot to load "EO::Error::InvalidParameters"?) at /tmp/loop_over_bdir-2056195-Zm5mnY/EO-0.96-0/blib/lib/EO/Hash.pm line 135.
# ' isa 'EO::Error::InvalidParameters''
# at t/002_hash.t line 50.
# The class (or class-like) 'Can't locate object method "throw" via package "EO::Error::InvalidParameters" (perhaps you forgot to load "EO::Error::InvalidParameters"?) at /tmp/loop_over_bdir-2056195-Zm5mnY/EO-0.96-0/blib/lib/EO/Hash.pm line 135.
# ' isn't a 'EO::Error::InvalidParameters'
# Failed test 'The class (or class-like) 'Can't locate object method "throw" via package "EO::Error::Method::Abstract" (perhaps you forgot to load "EO::Error::Method::Abstract"?) at /tmp/loop_over_bdir-2056195-Zm5mnY/EO-0.96-0/blib/lib/EO/Attributes.pm line 44.
# ' isa 'EO::Error''
# at t/002_hash.t line 57.
# The class (or class-like) 'Can't locate object method "throw" via package "EO::Error::Method::Abstract" (perhaps you forgot to load "EO::Error::Method::Abstract"?) at /tmp/loop_over_bdir-2056195-Zm5mnY/EO-0.96-0/blib/lib/EO/Attributes.pm line 44.
# ' isn't a 'EO::Error'
# Failed test 'The class (or class-like) 'Can't locate object method "throw" via package "EO::Error::Method::Abstract" (perhaps you forgot to load "EO::Error::Method::Abstract"?) at /tmp/loop_over_bdir-2056195-Zm5mnY/EO-0.96-0/blib/lib/EO/Attributes.pm line 44.
# ' isa 'EO::Error::Method''
# at t/002_hash.t line 58.
# The class (or class-like) 'Can't locate object method "throw" via package "EO::Error::Method::Abstract" (perhaps you forgot to load "EO::Error::Method::Abstract"?) at /tmp/loop_over_bdir-2056195-Zm5mnY/EO-0.96-0/blib/lib/EO/Attributes.pm line 44.
# ' isn't a 'EO::Error::Method'
# Failed test 'The class (or class-like) 'Can't locate object method "throw" via package "EO::Error::Method::Abstract" (perhaps you forgot to load "EO::Error::Method::Abstract"?) at /tmp/loop_over_bdir-2056195-Zm5mnY/EO-0.96-0/blib/lib/EO/Attributes.pm line 44.
# ' isa 'EO::Error::Method::Abstract''
# at t/002_hash.t line 59.
# The class (or class-like) 'Can't locate object method "throw" via package "EO::Error::Method::Abstract" (perhaps you forgot to load "EO::Error::Method::Abstract"?) at /tmp/loop_over_bdir-2056195-Zm5mnY/EO-0.96-0/blib/lib/EO/Attributes.pm line 44.
# ' isn't a 'EO::Error::Method::Abstract'
# Failed test 'The class (or class-like) 'Can't locate object method "throw" via package "EO::Error::InvalidParameters" (perhaps you forgot to load "EO::Error::InvalidParameters"?) at /tmp/loop_over_bdir-2056195-Zm5mnY/EO-0.96-0/blib/lib/EO/Hash.pm line 120.
# ' isa 'EO::Error''
# at t/002_hash.t line 98.
# The class (or class-like) 'Can't locate object method "throw" via package "EO::Error::InvalidParameters" (perhaps you forgot to load "EO::Error::InvalidParameters"?) at /tmp/loop_over_bdir-2056195-Zm5mnY/EO-0.96-0/blib/lib/EO/Hash.pm line 120.
# ' isn't a 'EO::Error'
# Looks like you failed 8 tests of 47.
t/002_hash.t .............
Dubious, test returned 8 (wstat 2048, 0x800)
Failed 8/47 subtests
no_plan takes no arguments at t/002_initwarning.t line 6.
t/002_initwarning.t ...... ok
no_plan takes no arguments at t/002_weakarray.t line 3.
t/002_weakarray.t ........ ok
no_plan takes no arguments at t/003_setoid.t line 6.
# Failed test 'The class (or class-like) 'Can't locate object method "throw" via package "EO::Error::Method::Private" (perhaps you forgot to load "EO::Error::Method::Private"?) at /tmp/loop_over_bdir-2056195-Zm5mnY/EO-0.96-0/blib/lib/EO/Attributes.pm line 24.
# ' isa 'EO::Error''
# at t/003_setoid.t line 12.
# The class (or class-like) 'Can't locate object method "throw" via package "EO::Error::Method::Private" (perhaps you forgot to load "EO::Error::Method::Private"?) at /tmp/loop_over_bdir-2056195-Zm5mnY/EO-0.96-0/blib/lib/EO/Attributes.pm line 24.
# ' isn't a 'EO::Error'
# Failed test 'The class (or class-like) 'Can't locate object method "throw" via package "EO::Error::Method::Private" (perhaps you forgot to load "EO::Error::Method::Private"?) at /tmp/loop_over_bdir-2056195-Zm5mnY/EO-0.96-0/blib/lib/EO/Attributes.pm line 24.
# ' isa 'EO::Error::Method''
# at t/003_setoid.t line 13.
# The class (or class-like) 'Can't locate object method "throw" via package "EO::Error::Method::Private" (perhaps you forgot to load "EO::Error::Method::Private"?) at /tmp/loop_over_bdir-2056195-Zm5mnY/EO-0.96-0/blib/lib/EO/Attributes.pm line 24.
# ' isn't a 'EO::Error::Method'
# Failed test 'The class (or class-like) 'Can't locate object method "throw" via package "EO::Error::Method::Private" (perhaps you forgot to load "EO::Error::Method::Private"?) at /tmp/loop_over_bdir-2056195-Zm5mnY/EO-0.96-0/blib/lib/EO/Attributes.pm line 24.
# ' isa 'EO::Error::Method::Private''
# at t/003_setoid.t line 14.
# The class (or class-like) 'Can't locate object method "throw" via package "EO::Error::Method::Private" (perhaps you forgot to load "EO::Error::Method::Private"?) at /tmp/loop_over_bdir-2056195-Zm5mnY/EO-0.96-0/blib/lib/EO/Attributes.pm line 24.
# ' isn't a 'EO::Error::Method::Private'
# Failed test 'The class (or class-like) 'Can't locate object method "throw" via package "EO::Error::Method::Private" (perhaps you forgot to load "EO::Error::Method::Private"?) at /tmp/loop_over_bdir-2056195-Zm5mnY/EO-0.96-0/blib/lib/EO/Attributes.pm line 24.
# ' isa 'EO::Error''
# at t/003_setoid.t line 20.
# The class (or class-like) 'Can't locate object method "throw" via package "EO::Error::Method::Private" (perhaps you forgot to load "EO::Error::Method::Private"?) at /tmp/loop_over_bdir-2056195-Zm5mnY/EO-0.96-0/blib/lib/EO/Attributes.pm line 24.
# ' isn't a 'EO::Error'
# Failed test 'The class (or class-like) 'Can't locate object method "throw" via package "EO::Error::Method::Private" (perhaps you forgot to load "EO::Error::Method::Private"?) at /tmp/loop_over_bdir-2056195-Zm5mnY/EO-0.96-0/blib/lib/EO/Attributes.pm line 24.
# ' isa 'EO::Error::Method''
# at t/003_setoid.t line 21.
# The class (or class-like) 'Can't locate object method "throw" via package "EO::Error::Method::Private" (perhaps you forgot to load "EO::Error::Method::Private"?) at /tmp/loop_over_bdir-2056195-Zm5mnY/EO-0.96-0/blib/lib/EO/Attributes.pm line 24.
# ' isn't a 'EO::Error::Method'
# Failed test 'The class (or class-like) 'Can't locate object method "throw" via package "EO::Error::Method::Private" (perhaps you forgot to load "EO::Error::Method::Private"?) at /tmp/loop_over_bdir-2056195-Zm5mnY/EO-0.96-0/blib/lib/EO/Attributes.pm line 24.
# ' isa 'EO::Error::Method::Private''
# at t/003_setoid.t line 22.
# The class (or class-like) 'Can't locate object method "throw" via package "EO::Error::Method::Private" (perhaps you forgot to load "EO::Error::Method::Private"?) at /tmp/loop_over_bdir-2056195-Zm5mnY/EO-0.96-0/blib/lib/EO/Attributes.pm line 24.
# ' isn't a 'EO::Error::Method::Private'
# Looks like you failed 6 tests of 9.
t/003_setoid.t ...........
Dubious, test returned 6 (wstat 1536, 0x600)
Failed 6/9 subtests
no_plan takes no arguments at t/003_weakarray.t line 5.
# Failed test 'The class (or class-like) 'Can't locate object method "throw" via package "EO::Error::InvalidParameters" (perhaps you forgot to load "EO::Error::InvalidParameters"?) at /tmp/loop_over_bdir-2056195-Zm5mnY/EO-0.96-0/blib/lib/EO/Array.pm line 40.
# ' isa 'EO::Error''
# at t/003_weakarray.t line 46.
# The class (or class-like) 'Can't locate object method "throw" via package "EO::Error::InvalidParameters" (perhaps you forgot to load "EO::Error::InvalidParameters"?) at /tmp/loop_over_bdir-2056195-Zm5mnY/EO-0.96-0/blib/lib/EO/Array.pm line 40.
# ' isn't a 'EO::Error'
# Failed test 'The class (or class-like) 'Can't locate object method "throw" via package "EO::Error::InvalidParameters" (perhaps you forgot to load "EO::Error::InvalidParameters"?) at /tmp/loop_over_bdir-2056195-Zm5mnY/EO-0.96-0/blib/lib/EO/Array.pm line 40.
# ' isa 'EO::Error::InvalidParameters''
# at t/003_weakarray.t line 47.
# The class (or class-like) 'Can't locate object method "throw" via package "EO::Error::InvalidParameters" (perhaps you forgot to load "EO::Error::InvalidParameters"?) at /tmp/loop_over_bdir-2056195-Zm5mnY/EO-0.96-0/blib/lib/EO/Array.pm line 40.
# ' isn't a 'EO::Error::InvalidParameters'
# Failed test 'The class (or class-like) 'Can't locate object method "throw" via package "EO::Error::InvalidParameters" (perhaps you forgot to load "EO::Error::InvalidParameters"?) at /tmp/loop_over_bdir-2056195-Zm5mnY/EO-0.96-0/blib/lib/EO/Array.pm line 107.
# ' isa 'EO::Error''
# at t/003_weakarray.t line 55.
# The class (or class-like) 'Can't locate object method "throw" via package "EO::Error::InvalidParameters" (perhaps you forgot to load "EO::Error::InvalidParameters"?) at /tmp/loop_over_bdir-2056195-Zm5mnY/EO-0.96-0/blib/lib/EO/Array.pm line 107.
# ' isn't a 'EO::Error'
# Failed test 'The class (or class-like) 'Can't locate object method "throw" via package "EO::Error::InvalidParameters" (perhaps you forgot to load "EO::Error::InvalidParameters"?) at /tmp/loop_over_bdir-2056195-Zm5mnY/EO-0.96-0/blib/lib/EO/Array.pm line 107.
# ' isa 'EO::Error::InvalidParameters''
# at t/003_weakarray.t line 56.
# The class (or class-like) 'Can't locate object method "throw" via package "EO::Error::InvalidParameters" (perhaps you forgot to load "EO::Error::InvalidParameters"?) at /tmp/loop_over_bdir-2056195-Zm5mnY/EO-0.96-0/blib/lib/EO/Array.pm line 107.
# ' isn't a 'EO::Error::InvalidParameters'
# Looks like you failed 4 tests of 45.
t/003_weakarray.t ........
Dubious, test returned 4 (wstat 1024, 0x400)
Failed 4/45 subtests
# Failed test 'The class (or class-like) 'Can't locate object method "throw" via package "EO::Error::Method::Private" (perhaps you forgot to load "EO::Error::Method::Private"?) at /tmp/loop_over_bdir-2056195-Zm5mnY/EO-0.96-0/blib/lib/EO/Attributes.pm line 24.
# ' isa 'EO::Error''
# at t/004_natr.t line 50.
# The class (or class-like) 'Can't locate object method "throw" via package "EO::Error::Method::Private" (perhaps you forgot to load "EO::Error::Method::Private"?) at /tmp/loop_over_bdir-2056195-Zm5mnY/EO-0.96-0/blib/lib/EO/Attributes.pm line 24.
# ' isn't a 'EO::Error'
# Failed test 'The class (or class-like) 'Can't locate object method "throw" via package "EO::Error::Method::Private" (perhaps you forgot to load "EO::Error::Method::Private"?) at /tmp/loop_over_bdir-2056195-Zm5mnY/EO-0.96-0/blib/lib/EO/Attributes.pm line 24.
# ' isa 'EO::Error::Method::Private''
# at t/004_natr.t line 51.
# The class (or class-like) 'Can't locate object method "throw" via package "EO::Error::Method::Private" (perhaps you forgot to load "EO::Error::Method::Private"?) at /tmp/loop_over_bdir-2056195-Zm5mnY/EO-0.96-0/blib/lib/EO/Attributes.pm line 24.
# ' isn't a 'EO::Error::Method::Private'
# Failed test 'The class (or class-like) 'Can't locate object method "throw" via package "EO::Error::New" (perhaps you forgot to load "EO::Error::New"?) at /tmp/loop_over_bdir-2056195-Zm5mnY/EO-0.96-0/blib/lib/EO.pm line 31.
# ' isa 'EO::Error''
# at t/004_natr.t line 58.
# The class (or class-like) 'Can't locate object method "throw" via package "EO::Error::New" (perhaps you forgot to load "EO::Error::New"?) at /tmp/loop_over_bdir-2056195-Zm5mnY/EO-0.96-0/blib/lib/EO.pm line 31.
# ' isn't a 'EO::Error'
# Failed test ''What file the exception happend in' isa 'EO::Error::New''
# at t/004_natr.t line 63.
# 'What file the exception happend in' isn't a 'EO::Error::New'
Can't locate object method "file" via package "Can't locate object method \"throw\" via package \"EO::Error::New\" (perhaps you forgot to load \"EO::Error::New\"?) at /tmp/loo"..."r::New\" (perhaps you forgot to load \"EO::Error::New\"?) at /tmp/loop_over_bdir-2056195-Zm5mnY/EO-0.96-0/blib/lib/EO.pm line 31"... (perhaps you forgot to load "Can't locate object method \"throw\" via package \"EO::Error::New\" (perhaps you forgot to load \"EO::Error::New\"?) at /tmp/loo"..."r::New\" (perhaps you forgot to load \"EO::Error::New\"?) at /tmp/loop_over_bdir-2056195-Zm5mnY/EO-0.96-0/blib/lib/EO.pm line 31"...?) at t/004_natr.t line 65.
# Looks like your test exited with 255 just after 16.
t/004_natr.t .............
Dubious, test returned 255 (wstat 65280, 0xff00)
Failed 22/34 subtests
no_plan takes no arguments at t/00_basic.t line 7.
t/00_basic.t ............. ok
no_plan takes no arguments at t/00simple.t line 6.
Subroutine DESTROY redefined at /tmp/loop_over_bdir-2056195-Zm5mnY/EO-0.96-0/blib/lib/EO/File.pm line 168.
# Failed test 'The class (or class-like) 'Can't locate object method "throw" via package "EO::Error::InvalidState" (perhaps you forgot to load "EO::Error::InvalidState"?) at /tmp/loop_over_bdir-2056195-Zm5mnY/EO-0.96-0/blib/lib/EO/Class.pm line 113.
# ' isa 'EO::Error''
# at t/00simple.t line 40.
# The class (or class-like) 'Can't locate object method "throw" via package "EO::Error::InvalidState" (perhaps you forgot to load "EO::Error::InvalidState"?) at /tmp/loop_over_bdir-2056195-Zm5mnY/EO-0.96-0/blib/lib/EO/Class.pm line 113.
# ' isn't a 'EO::Error'
# Failed test 'The class (or class-like) 'Can't locate object method "throw" via package "EO::Error::InvalidState" (perhaps you forgot to load "EO::Error::InvalidState"?) at /tmp/loop_over_bdir-2056195-Zm5mnY/EO-0.96-0/blib/lib/EO/Class.pm line 113.
# ' isa 'EO::Error::InvalidState''
# at t/00simple.t line 41.
# The class (or class-like) 'Can't locate object method "throw" via package "EO::Error::InvalidState" (perhaps you forgot to load "EO::Error::InvalidState"?) at /tmp/loop_over_bdir-2056195-Zm5mnY/EO-0.96-0/blib/lib/EO/Class.pm line 113.
# ' isn't a 'EO::Error::InvalidState'
# Looks like you failed 2 tests of 33.
t/00simple.t .............
Dubious, test returned 2 (wstat 512, 0x200)
Failed 2/33 subtests
no_plan takes no arguments at t/01_perlprops.t line 6.
t/01_perlprops.t ......... ok
no_plan takes no arguments at t/01parents.t line 6.
t/01parents.t ............ ok
no_plan takes no arguments at t/02_osprops.t line 6.
t/02_osprops.t ........... ok
no_plan takes no arguments at t/singleton.t line 1.
t/singleton.t ............ ok
Test Summary Report
-------------------
t/001_array.t (Wstat: 1024 (exited 4) Tests: 45 Failed: 4)
Failed tests: 31-32, 34-35
Non-zero exit status: 4
t/001_delegate_load.t (Wstat: 65280 (exited 255) Tests: 4 Failed: 0)
Non-zero exit status: 255
t/001_load.t (Wstat: 65280 (exited 255) Tests: 16 Failed: 4)
Failed tests: 12-14, 16
Non-zero exit status: 255
Parse errors: Bad plan. You planned 34 tests but ran 16.
t/002_basic.t (Wstat: 512 (exited 2) Tests: 4 Failed: 3)
Failed tests: 2-4
Non-zero exit status: 2
Parse errors: Bad plan. You planned 12 tests but ran 4.
t/002_hash.t (Wstat: 2048 (exited 8) Tests: 47 Failed: 8)
Failed tests: 24-25, 27-28, 30-32, 45
Non-zero exit status: 8
t/003_setoid.t (Wstat: 1536 (exited 6) Tests: 9 Failed: 6)
Failed tests: 2-4, 7-9
Non-zero exit status: 6
t/003_weakarray.t (Wstat: 1024 (exited 4) Tests: 45 Failed: 4)
Failed tests: 31-32, 34-35
Non-zero exit status: 4
t/004_natr.t (Wstat: 65280 (exited 255) Tests: 16 Failed: 4)
Failed tests: 12-14, 16
Non-zero exit status: 255
Parse errors: Bad plan. You planned 34 tests but ran 16.
t/00simple.t (Wstat: 512 (exited 2) Tests: 33 Failed: 2)
Failed tests: 16-17
Non-zero exit status: 2
Files=18, Tests=299, 3 wallclock secs ( 0.07 usr 0.05 sys + 1.49 cusr 0.43 csys = 2.04 CPU)
Result: FAIL
Failed 9/18 test programs. 35/299 subtests failed.
------------------------------
PREREQUISITES
------------------------------
Prerequisite modules loaded:
requires:
Module Need Have
------------------------ ----- --------
Attribute::Handlers 0.01 1.02
Class::Accessor::Chained 0 0.01
Clone 0.01 0.46
Data::Structure::Util 0.06 0.16
Data::UUID 0.01 1.226
Error 0.15 0.17029
Path::Class 0.01 0.37
perl 5.008 5.037005
Scalar::Util 1.02 1.63
build_requires:
Module Need Have
------------------------ ----- --------
Test::More 0 1.302191
------------------------------
ENVIRONMENT AND OTHER CONTEXT
------------------------------
Environment variables:
AUTOMATED_TESTING = 1
LANG = en_US.UTF-8
LC_ADDRESS = de_DE.UTF-8
LC_IDENTIFICATION = de_DE.UTF-8
LC_MEASUREMENT = de_DE.UTF-8
LC_MONETARY = de_DE.UTF-8
LC_NAME = de_DE.UTF-8
LC_NUMERIC = de_DE.UTF-8
LC_PAPER = de_DE.UTF-8
LC_TELEPHONE = de_DE.UTF-8
LC_TIME = de_DE.UTF-8
PATH = /home/sand/bin:/usr/local/bin:/usr/local/sbin:/usr/sbin:/usr/bin:/sbin:/bin:/usr/games:/usr/local/games:/snap/bin:/usr/local/perl/bin:/usr/X11/bin
PERL = /tmp/basesmoker-reloperl-yefZ/bin/perl
PERL5LIB = /tmp/loop_over_bdir-2056195-Zm5mnY/EJBCA-CrlPublish-0.60-0/blib/arch:/tmp/loop_over_bdir-2056195-Zm5mnY/EJBCA-CrlPublish-0.60-0/blib/lib:/tmp/loop_over_bdir-2056195-Zm5mnY/Captive-Portal-4.10-0/blib/arch:/tmp/loop_over_bdir-2056195-Zm5mnY/Captive-Portal-4.10-0/blib/lib:/tmp/loop_over_bdir-2056195-Zm5mnY/Device-Kiln-0.03-0/blib/arch:/tmp/loop_over_bdir-2056195-Zm5mnY/Device-Kiln-0.03-0/blib/lib:/tmp/loop_over_bdir-2056195-Zm5mnY/perl-Hardware-UPS-Perl-0.43-0/blib/arch:/tmp/loop_over_bdir-2056195-Zm5mnY/perl-Hardware-UPS-Perl-0.43-0/blib/lib:/tmp/loop_over_bdir-2056195-Zm5mnY/App-oo_modulino_zsh_completion_helper-0.04-0/blib/arch:/tmp/loop_over_bdir-2056195-Zm5mnY/App-oo_modulino_zsh_completion_helper-0.04-0/blib/lib:/tmp/loop_over_bdir-2056195-Zm5mnY/CORBA-Python-2.66-0/blib/arch:/tmp/loop_over_bdir-2056195-Zm5mnY/CORBA-Python-2.66-0/blib/lib:/tmp/loop_over_bdir-2056195-Zm5mnY/DBIx-Migration-Directories-0.12-0/blib/arch:/tmp/loop_over_bdir-2056195-Zm5mnY/DBIx-Migration-Directories-0.12-0/blib/lib:/tmp/loop_over_bdir-2056195-Zm5mnY/App-rmcd-0.280-0/blib/arch:/tmp/loop_over_bdir-2056195-Zm5mnY/App-rmcd-0.280-0/blib/lib:/tmp/loop_over_bdir-2056195-Zm5mnY/Dpkg-1.21.9-0/blib/arch:/tmp/loop_over_bdir-2056195-Zm5mnY/Dpkg-1.21.9-0/blib/lib:/tmp/loop_over_bdir-2056195-Zm5mnY/AllKnowingDNS-1.7-0/blib/arch:/tmp/loop_over_bdir-2056195-Zm5mnY/AllKnowingDNS-1.7-0/blib/lib:/tmp/loop_over_bdir-2056195-Zm5mnY/Lingua-YaTeA-0.626-0/blib/arch:/tmp/loop_over_bdir-2056195-Zm5mnY/Lingua-YaTeA-0.626-0/blib/lib:/tmp/loop_over_bdir-2056195-Zm5mnY/shishi-0.0.1-0/blib/arch:/tmp/loop_over_bdir-2056195-Zm5mnY/shishi-0.0.1-0/blib/lib:/tmp/loop_over_bdir-2056195-Zm5mnY/Devel-Required-0.16-0/blib/arch:/tmp/loop_over_bdir-2056195-Zm5mnY/Devel-Required-0.16-0/blib/lib
PERL5OPT =
PERL5_CPANPLUS_IS_RUNNING = 2056203
PERL5_CPAN_IS_RUNNING = 2056203
PERL_CANARY_STABILITY_NOPROMPT = 1
PERL_MM_USE_DEFAULT = 1
PERL_USE_UNSAFE_INC = 1
SHELL = /usr/bin/zsh
TERM = screen
Perl special variables (and OS-specific diagnostics, for MSWin32):
$^X = /tmp/basesmoker-reloperl-yefZ/bin/perl
$UID/$EUID = 1005 / 1005
$GID = 1005 1005
$EGID = 1005 1005
Perl module toolchain versions installed:
Module Have
------------------- --------
CPAN 2.34
CPAN::Meta 2.150010
Cwd 3.86
ExtUtils::CBuilder 0.280237
ExtUtils::Command 7.64
ExtUtils::Install 2.20
ExtUtils::MakeMaker 7.64
ExtUtils::Manifest 1.73
ExtUtils::ParseXS 3.46
File::Spec 3.87
JSON 4.10
JSON::PP 4.12
Module::Build 0.4231
Module::Signature 0.88
Parse::CPAN::Meta 2.150010
Test::Harness 3.44
Test::More 1.302191
YAML 1.30
YAML::Syck 1.34
version 0.9929
--
Summary of my perl5 (revision 5 version 37 subversion 5) configuration:
Commit id: 064941484781d9099db0bbe7d6ea22a826df1e15
Platform:
osname=linux
osvers=5.15.0-50-generic
archname=x86_64-linux-ld
uname='linux k93jammy 5.15.0-50-generic #56-ubuntu smp tue sep 20 13:23:26 utc 2022 x86_64 x86_64 x86_64 gnulinux '
config_args='-Dprefix=/home/sand/src/perl/repoperls/installed-perls/host/k93jammy/v5.37.4-160-g0649414847/5674 -Dmyhostname=k93jammy -Dinstallusrbinperl=n -Uversiononly -Dusedevel -des -Ui_db -Dlibswanted=cl pthread socket inet nsl gdbm dbm malloc dl ld sun m crypt sec util c cposix posix ucb BSD gdbm_compat -Uuseithreads -Duselongdouble -DEBUGGING=-g'
hint=recommended
useposix=true
d_sigaction=define
useithreads=undef
usemultiplicity=undef
use64bitint=define
use64bitall=define
uselongdouble=define
usemymalloc=n
default_inc_excludes_dot=define
Compiler:
cc='cc'
ccflags ='-fwrapv -fno-strict-aliasing -pipe -fstack-protector-strong -I/usr/local/include -D_LARGEFILE_SOURCE -D_FILE_OFFSET_BITS=64'
optimize='-O2 -g'
cppflags='-fwrapv -fno-strict-aliasing -pipe -fstack-protector-strong -I/usr/local/include'
ccversion=''
gccversion='11.3.0'
gccosandvers=''
intsize=4
longsize=8
ptrsize=8
doublesize=8
byteorder=12345678
doublekind=3
d_longlong=define
longlongsize=8
d_longdbl=define
longdblsize=16
longdblkind=3
ivtype='long'
ivsize=8
nvtype='long double'
nvsize=16
Off_t='off_t'
lseeksize=8
alignbytes=16
prototype=define
Linker and Libraries:
ld='cc'
ldflags =' -fstack-protector-strong -L/usr/local/lib'
libpth=/usr/local/lib /usr/lib/x86_64-linux-gnu /usr/lib /usr/lib64
libs=-lpthread -lnsl -ldl -lm -lcrypt -lutil -lc
perllibs=-lpthread -lnsl -ldl -lm -lcrypt -lutil -lc
libc=/lib/x86_64-linux-gnu/libc.so.6
so=so
useshrplib=false
libperl=libperl.a
gnulibc_version='2.35'
Dynamic Linking:
dlsrc=dl_dlopen.xs
dlext=so
d_dlsymun=undef
ccdlflags='-Wl,-E'
cccdlflags='-fPIC'
lddlflags='-shared -O2 -g -L/usr/local/lib -fstack-protector-strong'
Characteristics of this binary (from libperl):
Compile-time options:
HAS_TIMES
PERLIO_LAYERS
PERL_COPY_ON_WRITE
PERL_DONT_CREATE_GVSV
PERL_HASH_FUNC_SIPHASH13
PERL_HASH_USE_SBOX32
PERL_MALLOC_WRAP
PERL_OP_PARENT
PERL_PRESERVE_IVUV
PERL_USE_DEVEL
PERL_USE_SAFE_PUTENV
USE_64_BIT_ALL
USE_64_BIT_INT
USE_LARGE_FILES
USE_LOCALE
USE_LOCALE_COLLATE
USE_LOCALE_CTYPE
USE_LOCALE_NUMERIC
USE_LOCALE_TIME
USE_LONG_DOUBLE
USE_PERLIO
USE_PERL_ATOF
Built under linux
Compiled at Oct 29 2022 19:33:37
%ENV:
PERL="/tmp/basesmoker-reloperl-yefZ/bin/perl"
PERL5LIB="/tmp/loop_over_bdir-2056195-Zm5mnY/EJBCA-CrlPublish-0.60-0/blib/arch:/tmp/loop_over_bdir-2056195-Zm5mnY/EJBCA-CrlPublish-0.60-0/blib/lib:/tmp/loop_over_bdir-2056195-Zm5mnY/Captive-Portal-4.10-0/blib/arch:/tmp/loop_over_bdir-2056195-Zm5mnY/Captive-Portal-4.10-0/blib/lib:/tmp/loop_over_bdir-2056195-Zm5mnY/Device-Kiln-0.03-0/blib/arch:/tmp/loop_over_bdir-2056195-Zm5mnY/Device-Kiln-0.03-0/blib/lib:/tmp/loop_over_bdir-2056195-Zm5mnY/perl-Hardware-UPS-Perl-0.43-0/blib/arch:/tmp/loop_over_bdir-2056195-Zm5mnY/perl-Hardware-UPS-Perl-0.43-0/blib/lib:/tmp/loop_over_bdir-2056195-Zm5mnY/App-oo_modulino_zsh_completion_helper-0.04-0/blib/arch:/tmp/loop_over_bdir-2056195-Zm5mnY/App-oo_modulino_zsh_completion_helper-0.04-0/blib/lib:/tmp/loop_over_bdir-2056195-Zm5mnY/CORBA-Python-2.66-0/blib/arch:/tmp/loop_over_bdir-2056195-Zm5mnY/CORBA-Python-2.66-0/blib/lib:/tmp/loop_over_bdir-2056195-Zm5mnY/DBIx-Migration-Directories-0.12-0/blib/arch:/tmp/loop_over_bdir-2056195-Zm5mnY/DBIx-Migration-Directories-0.12-0/blib/lib:/tmp/loop_over_bdir-2056195-Zm5mnY/App-rmcd-0.280-0/blib/arch:/tmp/loop_over_bdir-2056195-Zm5mnY/App-rmcd-0.280-0/blib/lib:/tmp/loop_over_bdir-2056195-Zm5mnY/Dpkg-1.21.9-0/blib/arch:/tmp/loop_over_bdir-2056195-Zm5mnY/Dpkg-1.21.9-0/blib/lib:/tmp/loop_over_bdir-2056195-Zm5mnY/AllKnowingDNS-1.7-0/blib/arch:/tmp/loop_over_bdir-2056195-Zm5mnY/AllKnowingDNS-1.7-0/blib/lib:/tmp/loop_over_bdir-2056195-Zm5mnY/Lingua-YaTeA-0.626-0/blib/arch:/tmp/loop_over_bdir-2056195-Zm5mnY/Lingua-YaTeA-0.626-0/blib/lib:/tmp/loop_over_bdir-2056195-Zm5mnY/shishi-0.0.1-0/blib/arch:/tmp/loop_over_bdir-2056195-Zm5mnY/shishi-0.0.1-0/blib/lib:/tmp/loop_over_bdir-2056195-Zm5mnY/Devel-Required-0.16-0/blib/arch:/tmp/loop_over_bdir-2056195-Zm5mnY/Devel-Required-0.16-0/blib/lib"
PERL5OPT=""
PERL5_CPANPLUS_IS_RUNNING="2056203"
PERL5_CPAN_IS_RUNNING="2056203"
PERL_CANARY_STABILITY_NOPROMPT="1"
PERL_MM_USE_DEFAULT="1"
PERL_USE_UNSAFE_INC="1"
@INC:
/tmp/loop_over_bdir-2056195-Zm5mnY/EJBCA-CrlPublish-0.60-0/blib/arch
/tmp/loop_over_bdir-2056195-Zm5mnY/EJBCA-CrlPublish-0.60-0/blib/lib
/tmp/loop_over_bdir-2056195-Zm5mnY/Captive-Portal-4.10-0/blib/arch
/tmp/loop_over_bdir-2056195-Zm5mnY/Captive-Portal-4.10-0/blib/lib
/tmp/loop_over_bdir-2056195-Zm5mnY/Device-Kiln-0.03-0/blib/arch
/tmp/loop_over_bdir-2056195-Zm5mnY/Device-Kiln-0.03-0/blib/lib
/tmp/loop_over_bdir-2056195-Zm5mnY/perl-Hardware-UPS-Perl-0.43-0/blib/arch
/tmp/loop_over_bdir-2056195-Zm5mnY/perl-Hardware-UPS-Perl-0.43-0/blib/lib
/tmp/loop_over_bdir-2056195-Zm5mnY/App-oo_modulino_zsh_completion_helper-0.04-0/blib/arch
/tmp/loop_over_bdir-2056195-Zm5mnY/App-oo_modulino_zsh_completion_helper-0.04-0/blib/lib
/tmp/loop_over_bdir-2056195-Zm5mnY/CORBA-Python-2.66-0/blib/arch
/tmp/loop_over_bdir-2056195-Zm5mnY/CORBA-Python-2.66-0/blib/lib
/tmp/loop_over_bdir-2056195-Zm5mnY/DBIx-Migration-Directories-0.12-0/blib/arch
/tmp/loop_over_bdir-2056195-Zm5mnY/DBIx-Migration-Directories-0.12-0/blib/lib
/tmp/loop_over_bdir-2056195-Zm5mnY/App-rmcd-0.280-0/blib/arch
/tmp/loop_over_bdir-2056195-Zm5mnY/App-rmcd-0.280-0/blib/lib
/tmp/loop_over_bdir-2056195-Zm5mnY/Dpkg-1.21.9-0/blib/arch
/tmp/loop_over_bdir-2056195-Zm5mnY/Dpkg-1.21.9-0/blib/lib
/tmp/loop_over_bdir-2056195-Zm5mnY/AllKnowingDNS-1.7-0/blib/arch
/tmp/loop_over_bdir-2056195-Zm5mnY/AllKnowingDNS-1.7-0/blib/lib
/tmp/loop_over_bdir-2056195-Zm5mnY/Lingua-YaTeA-0.626-0/blib/arch
/tmp/loop_over_bdir-2056195-Zm5mnY/Lingua-YaTeA-0.626-0/blib/lib
/tmp/loop_over_bdir-2056195-Zm5mnY/shishi-0.0.1-0/blib/arch
/tmp/loop_over_bdir-2056195-Zm5mnY/shishi-0.0.1-0/blib/lib
/tmp/loop_over_bdir-2056195-Zm5mnY/Devel-Required-0.16-0/blib/arch
/tmp/loop_over_bdir-2056195-Zm5mnY/Devel-Required-0.16-0/blib/lib
/home/sand/src/perl/repoperls/installed-perls/host/k93jammy/v5.37.4-160-g0649414847/5674/lib/site_perl/5.37.5/x86_64-linux-ld
/home/sand/src/perl/repoperls/installed-perls/host/k93jammy/v5.37.4-160-g0649414847/5674/lib/site_perl/5.37.5
/home/sand/src/perl/repoperls/installed-perls/host/k93jammy/v5.37.4-160-g0649414847/5674/lib/5.37.5/x86_64-linux-ld
/home/sand/src/perl/repoperls/installed-perls/host/k93jammy/v5.37.4-160-g0649414847/5674/lib/5.37.5
.