Report for DBIx-MoCo-0.18

Back
From: metabase:user:314402c4-2aae-11df-837a-5e0a49663a4f
Subject: FAIL DBIx-MoCo-0.18 v5.12.5 GNU/Linux
Date: 2016-11-26T08:38:21Z

This distribution has been tested as part of the CPAN Testers
project, supporting the Perl programming language.  See
http://wiki.cpantesters.org/ for more information or email
questions to cpan-testers-discuss@perl.org


--
Dear Junya Kondo,

This is a computer-generated report for DBIx-MoCo-0.18
on perl 5.12.5, created by CPAN-Reporter-1.2018.

Thank you for uploading your work to CPAN.  However, there was a problem
testing your distribution.

If you think this report is invalid, please consult the CPAN Testers Wiki
for suggestions on how to avoid getting FAIL reports for missing library
or binary dependencies, unsupported operating systems, and so on:

http://wiki.cpantesters.org/wiki/CPANAuthorNotes

Sections of this report:

    * Tester comments
    * Program output
    * Prerequisites
    * Environment and other context

------------------------------
TESTER COMMENTS
------------------------------

Additional comments from tester:

none provided

------------------------------
PROGRAM OUTPUT
------------------------------

Output from '/usr/bin/make test':

PERL_DL_NONLAZY=1 "/bbbike/perl-5.12.5/bin/perl" "-MExtUtils::Command::MM" "-MTest::Harness" "-e" "undef *Test::Harness::Switches; test_harness(0, 'blib/lib', 'blib/arch')" t/*.t
t/00-list.t ............ ok

#   Failed test 'prepared cached'
#   at t/01-database.t line 67.
#   (in ThisTest->prepared_cached)

#   Failed test 'undef isa 'DBI::st''
#   at t/01-database.t line 68.
#   (in ThisTest->prepared_cached)
#     undef isn't defined

#   Failed test 'prepared cached'
#   at t/01-database.t line 71.
#   (in ThisTest->prepared_cached)

#   Failed test 'undef isa 'DBI::st''
#   at t/01-database.t line 72.
#   (in ThisTest->prepared_cached)
#     undef isn't defined
# Looks like you failed 4 tests of 54.
t/01-database.t ........ 
Dubious, test returned 4 (wstat 1024, 0x400)
Failed 4/54 subtests 
t/02-cache.t ........... ok
t/03-schema.t .......... ok
t/04-join.t ............ ok
t/05-methods.t ......... ok
t/06-column.t .......... ok
t/07-null-cache.t ...... ok

#   Failed test 'greater than 2 ** 56'
#   at t/08-muid.t line 22.
#   (in ThisTest->muid)

#   Failed test 'greater than 2 ** 56'
#   at t/08-muid.t line 28.
#   (in ThisTest->muid)
# Looks like you failed 2 tests of 11.
t/08-muid.t ............ 
Dubious, test returned 2 (wstat 512, 0x200)
Failed 2/11 subtests 
t/10-moco.t ............ ok
Reference passed to set at /opt/perl-5.12.5/lib/site_perl/5.12.5/Cache.pm line 293.
Reference passed to set at /opt/perl-5.12.5/lib/site_perl/5.12.5/Cache.pm line 293.
t/11-cache-memory.t .... ok
t/12-moco-session.t .... ok
t/13-readonly.t ........ ok
t/14-trigger.t ......... ok
t/15-utf8.t ............ ok
t/16-instance-cache.t .. ok
t/17-inflate_column.t .. ok
Reference passed to set at /opt/perl-5.12.5/lib/site_perl/5.12.5/Cache.pm line 293.
Reference passed to set at /opt/perl-5.12.5/lib/site_perl/5.12.5/Cache.pm line 293.
Reference passed to set at /opt/perl-5.12.5/lib/site_perl/5.12.5/Cache.pm line 293.
Reference passed to set at /opt/perl-5.12.5/lib/site_perl/5.12.5/Cache.pm line 293.
Reference passed to set at /opt/perl-5.12.5/lib/site_perl/5.12.5/Cache.pm line 293.
Reference passed to set at /opt/perl-5.12.5/lib/site_perl/5.12.5/Cache.pm line 293.
Reference passed to set at /opt/perl-5.12.5/lib/site_perl/5.12.5/Cache.pm line 293.
Reference passed to set at /opt/perl-5.12.5/lib/site_perl/5.12.5/Cache.pm line 293.
t/18-retrieve_multi.t .. ok
t/19-with.t ............ ok
t/20-with_default.t .... ok
t/21-cache_dummy.t ..... ok
t/22-list_class.t ...... ok
t/23-fixture.t ......... ok

Test Summary Report
-------------------
t/01-database.t      (Wstat: 1024 Tests: 54 Failed: 4)
  Failed tests:  16-19
  Non-zero exit status: 4
t/08-muid.t          (Wstat: 512 Tests: 11 Failed: 2)
  Failed tests:  4, 8
  Non-zero exit status: 2
Files=23, Tests=634, 40 wallclock secs ( 0.07 usr  0.08 sys +  2.17 cusr  0.47 csys =  2.79 CPU)
Result: FAIL
Failed 2/23 test programs. 6/634 subtests failed.
Makefile:937: recipe for target 'test_dynamic' failed
make: *** [test_dynamic] Error 255

------------------------------
PREREQUISITES
------------------------------

Prerequisite modules loaded:

requires:

    Module                  Need Have  
    ----------------------- ---- ------
    Cache::Memory           0    2.11  
    Class::Trigger          0    0.14  
    Data::Dumper            0    2.161 
    DateTime                0    1.41  
    DateTime::Format::MySQL 0    0.06  
    DBD::SQLite             0    1.50  
    DBI                     0    1.636 
    Exporter                0    5.72  
    Exporter::Lite          0    0.08  
    File::Spec              0    3.62  
    FindBin::libs           0    1.62  
    FormValidator::Simple   0    0.29  
    Kwalify                 0    1.22  
    List::MoreUtils         0    0.416 
    List::Util              0    1.46  
    Math::BigInt::Lite      0    0.15  
    Net::Address::Ethernet  0    1.123 
    Path::Class             0    0.37  
    Scalar::Util            0    1.46  
    SQL::Abstract           0    1.81  
    Storable                0    2.51  
    Test::Class             0    0.50  
    Tie::IxHash             0    1.23  
    Time::HiRes             0    1.9740
    UNIVERSAL::require      0    0.18  
    URI                     0    1.71  
    YAML::Syck              0    1.29  

build_requires:

    Module                  Need Have  
    ----------------------- ---- ------
    ExtUtils::MakeMaker     0    7.24  


------------------------------
ENVIRONMENT AND OTHER CONTEXT
------------------------------

Environment variables:

    LANG = C
    PATH = /usr/local/bin:/usr/bin:/bin:/usr/local/sbin:/usr/sbin:/sbin:/home/cpansand/bin/linux-gnu:/home/cpansand/bin/sh:/home/cpansand/bin:/usr/games:/home/cpansand/devel:/home/eserte/src/srezic-misc/scripts
    PERL5LIB = /home/cpansand/.cpan/build/2016112521/Math-BigInt-Lite-0.15-3/blib/arch:/home/cpansand/.cpan/build/2016112521/Math-BigInt-Lite-0.15-3/blib/lib:/home/cpansand/.cpan/build/2016112521/Math-BigInt-1.999801-3/blib/arch:/home/cpansand/.cpan/build/2016112521/Math-BigInt-1.999801-3/blib/lib:/home/cpansand/.cpan/build/2016112521/FormValidator-Simple-0.29-2/blib/arch:/home/cpansand/.cpan/build/2016112521/FormValidator-Simple-0.29-2/blib/lib:/home/cpansand/.cpan/build/2016112521/FindBin-libs-2.15-1/blib/arch:/home/cpansand/.cpan/build/2016112521/FindBin-libs-2.15-1/blib/lib
    PERL5OPT = 
    PERL5_CPANPLUS_IS_RUNNING = 17689
    PERL5_CPAN_IS_RUNNING = 17689
    PERL5_CPAN_IS_RUNNING_IN_RECURSION = 17562,17689
    PERLDOC = -MPod::Perldoc::ToTextOverstrike
    PERL_BATCH = yes
    PERL_CANARY_STABILITY_NOPROMPT = 1
    PERL_CPAN_REPORTER_CONFIG = /run/user/1023/cpansmoker/2016112521/cpanreporter_010_config.ini
    PERL_EXTUTILS_AUTOINSTALL = --defaultdeps
    PERL_USE_UNSAFE_INC = 1
    SHELL = /bin/zsh
    TERM = screen
    TMPDIR = /run/user/1023/cpansmoker/2016112521

Perl special variables (and OS-specific diagnostics, for MSWin32):

    $^X = /bbbike/perl-5.12.5/bin/perl
    $UID/$EUID = 1023 / 1023
    $GID = 1023 1023
    $EGID = 1023 1023

Perl module toolchain versions installed:

    Module              Have    
    ------------------- --------
    CPAN                2.14    
    CPAN::Meta          2.150010
    Cwd                 3.62    
    ExtUtils::CBuilder  0.280224
    ExtUtils::Command   7.24    
    ExtUtils::Install   1.55    
    ExtUtils::MakeMaker 7.24    
    ExtUtils::Manifest  1.70    
    ExtUtils::ParseXS   3.30    
    File::Spec          3.62    
    JSON                2.90    
    JSON::PP            2.27400 
    Module::Build       0.4220  
    Module::Signature   0.80    
    Parse::CPAN::Meta   2.150010
    Test::Harness       3.36    
    Test::More          1.302067
    YAML                1.15    
    YAML::Syck          1.29    
    version             0.9916  


--

Summary of my perl5 (revision 5 version 12 subversion 5) configuration:
   
  Platform:
    osname=linux, osvers=3.16.0-4-amd64, archname=x86_64-linux
    uname='linux eserte 3.16.0-4-amd64 #1 smp debian 3.16.7-ckt25-2 (2016-04-08) x86_64 gnulinux '
    config_args='-ds -e -Dprefix=/opt/perl-5.12.5 -Dcf_email=srezic@cpan.org'
    hint=recommended, useposix=true, d_sigaction=define
    useithreads=undef, usemultiplicity=undef
    useperlio=define, d_sfio=undef, uselargefiles=define, usesocks=undef
    use64bitint=define, use64bitall=define, uselongdouble=undef
    usemymalloc=n, bincompat5005=undef
  Compiler:
    cc='cc', ccflags ='-fno-strict-aliasing -pipe -fstack-protector -I/usr/local/include -D_LARGEFILE_SOURCE -D_FILE_OFFSET_BITS=64',
    optimize='-O2',
    cppflags='-fno-strict-aliasing -pipe -fstack-protector -I/usr/local/include'
    ccversion='', gccversion='4.9.2', gccosandvers=''
    intsize=4, longsize=8, ptrsize=8, doublesize=8, byteorder=12345678
    d_longlong=define, longlongsize=8, d_longdbl=define, longdblsize=16
    ivtype='long', ivsize=8, nvtype='double', nvsize=8, Off_t='off_t', lseeksize=8
    alignbytes=8, prototype=define
  Linker and Libraries:
    ld='cc', ldflags =' -fstack-protector -L/usr/local/lib'
    libpth=/usr/local/lib /lib/x86_64-linux-gnu /lib/../lib /usr/lib/x86_64-linux-gnu /usr/lib/../lib /lib /usr/lib
    libs=-lnsl -lgdbm -ldb -ldl -lm -lcrypt -lutil -lc -lgdbm_compat
    perllibs=-lnsl -ldl -lm -lcrypt -lutil -lc
    libc=libc-2.19.so, so=so, useshrplib=false, libperl=libperl.a
    gnulibc_version='2.19'
  Dynamic Linking:
    dlsrc=dl_dlopen.xs, dlext=so, d_dlsymun=undef, ccdlflags='-Wl,-E'
    cccdlflags='-fPIC', lddlflags='-shared -O2 -L/usr/local/lib -fstack-protector'


Characteristics of this binary (from libperl): 
  Compile-time options: PERL_DONT_CREATE_GVSV PERL_MALLOC_WRAP USE_64_BIT_ALL
                        USE_64_BIT_INT USE_LARGE_FILES USE_PERLIO
                        USE_PERL_ATOF
  Locally applied patches:
	Devel::PatchPerl 1.42
  Built under linux
  Compiled at May  7 2016 10:05:30
  %ENV:
    PERL5LIB="/home/cpansand/.cpan/build/2016112521/Math-BigInt-Lite-0.15-3/blib/arch:/home/cpansand/.cpan/build/2016112521/Math-BigInt-Lite-0.15-3/blib/lib:/home/cpansand/.cpan/build/2016112521/Math-BigInt-1.999801-3/blib/arch:/home/cpansand/.cpan/build/2016112521/Math-BigInt-1.999801-3/blib/lib:/home/cpansand/.cpan/build/2016112521/FormValidator-Simple-0.29-2/blib/arch:/home/cpansand/.cpan/build/2016112521/FormValidator-Simple-0.29-2/blib/lib:/home/cpansand/.cpan/build/2016112521/FindBin-libs-2.15-1/blib/arch:/home/cpansand/.cpan/build/2016112521/FindBin-libs-2.15-1/blib/lib"
    PERL5OPT=""
    PERL5_CPANPLUS_IS_RUNNING="17689"
    PERL5_CPAN_IS_RUNNING="17689"
    PERL5_CPAN_IS_RUNNING_IN_RECURSION="17562,17689"
    PERLDOC="-MPod::Perldoc::ToTextOverstrike"
    PERL_BATCH="yes"
    PERL_CANARY_STABILITY_NOPROMPT="1"
    PERL_CPAN_REPORTER_CONFIG="/run/user/1023/cpansmoker/2016112521/cpanreporter_010_config.ini"
    PERL_EXTUTILS_AUTOINSTALL="--defaultdeps"
    PERL_USE_UNSAFE_INC="1"
  @INC:
    /home/cpansand/.cpan/build/2016112521/Math-BigInt-Lite-0.15-3/blib/arch
    /home/cpansand/.cpan/build/2016112521/Math-BigInt-Lite-0.15-3/blib/lib
    /home/cpansand/.cpan/build/2016112521/Math-BigInt-1.999801-3/blib/arch
    /home/cpansand/.cpan/build/2016112521/Math-BigInt-1.999801-3/blib/lib
    /home/cpansand/.cpan/build/2016112521/FormValidator-Simple-0.29-2/blib/arch
    /home/cpansand/.cpan/build/2016112521/FormValidator-Simple-0.29-2/blib/lib
    /home/cpansand/.cpan/build/2016112521/FindBin-libs-2.15-1/blib/arch
    /home/cpansand/.cpan/build/2016112521/FindBin-libs-2.15-1/blib/lib
    /opt/perl-5.12.5/lib/site_perl/5.12.5/x86_64-linux
    /opt/perl-5.12.5/lib/site_perl/5.12.5
    /opt/perl-5.12.5/lib/5.12.5/x86_64-linux
    /opt/perl-5.12.5/lib/5.12.5
    .