Back
From: metabase:user:cd035d39-6d5b-1014-ab3a-39c0c09612a1
Subject: PASS Plagger-0.5.7 v5.18.0
Date: 2013-06-09T11:29:29Z
This distribution has been tested as part of the CPAN Testers
project, supporting the Perl programming language. See
http://wiki.cpantesters.org/ for more information or email
questions to cpan-testers-discuss@perl.org
--
Dear Tatsuhiko Miyagawa,
This is a computer-generated report for Plagger-0.5.7
on perl 5.18.0, created by CPAN-Reporter-1.2010.
Thank you for uploading your work to CPAN. Congratulations!
All tests were successful.
Sections of this report:
* Tester comments
* Program output
* Prerequisites
* Environment and other context
------------------------------
TESTER COMMENTS
------------------------------
Additional comments from tester:
this report is from an automated smoke testing program
and was not reviewed by a human for accuracy
------------------------------
PROGRAM OUTPUT
------------------------------
Output from 'C:\strawberry\c\bin\dmake.EXE test':
C:\strawberry\perl\bin\perl.exe -Iinc Makefile.PL --config= --installdeps=Template::Provider::Encoding,0.04,Text::Tags,0,DateTime::Format::Strptime,0,Cache::Cache,1.04,WebService::Bloglines,0.11,XML::RSS::LibXML,0.18,XML::RSS::Liberal,0,XML::RSS::LibXML,0.18
*** Installing dependencies...
==> MISSING Signature file! <==
*** Installing WebService::Bloglines...
Running [C:\strawberry\perl\bin\perl.exe -e use strict; BEGIN { my $old = select STDERR; $|++; select $old; $|++; $0 = shift(@ARGV); my $rv = do($0); die $@ if $@; } C:\DOKUME~1\gregor\CPANPL~1\518~1.0\build\WebService-Bloglines-0.12\Makefile.PL]...
Warning: prerequisite XML::RSS::LibXML 0.09 not found.
==> MISSING Signature file! <==
Writing Makefile for WebService::Bloglines
Writing MYMETA.yml and MYMETA.json
Running [C:\STRAWB~1\c\bin\dmake.EXE test UNINST=1]...
t/generated/1.0-generated.xml:5: parser error : Input is not proper UTF-8, indicate encoding !
Bytes: 0xE4 0x69 0x73 0x63
<dc:date>2013-06-09T11:28:59Westeuropäische Normalzeit</dc:date>
^
Use of each() on hash after insertion without resetting hash iterator results in undefined behavior, Perl interpreter: 0x3f7014 at C:\DOKUME~1\gregor\CPANPL~1\518~1.0\build\XML-RSS-LibXML-0.3102\blib\lib/XML/RSS/LibXML.pm line 203.
# Failed test 'dc:date:2013-06-09T11:28:59Westeuropäische Normalzeit'
# at t/1.0-generate.t line 119.
Wide character in print at C:/strawberry/perl/lib/Test/Builder.pm line 1759.
# got: '2013-06-09T11:28:59Westeuropäische Normalzeit'
# expected: '2013-06-09T11:28:59Westeuropäische Normalzeit'
# Failed test 'Yadda & yadda & yadda'
# at t/1.0-generate.t line 143.
# got: 'Yadda yadda yadda'
# expected: 'Yadda & yadda & yadda'
# Looks like you failed 2 tests of 22.
Use of each() on hash after insertion without resetting hash iterator results in undefined behavior, Perl interpreter: 0x3f7004 at C:\DOKUME~1\gregor\CPANPL~1\518~1.0\build\XML-RSS-LibXML-0.3102\blib\lib/XML/RSS/LibXML.pm line 203.
Use of each() on hash after insertion without resetting hash iterator results in undefined behavior, Perl interpreter: 0x3f7004 at C:\DOKUME~1\gregor\CPANPL~1\518~1.0\build\XML-RSS-LibXML-0.3102\blib\lib/XML/RSS/LibXML.pm line 203.
Use of each() on hash after insertion without resetting hash iterator results in undefined behavior, Perl interpreter: 0x3f7004 at C:\DOKUME~1\gregor\CPANPL~1\518~1.0\build\XML-RSS-LibXML-0.3102\blib\lib/XML/RSS/LibXML.pm line 203.
Use of each() on hash after insertion without resetting hash iterator results in undefined behavior, Perl interpreter: 0x3f7004 at C:\DOKUME~1\gregor\CPANPL~1\518~1.0\build\XML-RSS-LibXML-0.3102\blib\lib/XML/RSS/LibXML.pm line 203.
Use of each() on hash after insertion without resetting hash iterator results in undefined behavior, Perl interpreter: 0x3f7004 at C:\DOKUME~1\gregor\CPANPL~1\518~1.0\build\XML-RSS-LibXML-0.3102\blib\lib/XML/RSS/LibXML.pm line 203.
Use of each() on hash after insertion without resetting hash iterator results in undefined behavior, Perl interpreter: 0x3f7004 at C:\DOKUME~1\gregor\CPANPL~1\518~1.0\build\XML-RSS-LibXML-0.3102\blib\lib/XML/RSS/LibXML.pm line 203.
t/generated/2.0-generated.xml:13: parser error : Input is not proper UTF-8, indicate encoding !
Bytes: 0xE4 0x69 0x73 0x63
<lastBuildDate>2013-06-09T11:29:03Westeuropäische Normalzeit</lastBuildDate>
^
# Failed test 'Last built: 2013-06-09T11:29:03Westeuropäische Normalzeit'
# at t/2.0-generate.t line 117.
Wide character in print at C:/strawberry/perl/lib/Test/Builder.pm line 1759.
# got: '2013-06-09T11:29:03Westeuropäische Normalzeit'
# expected: '2013-06-09T11:29:03Westeuropäische Normalzeit'
# Failed test 'Yadda yadda yadda - R&D;'
# at t/2.0-generate.t line 142.
# got: 'Yadda yadda yadda - RD;'
# expected: 'Yadda yadda yadda - R&D;'
# Looks like you failed 2 tests of 29.
Use of each() on hash after insertion without resetting hash iterator results in undefined behavior, Perl interpreter: 0x3f7004 at C:\DOKUME~1\gregor\CPANPL~1\518~1.0\build\XML-RSS-LibXML-0.3102\blib\lib/XML/RSS/LibXML.pm line 203.
Use of each() on hash after insertion without resetting hash iterator results in undefined behavior, Perl interpreter: 0x3f7004 at C:\DOKUME~1\gregor\CPANPL~1\518~1.0\build\XML-RSS-LibXML-0.3102\blib\lib/XML/RSS/LibXML.pm line 203.
Use of each() on hash after insertion without resetting hash iterator results in undefined behavior, Perl interpreter: 0x3f7014 at C:\DOKUME~1\gregor\CPANPL~1\518~1.0\build\XML-RSS-LibXML-0.3102\blib\lib/XML/RSS/LibXML.pm line 203.
Use of each() on hash after insertion without resetting hash iterator results in undefined behavior, Perl interpreter: 0x3f7004 at C:\DOKUME~1\gregor\CPANPL~1\518~1.0\build\XML-RSS-LibXML-0.3102\blib\lib/XML/RSS/LibXML.pm line 203.
Use of each() on hash after insertion without resetting hash iterator results in undefined behavior, Perl interpreter: 0x3f7004 at C:\DOKUME~1\gregor\CPANPL~1\518~1.0\build\XML-RSS-LibXML-0.3102\blib\lib/XML/RSS/LibXML.pm line 203.
Use of each() on hash after insertion without resetting hash iterator results in undefined behavior, Perl interpreter: 0x3f7004 at C:\DOKUME~1\gregor\CPANPL~1\518~1.0\build\XML-RSS-LibXML-0.3102\blib\lib/XML/RSS/LibXML.pm line 203.
Use of each() on hash after insertion without resetting hash iterator results in undefined behavior, Perl interpreter: 0x3f7004 at C:\DOKUME~1\gregor\CPANPL~1\518~1.0\build\XML-RSS-LibXML-0.3102\blib\lib/XML/RSS/LibXML.pm line 203.
Use of each() on hash after insertion without resetting hash iterator results in undefined behavior, Perl interpreter: 0x3f7004 at C:\DOKUME~1\gregor\CPANPL~1\518~1.0\build\XML-RSS-LibXML-0.3102\blib\lib/XML/RSS/LibXML.pm line 203.
Use of each() on hash after insertion without resetting hash iterator results in undefined behavior, Perl interpreter: 0x3f7004 at C:\DOKUME~1\gregor\CPANPL~1\518~1.0\build\XML-RSS-LibXML-0.3102\blib\lib/XML/RSS/LibXML.pm line 203.
Use of each() on hash after insertion without resetting hash iterator results in undefined behavior, Perl interpreter: 0x3f7004 at C:\DOKUME~1\gregor\CPANPL~1\518~1.0\build\XML-RSS-LibXML-0.3102\blib\lib/XML/RSS/LibXML.pm line 203.
Use of each() on hash after insertion without resetting hash iterator results in undefined behavior, Perl interpreter: 0x3f7004 at C:\DOKUME~1\gregor\CPANPL~1\518~1.0\build\XML-RSS-LibXML-0.3102\blib\lib/XML/RSS/LibXML.pm line 203.
Use of each() on hash after insertion without resetting hash iterator results in undefined behavior, Perl interpreter: 0x3f7004 at C:\DOKUME~1\gregor\CPANPL~1\518~1.0\build\XML-RSS-LibXML-0.3102\blib\lib/XML/RSS/LibXML.pm line 203.
Use of each() on hash after insertion without resetting hash iterator results in undefined behavior, Perl interpreter: 0x3f7004 at C:\DOKUME~1\gregor\CPANPL~1\518~1.0\build\XML-RSS-LibXML-0.3102\blib\lib/XML/RSS/LibXML.pm line 203.
Use of each() on hash after insertion without resetting hash iterator results in undefined behavior, Perl interpreter: 0x3f7004 at C:\DOKUME~1\gregor\CPANPL~1\518~1.0\build\XML-RSS-LibXML-0.3102\blib\lib/XML/RSS/LibXML.pm line 203.
Use of each() on hash after insertion without resetting hash iterator results in undefined behavior, Perl interpreter: 0x3f7004 at C:\DOKUME~1\gregor\CPANPL~1\518~1.0\build\XML-RSS-LibXML-0.3102\blib\lib/XML/RSS/LibXML.pm line 203.
Use of each() on hash after insertion without resetting hash iterator results in undefined behavior, Perl interpreter: 0x3f7004 at C:\DOKUME~1\gregor\CPANPL~1\518~1.0\build\XML-RSS-LibXML-0.3102\blib\lib/XML/RSS/LibXML.pm line 203.
Use of each() on hash after insertion without resetting hash iterator results in undefined behavior, Perl interpreter: 0x3f7014 at C:\DOKUME~1\gregor\CPANPL~1\518~1.0\build\XML-RSS-LibXML-0.3102\blib\lib/XML/RSS/LibXML.pm line 203.
Use of each() on hash after insertion without resetting hash iterator results in undefined behavior, Perl interpreter: 0x3f7004 at C:\DOKUME~1\gregor\CPANPL~1\518~1.0\build\XML-RSS-LibXML-0.3102\blib\lib/XML/RSS/LibXML.pm line 203.
Failed 2/29 test programs. 4/700 subtests failed.
dmake.EXE: Error code 255, while making 'test_dynamic'
[ERROR] Unable to create a new distribution object for 'XML::RSS::LibXML' -- cannot continue
[ERROR] Failed to install 'XML::RSS::LibXML' as prerequisite for 'WebService::Bloglines'
[ERROR] Unable to satisfy prerequisites for 'WebService::Bloglines' -- aborting install
[ERROR] Unable to create a new distribution object for 'WebService::Bloglines' -- cannot continue
C:\strawberry\perl\bin\perl.exe "-MExtUtils::Command::MM" "-e" "test_harness(0, 'inc', 'blib\lib', 'blib\arch')" t/*.t
t/1.0-generate.t ...............
Dubious, test returned 2 (wstat 512, 0x200)
Failed 2/22 subtests
t/1.0-parse-2.t ................ ok
t/1.0-parse-exotic.t ........... ok
t/1.0-parse.t .................. ok
t/1.0-to-2.0.t ................. ok
t/2.0-generate.t ...............
Dubious, test returned 2 (wstat 512, 0x200)
Failed 2/29 subtests
(less 2 skipped subtests: 25 okay)
t/2.0-modules.t ................ ok
t/2.0-parse-2.t ................ ok
t/2.0-parse.t .................. ok
t/2.0-permalink.t .............. ok
t/2.0-wo-title.t ............... ok
t/add-item-insert-vs-append.t .. ok
t/charset1.t ................... ok
t/enclosures.t ................. ok
t/enclosures2.t ................ ok
t/encode-output.t .............. ok
t/encoding.t ................... ok
t/guid.t ....................... ok
t/items-are-0.t ................ ok
t/load.t ....................... ok
t/regress-2.0-namespace.t ...... ok
t/regress-broken-image.t ....... ok
t/regress-content-encoded.t .... ok
t/regress-namespace-attr.t ..... ok
t/rss2-gt-encoding.t ........... ok
t/synopsis.t ................... ok
t/unsupported.t ................ ok
t/version.t .................... ok
t/xml-header.t ................. ok
Test Summary Report
-------------------
t/1.0-generate.t (Wstat: 512 Tests: 22 Failed: 2)
Failed tests: 15, 21
Non-zero exit status: 2
t/2.0-generate.t (Wstat: 512 Tests: 29 Failed: 2)
Failed tests: 16, 27
Non-zero exit status: 2
Files=29, Tests=700, 24 wallclock secs ( 0.05 usr + 0.19 sys = 0.23 CPU)
Result: FAIL
*** WebService::Bloglines installation cancelled.
*** Installing XML::RSS::LibXML...
*** XML::RSS::LibXML successfully installed.
*** Installing XML::RSS::Liberal...
*** XML::RSS::Liberal successfully installed.
*** Installing XML::RSS::LibXML...
*** XML::RSS::LibXML successfully installed.
*** Module::AutoInstall installation finished.
C:\strawberry\perl\bin\perl.exe "-MExtUtils::Command::MM" "-e" "test_harness(0, 'inc', 'blib\lib', 'blib\arch')" t/00_compile.t
t/00_compile.t .. ok
All tests successful.
Files=1, Tests=1, 1 wallclock secs ( 0.06 usr + 0.05 sys = 0.11 CPU)
Result: PASS
------------------------------
PREREQUISITES
------------------------------
Prerequisite modules loaded:
requires:
Module Need Have
---------------------------- ---- ------
Cache::Cache 1.04 1.06
Class::Accessor::Fast 0 0.34
DateTime 0.29 1.03
DateTime::Format::Mail 0 0.3001
DateTime::Format::Strptime 0 1.54
DateTime::Format::W3CDTF 0 0.06
Digest::MD5 0 2.52
File::Find::Rule 0 0.33
HTML::Parser 3.4 3.71
LWP 0 6.05
Template 0 2.24
Template::Provider::Encoding 0.04 0.10
Test::More 0.42 0.98
Text::Tags 0 0.04
UNIVERSAL::require 0 0.13
URI::Fetch 0.05 0.09
YAML 0.39 0.84
build_requires:
Module Need Have
---------------------------- ---- ------
ExtUtils::MakeMaker 0 6.66
------------------------------
ENVIRONMENT AND OTHER CONTEXT
------------------------------
Environment variables:
AUTOMATED_TESTING = 1
COMSPEC = C:\WINDOWS.0\system32\cmd.exe
LANG = C
NUMBER_OF_PROCESSORS = 4
PATH = C:\Programme\PC Connectivity Solution\;C:\Programme\utils\GTK2\bin;C:\WINDOWS.0\system32;C:\WINDOWS.0;C:\WINDOWS.0\System32\Wbem;C:\WINDOWS.0\system32\WindowsPowerShell\v1.0;c:\cygwin\bin;C:\Programme\utils\BOND\BIBLIO_CLIENT\BIN\;C:\Programme\Gemeinsame Dateien\Adobe\AGL;C:\Programme\utils\TortoiseSVN\bin;C:\Programme\utils\Tesseract-OCR;C:\Programme\Calibre2\;C:\Programme\Utils\Git\cmd;C:\Programme\utils\TortoiseGit\bin;C:\strawberry\c\bin;C:\strawberry\perl\site\bin;C:\strawberry\perl\bin;
PERL5LIB = C:\strawberry\cpan\build\Cache-Cache-1.06-eZqiBZ/blib/arch;C:\strawberry\cpan\build\Cache-Cache-1.06-eZqiBZ/blib/lib;C:\strawberry\cpan\build\Error-0.17020-UkKE27/blib/arch;C:\strawberry\cpan\build\Error-0.17020-UkKE27/blib/lib;C:\strawberry\cpan\build\Template-Provider-Encoding-0.10-TEQ_Mu/blib/arch;C:\strawberry\cpan\build\Template-Provider-Encoding-0.10-TEQ_Mu/blib/lib;C:\strawberry\cpan\build\Text-Tags-0.04-xssW_U/blib/arch;C:\strawberry\cpan\build\Text-Tags-0.04-xssW_U/blib/lib;C:\strawberry\cpan\build\DateTime-Format-Strptime-1.54-1apQYz/blib/arch;C:\strawberry\cpan\build\DateTime-Format-Strptime-1.54-1apQYz/blib/lib
PERL5OPT =
PERL5_CPANPLUS_IS_RUNNING = 2728
PERL5_CPAN_IS_RUNNING = 2728
PERL5_CPAN_IS_RUNNING_IN_RECURSION = 760,2728
PERL_CR_SMOKER_CURRENT = Plagger-0.5.7
PERL_EXTUTILS_AUTOINSTALL = --defaultdeps
PERL_JSON_BACKEND = JSON::XS
PERL_MM_USE_DEFAULT = 1
PERL_YAML_BACKEND = YAML::XS
PROCESSOR_IDENTIFIER = x86 Family 18 Model 1 Stepping 0, AuthenticAMD
TEMP = c:\temp
TERM = dumb
Perl special variables (and OS-specific diagnostics, for MSWin32):
$^X = C:\strawberry\perl\bin\perl.exe
$UID/$EUID = 0 / 0
$GID = 0
$EGID = 0
Win32::GetOSName = WinXP/.Net
Win32::GetOSVersion = Service Pack 3, 5, 1, 2600, 2, 3, 0, 256, 1
Win32::FsType = NTFS
Win32::IsAdminUser = 1
Perl module toolchain versions installed:
Module Have
------------------- --------
CPAN 2.00
CPAN::Meta 2.131490
Cwd 3.40
ExtUtils::CBuilder 0.280210
ExtUtils::Command 1.17
ExtUtils::Install 1.59
ExtUtils::MakeMaker 6.66
ExtUtils::Manifest 1.63
ExtUtils::ParseXS 3.18
File::Spec 3.40
JSON 2.58
JSON::PP 2.27202
Module::Build 0.4005
Module::Signature 0.70
Parse::CPAN::Meta 1.4404
Test::Harness 3.28
Test::More 0.98
YAML 0.84
YAML::Syck 1.27
version 0.9902
--
Summary of my perl5 (revision 5 version 18 subversion 0) configuration:
Platform:
osname=MSWin32, osvers=4.0, archname=MSWin32-x86-multi-thread-64int
uname='Win32 strawberry-perl 5.18.0.1 #1 Sat May 18 17:46:00 2013 i386'
config_args='undef'
hint=recommended, useposix=true, d_sigaction=undef
useithreads=define, usemultiplicity=define
useperlio=define, d_sfio=undef, uselargefiles=define, usesocks=undef
use64bitint=define, use64bitall=undef, uselongdouble=undef
usemymalloc=n, bincompat5005=undef
Compiler:
cc='gcc', ccflags =' -s -O2 -DWIN32 -DPERL_TEXTMODE_SCRIPTS -DPERL_IMPLICIT_CONTEXT -DPERL_IMPLICIT_SYS -DUSE_PERLIO -fno-strict-aliasing -mms-bitfields',
optimize='-s -O2',
cppflags='-DWIN32'
ccversion='', gccversion='4.6.3', gccosandvers=''
intsize=4, longsize=4, ptrsize=4, doublesize=8, byteorder=12345678
d_longlong=define, longlongsize=8, d_longdbl=define, longdblsize=12
ivtype='long long', ivsize=8, nvtype='double', nvsize=8, Off_t='long long', lseeksize=8
alignbytes=8, prototype=define
Linker and Libraries:
ld='g++', ldflags ='-s -L"C:\strawberry\perl\lib\CORE" -L"C:\strawberry\c\lib"'
libpth=C:\strawberry\c\lib C:\strawberry\c\i686-w64-mingw32\lib
libs=-lmoldname -lkernel32 -luser32 -lgdi32 -lwinspool -lcomdlg32 -ladvapi32 -lshell32 -lole32 -loleaut32 -lnetapi32 -luuid -lws2_32 -lmpr -lwinmm -lversion -lodbc32 -lodbccp32 -lcomctl32
perllibs=-lmoldname -lkernel32 -luser32 -lgdi32 -lwinspool -lcomdlg32 -ladvapi32 -lshell32 -lole32 -loleaut32 -lnetapi32 -luuid -lws2_32 -lmpr -lwinmm -lversion -lodbc32 -lodbccp32 -lcomctl32
libc=, so=dll, useshrplib=true, libperl=libperl518.a
gnulibc_version=''
Dynamic Linking:
dlsrc=dl_win32.xs, dlext=dll, d_dlsymun=undef, ccdlflags=' '
cccdlflags=' ', lddlflags='-mdll -s -L"C:\strawberry\perl\lib\CORE" -L"C:\strawberry\c\lib"'
Characteristics of this binary (from libperl):
Compile-time options: HAS_TIMES HAVE_INTERP_INTERN MULTIPLICITY
PERLIO_LAYERS PERL_DONT_CREATE_GVSV
PERL_HASH_FUNC_ONE_AT_A_TIME_HARD
PERL_IMPLICIT_CONTEXT PERL_IMPLICIT_SYS
PERL_MALLOC_WRAP PERL_PRESERVE_IVUV PERL_SAWAMPERSAND
USE_64_BIT_INT USE_ITHREADS USE_LARGE_FILES
USE_LOCALE USE_LOCALE_COLLATE USE_LOCALE_CTYPE
USE_LOCALE_NUMERIC USE_PERLIO USE_PERL_ATOF
Built under MSWin32
Compiled at May 18 2013 17:53:14
%ENV:
PERL5LIB="C:\strawberry\cpan\build\Cache-Cache-1.06-eZqiBZ/blib/arch;C:\strawberry\cpan\build\Cache-Cache-1.06-eZqiBZ/blib/lib;C:\strawberry\cpan\build\Error-0.17020-UkKE27/blib/arch;C:\strawberry\cpan\build\Error-0.17020-UkKE27/blib/lib;C:\strawberry\cpan\build\Template-Provider-Encoding-0.10-TEQ_Mu/blib/arch;C:\strawberry\cpan\build\Template-Provider-Encoding-0.10-TEQ_Mu/blib/lib;C:\strawberry\cpan\build\Text-Tags-0.04-xssW_U/blib/arch;C:\strawberry\cpan\build\Text-Tags-0.04-xssW_U/blib/lib;C:\strawberry\cpan\build\DateTime-Format-Strptime-1.54-1apQYz/blib/arch;C:\strawberry\cpan\build\DateTime-Format-Strptime-1.54-1apQYz/blib/lib"
PERL5_CPANPLUS_IS_RUNNING="2728"
PERL5_CPAN_IS_RUNNING="2728"
PERL5_CPAN_IS_RUNNING_IN_RECURSION="760,2728"
PERL_CR_SMOKER_CURRENT="Plagger-0.5.7"
PERL_EXTUTILS_AUTOINSTALL="--defaultdeps"
PERL_JSON_BACKEND="JSON::XS"
PERL_MM_USE_DEFAULT="1"
PERL_YAML_BACKEND="YAML::XS"
@INC:
C:\strawberry\cpan\build\Cache-Cache-1.06-eZqiBZ/blib/arch
C:\strawberry\cpan\build\Cache-Cache-1.06-eZqiBZ/blib/lib
C:\strawberry\cpan\build\Error-0.17020-UkKE27/blib/arch
C:\strawberry\cpan\build\Error-0.17020-UkKE27/blib/lib
C:\strawberry\cpan\build\Template-Provider-Encoding-0.10-TEQ_Mu/blib/arch
C:\strawberry\cpan\build\Template-Provider-Encoding-0.10-TEQ_Mu/blib/lib
C:\strawberry\cpan\build\Text-Tags-0.04-xssW_U/blib/arch
C:\strawberry\cpan\build\Text-Tags-0.04-xssW_U/blib/lib
C:\strawberry\cpan\build\DateTime-Format-Strptime-1.54-1apQYz/blib/arch
C:\strawberry\cpan\build\DateTime-Format-Strptime-1.54-1apQYz/blib/lib
C:/strawberry/perl/site/lib
C:/strawberry/perl/vendor/lib
C:/strawberry/perl/lib
.