Back
From: metabase:user:322078bc-2aae-11df-837a-5e0a49663a4f
Subject: FAIL Test-Unit-0.25 v5.14.2 Mac OS X
Date: 2011-12-21T05:14:41Z
This distribution has been tested as part of the CPAN Testers
project, supporting the Perl programming language. See
http://wiki.cpantesters.org/ for more information or email
questions to cpan-testers-discuss@perl.org
--
Dear Matthew Astley,
This is a computer-generated error report created automatically by
CPANPLUS, version 0.9113. Testers personal comments may appear
at the end of this report.
Thank you for uploading your work to CPAN. However, it appears that
there were some problems testing your distribution.
TEST RESULTS:
Below is the error stack from stage 'make test':
[MSG] [Wed Dec 21 05:23:19 2011] Building Error
[MSG] [Wed Dec 21 05:23:19 2011] Tests skipped
[MSG] [Wed Dec 21 05:23:19 2011] Sending test report for 'Error-0.17016'
[MSG] [Wed Dec 21 05:23:20 2011] Ok, not sending test report
[MSG] [Wed Dec 21 05:23:26 2011] cp lib/Test/Unit/Error.pm blib/lib/Test/Unit/Error.pm
cp TestLister.pl blib/lib/Test/TestLister.pl
cp lib/Test/Unit/Loader.pm blib/lib/Test/Unit/Loader.pm
cp lib/Test/Unit/Tutorial.pm blib/lib/Test/Unit/Tutorial.pm
cp lib/Test/Unit/Assertion.pm blib/lib/Test/Unit/Assertion.pm
cp lib/Test/Unit/Setup.pm blib/lib/Test/Unit/Setup.pm
cp TestRunner.pl blib/lib/Test/TestRunner.pl
cp lib/Test/Unit/Debug.pm blib/lib/Test/Unit/Debug.pm
cp lib/Test/Unit/Assertion/Boolean.pm blib/lib/Test/Unit/Assertion/Boolean.pm
cp lib/Test/Unit/Decorator.pm blib/lib/Test/Unit/Decorator.pm
cp lib/Test/Unit/TestSuite.pm blib/lib/Test/Unit/TestSuite.pm
cp lib/Test/Unit/Runner/Terminal.pm blib/lib/Test/Unit/Runner/Terminal.pm
cp lib/Test/Unit/Listener.pm blib/lib/Test/Unit/Listener.pm
cp lib/Test/Unit/Procedural.pm blib/lib/Test/Unit/Procedural.pm
cp TkTestRunner.pl blib/lib/Test/TkTestRunner.pl
cp lib/Test/Unit/Runner.pm blib/lib/Test/Unit/Runner.pm
cp lib/Test/Unit/UnitHarness.pm blib/lib/Test/Unit/UnitHarness.pm
cp lib/Test/Unit/HarnessUnit.pm blib/lib/Test/Unit/HarnessUnit.pm
cp lib/Test/Unit/Exception.pm blib/lib/Test/Unit/Exception.pm
cp lib/Test/Unit/Test.pm blib/lib/Test/Unit/Test.pm
cp lib/Test/Unit/TestCase.pm blib/lib/Test/Unit/TestCase.pm
cp lib/Test/Unit/Assertion/Exception.pm blib/lib/Test/Unit/Assertion/Exception.pm
cp lib/Test/Unit/Result.pm blib/lib/Test/Unit/Result.pm
cp lib/Test/Unit/TestRunner.pm blib/lib/Test/Unit/TestRunner.pm
cp lib/Test/Unit/Failure.pm blib/lib/Test/Unit/Failure.pm
cp lib/Test/Unit.pm blib/lib/Test/Unit.pm
cp lib/Test/Unit/TkTestRunner.pm blib/lib/Test/Unit/TkTestRunner.pm
cp lib/Test/Unit/Assertion/Regexp.pm blib/lib/Test/Unit/Assertion/Regexp.pm
cp lib/Test/Unit/Assert.pm blib/lib/Test/Unit/Assert.pm
cp lib/Test/Unit/Warning.pm blib/lib/Test/Unit/Warning.pm
cp lib/Test/Unit/Assertion/CodeRef.pm blib/lib/Test/Unit/Assertion/CodeRef.pm
Manifying blib/man3/Test::Unit::Error.3
Manifying blib/man3/Test::Unit::Tutorial.3
Manifying blib/man3/Test::Unit::Loader.3
Manifying blib/man3/Test::Unit::Setup.3
Manifying blib/man3/Test::Unit::Assertion.3
Manifying blib/man3/Test::Unit::Debug.3
Manifying blib/man3/Test::Unit::Assertion::Boolean.3
Manifying blib/man3/Test::Unit::Decorator.3
Manifying blib/man3/Test::Unit::TestSuite.3
Manifying blib/man3/Test::Unit::Runner::Terminal.3
Manifying blib/man3/Test::Unit::Listener.3
Manifying blib/man3/Test::Unit::Procedural.3
Manifying blib/man3/Test::Unit::Runner.3
Manifying blib/man3/Test::Unit::UnitHarness.3
Manifying blib/man3/Test::Unit::HarnessUnit.3
Manifying blib/man3/Test::Unit::Exception.3
Manifying blib/man3/Test::Unit::Assertion::Exception.3
Manifying blib/man3/Test::Unit::TestCase.3
Manifying blib/man3/Test::Unit::Test.3
Manifying blib/man3/Test::Unit::Result.3
Manifying blib/man3/Test::Unit::TestRunner.3
Manifying blib/man3/Test::Unit::Failure.3
Manifying blib/man3/Test::Unit::Assertion::Regexp.3
Manifying blib/man3/Test::Unit::TkTestRunner.3
Manifying blib/man3/Test::Unit.3
Manifying blib/man3/Test::Unit::Assert.3
Manifying blib/man3/Test::Unit::Assertion::CodeRef.3
Manifying blib/man3/Test::Unit::Warning.3
[ERROR] [Wed Dec 21 05:23:39 2011] MAKE TEST failed: PERL_DL_NONLAZY=1 /Volumes/Media/smoke/rel/perl-5.14.2/bin/perl "-MExtUtils::Command::MM" "-e" "test_harness(0, 'blib/lib', 'blib/arch')" t/*.t
t/all_tests.t ..... ok
t/assert.t ........
Failed 2/40 subtests
> The STDERR redirection may not work or may behave differently under
> your OS 'darwin'. That will probably cause this test to fail.
t/try_examples.t .. ok
Test Summary Report
-------------------
t/assert.t (Wstat: 0 Tests: 40 Failed: 2)
Failed tests: 26, 39
Files=3, Tests=89, 12 wallclock secs ( 0.33 usr 0.12 sys + 10.05 cusr 1.09 csys = 11.59 CPU)
Result: FAIL
Failed 1/3 test programs. 2/89 subtests failed.
make: *** [test_dynamic] Error 255
[MSG] [Wed Dec 21 05:23:39 2011] DEFAULT 'proceed_on_test_failure' HANDLER RETURNING 'sub return value'
PREREQUISITES:
Here is a list of prerequisites you specified and versions we
managed to load:
Module Name Have Want
Class::Inner 0.200001 0
Devel::Symdump 2.08 0
Error 0.17016 0
ExtUtils::MakeMaker 6.62 0
base 2.16 1
Perl module toolchain versions installed:
Module Name Have
CPANPLUS 0.9113
CPANPLUS::Dist::Build 0.60
Cwd 3.36
ExtUtils::CBuilder 0.280203
ExtUtils::Command 1.17
ExtUtils::Install 1.56
ExtUtils::MakeMaker 6.62
ExtUtils::Manifest 1.60
ExtUtils::ParseXS 3.07
File::Spec 3.33
Module::Build 0.3800
Test::Harness 3.23
Test::More 0.98
version 0.95
******************************** NOTE ********************************
The comments above are created mechanically, possibly without manual
checking by the sender. As there are many people performing automatic
tests on each upload to CPAN, it is likely that you will receive
identical messages about the same problem.
If you believe that the message is mistaken, please reply to the first
one with correction and/or additional informations, and do not take
it personally. We appreciate your patience. :)
**********************************************************************
Additional comments:
This report was machine-generated by CPANPLUS::Dist::YACSmoke 0.66.
Powered by minismokebox version 0.54
------------------------------
ENVIRONMENT AND OTHER CONTEXT
------------------------------
Environment variables:
AUTOMATED_TESTING = 1
PATH = /bin:/sbin:/usr/bin:/usr/sbin:/usr/local/bin:/usr/local/sbin
PERL5LIB = :/Volumes/Media/smoke/rel/conf/perl-5.14.2/.cpanplus/5.14.2/build/Class-Inner-0.200001/blib/lib:/Volumes/Media/smoke/rel/conf/perl-5.14.2/.cpanplus/5.14.2/build/Class-Inner-0.200001/blib/arch:/Volumes/Media/smoke/rel/conf/perl-5.14.2/.cpanplus/5.14.2/build/Devel-Symdump-2.08/blib/lib:/Volumes/Media/smoke/rel/conf/perl-5.14.2/.cpanplus/5.14.2/build/Devel-Symdump-2.08/blib/arch:/Volumes/Media/smoke/rel/conf/perl-5.14.2/.cpanplus/5.14.2/build/Error-0.17016/blib/lib:/Volumes/Media/smoke/rel/conf/perl-5.14.2/.cpanplus/5.14.2/build/Error-0.17016/blib/arch:/Volumes/Media/smoke/rel/conf/perl-5.14.2/.cpanplus/5.14.2/build/Test-Unit-0.25/blib/lib:/Volumes/Media/smoke/rel/conf/perl-5.14.2/.cpanplus/5.14.2/build/Test-Unit-0.25/blib/arch
PERL5_CPANPLUS_IS_RUNNING = 16572
PERL5_CPANPLUS_IS_VERSION = 0.9113
PERL5_MINISMOKEBOX = 0.54
PERL5_YACSMOKE_BASE = /Volumes/Media/smoke/rel/conf/perl-5.14.2
PERL_EXTUTILS_AUTOINSTALL = --defaultdeps
PERL_MM_USE_DEFAULT = 1
SHELL = /bin/bash
TERM = screen
Perl special variables (and OS-specific diagnostics, for MSWin32):
Perl: $^X = /Volumes/Media/smoke/rel/perl-5.14.2/bin/perl
UID: $< = 502
EUID: $> = 502
GID: $( = 502 502
EGID: $) = 502 502
-------------------------------
--
Summary of my perl5 (revision 5 version 14 subversion 2) configuration:
Platform:
osname=darwin, osvers=8.11.0, archname=darwin-thread-multi-64int-2level
uname='darwin afalglas.bingosnet.co.uk 8.11.0 darwin kernel version 8.11.0: wed oct 10 18:26:00 pdt 2007; root:xnu-792.24.17~1release_ppc power macintosh powerpc '
config_args='-des -Dprefix=/Volumes/Media/smoke/rel/perl-5.14.2 -Dusethreads -Duse64bitint'
hint=recommended, useposix=true, d_sigaction=define
useithreads=define, usemultiplicity=define
useperlio=define, d_sfio=undef, uselargefiles=define, usesocks=undef
use64bitint=define, use64bitall=undef, uselongdouble=undef
usemymalloc=n, bincompat5005=undef
Compiler:
cc='cc', ccflags ='-fno-common -DPERL_DARWIN -fno-strict-aliasing -pipe -I/usr/local/include',
optimize='-O3',
cppflags='-fno-common -DPERL_DARWIN -fno-strict-aliasing -pipe -I/usr/local/include'
ccversion='', gccversion='4.0.1 (Apple Computer, Inc. build 5367)', gccosandvers=''
intsize=4, longsize=4, ptrsize=4, doublesize=8, byteorder=87654321
d_longlong=define, longlongsize=8, d_longdbl=define, longdblsize=16
ivtype='long long', ivsize=8, nvtype='double', nvsize=8, Off_t='off_t', lseeksize=8
alignbytes=8, prototype=define
Linker and Libraries:
ld='env MACOSX_DEPLOYMENT_TARGET=10.3 cc', ldflags =' -L/usr/local/lib'
libpth=/usr/local/lib /usr/lib
libs=-ldbm -ldl -lm -lc
perllibs=-ldl -lm -lc
libc=, so=dylib, useshrplib=false, libperl=libperl.a
gnulibc_version=''
Dynamic Linking:
dlsrc=dl_dlopen.xs, dlext=bundle, d_dlsymun=undef, ccdlflags=' '
cccdlflags=' ', lddlflags=' -bundle -undefined dynamic_lookup -L/usr/local/lib'
Characteristics of this binary (from libperl):
Compile-time options: MULTIPLICITY PERL_DONT_CREATE_GVSV
PERL_IMPLICIT_CONTEXT PERL_MALLOC_WRAP
PERL_PRESERVE_IVUV USE_64_BIT_INT USE_ITHREADS
USE_LARGE_FILES USE_PERLIO USE_PERL_ATOF
USE_REENTRANT_API
Built under darwin
Compiled at Oct 16 2011 23:18:04
%ENV:
PERL5LIB=":/Volumes/Media/smoke/rel/conf/perl-5.14.2/.cpanplus/5.14.2/build/Class-Inner-0.200001/blib/lib:/Volumes/Media/smoke/rel/conf/perl-5.14.2/.cpanplus/5.14.2/build/Class-Inner-0.200001/blib/arch:/Volumes/Media/smoke/rel/conf/perl-5.14.2/.cpanplus/5.14.2/build/Devel-Symdump-2.08/blib/lib:/Volumes/Media/smoke/rel/conf/perl-5.14.2/.cpanplus/5.14.2/build/Devel-Symdump-2.08/blib/arch:/Volumes/Media/smoke/rel/conf/perl-5.14.2/.cpanplus/5.14.2/build/Error-0.17016/blib/lib:/Volumes/Media/smoke/rel/conf/perl-5.14.2/.cpanplus/5.14.2/build/Error-0.17016/blib/arch:/Volumes/Media/smoke/rel/conf/perl-5.14.2/.cpanplus/5.14.2/build/Test-Unit-0.25/blib/lib:/Volumes/Media/smoke/rel/conf/perl-5.14.2/.cpanplus/5.14.2/build/Test-Unit-0.25/blib/arch"
PERL5_CPANPLUS_IS_RUNNING="16572"
PERL5_CPANPLUS_IS_VERSION="0.9113"
PERL5_MINISMOKEBOX="0.54"
PERL5_YACSMOKE_BASE="/Volumes/Media/smoke/rel/conf/perl-5.14.2"
PERL_EXTUTILS_AUTOINSTALL="--defaultdeps"
PERL_MM_USE_DEFAULT="1"
@INC:
/Volumes/Media/smoke/rel/conf/perl-5.14.2/.cpanplus/5.14.2/build/Class-Inner-0.200001/blib/lib
/Volumes/Media/smoke/rel/conf/perl-5.14.2/.cpanplus/5.14.2/build/Class-Inner-0.200001/blib/arch
/Volumes/Media/smoke/rel/conf/perl-5.14.2/.cpanplus/5.14.2/build/Devel-Symdump-2.08/blib/lib
/Volumes/Media/smoke/rel/conf/perl-5.14.2/.cpanplus/5.14.2/build/Devel-Symdump-2.08/blib/arch
/Volumes/Media/smoke/rel/conf/perl-5.14.2/.cpanplus/5.14.2/build/Error-0.17016/blib/lib
/Volumes/Media/smoke/rel/conf/perl-5.14.2/.cpanplus/5.14.2/build/Error-0.17016/blib/arch
/Volumes/Media/smoke/rel/conf/perl-5.14.2/.cpanplus/5.14.2/build/Test-Unit-0.25/blib/lib
/Volumes/Media/smoke/rel/conf/perl-5.14.2/.cpanplus/5.14.2/build/Test-Unit-0.25/blib/arch
/Volumes/Media/smoke/rel/perl-5.14.2/lib/site_perl/5.14.2/darwin-thread-multi-64int-2level
/Volumes/Media/smoke/rel/perl-5.14.2/lib/site_perl/5.14.2
/Volumes/Media/smoke/rel/perl-5.14.2/lib/5.14.2/darwin-thread-multi-64int-2level
/Volumes/Media/smoke/rel/perl-5.14.2/lib/5.14.2
.