Net-RDAP v0.30 Perl 5 v5.18.4 MSWin32-x86-multi-thread-64int
- Status
- Fail
- From
- NONAME
- Dist
-
Net-RDAP v0.30
- Platform
- Perl 5 v5.18.4 MSWin32-x86-multi-thread-64int
- Date
- 2024-09-16 07:16:26
- ID
- af71a65c-6d8c-1014-88bb-bdd307c19ce6
This distribution has been tested as part of the CPAN Testers
project, supporting the Perl programming language. See
http://wiki.cpantesters.org/ for more information or email
questions to cpan-testers-discuss@perl.org
--
Dear Gavin Brown,
This is a computer-generated report for Net-RDAP-0.30
on perl 5.18.4, created by CPAN-Reporter-1.2020.
Thank you for uploading your work to CPAN. However, there was a problem
testing your distribution.
If you think this report is invalid, please consult the CPAN Testers Wiki
for suggestions on how to avoid getting FAIL reports for missing library
or binary dependencies, unsupported operating systems, and so on:
http://wiki.cpantesters.org/wiki/CPANAuthorNotes
Sections of this report:
* Tester comments
* Program output
* Prerequisites
* Environment and other context
------------------------------
TESTER COMMENTS
------------------------------
Additional comments from tester:
none provided
------------------------------
PROGRAM OUTPUT
------------------------------
Output from 'C:\Strawberry\c\bin\dmake.exe test':
C:\"Strawberry\perl\bin\perl.exe" "-MExtUtils::Command::MM" "-MTest::Harness" "-e" "undef *Test::Harness::Switches; test_harness(0, 'blib\lib', 'blib\arch')" t/*.t
t/00.use.t ........ ok
The getpwuid function is unimplemented at (eval 372) line 4.
# Tests were run but no plan was declared and done_testing() was not seen.
# Looks like your test exited with 255 just after 2.
t/chain.t .........
Dubious, test returned 255 (wstat 65280, 0xff00)
All 2 subtests passed
The getpwuid function is unimplemented at (eval 372) line 4.
# Tests were run but no plan was declared and done_testing() was not seen.
# Looks like your test exited with 255 just after 2.
t/document_url.t ..
Dubious, test returned 255 (wstat 65280, 0xff00)
All 2 subtests passed
t/jcard.t ......... ok
The getpwuid function is unimplemented at (eval 410) line 4.
# Tests were run but no plan was declared and done_testing() was not seen.
# Looks like your test exited with 255 just after 2.
t/objects.t .......
Dubious, test returned 255 (wstat 65280, 0xff00)
All 2 subtests passed
# Failed test 'result is not an error'
# at t/redaction.t line 15.
# got: 'Net::RDAP::Error'
# expected: anything else
# Failed test 'result contains redactions'
# at t/redaction.t line 19.
# '0'
# >
# '0'
# Looks like you failed 2 tests of 5.
t/redaction.t .....
Dubious, test returned 2 (wstat 512, 0x200)
Failed 2/5 subtests
t/search.t ........ ok
Test Summary Report
-------------------
t/chain.t (Wstat: 65280 (exited 255) Tests: 2 Failed: 0)
Non-zero exit status: 255
Parse errors: No plan found in TAP output
t/document_url.t (Wstat: 65280 (exited 255) Tests: 2 Failed: 0)
Non-zero exit status: 255
Parse errors: No plan found in TAP output
t/objects.t (Wstat: 65280 (exited 255) Tests: 2 Failed: 0)
Non-zero exit status: 255
Parse errors: No plan found in TAP output
t/redaction.t (Wstat: 512 (exited 2) Tests: 5 Failed: 2)
Failed tests: 3-4
Non-zero exit status: 2
Files=7, Tests=175, 27 wallclock secs ( 0.11 usr + 0.08 sys = 0.19 CPU)
Result: FAIL
Failed 4/7 test programs. 2/175 subtests failed.
dmake.exe: Error code 255, while making 'test_dynamic'
------------------------------
PREREQUISITES
------------------------------
Prerequisite modules loaded:
requires:
Module Need Have
------------------------- ---- --------
DateTime::Format::ISO8601 0 0.16
Digest::SHA 0 6.04
File::Basename 0 2.84
File::Slurp 0 9999.32
File::Spec 0 3.75
File::stat 0 1.07
File::Temp 0 0.2311
HTTP::Date 0 6.06
HTTP::Request::Common 0 6.46
JSON 0 4.10
List::MoreUtils 0 0.430
LWP::Protocol::https 0 6.14
LWP::UserAgent 0 6.77
MIME::Type 0 2.26
Mozilla::CA 0 20240730
Net::ASN 0 1.07
Net::DNS::Domain 0 1913
Net::DNS::RR::DNSKEY 0 1972
Net::DNS::RR::DS 0 1972
Net::IP 0 1.26
Test::More 0 1.302204
URI 0 5.28
vCard 0 3.09
XML::LibXML 0 2.0210
build_requires:
Module Need Have
------------------------- ---- --------
ExtUtils::MakeMaker 0 7.71_01
configure_requires:
Module Need Have
------------------------- ---- --------
ExtUtils::MakeMaker 0 7.71_01
------------------------------
ENVIRONMENT AND OTHER CONTEXT
------------------------------
Environment variables:
COMSPEC = C:\windows\system32\cmd.exe
NONINTERACTIVE_TESTING = 1
NUMBER_OF_PROCESSORS = 4
PATH = C:\home\journey\perl5\bin;C:\windows\system32;C:\windows;C:\windows\System32\Wbem;C:\windows\System32\WindowsPowerShell\v1.0\;C:\Strawberry\c\bin;C:\Strawberry\perl\site\bin;C:\Strawberry\perl\bin
PERL5LIB = C:\home\journey\perl5\lib\perl5
PERL5OPT =
PERL5_CPANPLUS_IS_RUNNING = 9412
PERL5_CPAN_IS_RUNNING = 9412
PERL_LOCAL_LIB_ROOT = C:\home\journey\perl5
PERL_MB_OPT = --install_base "C:\\home\\journey\\perl5"
PERL_MM_OPT = INSTALL_BASE=C:\\home\\journey\\perl5
PERL_MM_USE_DEFAULT = 1
PERL_USE_UNSAFE_INC = 1
PROCESSOR_IDENTIFIER = x86 Family 6 Model 37 Stepping 5, GenuineIntel
TEMP = C:\Users\user\AppData\Local\Temp
TERM = dumb
Perl special variables (and OS-specific diagnostics, for MSWin32):
$^X = C:\Strawberry\perl\bin\perl.exe
$UID/$EUID = 0 / 0
$GID = 0
$EGID = 0
Win32::GetOSName = Win7
Win32::GetOSVersion = Service Pack 1, 6, 1, 7601, 2, 1, 0, 256, 1
Win32::FsType = NTFS
Win32::IsAdminUser = 0
Perl module toolchain versions installed:
Module Have
------------------- --------
CPAN 2.34
CPAN::Meta 2.150010
Cwd 3.75
ExtUtils::CBuilder 0.280236
ExtUtils::Command 7.71_01
ExtUtils::Install 2.22
ExtUtils::MakeMaker 7.71_01
ExtUtils::Manifest 1.75
ExtUtils::ParseXS 3.51
File::Spec 3.75
JSON 4.10
JSON::PP 4.17_01
Module::Build 0.4234
Module::Signature 0.89
Parse::CPAN::Meta 2.150010
Test2 1.302204
Test::Harness 3.50
Test::More 1.302204
YAML 1.31
YAML::Syck 1.34
version 0.9933
--
Summary of my perl5 (revision 5 version 18 subversion 4) configuration:
Platform:
osname=MSWin32, osvers=6.3, archname=MSWin32-x86-multi-thread-64int
uname='Win32 strawberry-perl 5.18.4.1 #1 Thu Oct 2 12:10:29 2014 i386'
config_args='undef'
hint=recommended, useposix=true, d_sigaction=undef
useithreads=define, usemultiplicity=define
useperlio=define, d_sfio=undef, uselargefiles=define, usesocks=undef
use64bitint=define, use64bitall=undef, uselongdouble=undef
usemymalloc=n, bincompat5005=undef
Compiler:
cc='gcc', ccflags =' -s -O2 -DWIN32 -DPERL_TEXTMODE_SCRIPTS -DPERL_IMPLICIT_CONTEXT -DPERL_IMPLICIT_SYS -DUSE_PERLIO -fno-strict-aliasing -mms-bitfields',
optimize='-s -O2',
cppflags='-DWIN32'
ccversion='', gccversion='4.7.3', gccosandvers=''
intsize=4, longsize=4, ptrsize=4, doublesize=8, byteorder=12345678
d_longlong=define, longlongsize=8, d_longdbl=define, longdblsize=12
ivtype='long long', ivsize=8, nvtype='double', nvsize=8, Off_t='long long', lseeksize=8
alignbytes=8, prototype=define
Linker and Libraries:
ld='g++', ldflags ='-s -L"C:\Strawberry\perl\lib\CORE" -L"C:\Strawberry\c\lib"'
libpth=C:\Strawberry\c\lib C:\Strawberry\c\i686-w64-mingw32\lib C:\Strawberry\c\lib\gcc\i686-w64-mingw32\4.7.3
libs=-lmoldname -lkernel32 -luser32 -lgdi32 -lwinspool -lcomdlg32 -ladvapi32 -lshell32 -lole32 -loleaut32 -lnetapi32 -luuid -lws2_32 -lmpr -lwinmm -lversion -lodbc32 -lodbccp32 -lcomctl32
perllibs=-lmoldname -lkernel32 -luser32 -lgdi32 -lwinspool -lcomdlg32 -ladvapi32 -lshell32 -lole32 -loleaut32 -lnetapi32 -luuid -lws2_32 -lmpr -lwinmm -lversion -lodbc32 -lodbccp32 -lcomctl32
libc=, so=dll, useshrplib=true, libperl=libperl518.a
gnulibc_version=''
Dynamic Linking:
dlsrc=dl_win32.xs, dlext=dll, d_dlsymun=undef, ccdlflags=' '
cccdlflags=' ', lddlflags='-mdll -s -L"C:\Strawberry\perl\lib\CORE" -L"C:\Strawberry\c\lib"'
Characteristics of this binary (from libperl):
Compile-time options: HAS_TIMES HAVE_INTERP_INTERN MULTIPLICITY
PERLIO_LAYERS PERL_DONT_CREATE_GVSV
PERL_HASH_FUNC_ONE_AT_A_TIME_HARD
PERL_IMPLICIT_CONTEXT PERL_IMPLICIT_SYS
PERL_MALLOC_WRAP PERL_PRESERVE_IVUV PERL_SAWAMPERSAND
USE_64_BIT_INT USE_ITHREADS USE_LARGE_FILES
USE_LOCALE USE_LOCALE_COLLATE USE_LOCALE_CTYPE
USE_LOCALE_NUMERIC USE_PERLIO USE_PERL_ATOF
Built under MSWin32
Compiled at Oct 2 2014 12:19:54
%ENV:
PERL5LIB="C:\home\journey\perl5\lib\perl5"
PERL5_CPANPLUS_IS_RUNNING="9412"
PERL5_CPAN_IS_RUNNING="9412"
PERL_LOCAL_LIB_ROOT="C:\home\journey\perl5"
PERL_MB_OPT="--install_base "C:\\home\\journey\\perl5""
PERL_MM_OPT="INSTALL_BASE=C:\\home\\journey\\perl5"
PERL_MM_USE_DEFAULT="1"
PERL_USE_UNSAFE_INC="1"
@INC:
C:\home\journey\perl5\lib\perl5/MSWin32-x86-multi-thread-64int
C:\home\journey\perl5\lib\perl5
C:/Strawberry/perl/site/lib
C:/Strawberry/perl/vendor/lib
C:/Strawberry/perl/lib
.