Test-Class-Moose v0.93 Perl 5 v5.10.0 armv6l-linux-thread-multi

Status
Fail
From
Nigel Horne
Dist
Test-Class-Moose v0.93
Platform
Perl 5 v5.10.0 armv6l-linux-thread-multi
Date
2018-08-15 03:52:50
ID
ae5da832-a03e-11e8-8fb1-ef5133556b3f
This distribution has been tested as part of the CPAN Testers
project, supporting the Perl programming language.  See
http://wiki.cpantesters.org/ for more information or email
questions to cpan-testers-discuss@perl.org


--
Dear Dave Rolsky,

This is a computer-generated report for Test-Class-Moose-0.93
on perl 5.10.0, created by CPAN-Reporter-1.2018.

Thank you for uploading your work to CPAN.  However, there was a problem
testing your distribution.

If you think this report is invalid, please consult the CPAN Testers Wiki
for suggestions on how to avoid getting FAIL reports for missing library
or binary dependencies, unsupported operating systems, and so on:

http://wiki.cpantesters.org/wiki/CPANAuthorNotes

Sections of this report:

    * Tester comments
    * Program output
    * Prerequisites
    * Environment and other context

------------------------------
TESTER COMMENTS
------------------------------

Additional comments from tester:

this report is from an automated smoke testing program
and was not reviewed by a human for accuracy

------------------------------
PROGRAM OUTPUT
------------------------------

Output from '/usr/bin/make test':

PERL_DL_NONLAZY=1 "/mnt/nas/home/pi2/njh/perl5/perlbrew/perls/perl-5.10.0/bin/perl" "-MExtUtils::Command::MM" "-MTest::Harness" "-e" "undef *Test::Harness::Switches; test_harness(0, 'blib/lib', 'blib/arch')" t/*.t
# 
# Versions for all modules listed in MYMETA.json (including optional ones):
# 
# === Configure Requires ===
# 
#     Module              Want Have
#     ------------------- ---- ----
#     ExtUtils::MakeMaker  any 7.30
# 
# === Build Requires ===
# 
#     Module              Want Have
#     ------------------- ---- ----
#     ExtUtils::MakeMaker  any 7.30
# 
# === Test Requires ===
# 
#     Module                    Want     Have
#     --------------------- -------- --------
#     ExtUtils::MakeMaker        any     7.30
#     File::Spec                 any     3.62
#     File::Temp                 any   0.2304
#     Test2::Tools::Basic        any 0.000100
#     Test2::Tools::Class        any 0.000100
#     Test2::Tools::Compare      any 0.000100
#     Test2::Tools::Subtest      any 0.000100
#     Test2::V0                  any 0.000100
#     Test::Builder              any 1.302136
#     Test::More            1.302015 1.302136
#     Test::Requires             any     0.07
#     Test::Warnings             any    0.026
#     lib                        any     0.63
# 
# === Test Recommends ===
# 
#     Module           Want     Have
#     ------------ -------- --------
#     CPAN::Meta   2.120900 2.150005
#     Test::Output   0.0005    1.031
# 
# === Runtime Requires ===
# 
#     Module                            Want     Have
#     ---------------------------- --------- --------
#     Benchmark                          any      1.1
#     Carp                               any     1.32
#     Class::MOP                         any   2.1204
#     Exporter                           any     5.68
#     File::Find                         any     1.12
#     File::Spec                         any     3.62
#     Import::Into                       any 1.002000
#     JSON                               any     2.90
#     List::SomeUtils                    any     0.52
#     List::Util                         any     1.49
#     Module::Runtime                    any    0.014
#     Module::Util                       any     1.09
#     Moose                           2.0000   2.1204
#     Moose::Role                     2.0000   2.1204
#     Moose::Util                        any   2.1204
#     Moose::Util::TypeConstraints       any   2.1204
#     MooseX::Getopt                    0.71     0.71
#     MooseX::Getopt::Dashes             any     0.71
#     Package::DeprecationManager       0.16     0.16
#     Parallel::ForkManager              any     1.18
#     Scalar::Util                       any     1.49
#     Sub::Attribute                     any     0.05
#     TAP::Formatter::Color             3.29     3.39
#     Test2                        1.1302118 1.302136
#     Test2::API                         any 1.302136
#     Test2::AsyncSubtest           0.000018 0.000100
#     Test2::IPC                         any 1.302136
#     Test2::Tools::AsyncSubtest         any 0.000100
#     Test::Most                         any     0.35
#     Try::Tiny                          any     0.19
#     namespace::autoclean               any     0.28
#     strict                             any     1.04
#     warnings                           any     1.06
# 
# === Runtime Recommends ===
# 
#     Module                  Want Have
#     --------------------- ------ ----
#     Parallel::ForkManager v0.7.6 1.18
# 
t/00-report-prereqs.t .......... ok

# Failed test 'no warnings from using Test::Class::Moose::Role with List::SomeUtils'
# at t/bare.t line 30.
# +------+----------------------+---------+----------------------+--------+
# | PATH | GOT                  | OP      | CHECK                | LNs    |
# +------+----------------------+---------+----------------------+--------+
# |      | ARRAY(0x1f77dc0)     |         | <ARRAY>              | 29, 29 |
# |      |                      |         |                      |        |
# | [0]  | v-string in use/requ | !exists | <DOES NOT EXIST>     |        |
# |      | ire non-portable at  |         |                      |        |
# |      | /mnt/nas/home/pi2/nj |         |                      |        |
# |      | h/.cpan/build/Test-C |         |                      |        |
# |      | lass-Moose-0.93-0/bl |         |                      |        |
# |      | ib/lib/Test/Class/Mo |         |                      |        |
# |      | ose/Role.pm line 9.\ |         |                      |        |
# |      | n                    |         |                      |        |
# +------+----------------------+---------+----------------------+--------+
# Seeded srand with seed '20180814' from local date.
# Looks like you failed 1 test of 2.
t/bare.t ....................... 
Dubious, test returned 1 (wstat 256, 0x100)
Failed 1/2 subtests 
v-string in use/require non-portable at /mnt/nas/home/pi2/njh/.cpan/build/Test-Class-Moose-0.93-0/blib/lib/Test/Class/Moose/Role/AutoUse.pm line 9.
v-string in use/require non-portable at /mnt/nas/home/pi2/njh/.cpan/build/Test-Class-Moose-0.93-0/blib/lib/Test/Class/Moose/Role/Reporting.pm line 9.
v-string in use/require non-portable at /mnt/nas/home/pi2/njh/.cpan/build/Test-Class-Moose-0.93-0/blib/lib/Test/Class/Moose/Role/HasTimeReport.pm line 9.
v-string in use/require non-portable at /mnt/nas/home/pi2/njh/.cpan/build/Test-Class-Moose-0.93-0/blib/lib/Test/Class/Moose/Role/Reporting.pm line 9.
v-string in use/require non-portable at /mnt/nas/home/pi2/njh/.cpan/build/Test-Class-Moose-0.93-0/blib/lib/Test/Class/Moose/Role/HasTimeReport.pm line 9.
t/bad_subclass.t ............... ok
t/autouse.t .................... ok
t/basic.t ...................... ok
v-string in use/require non-portable at /mnt/nas/home/pi2/njh/.cpan/build/Test-Class-Moose-0.93-0/blib/lib/Test/Class/Moose/Role/Reporting.pm line 9.
v-string in use/require non-portable at /mnt/nas/home/pi2/njh/.cpan/build/Test-Class-Moose-0.93-0/blib/lib/Test/Class/Moose/Role/HasTimeReport.pm line 9.
t/environment.t ................ ok
t/cli.t ........................ ok
t/executor_roles.t ............. ok
t/load.t ....................... ok
v-string in use/require non-portable at /mnt/nas/home/pi2/njh/.cpan/build/Test-Class-Moose-0.93-0/blib/lib/Test/Class/Moose/Role/Reporting.pm line 9.
v-string in use/require non-portable at /mnt/nas/home/pi2/njh/.cpan/build/Test-Class-Moose-0.93-0/blib/lib/Test/Class/Moose/Role/HasTimeReport.pm line 9.
t/include_classes.t ............ ok
v-string in use/require non-portable at /mnt/nas/home/pi2/njh/.cpan/build/Test-Class-Moose-0.93-0/blib/lib/Test/Class/Moose/Role/Reporting.pm line 9.
v-string in use/require non-portable at /mnt/nas/home/pi2/njh/.cpan/build/Test-Class-Moose-0.93-0/blib/lib/Test/Class/Moose/Role/HasTimeReport.pm line 9.
v-string in use/require non-portable at /mnt/nas/home/pi2/njh/.cpan/build/Test-Class-Moose-0.93-0/blib/lib/Test/Class/Moose/Role/Reporting.pm line 9.
v-string in use/require non-portable at /mnt/nas/home/pi2/njh/.cpan/build/Test-Class-Moose-0.93-0/blib/lib/Test/Class/Moose/Role/HasTimeReport.pm line 9.
t/no_tests_run.t ............... ok
v-string in use/require non-portable at /mnt/nas/home/pi2/njh/.cpan/build/Test-Class-Moose-0.93-0/blib/lib/Test/Class/Moose/Role/Reporting.pm line 9.
v-string in use/require non-portable at /mnt/nas/home/pi2/njh/.cpan/build/Test-Class-Moose-0.93-0/blib/lib/Test/Class/Moose/Role/HasTimeReport.pm line 9.
v-string in use/require non-portable at /mnt/nas/home/pi2/njh/.cpan/build/Test-Class-Moose-0.93-0/blib/lib/Test/Class/Moose/Role/ParameterizedInstances.pm line 9.
v-string in use/require non-portable at /mnt/nas/home/pi2/njh/.cpan/build/Test-Class-Moose-0.93-0/blib/lib/Test/Class/Moose/Role/Reporting.pm line 9.
v-string in use/require non-portable at /mnt/nas/home/pi2/njh/.cpan/build/Test-Class-Moose-0.93-0/blib/lib/Test/Class/Moose/Role/HasTimeReport.pm line 9.
......................XX..t/include_exclude.t ............ ok
t/non_randomize_classes.t ...... ok
v-string in use/require non-portable at /mnt/nas/home/pi2/njh/.cpan/build/Test-Class-Moose-0.93-0/blib/lib/Test/Class/Moose/Role/ParameterizedInstances.pm line 9.
v-string in use/require non-portable at /mnt/nas/home/pi2/njh/.cpan/build/Test-Class-Moose-0.93-0/blib/lib/Test/Class/Moose/Role/Reporting.pm line 9.
v-string in use/require non-portable at /mnt/nas/home/pi2/njh/.cpan/build/Test-Class-Moose-0.93-0/blib/lib/Test/Class/Moose/Role/HasTimeReport.pm line 9.
t/parameterized.t .............. ok
v-string in use/require non-portable at /mnt/nas/home/pi2/njh/.cpan/build/Test-Class-Moose-0.93-0/blib/lib/Test/Class/Moose/Role/AutoUse.pm line 9.
v-string in use/require non-portable at /mnt/nas/home/pi2/njh/.cpan/build/Test-Class-Moose-0.93-0/blib/lib/Test/Class/Moose/Role/Reporting.pm line 9.
v-string in use/require non-portable at /mnt/nas/home/pi2/njh/.cpan/build/Test-Class-Moose-0.93-0/blib/lib/Test/Class/Moose/Role/HasTimeReport.pm line 9.
v-string in use/require non-portable at /mnt/nas/home/pi2/njh/.cpan/build/Test-Class-Moose-0.93-0/blib/lib/Test/Class/Moose/Role/Reporting.pm line 9.
v-string in use/require non-portable at /mnt/nas/home/pi2/njh/.cpan/build/Test-Class-Moose-0.93-0/blib/lib/Test/Class/Moose/Role/HasTimeReport.pm line 9.
t/plans.t ...................... ok
v-string in use/require non-portable at /mnt/nas/home/pi2/njh/.cpan/build/Test-Class-Moose-0.93-0/blib/lib/Test/Class/Moose/Role/ParameterizedInstances.pm line 9.
v-string in use/require non-portable at /mnt/nas/home/pi2/njh/.cpan/build/Test-Class-Moose-0.93-0/blib/lib/Test/Class/Moose/Role/Reporting.pm line 9.
v-string in use/require non-portable at /mnt/nas/home/pi2/njh/.cpan/build/Test-Class-Moose-0.93-0/blib/lib/Test/Class/Moose/Role/HasTimeReport.pm line 9.
t/process_name.t ............... ok
t/reportpassed.t ............... ok
t/parallel.t ................... ok
v-string in use/require non-portable at /mnt/nas/home/pi2/njh/.cpan/build/Test-Class-Moose-0.93-0/blib/lib/Test/Class/Moose/Role/Reporting.pm line 9.
v-string in use/require non-portable at /mnt/nas/home/pi2/njh/.cpan/build/Test-Class-Moose-0.93-0/blib/lib/Test/Class/Moose/Role/HasTimeReport.pm line 9.
v-string in use/require non-portable at /mnt/nas/home/pi2/njh/.cpan/build/Test-Class-Moose-0.93-0/blib/lib/Test/Class/Moose/Role.pm line 9.
You can only consume roles, TestsFor::Basic::Role is not a Moose role at /home/njh/perl5/perlbrew/perls/perl-5.10.0/lib/site_perl/5.10.0/armv6l-linux-thread-multi/Moose/Exception.pm line 37
	Moose::Exception::_build_trace('Moose::Exception::CanOnlyConsumeRole=HASH(0x1cb0b00)') called at reader Moose::Exception::trace (defined at /home/njh/perl5/perlbrew/perls/perl-5.10.0/lib/site_perl/5.10.0/armv6l-linux-thread-multi/Moose/Exception.pm line 9) line 7
	Moose::Exception::trace('Moose::Exception::CanOnlyConsumeRole=HASH(0x1cb0b00)') called at /home/njh/perl5/perlbrew/perls/perl-5.10.0/lib/site_perl/5.10.0/armv6l-linux-thread-multi/Moose/Exception.pm line 49
	Moose::Exception::BUILD('Moose::Exception::CanOnlyConsumeRole=HASH(0x1cb0b00)', 'HASH(0x1cb08e0)') called at /home/njh/perl5/perlbrew/perls/perl-5.10.0/lib/site_perl/5.10.0/armv6l-linux-thread-multi/Class/MOP/Method.pm line 128
	Class::MOP::Method::execute('Moose::Meta::Method=HASH(0x1cb06c0)', 'Moose::Exception::CanOnlyConsumeRole=HASH(0x1cb0b00)', 'HASH(0x1cb08e0)') called at /home/njh/perl5/perlbrew/perls/perl-5.10.0/lib/site_perl/5.10.0/armv6l-linux-thread-multi/Moose/Object.pm line 56
	Moose::Object::BUILDALL('Moose::Exception::CanOnlyConsumeRole=HASH(0x1cb0b00)', 'HASH(0x1cb08e0)') called at /home/njh/perl5/perlbrew/perls/perl-5.10.0/lib/site_perl/5.10.0/armv6l-linux-thread-multi/Moose/Meta/Class.pm line 282
	Moose::Meta::Class::new_object('Moose::Meta::Class=HASH(0x1cb5148)', 'HASH(0x1cb08e0)') called at /home/njh/perl5/perlbrew/perls/perl-5.10.0/lib/site_perl/5.10.0/armv6l-linux-thread-multi/Moose/Object.pm line 27
	Moose::Object::new('Moose::Exception::CanOnlyConsumeRole', 'role_name', 'TestsFor::Basic::Role') called at /home/njh/perl5/perlbrew/perls/perl-5.10.0/lib/site_perl/5.10.0/armv6l-linux-thread-multi/Moose/Util.pm line 51
	Moose::Util::throw_exception('CanOnlyConsumeRole', 'role_name', 'TestsFor::Basic::Role') called at /home/njh/perl5/perlbrew/perls/perl-5.10.0/lib/site_perl/5.10.0/armv6l-linux-thread-multi/Moose/Util.pm line 145
	Moose::Util::_apply_all_roles('Moose::Meta::Class=HASH(0x1ca2238)', undef, 'TestsFor::Basic::Role') called at /home/njh/perl5/perlbrew/perls/perl-5.10.0/lib/site_perl/5.10.0/armv6l-linux-thread-multi/Moose/Util.pm line 108
	Moose::Util::apply_all_roles('Moose::Meta::Class=HASH(0x1ca2238)', 'TestsFor::Basic::Role') called at /home/njh/perl5/perlbrew/perls/perl-5.10.0/lib/site_perl/5.10.0/armv6l-linux-thread-multi/Moose.pm line 60
	Moose::with('Moose::Meta::Class=HASH(0x1ca2238)', 'TestsFor::Basic::Role') called at /home/njh/perl5/perlbrew/perls/perl-5.10.0/lib/site_perl/5.10.0/armv6l-linux-thread-multi/Moose/Exporter.pm line 405
	Moose::with('TestsFor::Basic::Role') called at t/taglib/TestsFor/Basic/WithRole.pm line 4
	require TestsFor/Basic/WithRole.pm at (eval 316) line 2
	Test::Class::Moose::Load::BEGIN at t/taglib/TestsFor/Basic/WithRole.pm line 0
	eval {...} at t/taglib/TestsFor/Basic/WithRole.pm line 0
	eval 'use TestsFor::Basic::WithRole ()
;' at /mnt/nas/home/pi2/njh/.cpan/build/Test-Class-Moose-0.93-0/blib/lib/Test/Class/Moose/Load.pm line 54
	Test::Class::Moose::Load::_load('Test::Class::Moose::Load', 't/taglib/TestsFor/Basic/WithRole.pm', 't/taglib') called at /mnt/nas/home/pi2/njh/.cpan/build/Test-Class-Moose-0.93-0/blib/lib/Test/Class/Moose/Load.pm line 68
	Test::Class::Moose::Load::__ANON__ at /home/njh/perl5/perlbrew/perls/perl-5.10.0/lib/5.10.0/File/Find.pm line 921
	File::Find::_find_dir('HASH(0x1906078)', 't/taglib', 3) called at /home/njh/perl5/perlbrew/perls/perl-5.10.0/lib/5.10.0/File/Find.pm line 717
	File::Find::_find_opt('HASH(0x1906078)', 't/taglib') called at /home/njh/perl5/perlbrew/perls/perl-5.10.0/lib/5.10.0/File/Find.pm line 1286
	File::Find::find('HASH(0x1906078)', 't/taglib') called at /mnt/nas/home/pi2/njh/.cpan/build/Test-Class-Moose-0.93-0/blib/lib/Test/Class/Moose/Load.pm line 73
	Test::Class::Moose::Load::import('Test::Class::Moose::Load', 't/taglib') called at t/tags.t line 8
	main::BEGIN at t/taglib/TestsFor/Basic/WithRole.pm line 0
	eval {...} at t/taglib/TestsFor/Basic/WithRole.pm line 0
Compilation failed in require at (eval 316) line 2.
BEGIN failed--compilation aborted at (eval 316) line 2.
BEGIN failed--compilation aborted at t/tags.t line 8.
# Seeded srand with seed '20180814' from local date.
t/tags.t ....................... 
Dubious, test returned 255 (wstat 65280, 0xff00)
No subtests run 
v-string in use/require non-portable at /mnt/nas/home/pi2/njh/.cpan/build/Test-Class-Moose-0.93-0/blib/lib/Test/Class/Moose/Role/Reporting.pm line 9.
v-string in use/require non-portable at /mnt/nas/home/pi2/njh/.cpan/build/Test-Class-Moose-0.93-0/blib/lib/Test/Class/Moose/Role/HasTimeReport.pm line 9.
v-string in use/require non-portable at /mnt/nas/home/pi2/njh/.cpan/build/Test-Class-Moose-0.93-0/blib/lib/Test/Class/Moose/Role/Reporting.pm line 9.
v-string in use/require non-portable at /mnt/nas/home/pi2/njh/.cpan/build/Test-Class-Moose-0.93-0/blib/lib/Test/Class/Moose/Role/HasTimeReport.pm line 9.
t/test_class_is_not_loaded.t ... ok
t/test_control_methods.t ....... ok
t/skip.t ....................... ok
v-string in use/require non-portable at /mnt/nas/home/pi2/njh/.cpan/build/Test-Class-Moose-0.93-0/blib/lib/Test/Class/Moose/Role/Reporting.pm line 9.
v-string in use/require non-portable at /mnt/nas/home/pi2/njh/.cpan/build/Test-Class-Moose-0.93-0/blib/lib/Test/Class/Moose/Role/HasTimeReport.pm line 9.
v-string in use/require non-portable at /mnt/nas/home/pi2/njh/.cpan/build/Test-Class-Moose-0.93-0/blib/lib/Test/Class/Moose/Role/Reporting.pm line 9.
v-string in use/require non-portable at /mnt/nas/home/pi2/njh/.cpan/build/Test-Class-Moose-0.93-0/blib/lib/Test/Class/Moose/Role/HasTimeReport.pm line 9.
t/timing.t ..................... ok
v-string in use/require non-portable at /mnt/nas/home/pi2/njh/.cpan/build/Test-Class-Moose-0.93-0/blib/lib/Test/Class/Moose/Role/Reporting.pm line 9.
v-string in use/require non-portable at /mnt/nas/home/pi2/njh/.cpan/build/Test-Class-Moose-0.93-0/blib/lib/Test/Class/Moose/Role/HasTimeReport.pm line 9.
t/todo.t ....................... ok
t/test_control_methods_skip.t .. ok

Test Summary Report
-------------------
t/bare.t                     (Wstat: 256 Tests: 2 Failed: 1)
  Failed test:  2
  Non-zero exit status: 1
t/tags.t                     (Wstat: 65280 Tests: 0 Failed: 0)
  Non-zero exit status: 255
  Parse errors: No plan found in TAP output
Files=25, Tests=207, 49 wallclock secs ( 2.67 usr  0.57 sys + 125.88 cusr 12.36 csys = 141.48 CPU)
Result: FAIL
Failed 2/25 test programs. 1/207 subtests failed.
Makefile:1027: recipe for target 'test_dynamic' failed
make: *** [test_dynamic] Error 255

------------------------------
PREREQUISITES
------------------------------

Prerequisite modules loaded:

requires:

    Module                       Need      Have    
    ---------------------------- --------- --------
    Benchmark                    0         1.1     
    Carp                         0         1.32    
    Class::MOP                   0         2.1204  
    Exporter                     0         5.68    
    File::Find                   0         1.12    
    File::Spec                   0         3.62    
    Import::Into                 0         1.002000
    JSON                         0         2.90    
    List::SomeUtils              0         0.52    
    List::Util                   0         1.49    
    Module::Runtime              0         0.014   
    Module::Util                 0         1.09    
    Moose                        2.0000    2.1204  
    Moose::Role                  2.0000    2.1204  
    Moose::Util                  0         2.1204  
    Moose::Util::TypeConstraints 0         2.1204  
    MooseX::Getopt               0.71      0.71    
    MooseX::Getopt::Dashes       0         0.71    
    namespace::autoclean         0         0.28    
    Package::DeprecationManager  0.16      0.16    
    Parallel::ForkManager        0         1.18    
    perl                         5.010000  5.010000
    Scalar::Util                 0         1.49    
    strict                       0         1.04    
    Sub::Attribute               0         0.05    
    TAP::Formatter::Color        3.29      3.39    
    Test2                        1.1302118 1.302136
    Test2::API                   0         1.302136
    Test2::AsyncSubtest          0.000018  0.000100
    Test2::IPC                   0         1.302136
    Test2::Tools::AsyncSubtest   0         0.000100
    Test::Most                   0         0.35    
    Try::Tiny                    0         0.19    
    warnings                     0         1.06    

build_requires:

    Module                       Need      Have    
    ---------------------------- --------- --------
    ExtUtils::MakeMaker          0         7.30    
    File::Spec                   0         3.62    
    File::Temp                   0         0.2304  
    lib                          0         0.63    
    Test2::Tools::Basic          0         0.000100
    Test2::Tools::Class          0         0.000100
    Test2::Tools::Compare        0         0.000100
    Test2::Tools::Subtest        0         0.000100
    Test2::V0                    0         0.000100
    Test::Builder                0         1.302136
    Test::More                   1.302015  1.302136
    Test::Requires               0         0.07    
    Test::Warnings               0         0.026   

configure_requires:

    Module                       Need      Have    
    ---------------------------- --------- --------
    ExtUtils::MakeMaker          0         7.30    


------------------------------
ENVIRONMENT AND OTHER CONTEXT
------------------------------

Environment variables:

    AUTOMATED_TESTING = 1
    HARNESS_OPTIONS = j4
    LANG = en_GB.UTF-8
    PATH = /home/njh/perl5/perlbrew/bin:/home/njh/perl5/perlbrew/perls/perl-5.10.0/bin:/home/njh/src/njh/smoker/bin:/usr/bin:/bin
    PERL5LIB = 
    PERL5OPT = 
    PERL5_CPANPLUS_IS_RUNNING = 25042
    PERL5_CPAN_IS_RUNNING = 25042
    PERLBREW_BASHRC_VERSION = 0.80
    PERLBREW_HOME = /home/njh/.perlbrew
    PERLBREW_MANPATH = /home/njh/perl5/perlbrew/perls/perl-5.10.0/man
    PERLBREW_PATH = /home/njh/perl5/perlbrew/bin:/home/njh/perl5/perlbrew/perls/perl-5.10.0/bin
    PERLBREW_PERL = perl-5.10.0
    PERLBREW_ROOT = /home/njh/perl5/perlbrew
    PERLBREW_VERSION = 0.80
    SHELL = /bin/sh
    TEMP = /tmp/user/1000
    TMPDIR = /tmp/user/1000/testwrapper.25030

Perl special variables (and OS-specific diagnostics, for MSWin32):

    $^X = /mnt/nas/home/pi2/njh/perl5/perlbrew/perls/perl-5.10.0/bin/perl
    $UID/$EUID = 1000 / 1000
    $GID = 1000 4 20 24 25 27 29 30 44 46 60 100 101 108 997 998 999 1000
    $EGID = 1000 4 20 24 25 27 29 30 44 46 60 100 101 108 997 998 999 1000

Perl module toolchain versions installed:

    Module              Have    
    ------------------- --------
    CPAN                2.16    
    CPAN::Meta          2.150005
    Cwd                 3.62    
    ExtUtils::CBuilder  0.280226
    ExtUtils::Command   7.30    
    ExtUtils::Install   2.06    
    ExtUtils::MakeMaker 7.30    
    ExtUtils::Manifest  1.70    
    ExtUtils::ParseXS   3.22    
    File::Spec          3.62    
    JSON                2.90    
    JSON::PP            2.27400 
    Module::Build       0.4224  
    Module::Signature   0.73    
    Parse::CPAN::Meta   1.4422  
    Test::Harness       3.39    
    Test::More          1.302136
    YAML                1.24    
    YAML::Syck          1.30    
    version             0.9908  


--

Summary of my perl5 (revision 5 version 10 subversion 0) configuration:
  Platform:
    osname=linux, osvers=3.2.27+, archname=armv6l-linux-thread-multi
    uname='linux pi 3.2.27+ #250 preempt thu oct 18 19:03:02 bst 2012 armv6l gnulinux '
    config_args='-de -Dprefix=/home/njh/perl5/perlbrew/perls/perl-5.10.0 -Duseithreads -Dusemultiplicity -Accflags=-Os -W -Wformat=2 -Wswitch -Wshadow -Wwrite-strings -Wuninitialized -Wall -pipe -fomit-frame-pointer -pedantic -D_FORTIFY_SOURCE=2 -Wpointer-arith -Wstrict-prototypes -fstack-protector -Wstack-protector -Wextra -Wbad-function-cast -Wcast-align -Wcast-qual -Wdisabled-optimization -Wendif-labels -Wfloat-equal -Wformat-nonliteral -Winline -Wmissing-declarations -Wmissing-prototypes -Wnested-externs -Wpointer-arith -Wundef -Wformat-security -Aeval:scriptdir=/home/njh/perl5/perlbrew/perls/perl-5.10.0/bin'
    hint=recommended, useposix=true, d_sigaction=define
    useithreads=define, usemultiplicity=define
    useperlio=define, d_sfio=undef, uselargefiles=define, usesocks=undef
    use64bitint=undef, use64bitall=undef, uselongdouble=undef
    usemymalloc=n, bincompat5005=undef
  Compiler:
    cc='cc', ccflags ='-D_REENTRANT -D_GNU_SOURCE -Os -W -Wformat=2 -Wswitch -Wshadow -Wwrite-strings -Wuninitialized -Wall -pipe -fomit-frame-pointer -pedantic -D_FORTIFY_SOURCE=2 -Wpointer-arith -Wstrict-prototypes -fstack-protector -Wstack-protector -Wextra -Wbad-function-cast -Wcast-align -Wcast-qual -Wdisabled-optimization -Wendif-labels -Wfloat-equal -Wformat-nonliteral -Winline -Wmissing-declarations -Wmissing-prototypes -Wnested-externs -Wpointer-arith -Wundef -Wformat-security -fno-strict-aliasing -I/usr/local/include -D_LARGEFILE_SOURCE -D_FILE_OFFSET_BITS=64',
    optimize='-O2',
    cppflags='-D_REENTRANT -D_GNU_SOURCE -Os -W -Wformat=2 -Wswitch -Wshadow -Wwrite-strings -Wuninitialized -Wall -pipe -fomit-frame-pointer -pedantic -D_FORTIFY_SOURCE=2 -Wpointer-arith -Wstrict-prototypes -fstack-protector -Wstack-protector -Wextra -Wbad-function-cast -Wcast-align -Wcast-qual -Wdisabled-optimization -Wendif-labels -Wfloat-equal -Wformat-nonliteral -Winline -Wmissing-declarations -Wmissing-prototypes -Wnested-externs -Wpointer-arith -Wundef -Wformat-security -fno-strict-aliasing -I/usr/local/include'
    ccversion='', gccversion='4.6.3', gccosandvers=''
    intsize=4, longsize=4, ptrsize=4, doublesize=8, byteorder=1234
    d_longlong=define, longlongsize=8, d_longdbl=define, longdblsize=8
    ivtype='long', ivsize=4, nvtype='double', nvsize=8, Off_t='off_t', lseeksize=8
    alignbytes=8, prototype=define
  Linker and Libraries:
    ld='cc', ldflags =' -L/usr/local/lib'
    libpth=/usr/local/lib /lib/arm-linux-gnueabihf /lib /usr/lib/arm-linux-gnueabihf /usr/lib
    libs=-lnsl -lgdbm -ldb -ldl -lm -lcrypt -lutil -lpthread -lc -lgdbm_compat
    perllibs=-lnsl -ldl -lm -lcrypt -lutil -lpthread -lc -lgdbm_compat
    libc=, so=so, useshrplib=false, libperl=libperl.a
    gnulibc_version='2.13'
  Dynamic Linking:
    dlsrc=dl_dlopen.xs, dlext=so, d_dlsymun=undef, ccdlflags='-Wl,-E'
    cccdlflags='-fPIC', lddlflags='-shared -O2 -L/usr/local/lib'


Characteristics of this binary (from libperl): 
  Compile-time options: MULTIPLICITY PERL_DONT_CREATE_GVSV
                        PERL_IMPLICIT_CONTEXT PERL_MALLOC_WRAP USE_ITHREADS
                        USE_LARGE_FILES USE_PERLIO USE_REENTRANT_API
  Built under linux
  Compiled at Feb 11 2013 07:33:34
  %ENV:
    PERL5LIB=""
    PERL5OPT=""
    PERL5_CPANPLUS_IS_RUNNING="25042"
    PERL5_CPAN_IS_RUNNING="25042"
    PERLBREW_BASHRC_VERSION="0.80"
    PERLBREW_HOME="/home/njh/.perlbrew"
    PERLBREW_MANPATH="/home/njh/perl5/perlbrew/perls/perl-5.10.0/man"
    PERLBREW_PATH="/home/njh/perl5/perlbrew/bin:/home/njh/perl5/perlbrew/perls/perl-5.10.0/bin"
    PERLBREW_PERL="perl-5.10.0"
    PERLBREW_ROOT="/home/njh/perl5/perlbrew"
    PERLBREW_VERSION="0.80"
  @INC:
    /home/njh/perl5/perlbrew/perls/perl-5.10.0/lib/5.10.0/armv6l-linux-thread-multi
    /home/njh/perl5/perlbrew/perls/perl-5.10.0/lib/5.10.0
    /home/njh/perl5/perlbrew/perls/perl-5.10.0/lib/site_perl/5.10.0/armv6l-linux-thread-multi
    /home/njh/perl5/perlbrew/perls/perl-5.10.0/lib/site_perl/5.10.0
    .