Report for Bolts-0.143171

Back
From: metabase:user:320bfe00-2aae-11df-837a-5e0a49663a4f
Subject: NA Bolts-0.143171 v5.8.1 GNU/Linux
Date: 2017-03-10T06:49:16Z

This distribution has been tested as part of the CPAN Testers
project, supporting the Perl programming language.  See
http://wiki.cpantesters.org/ for more information or email
questions to cpan-testers-discuss@perl.org


--
Dear Andrew Sterling Hanenkamp,

This is a computer-generated report for Bolts-0.143171
on perl 5.8.1, created by CPAN-Reporter-1.2018.

Thank you for uploading your work to CPAN.  While attempting to build or test
this distribution, the distribution signaled that support is not available
either for this operating system or this version of Perl.  Nevertheless, any
diagnostic output produced is provided below for reference.  If this is not
what you expect, you may wish to consult the CPAN Testers Wiki:

http://wiki.cpantesters.org/wiki/CPANAuthorNotes

Sections of this report:

    * Tester comments
    * Program output
    * Prerequisites
    * Environment and other context

------------------------------
TESTER COMMENTS
------------------------------

Additional comments from tester:

this report is from an automated smoke testing program
and was not reviewed by a human for accuracy

------------------------------
PROGRAM OUTPUT
------------------------------

Output from '/usr/bin/make test':

PERL_DL_NONLAZY=1 "/home/sand/src/perl/repoperls/installed-perls/host/k93msid/perl-5.8.1/a927/bin/perl" "-MExtUtils::Command::MM" "-MTest::Harness" "-e" "undef *Test::Harness::Switches; test_harness(0, 'blib/lib', 'blib/arch')" t/*.t
Can't locate Moose.pm in @INC (@INC contains: /tmp/loop_over_bdir-28676-6SRpym/Bolts-0.143171-0/blib/lib /tmp/loop_over_bdir-28676-6SRpym/Bolts-0.143171-0/blib/arch /home/sand/src/perl/repoperls/installed-perls/host/k93msid/perl-5.8.1/a927/lib/5.8.1/x86_64-linux-thread-multi /home/sand/src/perl/repoperls/installed-perls/host/k93msid/perl-5.8.1/a927/lib/5.8.1 /home/sand/src/perl/repoperls/installed-perls/host/k93msid/perl-5.8.1/a927/lib/site_perl/5.8.1/x86_64-linux-thread-multi /home/sand/src/perl/repoperls/installed-perls/host/k93msid/perl-5.8.1/a927/lib/site_perl/5.8.1 /home/sand/src/perl/repoperls/installed-perls/host/k93msid/perl-5.8.1/a927/lib/site_perl .) at /tmp/loop_over_bdir-28676-6SRpym/Bolts-0.143171-0/blib/lib/Bolts.pm line 5.
BEGIN failed--compilation aborted at /tmp/loop_over_bdir-28676-6SRpym/Bolts-0.143171-0/blib/lib/Bolts.pm line 5.
Compilation failed in require at t/bad-index-key.t line 9.
BEGIN failed--compilation aborted at t/bad-index-key.t line 9.
# Looks like your test exited with 2 before it could output anything.
t/bad-index-key.t ......... 
Dubious, test returned 2 (wstat 512, 0x200)
Failed 6/6 subtests 
Can't locate Moose.pm in @INC (@INC contains: /tmp/loop_over_bdir-28676-6SRpym/Bolts-0.143171-0/blib/lib /tmp/loop_over_bdir-28676-6SRpym/Bolts-0.143171-0/blib/arch /home/sand/src/perl/repoperls/installed-perls/host/k93msid/perl-5.8.1/a927/lib/5.8.1/x86_64-linux-thread-multi /home/sand/src/perl/repoperls/installed-perls/host/k93msid/perl-5.8.1/a927/lib/5.8.1 /home/sand/src/perl/repoperls/installed-perls/host/k93msid/perl-5.8.1/a927/lib/site_perl/5.8.1/x86_64-linux-thread-multi /home/sand/src/perl/repoperls/installed-perls/host/k93msid/perl-5.8.1/a927/lib/site_perl/5.8.1 /home/sand/src/perl/repoperls/installed-perls/host/k93msid/perl-5.8.1/a927/lib/site_perl .) at t/bag-acquire_all.t line 9.
BEGIN failed--compilation aborted at t/bag-acquire_all.t line 9.
# Looks like your test exited with 2 before it could output anything.
t/bag-acquire_all.t ....... 
Dubious, test returned 2 (wstat 512, 0x200)
Failed 6/6 subtests 
Perl v5.10.0 required--this is only v5.8.1, stopped at t/bag-dep.t line 2.
BEGIN failed--compilation aborted at t/bag-dep.t line 2.
t/bag-dep.t ............... 
Dubious, test returned 9 (wstat 2304, 0x900)
No subtests run 
Perl v5.10.0 required--this is only v5.8.1, stopped at t/bag-nest.t line 2.
BEGIN failed--compilation aborted at t/bag-nest.t line 2.
t/bag-nest.t .............. 
Dubious, test returned 9 (wstat 2304, 0x900)
No subtests run 
Can't locate Moose.pm in @INC (@INC contains: /tmp/loop_over_bdir-28676-6SRpym/Bolts-0.143171-0/blib/lib /tmp/loop_over_bdir-28676-6SRpym/Bolts-0.143171-0/blib/arch /home/sand/src/perl/repoperls/installed-perls/host/k93msid/perl-5.8.1/a927/lib/5.8.1/x86_64-linux-thread-multi /home/sand/src/perl/repoperls/installed-perls/host/k93msid/perl-5.8.1/a927/lib/5.8.1 /home/sand/src/perl/repoperls/installed-perls/host/k93msid/perl-5.8.1/a927/lib/site_perl/5.8.1/x86_64-linux-thread-multi /home/sand/src/perl/repoperls/installed-perls/host/k93msid/perl-5.8.1/a927/lib/site_perl/5.8.1 /home/sand/src/perl/repoperls/installed-perls/host/k93msid/perl-5.8.1/a927/lib/site_perl .) at /tmp/loop_over_bdir-28676-6SRpym/Bolts-0.143171-0/blib/lib/Bolts.pm line 5.
BEGIN failed--compilation aborted at /tmp/loop_over_bdir-28676-6SRpym/Bolts-0.143171-0/blib/lib/Bolts.pm line 5.
Compilation failed in require at t/bag.t line 6.
BEGIN failed--compilation aborted at t/bag.t line 6.
# Looks like your test exited with 2 before it could output anything.
t/bag.t ................... 
Dubious, test returned 2 (wstat 512, 0x200)
Failed 11/11 subtests 
Can't locate Moose.pm in @INC (@INC contains: /tmp/loop_over_bdir-28676-6SRpym/Bolts-0.143171-0/blib/lib /tmp/loop_over_bdir-28676-6SRpym/Bolts-0.143171-0/blib/arch /home/sand/src/perl/repoperls/installed-perls/host/k93msid/perl-5.8.1/a927/lib/5.8.1/x86_64-linux-thread-multi /home/sand/src/perl/repoperls/installed-perls/host/k93msid/perl-5.8.1/a927/lib/5.8.1 /home/sand/src/perl/repoperls/installed-perls/host/k93msid/perl-5.8.1/a927/lib/site_perl/5.8.1/x86_64-linux-thread-multi /home/sand/src/perl/repoperls/installed-perls/host/k93msid/perl-5.8.1/a927/lib/site_perl/5.8.1 /home/sand/src/perl/repoperls/installed-perls/host/k93msid/perl-5.8.1/a927/lib/site_perl .) at /tmp/loop_over_bdir-28676-6SRpym/Bolts-0.143171-0/blib/lib/Bolts/Util.pm line 5.
BEGIN failed--compilation aborted at /tmp/loop_over_bdir-28676-6SRpym/Bolts-0.143171-0/blib/lib/Bolts/Util.pm line 5.
Compilation failed in require at t/basic.t line 7.
BEGIN failed--compilation aborted at t/basic.t line 7.
# Looks like your test exited with 2 before it could output anything.
t/basic.t ................. 
Dubious, test returned 2 (wstat 512, 0x200)
Failed 17/17 subtests 
Perl v5.10.0 required--this is only v5.8.1, stopped at t/dependencies.t line 2.
BEGIN failed--compilation aborted at t/dependencies.t line 2.
t/dependencies.t .......... 
Dubious, test returned 9 (wstat 2304, 0x900)
No subtests run 
Perl v5.10.0 required--this is only v5.8.1, stopped at t/infer.t line 2.
BEGIN failed--compilation aborted at t/infer.t line 2.
t/infer.t ................. 
Dubious, test returned 9 (wstat 2304, 0x900)
No subtests run 
Can't locate Moose.pm in @INC (@INC contains: /tmp/loop_over_bdir-28676-6SRpym/Bolts-0.143171-0/blib/lib /tmp/loop_over_bdir-28676-6SRpym/Bolts-0.143171-0/blib/arch /home/sand/src/perl/repoperls/installed-perls/host/k93msid/perl-5.8.1/a927/lib/5.8.1/x86_64-linux-thread-multi /home/sand/src/perl/repoperls/installed-perls/host/k93msid/perl-5.8.1/a927/lib/5.8.1 /home/sand/src/perl/repoperls/installed-perls/host/k93msid/perl-5.8.1/a927/lib/site_perl/5.8.1/x86_64-linux-thread-multi /home/sand/src/perl/repoperls/installed-perls/host/k93msid/perl-5.8.1/a927/lib/site_perl/5.8.1 /home/sand/src/perl/repoperls/installed-perls/host/k93msid/perl-5.8.1/a927/lib/site_perl .) at /tmp/loop_over_bdir-28676-6SRpym/Bolts-0.143171-0/blib/lib/Bolts/Util.pm line 5.
BEGIN failed--compilation aborted at /tmp/loop_over_bdir-28676-6SRpym/Bolts-0.143171-0/blib/lib/Bolts/Util.pm line 5.
Compilation failed in require at t/initializer.t line 6.
BEGIN failed--compilation aborted at t/initializer.t line 6.
# Looks like your test exited with 2 before it could output anything.
t/initializer.t ........... 
Dubious, test returned 2 (wstat 512, 0x200)
Failed 4/4 subtests 
Can't locate Moose.pm in @INC (@INC contains: /tmp/loop_over_bdir-28676-6SRpym/Bolts-0.143171-0/blib/lib /tmp/loop_over_bdir-28676-6SRpym/Bolts-0.143171-0/blib/arch /home/sand/src/perl/repoperls/installed-perls/host/k93msid/perl-5.8.1/a927/lib/5.8.1/x86_64-linux-thread-multi /home/sand/src/perl/repoperls/installed-perls/host/k93msid/perl-5.8.1/a927/lib/5.8.1 /home/sand/src/perl/repoperls/installed-perls/host/k93msid/perl-5.8.1/a927/lib/site_perl/5.8.1/x86_64-linux-thread-multi /home/sand/src/perl/repoperls/installed-perls/host/k93msid/perl-5.8.1/a927/lib/site_perl/5.8.1 /home/sand/src/perl/repoperls/installed-perls/host/k93msid/perl-5.8.1/a927/lib/site_perl .) at /tmp/loop_over_bdir-28676-6SRpym/Bolts-0.143171-0/blib/lib/Bolts.pm line 5.
BEGIN failed--compilation aborted at /tmp/loop_over_bdir-28676-6SRpym/Bolts-0.143171-0/blib/lib/Bolts.pm line 5.
Compilation failed in require at t/inject-bypos.t line 9.
BEGIN failed--compilation aborted at t/inject-bypos.t line 9.
# Looks like your test exited with 2 before it could output anything.
t/inject-bypos.t .......... 
Dubious, test returned 2 (wstat 512, 0x200)
Failed 3/3 subtests 
Can't locate Moose.pm in @INC (@INC contains: /tmp/loop_over_bdir-28676-6SRpym/Bolts-0.143171-0/blib/lib /tmp/loop_over_bdir-28676-6SRpym/Bolts-0.143171-0/blib/arch /home/sand/src/perl/repoperls/installed-perls/host/k93msid/perl-5.8.1/a927/lib/5.8.1/x86_64-linux-thread-multi /home/sand/src/perl/repoperls/installed-perls/host/k93msid/perl-5.8.1/a927/lib/5.8.1 /home/sand/src/perl/repoperls/installed-perls/host/k93msid/perl-5.8.1/a927/lib/site_perl/5.8.1/x86_64-linux-thread-multi /home/sand/src/perl/repoperls/installed-perls/host/k93msid/perl-5.8.1/a927/lib/site_perl/5.8.1 /home/sand/src/perl/repoperls/installed-perls/host/k93msid/perl-5.8.1/a927/lib/site_perl .) at t/opaque.t line 9.
BEGIN failed--compilation aborted at t/opaque.t line 9.
# Looks like your test exited with 2 before it could output anything.
t/opaque.t ................ 
Dubious, test returned 2 (wstat 512, 0x200)
Failed 5/5 subtests 
t/release-pod-coverage.t .. skipped: these tests are for release candidate testing
t/release-pod-syntax.t .... skipped: these tests are for release candidate testing

Test Summary Report
-------------------
t/bad-index-key.t       (Wstat: 512 Tests: 0 Failed: 0)
  Non-zero exit status: 2
  Parse errors: Bad plan.  You planned 6 tests but ran 0.
t/bag-acquire_all.t     (Wstat: 512 Tests: 0 Failed: 0)
  Non-zero exit status: 2
  Parse errors: Bad plan.  You planned 6 tests but ran 0.
t/bag-dep.t             (Wstat: 2304 Tests: 0 Failed: 0)
  Non-zero exit status: 9
  Parse errors: No plan found in TAP output
t/bag-nest.t            (Wstat: 2304 Tests: 0 Failed: 0)
  Non-zero exit status: 9
  Parse errors: No plan found in TAP output
t/bag.t                 (Wstat: 512 Tests: 0 Failed: 0)
  Non-zero exit status: 2
  Parse errors: Bad plan.  You planned 11 tests but ran 0.
t/basic.t               (Wstat: 512 Tests: 0 Failed: 0)
  Non-zero exit status: 2
  Parse errors: Bad plan.  You planned 17 tests but ran 0.
t/dependencies.t        (Wstat: 2304 Tests: 0 Failed: 0)
  Non-zero exit status: 9
  Parse errors: No plan found in TAP output
t/infer.t               (Wstat: 2304 Tests: 0 Failed: 0)
  Non-zero exit status: 9
  Parse errors: No plan found in TAP output
t/initializer.t         (Wstat: 512 Tests: 0 Failed: 0)
  Non-zero exit status: 2
  Parse errors: Bad plan.  You planned 4 tests but ran 0.
t/inject-bypos.t        (Wstat: 512 Tests: 0 Failed: 0)
  Non-zero exit status: 2
  Parse errors: Bad plan.  You planned 3 tests but ran 0.
t/opaque.t              (Wstat: 512 Tests: 0 Failed: 0)
  Non-zero exit status: 2
  Parse errors: Bad plan.  You planned 5 tests but ran 0.
Files=13, Tests=0,  1 wallclock secs ( 0.03 usr  0.09 sys +  0.31 cusr  0.07 csys =  0.50 CPU)
Result: FAIL
Failed 11/13 test programs. 0/0 subtests failed.
Makefile:1027: recipe for target 'test_dynamic' failed
make: *** [test_dynamic] Error 255

------------------------------
PREREQUISITES
------------------------------

Prerequisite modules loaded:

requires:

    Module                       Need Have    
    ---------------------------- ---- --------
    Carp                         0    1.38    
    Class::Load                  0    0.23    
  ! Hash::Util::FieldHash        0    n/a     
    List::MoreUtils              0    0.416   
  ! Moose                        0    n/a     
  ! Moose::Exporter              0    n/a     
  ! Moose::Role                  0    n/a     
  ! Moose::Util                  0    n/a     
  ! Moose::Util::MetaRole        0    n/a     
  ! Moose::Util::TypeConstraints 0    n/a     
    Safe::Isa                    0    1.000006
    Scalar::Util                 0    1.47    

build_requires:

    Module                       Need Have    
    ---------------------------- ---- --------
    ExtUtils::MakeMaker          0    7.25_01 
    lib                          0    0.5565  
    List::Util                   0    1.47    
    strict                       0    1.03    
    Test::More                   0    1.302077
    vars                         0    1.01    
    warnings                     0    1.03    

configure_requires:

    Module                       Need Have    
    ---------------------------- ---- --------
    ExtUtils::MakeMaker          6.30 7.25_01 


------------------------------
ENVIRONMENT AND OTHER CONTEXT
------------------------------

Environment variables:

    AUTOMATED_TESTING = 1
    LANG = en_US.UTF-8
    PATH = /home/sand/bin:/usr/local/bin:/usr/bin:/bin:/usr/games:/usr/local/perl/bin:/usr/X11/bin:/sbin:/usr/sbin
    PERL5LIB = 
    PERL5OPT = 
    PERL5_CPANPLUS_IS_RUNNING = 28717
    PERL5_CPAN_IS_RUNNING = 28717
    PERL_CANARY_STABILITY_NOPROMPT = 1
    PERL_MM_USE_DEFAULT = 1
    PERL_USE_UNSAFE_INC = 1
    SHELL = /usr/bin/zsh
    TERM = screen

Perl special variables (and OS-specific diagnostics, for MSWin32):

    $^X = /home/sand/src/perl/repoperls/installed-perls/host/k93msid/perl-5.8.1/a927/bin/perl
    $UID/$EUID = 1005 / 1005
    $GID = 1005 1005
    $EGID = 1005 1005

Perl module toolchain versions installed:

    Module              Have    
    ------------------- --------
    CPAN                2.17    
    CPAN::Meta          2.150010
    Cwd                 3.62    
    ExtUtils::CBuilder  0.280224
    ExtUtils::Command   7.25_01 
    ExtUtils::Install   1.54    
    ExtUtils::MakeMaker 7.25_01 
    ExtUtils::Manifest  1.70    
    ExtUtils::ParseXS   3.30    
    File::Spec          3.62    
    JSON                2.90    
    JSON::PP            2.27400 
    Module::Build       0.4220  
    Module::Signature   0.81    
    Parse::CPAN::Meta   2.150010
    Test::Harness       3.37_01 
    Test::More          1.302077
    YAML                1.23    
    YAML::Syck          1.29    
    version             0.9917  


--

Summary of my perl5 (revision 5.0 version 8 subversion 1) configuration:
  Platform:
    osname=linux, osvers=4.8.0-2-amd64, archname=x86_64-linux-thread-multi
    uname='linux k93msid 4.8.0-2-amd64 #1 smp debian 4.8.11-1 (2016-12-02) x86_64 gnulinux '
    config_args='-Dprefix=/home/sand/src/perl/repoperls/installed-perls/host/k93msid/perl-5.8.1/a927 -Dmyhostname=k93msid -Dinstallusrbinperl=n -Uversiononly -Dusedevel -des -Ui_db -Dlibswanted=cl pthread socket inet nsl gdbm dbm malloc dl ld sun m crypt sec util c cposix posix ucb BSD gdbm_compat -Duseithreads -Uuselongdouble'
    hint=recommended, useposix=true, d_sigaction=define
    usethreads=define use5005threads=undef useithreads=define usemultiplicity=define
    useperlio=define d_sfio=undef uselargefiles=define usesocks=undef
    use64bitint=define use64bitall=define uselongdouble=undef
    usemymalloc=n, bincompat5005=undef
  Compiler:
    cc='cc', ccflags ='-D_REENTRANT -D_GNU_SOURCE -fno-strict-aliasing -I/usr/local/include -D_LARGEFILE_SOURCE -D_FILE_OFFSET_BITS=64',
    optimize='-O2',
    cppflags='-D_REENTRANT -D_GNU_SOURCE -fno-strict-aliasing -I/usr/local/include'
    ccversion='', gccversion='6.2.1 20161124', gccosandvers=''
    intsize=4, longsize=8, ptrsize=8, doublesize=8, byteorder=12345678
    d_longlong=define, longlongsize=8, d_longdbl=define, longdblsize=16
    ivtype='long', ivsize=8, nvtype='double', nvsize=8, Off_t='off_t', lseeksize=8
    alignbytes=8, prototype=define
  Linker and Libraries:
    ld='cc', ldflags =' -L/usr/local/lib'
    libpth=/usr/local/lib /lib/x86_64-linux-gnu /lib/../lib /usr/lib/x86_64-linux-gnu /usr/lib/../lib /lib /usr/lib
    libs=-lpthread -lnsl -ldl -lm -lcrypt -lutil -lc
    perllibs=-lpthread -lnsl -ldl -lm -lcrypt -lutil -lc
    libc=libc-2.24.so, so=so, useshrplib=false, libperl=libperl.a
    gnulibc_version='2.24'
  Dynamic Linking:
    dlsrc=dl_dlopen.xs, dlext=so, d_dlsymun=undef, ccdlflags='-rdynamic'
    cccdlflags='-fpic', lddlflags='-shared -L/usr/local/lib'


Characteristics of this binary (from libperl): 
  Compile-time options: MULTIPLICITY USE_ITHREADS USE_64_BIT_INT USE_64_BIT_ALL USE_LARGE_FILES PERL_IMPLICIT_CONTEXT
  Built under linux
  Compiled at Dec 18 2016 22:23:27
  %ENV:
    PERL5LIB=""
    PERL5OPT=""
    PERL5_CPANPLUS_IS_RUNNING="28717"
    PERL5_CPAN_IS_RUNNING="28717"
    PERL_CANARY_STABILITY_NOPROMPT="1"
    PERL_MM_USE_DEFAULT="1"
    PERL_USE_UNSAFE_INC="1"
  @INC:
    /home/sand/src/perl/repoperls/installed-perls/host/k93msid/perl-5.8.1/a927/lib/5.8.1/x86_64-linux-thread-multi
    /home/sand/src/perl/repoperls/installed-perls/host/k93msid/perl-5.8.1/a927/lib/5.8.1
    /home/sand/src/perl/repoperls/installed-perls/host/k93msid/perl-5.8.1/a927/lib/site_perl/5.8.1/x86_64-linux-thread-multi
    /home/sand/src/perl/repoperls/installed-perls/host/k93msid/perl-5.8.1/a927/lib/site_perl/5.8.1
    /home/sand/src/perl/repoperls/installed-perls/host/k93msid/perl-5.8.1/a927/lib/site_perl
    .