Test-Unit v0.25 Perl 5 v5.20.0 darwin-thread-multi-2level

Status
Fail
From
Nigel Horne
Dist
Test-Unit v0.25
Platform
Perl 5 v5.20.0 darwin-thread-multi-2level
Date
2018-07-06 16:36:06
ID
adf9cd62-813a-11e8-b294-224ad07491a7
This distribution has been tested as part of the CPAN Testers
project, supporting the Perl programming language.  See
http://wiki.cpantesters.org/ for more information or email
questions to cpan-testers-discuss@perl.org


--
Dear Matthew Astley,

This is a computer-generated report for Test-Unit-0.25
on perl 5.20.0, created by CPAN-Reporter-1.2018.

Thank you for uploading your work to CPAN.  However, there was a problem
testing your distribution.

If you think this report is invalid, please consult the CPAN Testers Wiki
for suggestions on how to avoid getting FAIL reports for missing library
or binary dependencies, unsupported operating systems, and so on:

http://wiki.cpantesters.org/wiki/CPANAuthorNotes

Sections of this report:

    * Tester comments
    * Program output
    * Prerequisites
    * Environment and other context

------------------------------
TESTER COMMENTS
------------------------------

Additional comments from tester:

this report is from an automated smoke testing program
and was not reviewed by a human for accuracy

------------------------------
PROGRAM OUTPUT
------------------------------

Output from '/sw/bin/make test':

PERL_DL_NONLAZY=1 "/Users/hornenj/perl5/perlbrew/perls/perl-5.20.0/bin/perl" "-MExtUtils::Command::MM" "-MTest::Harness" "-e" "undef *Test::Harness::Switches; test_harness(0, 'blib/lib', 'blib/arch')" t/*.t

 > The STDERR redirection may not work or may behave differently under
 > your OS 'darwin'. That will probably cause this test to fail.
defined(@array) is deprecated at /Users/hornenj/.cpan/build/Test-Unit-0.25-0/blib/lib/Test/Unit/TestCase.pm line 106.
	(Maybe you should just omit the defined()?)
defined(@array) is deprecated at /Users/hornenj/.cpan/build/Test-Unit-0.25-0/blib/lib/Test/Unit/TestCase.pm line 106.
	(Maybe you should just omit the defined()?)
# Test 1 got: "defined(@array) is deprecated at /Users/hornenj/.cpan/build/Test-Unit-0.25-0/blib/lib/Test/Unit/TestCase.pm line 106.\n# \t(Maybe you should just omit the defined()?)\n# Suite setup\n# TEST-RUN-SUMMARY\n# \n# TIME-SUMMARY\n# \n# !!!FAILURES!!!\n# Test Results:\n# Run: 2, Failures: 1, Errors: 0\n# \n# There was 1 failure:\n# 1) examples/fail_example.pm:19 - test_fail(fail_example)\n# Born to lose ...\n# \n# Test was not successful.\n# " (t/try_examples.t at line 106)
#   Expected: "Suite setup\n# TEST-RUN-SUMMARY\n# \n# TIME-SUMMARY\n# \n# !!!FAILURES!!!\n# Test Results:\n# Run: 2, Failures: 1, Errors: 0\n# \n# There was 1 failure:\n# 1) examples/fail_example.pm:19 - test_fail(fail_example)\n# Born to lose ...\n# \n# Test was not successful.\n# "
#   Line 1 is changed:
#    - "Suite setup\n"
#    + "defined(@array) is deprecated at /Users/hornenj/.cpan/build/Test-Unit-0.25-0/blib/lib/Test/Unit/TestCase.pm line 106.\n"
#   Got 2 extra lines at line 2:
#    + "# \t(Maybe you should just omit the defined()?)\n"
#    + "# Suite setup\n"
#  t/try_examples.t line 106 is: 	ok($out, $guru_checked{$e});
# Test 2 got: "defined(@array) is deprecated at /Users/hornenj/.cpan/build/Test-Unit-0.25-0/blib/lib/Test/Unit/TestCase.pm line 106.\n# \t(Maybe you should just omit the defined()?)\n# ...\n# TIME-SUMMARY\n# \n# OK (3 tests)\n# " (t/try_examples.t at line 106 fail #2)
#   Expected: "...\n# TIME-SUMMARY\n# \n# OK (3 tests)\n# "
#   Line 1 is changed:
#    - "...\n"
#    + "defined(@array) is deprecated at /Users/hornenj/.cpan/build/Test-Unit-0.25-0/blib/lib/Test/Unit/TestCase.pm line 106.\n"
#   Got 2 extra lines at line 2:
#    + "# \t(Maybe you should just omit the defined()?)\n"
#    + "# ...\n"
# Test 3 got: "defined(@array) is deprecated at /Users/hornenj/.cpan/build/Test-Unit-0.25-0/blib/lib/Test/Unit/TestCase.pm line 106.\n# \t(Maybe you should just omit the defined()?)\n# ...\n# TIME-SUMMARY\n# \n# OK (3 tests)\n# " (t/try_examples.t at line 106 fail #3)
#   Expected: "...\n# TIME-SUMMARY\n# \n# OK (3 tests)\n# "
#   Line 1 is changed:
#    - "...\n"
#    + "defined(@array) is deprecated at /Users/hornenj/.cpan/build/Test-Unit-0.25-0/blib/lib/Test/Unit/TestCase.pm line 106.\n"
#   Got 2 extra lines at line 2:
#    + "# \t(Maybe you should just omit the defined()?)\n"
#    + "# ...\n"
# Test 4 got: "defined(@array) is deprecated at /Users/hornenj/.cpan/build/Test-Unit-0.25-0/blib/lib/Test/Unit/TestCase.pm line 106.\n# \t(Maybe you should just omit the defined()?)\n# ...\n# TIME-SUMMARY\n# \n# OK (3 tests)\n# " (t/try_examples.t at line 106 fail #4)
#   Expected: "...\n# TIME-SUMMARY\n# \n# OK (3 tests)\n# "
#   Line 1 is changed:
#    - "...\n"
#    + "defined(@array) is deprecated at /Users/hornenj/.cpan/build/Test-Unit-0.25-0/blib/lib/Test/Unit/TestCase.pm line 106.\n"
#   Got 2 extra lines at line 2:
#    + "# \t(Maybe you should just omit the defined()?)\n"
#    + "# ...\n"
t/try_examples.t .. 
Failed 4/4 subtests 
t/all_tests.t ..... ok
t/assert.t ........ 
Failed 2/40 subtests 

Test Summary Report
-------------------
t/try_examples.t (Wstat: 0 Tests: 4 Failed: 4)
  Failed tests:  1-4
t/assert.t      (Wstat: 0 Tests: 40 Failed: 2)
  Failed tests:  35, 39
Files=3, Tests=89,  0 wallclock secs ( 0.03 usr  0.00 sys +  0.80 cusr  0.09 csys =  0.92 CPU)
Result: FAIL
Failed 2/3 test programs. 6/89 subtests failed.
make: *** [Makefile:955: test_dynamic] Error 255

------------------------------
PREREQUISITES
------------------------------

Prerequisite modules loaded:

requires:

    Module              Need Have    
    ------------------- ---- --------
    base                1    2.23    
    Class::Inner        0    0.200001
    Devel::Symdump      0    2.18    
    Error               0    0.17025 

build_requires:

    Module              Need Have    
    ------------------- ---- --------
    ExtUtils::MakeMaker 0    7.30    


------------------------------
ENVIRONMENT AND OTHER CONTEXT
------------------------------

Environment variables:

    AUTOMATED_TESTING = 1
    HARNESS_OPTIONS = j4
    LANG = en_US.UTF-8
    LC_ALL = POSIX
    PATH = /Users/hornenj/perl5/perlbrew/bin:/Users/hornenj/perl5/perlbrew/perls/perl-5.20.0/bin:/Users/hornenj/homebrew/bin:/Users/hornenj/bin:/usr/bin:/bin:/usr/X11R6/bin:/sw/bin:/Users/hornenj/src/njh/smoker/bin
    PERL5LIB = /Users/hornenj/.cpan/build/Class-Inner-0.200001-0/blib/arch:/Users/hornenj/.cpan/build/Class-Inner-0.200001-0/blib/lib
    PERL5OPT = 
    PERL5_CPANPLUS_IS_RUNNING = 95368
    PERL5_CPAN_IS_RUNNING = 95368
    PERLBREW_HOME = /Users/hornenj/.perlbrew
    PERLBREW_MANPATH = /Users/hornenj/perl5/perlbrew/perls/perl-5.20.0/man
    PERLBREW_PATH = /Users/hornenj/perl5/perlbrew/bin:/Users/hornenj/perl5/perlbrew/perls/perl-5.20.0/bin
    PERLBREW_PERL = perl-5.20.0
    PERLBREW_ROOT = /Users/hornenj/perl5/perlbrew
    PERLBREW_SHELLRC_VERSION = 0.84
    PERLBREW_VERSION = 0.84
    SHELL = /bin/bash
    TERM = xterm-256color
    TMPDIR = /var/folders/pz/pd7y1qjs6s3cbk170cw50fjc000c61/T//testwrapper.95356
    VERSIONER_PERL_PREFER_32_BIT = no
    VERSIONER_PERL_VERSION = 5.18

Perl special variables (and OS-specific diagnostics, for MSWin32):

    $^X = /Users/hornenj/perl5/perlbrew/perls/perl-5.20.0/bin/perl
    $UID/$EUID = 12481 / 12481
    $GID = 14 14 5344 37191 527 12 62 98 204 399 206 37223 241 223 100
    $EGID = 14 14 5344 37191 527 12 62 98 204 399 206 37223 241 223 100

Perl module toolchain versions installed:

    Module              Have    
    ------------------- --------
    CPAN                2.16    
    CPAN::Meta          2.150010
    Cwd                 3.62    
    ExtUtils::CBuilder  0.280226
    ExtUtils::Command   7.30    
    ExtUtils::Install   2.14    
    ExtUtils::MakeMaker 7.30    
    ExtUtils::Manifest  1.70    
    ExtUtils::ParseXS   3.35    
    File::Spec          3.62    
    JSON                2.94    
    JSON::PP            2.94    
    Module::Build       0.4224  
    Module::Signature   n/a     
    Parse::CPAN::Meta   2.150010
    Test::Harness       3.39    
    Test::More          1.302106
    YAML                1.26    
    YAML::Syck          1.30    
    version             0.9918  


--

Summary of my perl5 (revision 5 version 20 subversion 0) configuration:
   
  Platform:
    osname=darwin, osvers=12.5.0, archname=darwin-thread-multi-2level
    uname='darwin ncbimac2008.ncbi.nlm.nih.gov 12.5.0 darwin kernel version 12.5.0: sun sep 29 13:33:47 pdt 2013; root:xnu-2050.48.12~1release_x86_64 x86_64 '
    config_args='-de -Dprefix=/Users/hornenj/perl5/perlbrew/perls/perl-5.20.0 -Duseithreads -Dusemultiplicity -Accflags=-O2 -W -Wformat=2 -Wswitch -Wshadow -Wwrite-strings -Wuninitialized -Wall -pipe -mtune=native -march=native -fomit-frame-pointer -msse2 -msse -mmmx -pedantic -D_FORTIFY_SOURCE=2 -Wpointer-arith -Wstrict-prototypes -fstack-protector -Wstack-protector -Wextra -Wbad-function-cast -Wcast-align -Wcast-qual -Wdisabled-optimization -Wendif-labels -Wfloat-equal -Wformat-nonliteral -Winline -Wmissing-declarations -Wmissing-prototypes -Wnested-externs -Wpointer-arith -Wundef -Wformat-security -fassociative-math -Acc=cc -Aeval:scriptdir=/Users/hornenj/perl5/perlbrew/perls/perl-5.20.0/bin'
    hint=recommended, useposix=true, d_sigaction=define
    useithreads=define, usemultiplicity=define
    use64bitint=define, use64bitall=define, uselongdouble=undef
    usemymalloc=n, bincompat5005=undef
  Compiler:
    cc=' cc', ccflags ='-fno-common -DPERL_DARWIN -O2 -W -Wformat=2 -Wswitch -Wshadow -Wwrite-strings -Wuninitialized -Wall -pipe -mtune=native -march=native -fomit-frame-pointer -msse2 -msse -mmmx -pedantic -D_FORTIFY_SOURCE=2 -Wpointer-arith -Wstrict-prototypes -fstack-protector -Wstack-protector -Wextra -Wbad-function-cast -Wcast-align -Wcast-qual -Wdisabled-optimization -Wendif-labels -Wfloat-equal -Wformat-nonliteral -Winline -Wmissing-declarations -Wmissing-prototypes -Wnested-externs -Wpointer-arith -Wundef -Wformat-security -fassociative-math -fno-strict-aliasing -I/usr/local/include',
    optimize='-O3',
    cppflags='-fno-common -DPERL_DARWIN -O2 -W -Wformat=2 -Wswitch -Wshadow -Wwrite-strings -Wuninitialized -Wall -pipe -mtune=native -march=native -fomit-frame-pointer -msse2 -msse -mmmx -pedantic -D_FORTIFY_SOURCE=2 -Wpointer-arith -Wstrict-prototypes -fstack-protector -Wstack-protector -Wextra -Wbad-function-cast -Wcast-align -Wcast-qual -Wdisabled-optimization -Wendif-labels -Wfloat-equal -Wformat-nonliteral -Winline -Wmissing-declarations -Wmissing-prototypes -Wnested-externs -Wpointer-arith -Wundef -Wformat-security -fassociative-math -fno-strict-aliasing -I/usr/local/include'
    ccversion='', gccversion='4.2.1 Compatible Apple LLVM 4.2 (clang-425.0.24)', gccosandvers=''
    intsize=4, longsize=8, ptrsize=8, doublesize=8, byteorder=12345678
    d_longlong=define, longlongsize=8, d_longdbl=define, longdblsize=16
    ivtype='long', ivsize=8, nvtype='double', nvsize=8, Off_t='off_t', lseeksize=8
    alignbytes=8, prototype=define
  Linker and Libraries:
    ld='env MACOSX_DEPLOYMENT_TARGET=10.3 cc', ldflags =' -fstack-protector -L/usr/local/lib'
    libpth=/usr/local/lib /usr/bin/../lib/clang/4.2/lib /usr/lib
    libs=-ldbm -ldl -lm -lutil -lc
    perllibs=-ldl -lm -lutil -lc
    libc=, so=dylib, useshrplib=false, libperl=libperl.a
    gnulibc_version=''
  Dynamic Linking:
    dlsrc=dl_dlopen.xs, dlext=bundle, d_dlsymun=undef, ccdlflags=' '
    cccdlflags=' ', lddlflags=' -bundle -undefined dynamic_lookup -L/usr/local/lib -fstack-protector'


Characteristics of this binary (from libperl): 
  Compile-time options: HAS_TIMES MULTIPLICITY PERLIO_LAYERS
                        PERL_DONT_CREATE_GVSV
                        PERL_HASH_FUNC_ONE_AT_A_TIME_HARD
                        PERL_IMPLICIT_CONTEXT PERL_MALLOC_WRAP
                        PERL_NEW_COPY_ON_WRITE PERL_PRESERVE_IVUV
                        USE_64_BIT_ALL USE_64_BIT_INT USE_ITHREADS
                        USE_LARGE_FILES USE_LOCALE USE_LOCALE_COLLATE
                        USE_LOCALE_CTYPE USE_LOCALE_NUMERIC USE_PERLIO
                        USE_PERL_ATOF USE_REENTRANT_API
  Built under darwin
  Compiled at May 28 2014 08:29:41
  %ENV:
    PERL5LIB="/Users/hornenj/.cpan/build/Class-Inner-0.200001-0/blib/arch:/Users/hornenj/.cpan/build/Class-Inner-0.200001-0/blib/lib"
    PERL5OPT=""
    PERL5_CPANPLUS_IS_RUNNING="95368"
    PERL5_CPAN_IS_RUNNING="95368"
    PERLBREW_HOME="/Users/hornenj/.perlbrew"
    PERLBREW_MANPATH="/Users/hornenj/perl5/perlbrew/perls/perl-5.20.0/man"
    PERLBREW_PATH="/Users/hornenj/perl5/perlbrew/bin:/Users/hornenj/perl5/perlbrew/perls/perl-5.20.0/bin"
    PERLBREW_PERL="perl-5.20.0"
    PERLBREW_ROOT="/Users/hornenj/perl5/perlbrew"
    PERLBREW_SHELLRC_VERSION="0.84"
    PERLBREW_VERSION="0.84"
  @INC:
    /Users/hornenj/.cpan/build/Class-Inner-0.200001-0/blib/arch
    /Users/hornenj/.cpan/build/Class-Inner-0.200001-0/blib/lib
    /Users/hornenj/perl5/perlbrew/perls/perl-5.20.0/lib/site_perl/5.20.0/darwin-thread-multi-2level
    /Users/hornenj/perl5/perlbrew/perls/perl-5.20.0/lib/site_perl/5.20.0
    /Users/hornenj/perl5/perlbrew/perls/perl-5.20.0/lib/5.20.0/darwin-thread-multi-2level
    /Users/hornenj/perl5/perlbrew/perls/perl-5.20.0/lib/5.20.0
    .