KiokuDB v0.57 Perl 5 v5.24.3 RC1 x86_64-linux-ld

Status
Fail
From
Andreas J. König (ANDK)
Dist
KiokuDB v0.57
Platform
Perl 5 v5.24.3 RC1 x86_64-linux-ld
Date
2017-09-11 02:05:24
ID
ac3b52d8-9695-11e7-95bc-ae511f2a1ba6
This distribution has been tested as part of the CPAN Testers
project, supporting the Perl programming language.  See
http://wiki.cpantesters.org/ for more information or email
questions to cpan-testers-discuss@perl.org


--
Dear Jesse Luehrs,

This is a computer-generated report for KiokuDB-0.57
on perl 5.24.3, created by CPAN-Reporter-1.2018.

Thank you for uploading your work to CPAN.  However, there was a problem
testing your distribution.

If you think this report is invalid, please consult the CPAN Testers Wiki
for suggestions on how to avoid getting FAIL reports for missing library
or binary dependencies, unsupported operating systems, and so on:

http://wiki.cpantesters.org/wiki/CPANAuthorNotes

Sections of this report:

    * Tester comments
    * Program output
    * Prerequisites
    * Environment and other context

------------------------------
TESTER COMMENTS
------------------------------

Additional comments from tester:

this report is from an automated smoke testing program
and was not reviewed by a human for accuracy

------------------------------
PROGRAM OUTPUT
------------------------------

Output from '/usr/bin/make test':

PERL_DL_NONLAZY=1 "/tmp/basesmoker-reloperl-r_nu/bin/perl" "-MExtUtils::Command::MM" "-MTest::Harness" "-e" "undef *Test::Harness::Switches; test_harness(0, 'blib/lib', 'blib/arch')" t/*.t
t/00-compile.t ................. ok
t/coderefs.t ................... ok
t/collapser.t .................. ok
t/digest.t ..................... ok
t/directory.t .................. ok
t/entry.t ...................... ok
t/gc_naive.t ................... ok
Attempt to free unreferenced scalar: SV 0x5634e8f83068 at /tmp/loop_over_bdir-580-oG5piJ/KiokuDB-0.57-0/blib/lib/KiokuDB/Test/Fixture/Sets.pm line 150.

#   Failed test 'no error in fixture'
#   at /tmp/loop_over_bdir-580-oG5piJ/KiokuDB-0.57-0/blib/lib/KiokuDB/Test.pm line 38.
# died: Transaction aborted: Can't store REGEXP items at /home/sand/src/perl/repoperls/installed-perls/host/k93stretch/v5.24.3-RC1/9a27/lib/5.24.3/x86_64-linux-ld/Storable.pm line 347, at /tmp/loop_over_bdir-580-oG5piJ/KiokuDB-0.57-0/blib/lib/KiokuDB/Backend/Serialize/Storable.pm line 23.
# , rollback failed: no open transaction at /tmp/loop_over_bdir-580-oG5piJ/KiokuDB-0.57-0/blib/lib/KiokuDB/Backend/Role/TXN.pm line 46.
#  at /tmp/loop_over_bdir-580-oG5piJ/KiokuDB-0.57-0/blib/lib/KiokuDB/Backend/Role/TXN.pm line 50.
# Looks like you failed 1 test of 601.
t/gin.t ........................ 
Dubious, test returned 1 (wstat 256, 0x100)
Failed 1/601 subtests 
	(less 2 skipped subtests: 598 okay)
Attempt to free unreferenced scalar: SV 0x55a03b8641c8 at /tmp/loop_over_bdir-580-oG5piJ/KiokuDB-0.57-0/blib/lib/KiokuDB/Test/Fixture/Sets.pm line 150.

#   Failed test 'no error in fixture'
#   at /tmp/loop_over_bdir-580-oG5piJ/KiokuDB-0.57-0/blib/lib/KiokuDB/Test.pm line 38.
# died: Transaction aborted: Can't store REGEXP items at /tmp/loop_over_bdir-580-oG5piJ/KiokuDB-0.57-0/blib/lib/KiokuDB/Backend/Serialize/Memory.pm line 22.
# , rollback failed: no open transaction at /tmp/loop_over_bdir-580-oG5piJ/KiokuDB-0.57-0/blib/lib/KiokuDB/Backend/Role/TXN.pm line 46.
#  at /tmp/loop_over_bdir-580-oG5piJ/KiokuDB-0.57-0/blib/lib/KiokuDB/Backend/Role/TXN.pm line 50.
Attempt to free unreferenced scalar: SV 0x55a03c25ea50 at /tmp/loop_over_bdir-580-oG5piJ/KiokuDB-0.57-0/blib/lib/KiokuDB/Test/Fixture/Sets.pm line 150.

#   Failed test 'no error in fixture'
#   at /tmp/loop_over_bdir-580-oG5piJ/KiokuDB-0.57-0/blib/lib/KiokuDB/Test.pm line 38.
# died: Transaction aborted: Can't store REGEXP items at /tmp/loop_over_bdir-580-oG5piJ/KiokuDB-0.57-0/blib/lib/KiokuDB/Backend/Serialize/Memory.pm line 22.
# , rollback failed: no open transaction at /tmp/loop_over_bdir-580-oG5piJ/KiokuDB-0.57-0/blib/lib/KiokuDB/Backend/Role/TXN.pm line 46.
#  at /tmp/loop_over_bdir-580-oG5piJ/KiokuDB-0.57-0/blib/lib/KiokuDB/Backend/Role/TXN.pm line 50.
Attempt to free unreferenced scalar: SV 0x55a03c251878 at /tmp/loop_over_bdir-580-oG5piJ/KiokuDB-0.57-0/blib/lib/KiokuDB/Test/Fixture/Sets.pm line 150.

#   Failed test 'no error in fixture'
#   at /tmp/loop_over_bdir-580-oG5piJ/KiokuDB-0.57-0/blib/lib/KiokuDB/Test.pm line 38.
# died: Transaction aborted: Can't store REGEXP items at /tmp/loop_over_bdir-580-oG5piJ/KiokuDB-0.57-0/blib/lib/KiokuDB/Backend/Serialize/Memory.pm line 22.
# , rollback failed: no open transaction at /tmp/loop_over_bdir-580-oG5piJ/KiokuDB-0.57-0/blib/lib/KiokuDB/Backend/Role/TXN.pm line 46.
#  at /tmp/loop_over_bdir-580-oG5piJ/KiokuDB-0.57-0/blib/lib/KiokuDB/Backend/Role/TXN.pm line 50.
Attempt to free unreferenced scalar: SV 0x55a03c22a248 at /tmp/loop_over_bdir-580-oG5piJ/KiokuDB-0.57-0/blib/lib/KiokuDB/Test/Fixture/Sets.pm line 150.

#   Failed test 'no error in fixture'
#   at /tmp/loop_over_bdir-580-oG5piJ/KiokuDB-0.57-0/blib/lib/KiokuDB/Test.pm line 38.
# died: Transaction aborted: Can't store REGEXP items at /tmp/loop_over_bdir-580-oG5piJ/KiokuDB-0.57-0/blib/lib/KiokuDB/Backend/Serialize/Memory.pm line 22.
# , rollback failed: no open transaction at /tmp/loop_over_bdir-580-oG5piJ/KiokuDB-0.57-0/blib/lib/KiokuDB/Backend/Role/TXN.pm line 46.
#  at /tmp/loop_over_bdir-580-oG5piJ/KiokuDB-0.57-0/blib/lib/KiokuDB/Backend/Role/TXN.pm line 50.
Attempt to free unreferenced scalar: SV 0x55a03c64ee80 at /tmp/loop_over_bdir-580-oG5piJ/KiokuDB-0.57-0/blib/lib/KiokuDB/Test/Fixture/Sets.pm line 150.

#   Failed test 'no error in fixture'
#   at /tmp/loop_over_bdir-580-oG5piJ/KiokuDB-0.57-0/blib/lib/KiokuDB/Test.pm line 38.
# died: Transaction aborted: Can't store REGEXP items at /tmp/loop_over_bdir-580-oG5piJ/KiokuDB-0.57-0/blib/lib/KiokuDB/Backend/Serialize/Memory.pm line 22.
# , rollback failed: no open transaction at /tmp/loop_over_bdir-580-oG5piJ/KiokuDB-0.57-0/blib/lib/KiokuDB/Backend/Role/TXN.pm line 46.
#  at /tmp/loop_over_bdir-580-oG5piJ/KiokuDB-0.57-0/blib/lib/KiokuDB/Backend/Role/TXN.pm line 50.
Attempt to free unreferenced scalar: SV 0x55a03be02a50 at /tmp/loop_over_bdir-580-oG5piJ/KiokuDB-0.57-0/blib/lib/KiokuDB/Test/Fixture/Sets.pm line 150.

#   Failed test 'no error in fixture'
#   at /tmp/loop_over_bdir-580-oG5piJ/KiokuDB-0.57-0/blib/lib/KiokuDB/Test.pm line 38.
# died: Transaction aborted: Can't store REGEXP items at /tmp/loop_over_bdir-580-oG5piJ/KiokuDB-0.57-0/blib/lib/KiokuDB/Backend/Serialize/Memory.pm line 22.
# , rollback failed: no open transaction at /tmp/loop_over_bdir-580-oG5piJ/KiokuDB-0.57-0/blib/lib/KiokuDB/Backend/Role/TXN.pm line 46.
#  at /tmp/loop_over_bdir-580-oG5piJ/KiokuDB-0.57-0/blib/lib/KiokuDB/Backend/Role/TXN.pm line 50.
Attempt to free unreferenced scalar: SV 0x55a03c6171e8 at /tmp/loop_over_bdir-580-oG5piJ/KiokuDB-0.57-0/blib/lib/KiokuDB/Test/Fixture/Sets.pm line 150.

#   Failed test 'no error in fixture'
#   at /tmp/loop_over_bdir-580-oG5piJ/KiokuDB-0.57-0/blib/lib/KiokuDB/Test.pm line 38.
# died: Transaction aborted: Can't store REGEXP items at /tmp/loop_over_bdir-580-oG5piJ/KiokuDB-0.57-0/blib/lib/KiokuDB/Backend/Serialize/Memory.pm line 22.
# , rollback failed: no open transaction at /tmp/loop_over_bdir-580-oG5piJ/KiokuDB-0.57-0/blib/lib/KiokuDB/Backend/Role/TXN.pm line 46.
#  at /tmp/loop_over_bdir-580-oG5piJ/KiokuDB-0.57-0/blib/lib/KiokuDB/Backend/Role/TXN.pm line 50.
Attempt to free unreferenced scalar: SV 0x55a03c271c80 at /tmp/loop_over_bdir-580-oG5piJ/KiokuDB-0.57-0/blib/lib/KiokuDB/Test/Fixture/Sets.pm line 150.

#   Failed test 'no error in fixture'
#   at /tmp/loop_over_bdir-580-oG5piJ/KiokuDB-0.57-0/blib/lib/KiokuDB/Test.pm line 38.
# died: Transaction aborted: Can't store REGEXP items at /tmp/loop_over_bdir-580-oG5piJ/KiokuDB-0.57-0/blib/lib/KiokuDB/Backend/Serialize/Memory.pm line 22.
# , rollback failed: no open transaction at /tmp/loop_over_bdir-580-oG5piJ/KiokuDB-0.57-0/blib/lib/KiokuDB/Backend/Role/TXN.pm line 46.
#  at /tmp/loop_over_bdir-580-oG5piJ/KiokuDB-0.57-0/blib/lib/KiokuDB/Backend/Role/TXN.pm line 50.
Attempt to free unreferenced scalar: SV 0x55a03c219e88 at /tmp/loop_over_bdir-580-oG5piJ/KiokuDB-0.57-0/blib/lib/KiokuDB/Test/Fixture/Sets.pm line 150.

#   Failed test 'no error in fixture'
#   at /tmp/loop_over_bdir-580-oG5piJ/KiokuDB-0.57-0/blib/lib/KiokuDB/Test.pm line 38.
# died: Transaction aborted: Can't store REGEXP items at /home/sand/src/perl/repoperls/installed-perls/host/k93stretch/v5.24.3-RC1/9a27/lib/5.24.3/x86_64-linux-ld/Storable.pm line 347, at /tmp/loop_over_bdir-580-oG5piJ/KiokuDB-0.57-0/blib/lib/KiokuDB/Backend/Serialize/Storable.pm line 23.
# , rollback failed: no open transaction at /tmp/loop_over_bdir-580-oG5piJ/KiokuDB-0.57-0/blib/lib/KiokuDB/Backend/Role/TXN.pm line 46.
#  at /tmp/loop_over_bdir-580-oG5piJ/KiokuDB-0.57-0/blib/lib/KiokuDB/Backend/Role/TXN.pm line 50.
Attempt to free unreferenced scalar: SV 0x55a03caf79f0 at /tmp/loop_over_bdir-580-oG5piJ/KiokuDB-0.57-0/blib/lib/KiokuDB/Test/Fixture/Sets.pm line 150.

#   Failed test 'no error in fixture'
#   at /tmp/loop_over_bdir-580-oG5piJ/KiokuDB-0.57-0/blib/lib/KiokuDB/Test.pm line 38.
# died: Transaction aborted: Can't store REGEXP items at /home/sand/src/perl/repoperls/installed-perls/host/k93stretch/v5.24.3-RC1/9a27/lib/5.24.3/x86_64-linux-ld/Storable.pm line 347, at /tmp/loop_over_bdir-580-oG5piJ/KiokuDB-0.57-0/blib/lib/KiokuDB/Backend/Serialize/Storable.pm line 23.
# , rollback failed: no open transaction at /tmp/loop_over_bdir-580-oG5piJ/KiokuDB-0.57-0/blib/lib/KiokuDB/Backend/Role/TXN.pm line 46.
#  at /tmp/loop_over_bdir-580-oG5piJ/KiokuDB-0.57-0/blib/lib/KiokuDB/Backend/Role/TXN.pm line 50.
Attempt to free unreferenced scalar: SV 0x55a03ca38ce8 at /tmp/loop_over_bdir-580-oG5piJ/KiokuDB-0.57-0/blib/lib/KiokuDB/Test/Fixture/Sets.pm line 150.

#   Failed test 'no error in fixture'
#   at /tmp/loop_over_bdir-580-oG5piJ/KiokuDB-0.57-0/blib/lib/KiokuDB/Test.pm line 38.
# died: Transaction aborted: Can't store REGEXP items at /home/sand/src/perl/repoperls/installed-perls/host/k93stretch/v5.24.3-RC1/9a27/lib/5.24.3/x86_64-linux-ld/Storable.pm line 347, at /tmp/loop_over_bdir-580-oG5piJ/KiokuDB-0.57-0/blib/lib/KiokuDB/Backend/Serialize/Storable.pm line 23.
# , rollback failed: no open transaction at /tmp/loop_over_bdir-580-oG5piJ/KiokuDB-0.57-0/blib/lib/KiokuDB/Backend/Role/TXN.pm line 46.
#  at /tmp/loop_over_bdir-580-oG5piJ/KiokuDB-0.57-0/blib/lib/KiokuDB/Backend/Role/TXN.pm line 50.
Attempt to free unreferenced scalar: SV 0x55a03c057ad8 at /tmp/loop_over_bdir-580-oG5piJ/KiokuDB-0.57-0/blib/lib/KiokuDB/Test/Fixture/Sets.pm line 150.

#   Failed test 'no error in fixture'
#   at /tmp/loop_over_bdir-580-oG5piJ/KiokuDB-0.57-0/blib/lib/KiokuDB/Test.pm line 38.
# died: Transaction aborted: Can't store REGEXP items at /home/sand/src/perl/repoperls/installed-perls/host/k93stretch/v5.24.3-RC1/9a27/lib/5.24.3/x86_64-linux-ld/Storable.pm line 347, at /tmp/loop_over_bdir-580-oG5piJ/KiokuDB-0.57-0/blib/lib/KiokuDB/Backend/Serialize/Storable.pm line 23.
# , rollback failed: no open transaction at /tmp/loop_over_bdir-580-oG5piJ/KiokuDB-0.57-0/blib/lib/KiokuDB/Backend/Role/TXN.pm line 46.
#  at /tmp/loop_over_bdir-580-oG5piJ/KiokuDB-0.57-0/blib/lib/KiokuDB/Backend/Role/TXN.pm line 50.
Attempt to free unreferenced scalar: SV 0x55a03c58f6f8 at /tmp/loop_over_bdir-580-oG5piJ/KiokuDB-0.57-0/blib/lib/KiokuDB/Test/Fixture/Sets.pm line 150.

#   Failed test 'no error in fixture'
#   at /tmp/loop_over_bdir-580-oG5piJ/KiokuDB-0.57-0/blib/lib/KiokuDB/Test.pm line 38.
# died: Transaction aborted: Can't store REGEXP items at /home/sand/src/perl/repoperls/installed-perls/host/k93stretch/v5.24.3-RC1/9a27/lib/5.24.3/x86_64-linux-ld/Storable.pm line 347, at /tmp/loop_over_bdir-580-oG5piJ/KiokuDB-0.57-0/blib/lib/KiokuDB/Backend/Serialize/Storable.pm line 23.
# , rollback failed: no open transaction at /tmp/loop_over_bdir-580-oG5piJ/KiokuDB-0.57-0/blib/lib/KiokuDB/Backend/Role/TXN.pm line 46.
#  at /tmp/loop_over_bdir-580-oG5piJ/KiokuDB-0.57-0/blib/lib/KiokuDB/Backend/Role/TXN.pm line 50.
Attempt to free unreferenced scalar: SV 0x55a03c2ddbb0 at /tmp/loop_over_bdir-580-oG5piJ/KiokuDB-0.57-0/blib/lib/KiokuDB/Test/Fixture/Sets.pm line 150.

#   Failed test 'no error in fixture'
#   at /tmp/loop_over_bdir-580-oG5piJ/KiokuDB-0.57-0/blib/lib/KiokuDB/Test.pm line 38.
# died: Transaction aborted: Can't store REGEXP items at /home/sand/src/perl/repoperls/installed-perls/host/k93stretch/v5.24.3-RC1/9a27/lib/5.24.3/x86_64-linux-ld/Storable.pm line 347, at /tmp/loop_over_bdir-580-oG5piJ/KiokuDB-0.57-0/blib/lib/KiokuDB/Backend/Serialize/Storable.pm line 23.
# , rollback failed: no open transaction at /tmp/loop_over_bdir-580-oG5piJ/KiokuDB-0.57-0/blib/lib/KiokuDB/Backend/Role/TXN.pm line 46.
#  at /tmp/loop_over_bdir-580-oG5piJ/KiokuDB-0.57-0/blib/lib/KiokuDB/Backend/Role/TXN.pm line 50.
Attempt to free unreferenced scalar: SV 0x55a03c909828 at /tmp/loop_over_bdir-580-oG5piJ/KiokuDB-0.57-0/blib/lib/KiokuDB/Test/Fixture/Sets.pm line 150.

#   Failed test 'no error in fixture'
#   at /tmp/loop_over_bdir-580-oG5piJ/KiokuDB-0.57-0/blib/lib/KiokuDB/Test.pm line 38.
# died: Transaction aborted: Can't store REGEXP items at /home/sand/src/perl/repoperls/installed-perls/host/k93stretch/v5.24.3-RC1/9a27/lib/5.24.3/x86_64-linux-ld/Storable.pm line 347, at /tmp/loop_over_bdir-580-oG5piJ/KiokuDB-0.57-0/blib/lib/KiokuDB/Backend/Serialize/Storable.pm line 23.
# , rollback failed: no open transaction at /tmp/loop_over_bdir-580-oG5piJ/KiokuDB-0.57-0/blib/lib/KiokuDB/Backend/Role/TXN.pm line 46.
#  at /tmp/loop_over_bdir-580-oG5piJ/KiokuDB-0.57-0/blib/lib/KiokuDB/Backend/Role/TXN.pm line 50.
Attempt to free unreferenced scalar: SV 0x55a03c7d8358 at /tmp/loop_over_bdir-580-oG5piJ/KiokuDB-0.57-0/blib/lib/KiokuDB/Test/Fixture/Sets.pm line 150.

#   Failed test 'no error in fixture'
#   at /tmp/loop_over_bdir-580-oG5piJ/KiokuDB-0.57-0/blib/lib/KiokuDB/Test.pm line 38.
# died: Transaction aborted: Can't store REGEXP items at /home/sand/src/perl/repoperls/installed-perls/host/k93stretch/v5.24.3-RC1/9a27/lib/5.24.3/x86_64-linux-ld/Storable.pm line 347, at /tmp/loop_over_bdir-580-oG5piJ/KiokuDB-0.57-0/blib/lib/KiokuDB/Backend/Serialize/Storable.pm line 23.
# , rollback failed: no open transaction at /tmp/loop_over_bdir-580-oG5piJ/KiokuDB-0.57-0/blib/lib/KiokuDB/Backend/Role/TXN.pm line 46.
#  at /tmp/loop_over_bdir-580-oG5piJ/KiokuDB-0.57-0/blib/lib/KiokuDB/Backend/Role/TXN.pm line 50.
Attempt to free unreferenced scalar: SV 0x55a03d078ac8 at /tmp/loop_over_bdir-580-oG5piJ/KiokuDB-0.57-0/blib/lib/KiokuDB/Test/Fixture/Sets.pm line 150.
Attempt to free unreferenced scalar: SV 0x55a03d3b7958 at /tmp/loop_over_bdir-580-oG5piJ/KiokuDB-0.57-0/blib/lib/KiokuDB/Test/Fixture/Sets.pm line 150.
Attempt to free unreferenced scalar: SV 0x55a03c0872f8 at /tmp/loop_over_bdir-580-oG5piJ/KiokuDB-0.57-0/blib/lib/KiokuDB/Test/Fixture/Sets.pm line 150.
Attempt to free unreferenced scalar: SV 0x55a03bf8f968 at /tmp/loop_over_bdir-580-oG5piJ/KiokuDB-0.57-0/blib/lib/KiokuDB/Test/Fixture/Sets.pm line 150.
Attempt to free unreferenced scalar: SV 0x55a03c385a78 at /tmp/loop_over_bdir-580-oG5piJ/KiokuDB-0.57-0/blib/lib/KiokuDB/Test/Fixture/Sets.pm line 150.
Attempt to free unreferenced scalar: SV 0x55a03d63e878 at /tmp/loop_over_bdir-580-oG5piJ/KiokuDB-0.57-0/blib/lib/KiokuDB/Test/Fixture/Sets.pm line 150.
Attempt to free unreferenced scalar: SV 0x55a03d48be80 at /tmp/loop_over_bdir-580-oG5piJ/KiokuDB-0.57-0/blib/lib/KiokuDB/Test/Fixture/Sets.pm line 150.
Attempt to free unreferenced scalar: SV 0x55a03cc961c8 at /tmp/loop_over_bdir-580-oG5piJ/KiokuDB-0.57-0/blib/lib/KiokuDB/Test/Fixture/Sets.pm line 150.
Attempt to free unreferenced scalar: SV 0x55a03cff7718 at /tmp/loop_over_bdir-580-oG5piJ/KiokuDB-0.57-0/blib/lib/KiokuDB/Test/Fixture/Sets.pm line 150.
Attempt to free unreferenced scalar: SV 0x55a03d3a80e0 at /tmp/loop_over_bdir-580-oG5piJ/KiokuDB-0.57-0/blib/lib/KiokuDB/Test/Fixture/Sets.pm line 150.
Attempt to free unreferenced scalar: SV 0x55a03c5146e0 at /tmp/loop_over_bdir-580-oG5piJ/KiokuDB-0.57-0/blib/lib/KiokuDB/Test/Fixture/Sets.pm line 150.
Attempt to free unreferenced scalar: SV 0x55a03d198a00 at /tmp/loop_over_bdir-580-oG5piJ/KiokuDB-0.57-0/blib/lib/KiokuDB/Test/Fixture/Sets.pm line 150.
Attempt to free unreferenced scalar: SV 0x55a03bf7bea0 at /tmp/loop_over_bdir-580-oG5piJ/KiokuDB-0.57-0/blib/lib/KiokuDB/Test/Fixture/Sets.pm line 150.
Attempt to free unreferenced scalar: SV 0x55a03d8e7b78 at /tmp/loop_over_bdir-580-oG5piJ/KiokuDB-0.57-0/blib/lib/KiokuDB/Test/Fixture/Sets.pm line 150.
Attempt to free unreferenced scalar: SV 0x55a03dc53628 at /tmp/loop_over_bdir-580-oG5piJ/KiokuDB-0.57-0/blib/lib/KiokuDB/Test/Fixture/Sets.pm line 150.
Attempt to free unreferenced scalar: SV 0x55a03c623b50 at /tmp/loop_over_bdir-580-oG5piJ/KiokuDB-0.57-0/blib/lib/KiokuDB/Test/Fixture/Sets.pm line 150.
# Looks like you failed 16 tests of 19400.
t/hash.t ....................... 
Dubious, test returned 16 (wstat 4096, 0x1000)
Failed 16/19400 subtests 
	(less 120 skipped subtests: 19264 okay)
t/hash_backend.t ............... ok
t/jspon_serialization.t ........ ok
t/kiokudb_class_native.t ....... ok
t/lazy.t ....................... ok
t/link_checker.t ............... ok
t/link_checker_real.t .......... ok
t/live_objs.t .................. ok
t/moose_triggers.t ............. ok
t/ref.t ........................ ok
t/scaling.t .................... ok
t/serializer.t ................. ok
t/stream.t ..................... ok
t/tied.t ....................... ok
t/typemap.t .................... ok
t/typemap_default_json.t ....... ok
t/typemap_default_storable.t ... ok
t/typemap_entry_callback.t ..... ok
t/typemap_entry_mop.t .......... ok
t/typemap_entry_naive.t ........ ok
t/typemap_entry_passthrough.t .. ok
t/typemap_entry_storable.t ..... ok
t/typemap_extra.t .............. ok
t/typemap_resolver.t ........... ok
t/typemap_values.t ............. ok
t/uuid.t ....................... ok
t/versioning.t ................. ok

Test Summary Report
-------------------
t/gin.t                      (Wstat: 256 Tests: 601 Failed: 1)
  Failed test:  375
  Non-zero exit status: 1
t/hash.t                     (Wstat: 4096 Tests: 19400 Failed: 16)
  Failed tests:  351, 924, 1501, 2074, 2662, 3236, 3814
                4388, 4955, 5528, 6105, 6678, 7266, 7840
                8418, 8992
  Non-zero exit status: 16
Files=35, Tests=21923, 92 wallclock secs ( 1.87 usr  0.38 sys + 82.30 cusr  5.13 csys = 89.68 CPU)
Result: FAIL
Failed 2/35 test programs. 17/21923 subtests failed.
Makefile:1584: recipe for target 'test_dynamic' failed
make: *** [test_dynamic] Error 255

------------------------------
PREREQUISITES
------------------------------

Prerequisite modules loaded:

requires:

    Module                                         Need   Have    
    ---------------------------------------------- ------ --------
    B                                              0      1.62    
    B::Deparse                                     0      1.37    
    Cache::Ref                                     0.02   0.04    
    Carp                                           0      1.40    
    Class::Load                                    0      0.24    
    constant                                       0      1.33    
    Data::Stream::Bulk                             0.08   0.11    
    Data::Stream::Bulk::Util                       0      0.11    
    Data::Swap                                     0      0.08    
    Data::UUID                                     1.203  1.221   
    Data::Visitor                                  0.24   0.30    
    Digest::SHA                                    0      5.97    
    Encode                                         0      2.80_01 
    Hash::Util::FieldHash::Compat                  0      0.11    
    IO::Handle                                     0      1.36    
    JSON                                           2.12   2.94    
    JSON::XS                                       2.231  3.04    
    List::Util                                     0      1.49    
    Module::Pluggable::Object                      0      5.2     
    Moose                                          2.0000 2.2006  
    Moose::Exporter                                0      2.2006  
    Moose::Role                                    0      2.2006  
    Moose::Util                                    0      2.2006  
    Moose::Util::MetaRole                          0      2.2006  
    Moose::Util::TypeConstraints                   0      2.2006  
    MooseX::Clone                                  0.04   0.06    
    MooseX::Clone::Meta::Attribute::Trait::NoClone 0      0.06    
    MooseX::Role::Parameterized                    0.10   1.10    
    MooseX::YAML                                   0.04   0.04    
    namespace::clean                               0.08   0.27    
    overload                                       0      1.26    
    PadWalker                                      1.9    2.2     
    Path::Class                                    0      0.37    
    POSIX                                          0      1.65_01 
    Scalar::Util                                   0      1.49    
    Scope::Guard                                   0      0.21    
    Search::GIN::Driver                            0      0.11    
    Search::GIN::Extract                           0      0.11    
    Search::GIN::Query::Class                      0.03   0.11    
    Set::Object                                    1.26   1.35    
    Storable                                       0      2.56_01 
    strict                                         0      1.11    
    Sub::Exporter                                  0      0.987   
    Symbol                                         0      1.07    
    Test::Exception                                0      0.43    
    Test::Moose                                    0      2.2006  
    Test::More                                     0.88   1.302086
    Throwable                                      0      0.200013
    Tie::RefHash                                   0      1.39    
    Tie::ToObject                                  0      0.03    
    Try::Tiny                                      0      0.28    
    utf8                                           0      1.19    
    warnings                                       0      1.36    
    YAML::XS                                       0.30   0.66    

build_requires:

    Module                                         Need   Have    
    ---------------------------------------------- ------ --------
    base                                           0      2.23_01 
    Cache::Ref::CART                               0      0.04    
    Cache::Ref::CLOCK                              0      0.04    
    Data::Dumper                                   0      2.161   
    Data::Stream::Bulk::Callback                   0      0.11    
    File::Spec                                     0      3.63_01 
    if                                             0      0.0606  
    IO::Handle                                     0      1.36    
    IPC::Open3                                     0      1.20    
    Search::GIN::Driver::Hash                      0      0.11    
    Search::GIN::Extract::Class                    0      0.11    
    Search::GIN::Extract::Delegate                 0      0.11    
    Test::More                                     0.88   1.302086

configure_requires:

    Module                                         Need   Have    
    ---------------------------------------------- ------ --------
    ExtUtils::MakeMaker                            6.30   7.30    


------------------------------
ENVIRONMENT AND OTHER CONTEXT
------------------------------

Environment variables:

    AUTOMATED_TESTING = 1
    LANG = C
    PATH = /home/sand/bin:/usr/local/bin:/usr/bin:/bin:/usr/games:/usr/local/perl/bin:/usr/X11/bin:/sbin:/usr/sbin
    PERL = /tmp/basesmoker-reloperl-r_nu/bin/perl
    PERL5LIB = 
    PERL5OPT = 
    PERL5_CPANPLUS_IS_RUNNING = 584
    PERL5_CPAN_IS_RUNNING = 584
    PERL_CANARY_STABILITY_NOPROMPT = 1
    PERL_MM_USE_DEFAULT = 1
    PERL_USE_UNSAFE_INC = 1
    SHELL = /usr/bin/zsh
    TERM = screen

Perl special variables (and OS-specific diagnostics, for MSWin32):

    $^X = /tmp/basesmoker-reloperl-r_nu/bin/perl
    $UID/$EUID = 1005 / 1005
    $GID = 1005 1005
    $EGID = 1005 1005

Perl module toolchain versions installed:

    Module              Have      
    ------------------- ----------
    CPAN                2.18      
    CPAN::Meta          2.150010  
    Cwd                 3.63_01   
    ExtUtils::CBuilder  0.280226  
    ExtUtils::Command   7.30      
    ExtUtils::Install   2.06      
    ExtUtils::MakeMaker 7.30      
    ExtUtils::Manifest  1.70      
    ExtUtils::ParseXS   3.31      
    File::Spec          3.63_01   
    JSON                2.94      
    JSON::PP            2.27300_01
    Module::Build       0.4224    
    Module::Signature   0.81      
    Parse::CPAN::Meta   2.150010  
    Test::Harness       3.39      
    Test::More          1.302086  
    YAML                1.23      
    YAML::Syck          1.30      
    version             0.9916    


--

Summary of my perl5 (revision 5 version 24 subversion 3) configuration:
  Commit id: 752cb96a6b7f420187942e917feea72e8bbeb461
  Platform:
    osname=linux, osvers=4.9.0-3-amd64, archname=x86_64-linux-ld
    uname='linux k93stretch 4.9.0-3-amd64 #1 smp debian 4.9.30-2+deb9u3 (2017-08-06) x86_64 gnulinux '
    config_args='-Dprefix=/home/sand/src/perl/repoperls/installed-perls/host/k93stretch/v5.24.3-RC1/9a27 -Dmyhostname=k93stretch -Dinstallusrbinperl=n -Uversiononly -Dusedevel -des -Ui_db -Dlibswanted=cl pthread socket inet nsl gdbm dbm malloc dl ld sun m crypt sec util c cposix posix ucb BSD gdbm_compat -Uuseithreads -Duselongdouble -DDEBUGGING=-g'
    hint=recommended, useposix=true, d_sigaction=define
    useithreads=undef, usemultiplicity=undef
    use64bitint=define, use64bitall=define, uselongdouble=define
    usemymalloc=n, bincompat5005=undef
  Compiler:
    cc='cc', ccflags ='-fwrapv -fno-strict-aliasing -pipe -fstack-protector-strong -I/usr/local/include -D_LARGEFILE_SOURCE -D_FILE_OFFSET_BITS=64',
    optimize='-O2 -g',
    cppflags='-fwrapv -fno-strict-aliasing -pipe -fstack-protector-strong -I/usr/local/include'
    ccversion='', gccversion='6.3.0 20170516', gccosandvers=''
    intsize=4, longsize=8, ptrsize=8, doublesize=8, byteorder=12345678, doublekind=3
    d_longlong=define, longlongsize=8, d_longdbl=define, longdblsize=16, longdblkind=3
    ivtype='long', ivsize=8, nvtype='long double', nvsize=16, Off_t='off_t', lseeksize=8
    alignbytes=16, prototype=define
  Linker and Libraries:
    ld='cc', ldflags =' -fstack-protector-strong -L/usr/local/lib'
    libpth=/usr/local/lib /usr/lib/gcc/x86_64-linux-gnu/6/include-fixed /usr/include/x86_64-linux-gnu /usr/lib /lib/x86_64-linux-gnu /lib/../lib /usr/lib/x86_64-linux-gnu /usr/lib/../lib /lib
    libs=-lpthread -lnsl -ldl -lm -lcrypt -lutil -lc
    perllibs=-lpthread -lnsl -ldl -lm -lcrypt -lutil -lc
    libc=libc-2.24.so, so=so, useshrplib=false, libperl=libperl.a
    gnulibc_version='2.24'
  Dynamic Linking:
    dlsrc=dl_dlopen.xs, dlext=so, d_dlsymun=undef, ccdlflags='-Wl,-E'
    cccdlflags='-fPIC', lddlflags='-shared -O2 -g -L/usr/local/lib -fstack-protector-strong'


Characteristics of this binary (from libperl): 
  Compile-time options: HAS_TIMES PERLIO_LAYERS PERL_COPY_ON_WRITE
                        PERL_DONT_CREATE_GVSV
                        PERL_HASH_FUNC_ONE_AT_A_TIME_HARD PERL_MALLOC_WRAP
                        PERL_PRESERVE_IVUV PERL_USE_DEVEL USE_64_BIT_ALL
                        USE_64_BIT_INT USE_LARGE_FILES USE_LOCALE
                        USE_LOCALE_COLLATE USE_LOCALE_CTYPE
                        USE_LOCALE_NUMERIC USE_LOCALE_TIME USE_LONG_DOUBLE
                        USE_PERLIO USE_PERL_ATOF
  Locally applied patches:
	RC1
  Built under linux
  Compiled at Sep 10 2017 17:27:50
  %ENV:
    PERL="/tmp/basesmoker-reloperl-r_nu/bin/perl"
    PERL5LIB=""
    PERL5OPT=""
    PERL5_CPANPLUS_IS_RUNNING="584"
    PERL5_CPAN_IS_RUNNING="584"
    PERL_CANARY_STABILITY_NOPROMPT="1"
    PERL_MM_USE_DEFAULT="1"
    PERL_USE_UNSAFE_INC="1"
  @INC:
    /home/sand/src/perl/repoperls/installed-perls/host/k93stretch/v5.24.3-RC1/9a27/lib/site_perl/5.24.3/x86_64-linux-ld
    /home/sand/src/perl/repoperls/installed-perls/host/k93stretch/v5.24.3-RC1/9a27/lib/site_perl/5.24.3
    /home/sand/src/perl/repoperls/installed-perls/host/k93stretch/v5.24.3-RC1/9a27/lib/5.24.3/x86_64-linux-ld
    /home/sand/src/perl/repoperls/installed-perls/host/k93stretch/v5.24.3-RC1/9a27/lib/5.24.3
    .