Back
From: metabase:user:30977d10-2aae-11df-837a-5e0a49663a4f
Subject: FAIL Inline-Mason-0.07 v5.10.1 GNU/Linux
Date: 2011-07-21T09:06:06Z
This distribution has been tested as part of the CPAN Testers
project, supporting the Perl programming language. See
http://wiki.cpantesters.org/ for more information or email
questions to cpan-testers-discuss@perl.org
--
Dear Yung-chung Lin,
This is a computer-generated report for Inline-Mason-0.07
on perl 5.10.1, created by CPAN-Reporter-1.1902.
Thank you for uploading your work to CPAN. However, there was a problem
testing your distribution.
If you think this report is invalid, please consult the CPAN Testers Wiki
for suggestions on how to avoid getting FAIL reports for missing library
or binary dependencies, unsupported operating systems, and so on:
http://wiki.cpantesters.org/wiki/CPANAuthorNotes
Sections of this report:
* Tester comments
* Program output
* Prerequisites
* Environment and other context
------------------------------
TESTER COMMENTS
------------------------------
Additional comments from tester:
this report is from an automated smoke testing program
and was not reviewed by a human for accuracy
------------------------------
PROGRAM OUTPUT
------------------------------
Output from '/usr/bin/make test':
PERL_DL_NONLAZY=1 /home/trushel/perl/perl5101/bin/perl "-MExtUtils::Command::MM" "-e" "test_harness(0, 'blib/lib', 'blib/arch')" t/*.t
t/Inline-Mason.func.t ..... ok
Died at /home/trushel/cpan/build/5.10.1/Inline-Mason-0.07-6Eu3_W/blib/lib/Inline/Mason/OO.pm line 55.
# Looks like your test exited with 255 before it could output anything.
t/Inline-Mason.OO.t .......
Dubious, test returned 255 (wstat 65280, 0xff00)
No subtests run
Undefined subroutine &main::NIFTY called at t/Inline-Mason.passive.t line 4.
# Looks like your test exited with 255 before it could output anything.
t/Inline-Mason.passive.t ..
Dubious, test returned 255 (wstat 65280, 0xff00)
No subtests run
Use of uninitialized value $_[0] in string at /home/trushel/perl/perl5101/lib/site_perl/5.10.1/Text/MicroMason/Base.pm line 194.
# Failed test 'hello world'
# at t/Inline-Mason.t line 3.
# ''
# doesn't match '(?si-xm:hello world)'
main::HELLO does not exist.
# Looks like you failed 1 test of 1.
# Looks like your test exited with 9 just after 1.
t/Inline-Mason.t ..........
Dubious, test returned 9 (wstat 2304, 0x900)
Failed 1/1 subtests
Test Summary Report
-------------------
t/Inline-Mason.OO.t (Wstat: 65280 Tests: 0 Failed: 0)
Non-zero exit status: 255
Parse errors: No plan found in TAP output
t/Inline-Mason.passive.t (Wstat: 65280 Tests: 0 Failed: 0)
Non-zero exit status: 255
Parse errors: No plan found in TAP output
t/Inline-Mason.t (Wstat: 2304 Tests: 1 Failed: 1)
Failed test: 1
Non-zero exit status: 9
Files=4, Tests=5, 1 wallclock secs ( 0.00 usr 0.02 sys + 0.10 cusr 0.04 csys = 0.16 CPU)
Result: FAIL
Failed 3/4 test programs. 1/5 subtests failed.
make: *** [test_dynamic] Error 9
------------------------------
PREREQUISITES
------------------------------
Prerequisite modules loaded:
requires:
Module Need Have
---------------------- ---- ----
Inline::Files::Virtual 0.53 0.53
Text::MicroMason 1 2.13
build_requires:
Module Need Have
---------------------- ---- ----
ExtUtils::MakeMaker 0 6.58
------------------------------
ENVIRONMENT AND OTHER CONTEXT
------------------------------
Environment variables:
AUTOMATED_TESTING = 1
LANG = en_US.UTF-8
LANGUAGE = en
LC_COLLATE = C
LC_MONETARY = C
LC_NUMERIC = C
LC_TIME = C
PATH = /usr/local/sbin:/usr/local/bin:/usr/sbin:/usr/bin:/sbin:/bin
PERL5LIB =
PERL5OPT =
PERL5_CPANPLUS_IS_RUNNING = 24454
PERL5_CPAN_IS_RUNNING = 24454
PERL5_CPAN_IS_RUNNING_IN_RECURSION = 28010,24454
PERL_CR_SMOKER_CURRENT = Inline-Mason-0.07
PERL_EXTUTILS_AUTOINSTALL = --defaultdeps
PERL_MM_USE_DEFAULT = 1
SHELL = /bin/bash
TERM = xterm
Perl special variables (and OS-specific diagnostics, for MSWin32):
$^X = /home/trushel/perl/perl5101/bin/perl
$UID/$EUID = 138375 / 138375
$GID = 5762 4 20 21 24 25 26 30 44 46 104 105 119 122 431 5762
$EGID = 5762 4 20 21 24 25 26 30 44 46 104 105 119 122 431 5762
Perl module toolchain versions installed:
Module Have
------------------- --------
CPAN 1.97_51
Cwd 3.33
ExtUtils::CBuilder 0.280202
ExtUtils::Command 1.16
ExtUtils::Install 1.54
ExtUtils::MakeMaker 6.58
ExtUtils::Manifest 1.58
ExtUtils::ParseXS 2.2206
File::Spec 3.33
Module::Build 0.3800
Module::Signature n/a
Test::Harness 3.17
Test::More 0.98
YAML 0.73
YAML::Syck 1.17
version 0.91
--
Summary of my perl5 (revision 5 version 10 subversion 1) configuration:
Platform:
osname=linux, osvers=2.6.32-33-generic, archname=x86_64-linux
uname='linux trushel-glaptop 2.6.32-33-generic #70-ubuntu smp thu jul 7 21:13:52 utc 2011 x86_64 gnulinux '
config_args=''
hint=recommended, useposix=true, d_sigaction=define
useithreads=undef, usemultiplicity=undef
useperlio=define, d_sfio=undef, uselargefiles=define, usesocks=undef
use64bitint=define, use64bitall=define, uselongdouble=undef
usemymalloc=n, bincompat5005=undef
Compiler:
cc='cc', ccflags ='-fno-strict-aliasing -pipe -fstack-protector -I/usr/local/include -D_LARGEFILE_SOURCE -D_FILE_OFFSET_BITS=64',
optimize='-O2',
cppflags='-fno-strict-aliasing -pipe -fstack-protector -I/usr/local/include'
ccversion='', gccversion='4.4.3', gccosandvers=''
intsize=4, longsize=8, ptrsize=8, doublesize=8, byteorder=12345678
d_longlong=define, longlongsize=8, d_longdbl=define, longdblsize=16
ivtype='long', ivsize=8, nvtype='double', nvsize=8, Off_t='off_t', lseeksize=8
alignbytes=8, prototype=define
Linker and Libraries:
ld='cc', ldflags =' -fstack-protector -L/usr/local/lib'
libpth=/usr/local/lib /lib /usr/lib /lib64 /usr/lib64
libs=-lnsl -ldb -ldl -lm -lcrypt -lutil -lc
perllibs=-lnsl -ldl -lm -lcrypt -lutil -lc
libc=/lib/libc-2.11.1.so, so=so, useshrplib=false, libperl=libperl.a
gnulibc_version='2.11.1'
Dynamic Linking:
dlsrc=dl_dlopen.xs, dlext=so, d_dlsymun=undef, ccdlflags='-Wl,-E'
cccdlflags='-fPIC', lddlflags='-shared -O2 -L/usr/local/lib -fstack-protector'
Characteristics of this binary (from libperl):
Compile-time options: PERL_DONT_CREATE_GVSV PERL_MALLOC_WRAP USE_64_BIT_ALL
USE_64_BIT_INT USE_LARGE_FILES USE_PERLIO
Built under linux
Compiled at Jul 20 2011 06:19:42
%ENV:
PERL5LIB=""
PERL5OPT=""
PERL5_CPANPLUS_IS_RUNNING="24454"
PERL5_CPAN_IS_RUNNING="24454"
PERL5_CPAN_IS_RUNNING_IN_RECURSION="28010,24454"
PERL_CR_SMOKER_CURRENT="Inline-Mason-0.07"
PERL_EXTUTILS_AUTOINSTALL="--defaultdeps"
PERL_MM_USE_DEFAULT="1"
@INC:
/home/trushel/perl/perl5101/lib/5.10.1/x86_64-linux
/home/trushel/perl/perl5101/lib/5.10.1
/home/trushel/perl/perl5101/lib/site_perl/5.10.1/x86_64-linux
/home/trushel/perl/perl5101/lib/site_perl/5.10.1
.