Net-SIP v0.838 Perl 5 v5.24.4 i686-linux-thread-multi-ld

Status
Fail
From
Chris Williams (BINGOS)
Dist
Net-SIP v0.838
Platform
Perl 5 v5.24.4 i686-linux-thread-multi-ld
Date
2024-08-04 00:44:09
ID
a964cad0-51fa-11ef-98b0-b3c3213a625c
This distribution has been tested as part of the CPAN Testers
project, supporting the Perl programming language.  See
http://wiki.cpantesters.org/ for more information or email
questions to cpan-testers-discuss@perl.org


--

Dear SULLR,

This is a computer-generated error report created automatically by
CPANPLUS, version 0.9914. Testers personal comments may appear
at the end of this report.


Thank you for uploading your work to CPAN.  However, it appears that
there were some problems testing your distribution.

TEST RESULTS:

Below is the error stack from stage 'make test':

PERL_DL_NONLAZY=1 "/home/cpan/pit/thr-ld/perl-5.24.4/bin/perl" "-MExtUtils::Command::MM" "-MTest::Harness" "-e" "undef *Test::Harness::Switches; test_harness(0, 'blib/lib', 'blib/arch')" t/*.t
t/01_load.t ............................. ok
# call created
# got ringing
# call established
# call cleaned up
# call created
# got ringing
# call established
# call cleaned up
# call created
# got ringing
# call established
# call cleaned up
# call created
# got ringing
# call established
# call cleaned up
t/02_listen_and_invite.t ................ ok
t/03_forward_stateless.t ................ ok
t/04_call_with_rtp.t .................... ok
t/05_call_with_stateless_proxy.t ........ ok
t/06_call_with_reinvite.t ............... ok
t/07_call_on_hold.t ..................... ok
t/08_register_with_auth.t ............... ok
t/09_fdleak.t ........................... ok
t/10_fdleak.t ........................... ok
t/11_invite_timeout.t ................... ok
# call established
# call cleaned up
# call established
# call cleaned up
# call established
# call cleaned up
# call established
# call cleaned up
t/12_maddr.t ............................ ok
t/13_maddr_proxy.t ...................... ok
# UAS   on 127.0.0.1:5062 
# UAC   on 127.0.0.1:5060 
# PROXY on 127.0.0.1:5063 
t/14_bugfix_0.51.t ...................... ok
t/15_block_invite.t ..................... ok
t/16_drop_invite.t ...................... ok
t/17_call_with_reinvite_and_auth.t ...... ok
t/18_register_with_auth_step_by_step.t .. ok
# UAS on 127.0.0.1:47912
# UAC on 127.0.0.1:60636
# call created
# call established
# call cleaned up
# received=465 lost=0 expect ca. 467.5 packets, events='1 2 D # 3 4 B *'
# UAS on 127.0.0.1:45606
# UAC on 127.0.0.1:53044
# call created
# call established
# call cleaned up
# received=465 lost=0 expect ca. 467.5 packets, events='1 2 D # 3 4 B *'
# UAS on 127.0.0.1:52773
# UAC on 127.0.0.1:50468
# call created
# call established
# call cleaned up
# received=466 lost=0 expect ca. 467.5 packets, events='1 2 D # 3 4 B *'
# UAS on 127.0.0.1:57163
# UAC on 127.0.0.1:47077
# call created
# call established
# call cleaned up
# received=466 lost=0 expect ca. 467.5 packets, events='1 2 D # 3 4 B *'
# UAS on [::1]:48692
# UAC on [::1]:51201
# call created
# call established
# call cleaned up
# received=466 lost=0 expect ca. 467.5 packets, events='1 2 D # 3 4 B *'
# UAS on [::1]:60542
# UAC on [::1]:46438
# call created
# call established
# call cleaned up
# received=466 lost=0 expect ca. 467.5 packets, events='1 2 D # 3 4 B *'
# UAS on [::1]:46391
# UAC on [::1]:56416
# call created
# call established
# call cleaned up
# received=465 lost=0 expect ca. 467.5 packets, events='1 2 D # 3 4 B *'
# UAS on [::1]:39472
# UAC on [::1]:59940
# call created
# call established
# call cleaned up
# received=465 lost=0 expect ca. 467.5 packets, events='1 2 D # 3 4 B *'
# UAS on 127.0.0.1:47805
# UAC on 127.0.0.1:38987
# call created
# call established
# call cleaned up
# received=465 lost=0 expect ca. 467.5 packets, events='1 2 D # 3 4 B *'
# UAS on 127.0.0.1:58173
# UAC on 127.0.0.1:41303
# call created
# call established
# call cleaned up
# received=467 lost=0 expect ca. 467.5 packets, events='1 2 D # 3 4 B *'
# UAS on 127.0.0.1:39873
# UAC on 127.0.0.1:44025
# call created
# call established
# call cleaned up
# received=467 lost=0 expect ca. 467.5 packets, events='1 2 D # 3 4 B *'
# UAS on 127.0.0.1:59739
# UAC on 127.0.0.1:35761
# call created
# call established
# call cleaned up
# received=465 lost=0 expect ca. 467.5 packets, events='1 2 D # 3 4 B *'
# UAS on [::1]:50795
# UAC on [::1]:32877
# call created
# call established
# call cleaned up
# received=464 lost=0 expect ca. 467.5 packets, events='1 2 D # 3 4 B *'
# UAS on [::1]:39501
# UAC on [::1]:34067
# call created
# call established
# call cleaned up
# received=465 lost=0 expect ca. 467.5 packets, events='1 2 D # 3 4 B *'
# UAS on [::1]:46385
# UAC on [::1]:36481
# call created
# call established
# out of order 0
# out of order 1
# out of order 2
# out of order 3
# out of order 4
# out of order 5
# out of order 6
# out of order 7
# out of order 8
# out of order 9
# out of order 10
# out of order 11
# out of order 12
# out of order 13
# out of order 14
# out of order 15
# out of order 16
# out of order 17
# out of order 18
# out of order 19
# out of order 20
# out of order 21
# out of order 22
# out of order 23
# out of order 24
# out of order 25
# out of order 26
# out of order 27
# out of order 28
# out of order 29
# out of order 30
# out of order 31
# out of order 32
# out of order 33
# out of order 34
# out of order 35
# out of order 36
# out of order 37
# out of order 38
# out of order 39
# out of order 40
# out of order 41
# out of order 42
# out of order 43
# out of order 44
# out of order 45
# out of order 46
# out of order 47
# out of order 48
# out of order 49
# out of order 50
# out of order 51
# out of order 52
# out of order 53
# out of order 54
# out of order 55
# out of order 56
# out of order 57
# out of order 58
# out of order 59
# out of order 60
# out of order 61
# out of order 62
# out of order 63
# out of order 64
# out of order 65
# out of order 66
# out of order 67
# out of order 68
# out of order 69
# out of order 70
# out of order 71
# out of order 72
# out of order 73
# out of order 74
# out of order 75
# out of order 76
# out of order 77
# out of order 78
# out of order 79
# out of order 80
# out of order 81
# out of order 82
# out of order 83
# out of order 84
# out of order 85
# out of order 86
# out of order 87
# out of order 88
# out of order 89
# out of order 90
# out of order 91
# out of order 92
# out of order 93
# out of order 94
# out of order 95
# out of order 96
# out of order 97
# out of order 98
# out of order 99
# out of order 100
# out of order 101
# out of order 102
# out of order 103
# out of order 104
# out of order 105
# out of order 106
# out of order 107
# out of order 108
# out of order 109
# out of order 110
# out of order 111
# out of order 112
# out of order 113
# out of order 114
# out of order 115
# out of order 116
# out of order 117
# out of order 118
# out of order 119
# out of order 120
# out of order 121
# out of order 122
# out of order 123
# out of order 124
# out of order 125
# out of order 126
# out of order 127
# out of order 128
# out of order 129
# out of order 130
# out of order 131
# out of order 132
# out of order 133
# out of order 134
# out of order 135
# out of order 136
# out of order 137
# out of order 138
# out of order 139
# out of order 140
# out of order 141
# out of order 142
# out of order 143
# out of order 144
# out of order 145
# out of order 146
# out of order 147
# out of order 148
# out of order 149
# out of order 150
# out of order 151
# out of order 152
# out of order 153
# out of order 154
# out of order 155
# out of order 156
# out of order 157
# out of order 158
# out of order 159
# out of order 160
# out of order 161
# out of order 162
# out of order 163
# out of order 164
# out of order 165
# out of order 166
# out of order 167
# out of order 168
# out of order 169
# out of order 170
# out of order 171
# out of order 172
# out of order 173
# out of order 174
# out of order 175
# out of order 176
# out of order 177
# out of order 178
# out of order 179
# out of order 180
# out of order 181
# out of order 182
# out of order 183
# out of order 184
# out of order 185
# out of order 186
# out of order 187
# out of order 188
# out of order 189
# out of order 190
# out of order 191
# out of order 192
# out of order 193
# out of order 194
# out of order 195
# out of order 196
# out of order 197
# out of order 198
# out of order 199
# out of order 200
# out of order 201
# out of order 202
# out of order 203
# out of order 204
# out of order 205
# out of order 206
# out of order 207
# out of order 208
# out of order 209
# out of order 210
# out of order 211
# out of order 212
# out of order 213
# out of order 214
# out of order 215
# out of order 216
# out of order 217
# out of order 218
# out of order 219
# out of order 220
# out of order 221
# out of order 222
# out of order 223
# out of order 224
# out of order 225
# out of order 226
# out of order 227
# out of order 228
# out of order 229
# out of order 230
# out of order 231
# out of order 232
# out of order 233
# out of order 234
# out of order 235
# out of order 236
# out of order 237
# out of order 238
# out of order 239
# out of order 240
# out of order 241
# out of order 242
# out of order 243
# out of order 244
# out of order 245
# out of order 246
# out of order 247
# out of order 248
# out of order 249
# out of order 250
# out of order 251
# out of order 252
# out of order 253
# out of order 254
# out of order 255
# out of order 256
# out of order 257
# out of order 258
# out of order 259
# out of order 260
# out of order 261
# out of order 262
# out of order 263
# out of order 264
# out of order 265
# out of order 266
# out of order 267
# call cleaned up
# received=198 lost=0 expect ca. 467.5 packets, events='1 2 D # 3 4 B *'

#   Failed test 'UAS RTP ok'
#   at t/19_call_with_dtmf.t line 151.
#                   'UAS RTP received only 198/467.5 packets, lost 0
# '
#     doesn't match '(?^:UAS RTP ok)'
# UAS on [::1]:53851
# UAC on [::1]:39187
# call created
# call established
# call cleaned up
# received=464 lost=0 expect ca. 467.5 packets, events='1 2 D # 3 4 B *'
# Looks like you failed 1 test of 216.
t/19_call_with_dtmf.t ................... 
Dubious, test returned 1 (wstat 256, 0x100)
Failed 1/216 subtests 
	(less 72 skipped subtests: 143 okay)
t/20_channel_on_hold.t .................. ok
t/21_channel_on_hold_stateless_proxy.t .. ok
t/22_stateless_proxy_ack_on_error.t ..... ok
t/23_valid_message.t .................... ok
t/24_dtmf_audio.t ....................... ok
t/25_register_tcp_timeout.t ............. ok
t/26_request_ack.t ...................... ok

Test Summary Report
-------------------
t/19_call_with_dtmf.t                 (Wstat: 256 (exited 1) Tests: 216 Failed: 1)
  Failed test:  133
  Non-zero exit status: 1
Files=26, Tests=2000, 292 wallclock secs ( 0.38 usr  0.04 sys + 26.38 cusr  3.93 csys = 30.73 CPU)
Result: FAIL
Failed 1/26 test programs. 1/2000 subtests failed.
make: *** [Makefile:1000: test_dynamic] Error 255


PREREQUISITES:

Here is a list of prerequisites you specified and versions we
managed to load:

	  Module Name                        Have     Want
	  ExtUtils::MakeMaker                7.70        0
	  Socket                         2.020_03     1.95

Perl module toolchain versions installed:
	Module Name                        Have
	CPANPLUS                         0.9914
	CPANPLUS::Dist::Build              0.90
	Cwd                                3.75
	ExtUtils::CBuilder             0.280236
	ExtUtils::Command                  7.70
	ExtUtils::Install                  2.22
	ExtUtils::MakeMaker                7.70
	ExtUtils::Manifest                 1.75
	ExtUtils::ParseXS                  3.51
	File::Spec                         3.75
	Module::Build                    0.4234
	Pod::Parser                        1.63
	Pod::Simple                        3.32
	Test2                          1.302199
	Test::Harness                      3.48
	Test::More                     1.302199
	version                          0.9932

******************************** NOTE ********************************
The comments above are created mechanically, possibly without manual
checking by the sender.  As there are many people performing automatic
tests on each upload to CPAN, it is likely that you will receive
identical messages about the same problem.

If you believe that the message is mistaken, please reply to the first
one with correction and/or additional informations, and do not take
it personally.  We appreciate your patience. :)
**********************************************************************

Additional comments:


This report was machine-generated by CPANPLUS::Dist::YACSmoke 1.08.
Powered by minismokebox version 0.68

CPANPLUS is prefering Build.PL

------------------------------
ENVIRONMENT AND OTHER CONTEXT
------------------------------

Environment variables:

    AUTOMATED_TESTING = 1
    LANG = en_GB.UTF-8
    LANGUAGE = en_GB:en
    NONINTERACTIVE_TESTING = 1
    PATH = /home/cpan/pit/jail/JTtD7sVWZy/bin:/usr/local/bin:/usr/bin:/bin:/usr/local/games:/usr/games
    PERL5LIB = /home/cpan/pit/jail/JTtD7sVWZy/lib/perl5:/home/cpan/pit/thr-ld/conf/perl-5.24.4/.cpanplus/5.24.4/build/bCXIPu9oFl/Net-SIP-0.838/blib/lib:/home/cpan/pit/thr-ld/conf/perl-5.24.4/.cpanplus/5.24.4/build/bCXIPu9oFl/Net-SIP-0.838/blib/arch
    PERL5_CPANPLUS_IS_RUNNING = 14756
    PERL5_CPANPLUS_IS_VERSION = 0.9914
    PERL5_MINISMOKEBOX = 0.68
    PERL5_YACSMOKE_BASE = /home/cpan/pit/thr-ld/conf/perl-5.24.4
    PERL_EXTUTILS_AUTOINSTALL = --defaultdeps
    PERL_LOCAL_LIB_ROOT = /home/cpan/pit/jail/JTtD7sVWZy
    PERL_MB_OPT = --install_base "/home/cpan/pit/jail/JTtD7sVWZy"
    PERL_MM_OPT = INSTALL_BASE=/home/cpan/pit/jail/JTtD7sVWZy
    PERL_MM_USE_DEFAULT = 1
    SHELL = /bin/bash
    TERM = screen

Perl special variables (and OS-specific diagnostics, for MSWin32):

    Perl: $^X = /home/cpan/pit/thr-ld/perl-5.24.4/bin/perl
    UID:  $<  = 1001
    EUID: $>  = 1001
    GID:  $(  = 1001 1001
    EGID: $)  = 1001 1001


-------------------------------


--

Summary of my perl5 (revision 5 version 24 subversion 4) configuration:
   
  Platform:
    osname=linux, osvers=5.10.0-12-686, archname=i686-linux-thread-multi-ld
    uname='linux dagobah 5.10.0-12-686 #1 smp debian 5.10.103-1 (2022-03-07) i686 gnulinux '
    config_args='-des -Dprefix=/home/cpan/pit/thr-ld/perl-5.24.4 -Dusethreads -Duselongdouble'
    hint=recommended, useposix=true, d_sigaction=define
    useithreads=define, usemultiplicity=define
    use64bitint=undef, use64bitall=undef, uselongdouble=define
    usemymalloc=n, bincompat5005=undef
  Compiler:
    cc='cc', ccflags ='-D_REENTRANT -D_GNU_SOURCE -fwrapv -fno-strict-aliasing -pipe -fstack-protector-strong -I/usr/local/include -D_LARGEFILE_SOURCE -D_FILE_OFFSET_BITS=64 -D_FORTIFY_SOURCE=2',
    optimize='-O2',
    cppflags='-D_REENTRANT -D_GNU_SOURCE -fwrapv -fno-strict-aliasing -pipe -fstack-protector-strong -I/usr/local/include'
    ccversion='', gccversion='10.2.1 20210110', gccosandvers=''
    intsize=4, longsize=4, ptrsize=4, doublesize=8, byteorder=1234, doublekind=3
    d_longlong=define, longlongsize=8, d_longdbl=define, longdblsize=12, longdblkind=3
    ivtype='long', ivsize=4, nvtype='long double', nvsize=12, Off_t='off_t', lseeksize=8
    alignbytes=4, prototype=define
  Linker and Libraries:
    ld='cc', ldflags =' -fstack-protector-strong -L/usr/local/lib'
    libpth=/usr/local/lib /usr/include/i386-linux-gnu /usr/lib /lib/i386-linux-gnu /lib/../lib /usr/lib/i386-linux-gnu /usr/lib/../lib /lib /lib64 /usr/lib64
    libs=-lpthread -lnsl -lgdbm -ldl -lm -lcrypt -lutil -lc
    perllibs=-lpthread -lnsl -ldl -lm -lcrypt -lutil -lc
    libc=libc-2.31.so, so=so, useshrplib=false, libperl=libperl.a
    gnulibc_version='2.31'
  Dynamic Linking:
    dlsrc=dl_dlopen.xs, dlext=so, d_dlsymun=undef, ccdlflags='-Wl,-E'
    cccdlflags='-fPIC', lddlflags='-shared -O2 -L/usr/local/lib -fstack-protector-strong'


Characteristics of this binary (from libperl): 
  Compile-time options: HAS_TIMES MULTIPLICITY PERLIO_LAYERS
                        PERL_COPY_ON_WRITE PERL_DONT_CREATE_GVSV
                        PERL_HASH_FUNC_ONE_AT_A_TIME_HARD
                        PERL_IMPLICIT_CONTEXT PERL_MALLOC_WRAP
                        PERL_PRESERVE_IVUV USE_ITHREADS USE_LARGE_FILES
                        USE_LOCALE USE_LOCALE_COLLATE USE_LOCALE_CTYPE
                        USE_LOCALE_NUMERIC USE_LOCALE_TIME USE_LONG_DOUBLE
                        USE_PERLIO USE_PERL_ATOF USE_REENTRANT_API
  Locally applied patches:
	Devel::PatchPerl 2.08
  Built under linux
  Compiled at Mar 19 2022 16:14:31
  %ENV:
    PERL5LIB="/home/cpan/pit/jail/JTtD7sVWZy/lib/perl5:/home/cpan/pit/thr-ld/conf/perl-5.24.4/.cpanplus/5.24.4/build/bCXIPu9oFl/Net-SIP-0.838/blib/lib:/home/cpan/pit/thr-ld/conf/perl-5.24.4/.cpanplus/5.24.4/build/bCXIPu9oFl/Net-SIP-0.838/blib/arch"
    PERL5_CPANPLUS_IS_RUNNING="14756"
    PERL5_CPANPLUS_IS_VERSION="0.9914"
    PERL5_MINISMOKEBOX="0.68"
    PERL5_YACSMOKE_BASE="/home/cpan/pit/thr-ld/conf/perl-5.24.4"
    PERL_EXTUTILS_AUTOINSTALL="--defaultdeps"
    PERL_LOCAL_LIB_ROOT="/home/cpan/pit/jail/JTtD7sVWZy"
    PERL_MB_OPT="--install_base "/home/cpan/pit/jail/JTtD7sVWZy""
    PERL_MM_OPT="INSTALL_BASE=/home/cpan/pit/jail/JTtD7sVWZy"
    PERL_MM_USE_DEFAULT="1"
  @INC:
    /home/cpan/pit/jail/JTtD7sVWZy/lib/perl5/5.24.4/i686-linux-thread-multi-ld
    /home/cpan/pit/jail/JTtD7sVWZy/lib/perl5/5.24.4
    /home/cpan/pit/jail/JTtD7sVWZy/lib/perl5/i686-linux-thread-multi-ld
    /home/cpan/pit/jail/JTtD7sVWZy/lib/perl5
    /home/cpan/pit/thr-ld/conf/perl-5.24.4/.cpanplus/5.24.4/build/bCXIPu9oFl/Net-SIP-0.838/blib/lib
    /home/cpan/pit/thr-ld/conf/perl-5.24.4/.cpanplus/5.24.4/build/bCXIPu9oFl/Net-SIP-0.838/blib/arch
    /home/cpan/pit/thr-ld/perl-5.24.4/lib/site_perl/5.24.4/i686-linux-thread-multi-ld
    /home/cpan/pit/thr-ld/perl-5.24.4/lib/site_perl/5.24.4
    /home/cpan/pit/thr-ld/perl-5.24.4/lib/5.24.4/i686-linux-thread-multi-ld
    /home/cpan/pit/thr-ld/perl-5.24.4/lib/5.24.4
    .