Back
From: metabase:user:322078bc-2aae-11df-837a-5e0a49663a4f
Subject: FAIL XML-Schema-0.07 v5.12.3 FreeBSD
Date: 2011-06-19T04:43:20Z
This distribution has been tested as part of the CPAN Testers
project, supporting the Perl programming language. See
http://wiki.cpantesters.org/ for more information or email
questions to cpan-testers-discuss@perl.org
--
Dear Andy Wardley,
This is a computer-generated error report created automatically by
CPANPLUS, version 0.9105. Testers personal comments may appear
at the end of this report.
Thank you for uploading your work to CPAN. However, it appears that
there were some problems testing your distribution.
TEST RESULTS:
Below is the error stack from stage 'make test':
[MSG] [Sun Jun 19 05:42:38 2011] Trying to get 'http://cpan.mirror.local/CPAN/authors/id/A/AB/ABW/CHECKSUMS'
[MSG] [Sun Jun 19 05:42:39 2011] Checksum matches for 'XML-Schema-0.07.tar.gz'
[MSG] [Sun Jun 19 05:42:46 2011] Extracted 'XML::Schema' to '/usr/home/cpan/pit/thr/conf/perl-5.12.3/.cpanplus/5.12.3/build/XML-Schema-0.07'
[MSG] [Sun Jun 19 05:42:46 2011] CPANPLUS is prefering Build.PL
[MSG] [Sun Jun 19 05:42:46 2011] Checking if your kit is complete...
Looks good
Writing Makefile for XML::Schema
[MSG] [Sun Jun 19 05:42:46 2011] DEFAULT 'filter_prereqs' HANDLER RETURNING 'sub return value'
[MSG] [Sun Jun 19 05:42:46 2011] Checking for previous PASS result for "XML-Schema-0.07"
[MSG] [Sun Jun 19 05:42:48 2011] cp lib/XML/Schema/Particle/Choice.pm blib/lib/XML/Schema/Particle/Choice.pm
cp lib/XML/Schema/Element.pm blib/lib/XML/Schema/Element.pm
cp lib/XML/Schema/Content.pm blib/lib/XML/Schema/Content.pm
cp lib/XML/Schema/Type/Simple.pm blib/lib/XML/Schema/Type/Simple.pm
cp lib/XML/Schema/Type/List.pm blib/lib/XML/Schema/Type/List.pm
cp lib/XML/Schema/Scheduler.pm blib/lib/XML/Schema/Scheduler.pm
cp lib/XML/Schema/Particle/Sequence.pm blib/lib/XML/Schema/Particle/Sequence.pm
cp lib/XML/Schema/Handler.pm blib/lib/XML/Schema/Handler.pm
cp lib/XML/Schema/Scope.pm blib/lib/XML/Schema/Scope.pm
cp lib/XML/Schema/Wildcard.pm blib/lib/XML/Schema/Wildcard.pm
cp lib/XML/Schema/Constants.pm blib/lib/XML/Schema/Constants.pm
cp lib/XML/Schema/Type.pm blib/lib/XML/Schema/Type.pm
cp lib/XML/Schema/Handler/Simple.pm blib/lib/XML/Schema/Handler/Simple.pm
cp lib/XML/Schema/Base.pm blib/lib/XML/Schema/Base.pm
cp lib/XML/Schema/Parser.pm blib/lib/XML/Schema/Parser.pm
cp lib/XML/Schema/Facet/Builtin.pm blib/lib/XML/Schema/Facet/Builtin.pm
cp lib/XML/Schema/Attribute.pm blib/lib/XML/Schema/Attribute.pm
cp lib/XML/Schema/Particle/Element.pm blib/lib/XML/Schema/Particle/Element.pm
cp lib/XML/Schema.pm blib/lib/XML/Schema.pm
cp lib/XML/Schema/Exception.pm blib/lib/XML/Schema/Exception.pm
cp lib/XML/Schema/Type/Provider.pm blib/lib/XML/Schema/Type/Provider.pm
cp lib/XML/Schema/Type/Complex.pm blib/lib/XML/Schema/Type/Complex.pm
cp lib/XML/Schema/Type/Builtin.pm blib/lib/XML/Schema/Type/Builtin.pm
cp lib/XML/Schema/Handler/Schema.pm blib/lib/XML/Schema/Handler/Schema.pm
cp lib/XML/Schema/Test.pm blib/lib/XML/Schema/Test.pm
cp lib/XML/Schema/Scoped.pm blib/lib/XML/Schema/Scoped.pm
cp lib/XML/Schema/Facet.pm blib/lib/XML/Schema/Facet.pm
cp lib/XML/Schema/Attribute/Group.pm blib/lib/XML/Schema/Attribute/Group.pm
cp lib/XML/Schema/Instance.pm blib/lib/XML/Schema/Instance.pm
cp lib/XML/Schema/Handler/Complex.pm blib/lib/XML/Schema/Handler/Complex.pm
cp lib/XML/Schema/Factory.pm blib/lib/XML/Schema/Factory.pm
cp lib/XML/Schema/Type/Union.pm blib/lib/XML/Schema/Type/Union.pm
cp lib/XML/Schema/Particle.pm blib/lib/XML/Schema/Particle.pm
cp lib/XML/Schema/Annotation.pm blib/lib/XML/Schema/Annotation.pm
Manifying blib/man3/XML::Schema::Type::Complex.3
Manifying blib/man3/XML::Schema::Type::Builtin.3
Manifying blib/man3/XML::Schema::Test.3
Manifying blib/man3/XML::Schema::Type.3
Manifying blib/man3/XML::Schema::Facet.3
Manifying blib/man3/XML::Schema::Base.3
Manifying blib/man3/XML::Schema.3
Manifying blib/man3/XML::Schema::Parser.3
Manifying blib/man3/XML::Schema::Type::Union.3
Manifying blib/man3/XML::Schema::Facet::Builtin.3
Manifying blib/man3/XML::Schema::Scheduler.3
Manifying blib/man3/XML::Schema::Type::List.3
Manifying blib/man3/XML::Schema::Type::Simple.3
Manifying blib/man3/XML::Schema::Exception.3
Manifying blib/man3/XML::Schema::Particle.3
[ERROR] [Sun Jun 19 05:42:51 2011] MAKE TEST failed: PERL_DL_NONLAZY=1 /usr/home/cpan/pit/thr/perl-5.12.3/bin/perl "-MExtUtils::Command::MM" "-e" "test_harness(0, 'blib/lib', 'blib/arch')" t/*.t
Use of uninitialized value in addition (+) at lib/XML/Schema/Type/Builtin.pm line 198.
Use of uninitialized value in numeric le (<=) at lib/XML/Schema/Facet/Builtin.pm line 319.
Use of uninitialized value in addition (+) at lib/XML/Schema/Type/Builtin.pm line 198.
Use of uninitialized value in numeric le (<=) at lib/XML/Schema/Facet/Builtin.pm line 319.
Use of uninitialized value in addition (+) at lib/XML/Schema/Type/Builtin.pm line 198.
Use of uninitialized value in numeric le (<=) at lib/XML/Schema/Facet/Builtin.pm line 319.
Use of uninitialized value in addition (+) at lib/XML/Schema/Type/Builtin.pm line 198.
Use of uninitialized value in numeric le (<=) at lib/XML/Schema/Facet/Builtin.pm line 319.
Use of uninitialized value in addition (+) at lib/XML/Schema/Type/Builtin.pm line 198.
Use of uninitialized value in numeric le (<=) at lib/XML/Schema/Facet/Builtin.pm line 319.
Use of uninitialized value in addition (+) at lib/XML/Schema/Type/Builtin.pm line 198.
Use of uninitialized value in numeric le (<=) at lib/XML/Schema/Facet/Builtin.pm line 319.
Use of uninitialized value in addition (+) at lib/XML/Schema/Type/Builtin.pm line 198.
Use of uninitialized value in numeric le (<=) at lib/XML/Schema/Facet/Builtin.pm line 319.
Use of uninitialized value in addition (+) at lib/XML/Schema/Type/Builtin.pm line 198.
Use of uninitialized value in numeric le (<=) at lib/XML/Schema/Facet/Builtin.pm line 319.
Use of uninitialized value in addition (+) at lib/XML/Schema/Type/Builtin.pm line 198.
Use of uninitialized value in numeric le (<=) at lib/XML/Schema/Facet/Builtin.pm line 319.
Use of uninitialized value in addition (+) at lib/XML/Schema/Type/Builtin.pm line 198.
Use of uninitialized value in numeric le (<=) at lib/XML/Schema/Facet/Builtin.pm line 319.
Use of uninitialized value in addition (+) at lib/XML/Schema/Type/Builtin.pm line 198.
Use of uninitialized value in numeric le (<=) at lib/XML/Schema/Facet/Builtin.pm line 319.
Use of uninitialized value in addition (+) at lib/XML/Schema/Type/Builtin.pm line 198.
Use of uninitialized value in numeric le (<=) at lib/XML/Schema/Facet/Builtin.pm line 319.
Use of uninitialized value in addition (+) at lib/XML/Schema/Type/Builtin.pm line 198.
Use of uninitialized value in numeric le (<=) at lib/XML/Schema/Facet/Builtin.pm line 319.
Use of uninitialized value in addition (+) at lib/XML/Schema/Type/Builtin.pm line 198.
Use of uninitialized value in numeric le (<=) at lib/XML/Schema/Facet/Builtin.pm line 319.
Use of uninitialized value in addition (+) at lib/XML/Schema/Type/Builtin.pm line 198.
Use of uninitialized value in numeric le (<=) at lib/XML/Schema/Facet/Builtin.pm line 319.
Use of uninitialized value in addition (+) at lib/XML/Schema/Type/Builtin.pm line 198.
Use of uninitialized value in numeric le (<=) at lib/XML/Schema/Facet/Builtin.pm line 319.
Use of uninitialized value in addition (+) at lib/XML/Schema/Type/Builtin.pm line 198.
Use of uninitialized value in numeric le (<=) at lib/XML/Schema/Facet/Builtin.pm line 319.
Use of uninitialized value in addition (+) at lib/XML/Schema/Type/Builtin.pm line 198.
Use of uninitialized value in numeric le (<=) at lib/XML/Schema/Facet/Builtin.pm line 319.
Use of uninitialized value in addition (+) at lib/XML/Schema/Type/Builtin.pm line 198.
Use of uninitialized value in numeric le (<=) at lib/XML/Schema/Facet/Builtin.pm line 319.
Use of uninitialized value in addition (+) at lib/XML/Schema/Type/Builtin.pm line 198.
Use of uninitialized value in numeric le (<=) at lib/XML/Schema/Facet/Builtin.pm line 319.
Use of uninitialized value in addition (+) at lib/XML/Schema/Type/Builtin.pm line 198.
Use of uninitialized value in numeric le (<=) at lib/XML/Schema/Facet/Builtin.pm line 319.
Use of uninitialized value in addition (+) at lib/XML/Schema/Type/Builtin.pm line 198.
Use of uninitialized value in numeric le (<=) at lib/XML/Schema/Facet/Builtin.pm line 319.
Use of uninitialized value in addition (+) at lib/XML/Schema/Type/Builtin.pm line 198.
Use of uninitialized value in numeric le (<=) at lib/XML/Schema/Facet/Builtin.pm line 319.
Use of uninitialized value in addition (+) at lib/XML/Schema/Type/Builtin.pm line 198.
Use of uninitialized value in numeric le (<=) at lib/XML/Schema/Facet/Builtin.pm line 319.
Use of uninitialized value in addition (+) at lib/XML/Schema/Type/Builtin.pm line 198.
Use of uninitialized value in numeric le (<=) at lib/XML/Schema/Facet/Builtin.pm line 319.
Use of uninitialized value in addition (+) at lib/XML/Schema/Type/Builtin.pm line 198.
Use of uninitialized value in numeric le (<=) at lib/XML/Schema/Facet/Builtin.pm line 319.
Use of uninitialized value in addition (+) at lib/XML/Schema/Type/Builtin.pm line 198.
Use of uninitialized value in numeric le (<=) at lib/XML/Schema/Facet/Builtin.pm line 319.
Use of uninitialized value in addition (+) at lib/XML/Schema/Type/Builtin.pm line 198.
Use of uninitialized value in numeric le (<=) at lib/XML/Schema/Facet/Builtin.pm line 319.
Use of uninitialized value in addition (+) at lib/XML/Schema/Type/Builtin.pm line 198.
Use of uninitialized value in numeric le (<=) at lib/XML/Schema/Facet/Builtin.pm line 319.
Use of uninitialized value in addition (+) at lib/XML/Schema/Type/Builtin.pm line 198.
Use of uninitialized value in numeric le (<=) at lib/XML/Schema/Facet/Builtin.pm line 319.
Use of uninitialized value in addition (+) at lib/XML/Schema/Type/Builtin.pm line 198.
Use of uninitialized value in numeric le (<=) at lib/XML/Schema/Facet/Builtin.pm line 319.
Use of uninitialized value in addition (+) at lib/XML/Schema/Type/Builtin.pm line 198.
Use of uninitialized value in numeric le (<=) at lib/XML/Schema/Facet/Builtin.pm line 319.
Use of uninitialized value in addition (+) at lib/XML/Schema/Type/Builtin.pm line 198.
Use of uninitialized value in numeric le (<=) at lib/XML/Schema/Facet/Builtin.pm line 319.
Use of uninitialized value in addition (+) at lib/XML/Schema/Type/Builtin.pm line 198.
Use of uninitialized value in numeric le (<=) at lib/XML/Schema/Facet/Builtin.pm line 319.
Use of uninitialized value in addition (+) at lib/XML/Schema/Type/Builtin.pm line 198.
Use of uninitialized value in numeric le (<=) at lib/XML/Schema/Facet/Builtin.pm line 319.
t/attrgroup.t .. ok
t/attribute.t .. ok
t/base.t ....... ok
Use of uninitialized value in addition (+) at lib/XML/Schema/Type/Builtin.pm line 198.
Use of uninitialized value in addition (+) at lib/XML/Schema/Type/Builtin.pm line 198.
Use of uninitialized value in addition (+) at lib/XML/Schema/Type/Builtin.pm line 198.
Use of uninitialized value in addition (+) at lib/XML/Schema/Type/Builtin.pm line 198.
Use of uninitialized value in numeric le (<=) at lib/XML/Schema/Facet/Builtin.pm line 319.
Use of uninitialized value in addition (+) at lib/XML/Schema/Type/Builtin.pm line 198.
Use of uninitialized value in numeric le (<=) at lib/XML/Schema/Facet/Builtin.pm line 319.
Use of uninitialized value in addition (+) at lib/XML/Schema/Type/Builtin.pm line 198.
Use of uninitialized value in numeric le (<=) at lib/XML/Schema/Facet/Builtin.pm line 319.
Use of uninitialized value in addition (+) at lib/XML/Schema/Type/Builtin.pm line 198.
Use of uninitialized value in numeric le (<=) at lib/XML/Schema/Facet/Builtin.pm line 319.
Use of uninitialized value in addition (+) at lib/XML/Schema/Type/Builtin.pm line 198.
Use of uninitialized value in numeric le (<=) at lib/XML/Schema/Facet/Builtin.pm line 319.
Use of uninitialized value in addition (+) at lib/XML/Schema/Type/Builtin.pm line 198.
Use of uninitialized value in numeric le (<=) at lib/XML/Schema/Facet/Builtin.pm line 319.
Use of uninitialized value in addition (+) at lib/XML/Schema/Type/Builtin.pm line 198.
Use of uninitialized value in numeric le (<=) at lib/XML/Schema/Facet/Builtin.pm line 319.
Use of uninitialized value in addition (+) at lib/XML/Schema/Type/Builtin.pm line 198.
Use of uninitialized value in numeric le (<=) at lib/XML/Schema/Facet/Builtin.pm line 319.
Use of uninitialized value in addition (+) at lib/XML/Schema/Type/Builtin.pm line 198.
Use of uninitialized value in numeric le (<=) at lib/XML/Schema/Facet/Builtin.pm line 319.
Use of uninitialized value in addition (+) at lib/XML/Schema/Type/Builtin.pm line 198.
Use of uninitialized value in numeric le (<=) at lib/XML/Schema/Facet/Builtin.pm line 319.
Use of uninitialized value in addition (+) at lib/XML/Schema/Type/Builtin.pm line 198.
Use of uninitialized value in numeric le (<=) at lib/XML/Schema/Facet/Builtin.pm line 319.
Use of uninitialized value in addition (+) at lib/XML/Schema/Type/Builtin.pm line 198.
Use of uninitialized value in numeric le (<=) at lib/XML/Schema/Facet/Builtin.pm line 319.
Use of uninitialized value in addition (+) at lib/XML/Schema/Type/Builtin.pm line 198.
Use of uninitialized value in numeric le (<=) at lib/XML/Schema/Facet/Builtin.pm line 319.
Use of uninitialized value in addition (+) at lib/XML/Schema/Type/Builtin.pm line 198.
Use of uninitialized value in numeric le (<=) at lib/XML/Schema/Facet/Builtin.pm line 319.
Use of uninitialized value in addition (+) at lib/XML/Schema/Type/Builtin.pm line 198.
Use of uninitialized value in numeric le (<=) at lib/XML/Schema/Facet/Builtin.pm line 319.
Use of uninitialized value in addition (+) at lib/XML/Schema/Type/Builtin.pm line 198.
Use of uninitialized value in numeric le (<=) at lib/XML/Schema/Facet/Builtin.pm line 319.
Use of uninitialized value in addition (+) at lib/XML/Schema/Type/Builtin.pm line 198.
Use of uninitialized value in numeric le (<=) at lib/XML/Schema/Facet/Builtin.pm line 319.
Use of uninitialized value in addition (+) at lib/XML/Schema/Type/Builtin.pm line 198.
Use of uninitialized value in numeric le (<=) at lib/XML/Schema/Facet/Builtin.pm line 319.
Use of uninitialized value in addition (+) at lib/XML/Schema/Type/Builtin.pm line 198.
Use of uninitialized value in numeric le (<=) at lib/XML/Schema/Facet/Builtin.pm line 319.
Use of uninitialized value in addition (+) at lib/XML/Schema/Type/Builtin.pm line 198.
Use of uninitialized value in numeric le (<=) at lib/XML/Schema/Facet/Builtin.pm line 319.
Use of uninitialized value in addition (+) at lib/XML/Schema/Type/Builtin.pm line 198.
Use of uninitialized value in numeric le (<=) at lib/XML/Schema/Facet/Builtin.pm line 319.
Use of uninitialized value in addition (+) at lib/XML/Schema/Type/Builtin.pm line 198.
Use of uninitialized value in numeric le (<=) at lib/XML/Schema/Facet/Builtin.pm line 319.
Use of uninitialized value in addition (+) at lib/XML/Schema/Type/Builtin.pm line 198.
Use of uninitialized value in numeric le (<=) at lib/XML/Schema/Facet/Builtin.pm line 319.
Use of uninitialized value in addition (+) at lib/XML/Schema/Type/Builtin.pm line 198.
Use of uninitialized value in numeric le (<=) at lib/XML/Schema/Facet/Builtin.pm line 319.
Use of uninitialized value in addition (+) at lib/XML/Schema/Type/Builtin.pm line 198.
Use of uninitialized value in numeric le (<=) at lib/XML/Schema/Facet/Builtin.pm line 319.
Use of uninitialized value in addition (+) at lib/XML/Schema/Type/Builtin.pm line 198.
Use of uninitialized value in numeric le (<=) at lib/XML/Schema/Facet/Builtin.pm line 319.
Use of uninitialized value in addition (+) at lib/XML/Schema/Type/Builtin.pm line 198.
Use of uninitialized value in numeric le (<=) at lib/XML/Schema/Facet/Builtin.pm line 319.
Use of uninitialized value in addition (+) at lib/XML/Schema/Type/Builtin.pm line 198.
Use of uninitialized value in numeric le (<=) at lib/XML/Schema/Facet/Builtin.pm line 319.
Use of uninitialized value in addition (+) at lib/XML/Schema/Type/Builtin.pm line 198.
Use of uninitialized value in numeric le (<=) at lib/XML/Schema/Facet/Builtin.pm line 319.
Use of uninitialized value in addition (+) at lib/XML/Schema/Type/Builtin.pm line 198.
Use of uninitialized value in numeric le (<=) at lib/XML/Schema/Facet/Builtin.pm line 319.
Use of uninitialized value in addition (+) at lib/XML/Schema/Type/Builtin.pm line 198.
Use of uninitialized value in numeric le (<=) at lib/XML/Schema/Facet/Builtin.pm line 319.
Use of uninitialized value in addition (+) at lib/XML/Schema/Type/Builtin.pm line 198.
Use of uninitialized value in numeric le (<=) at lib/XML/Schema/Facet/Builtin.pm line 319.
Use of uninitialized value in addition (+) at lib/XML/Schema/Type/Builtin.pm line 198.
Use of uninitialized value in numeric le (<=) at lib/XML/Schema/Facet/Builtin.pm line 319.
Use of uninitialized value in addition (+) at lib/XML/Schema/Type/Builtin.pm line 198.
Use of uninitialized value in numeric le (<=) at lib/XML/Schema/Facet/Builtin.pm line 319.
Use of uninitialized value in addition (+) at lib/XML/Schema/Type/Builtin.pm line 198.
Use of uninitialized value in numeric le (<=) at lib/XML/Schema/Facet/Builtin.pm line 319.
Use of uninitialized value in addition (+) at lib/XML/Schema/Type/Builtin.pm line 198.
Use of uninitialized value in numeric le (<=) at lib/XML/Schema/Facet/Builtin.pm line 319.
Use of uninitialized value in addition (+) at lib/XML/Schema/Type/Builtin.pm line 198.
Use of uninitialized value in numeric le (<=) at lib/XML/Schema/Facet/Builtin.pm line 319.
Use of uninitialized value in addition (+) at lib/XML/Schema/Type/Builtin.pm line 198.
Use of uninitialized value in numeric le (<=) at lib/XML/Schema/Facet/Builtin.pm line 319.
Use of uninitialized value in addition (+) at lib/XML/Schema/Type/Builtin.pm line 198.
Use of uninitialized value in numeric le (<=) at lib/XML/Schema/Facet/Builtin.pm line 319.
Use of uninitialized value in addition (+) at lib/XML/Schema/Type/Builtin.pm line 198.
Use of uninitialized value in numeric le (<=) at lib/XML/Schema/Facet/Builtin.pm line 319.
Use of uninitialized value in addition (+) at lib/XML/Schema/Type/Builtin.pm line 198.
Use of uninitialized value in numeric le (<=) at lib/XML/Schema/Facet/Builtin.pm line 319.
Use of uninitialized value in addition (+) at lib/XML/Schema/Type/Builtin.pm line 198.
Use of uninitialized value in numeric le (<=) at lib/XML/Schema/Facet/Builtin.pm line 319.
Use of uninitialized value in addition (+) at lib/XML/Schema/Type/Builtin.pm line 198.
Use of uninitialized value in numeric le (<=) at lib/XML/Schema/Facet/Builtin.pm line 319.
Use of uninitialized value in addition (+) at lib/XML/Schema/Type/Builtin.pm line 198.
Use of uninitialized value in numeric le (<=) at lib/XML/Schema/Facet/Builtin.pm line 319.
Use of uninitialized value in addition (+) at lib/XML/Schema/Type/Builtin.pm line 198.
Use of uninitialized value in numeric le (<=) at lib/XML/Schema/Facet/Builtin.pm line 319.
Use of uninitialized value in addition (+) at lib/XML/Schema/Type/Builtin.pm line 198.
Use of uninitialized value in numeric le (<=) at lib/XML/Schema/Facet/Builtin.pm line 319.
Use of uninitialized value in addition (+) at lib/XML/Schema/Type/Builtin.pm line 198.
Use of uninitialized value in numeric le (<=) at lib/XML/Schema/Facet/Builtin.pm line 319.
Use of uninitialized value in addition (+) at lib/XML/Schema/Type/Builtin.pm line 198.
Use of uninitialized value in numeric le (<=) at lib/XML/Schema/Facet/Builtin.pm line 319.
Use of uninitialized value in addition (+) at lib/XML/Schema/Type/Builtin.pm line 198.
Use of uninitialized value in numeric le (<=) at lib/XML/Schema/Facet/Builtin.pm line 319.
Use of uninitialized value in addition (+) at lib/XML/Schema/Type/Builtin.pm line 198.
Use of uninitialized value in numeric le (<=) at lib/XML/Schema/Facet/Builtin.pm line 319.
Use of uninitialized value in addition (+) at lib/XML/Schema/Type/Builtin.pm line 198.
Use of uninitialized value in numeric le (<=) at lib/XML/Schema/Facet/Builtin.pm line 319.
Use of uninitialized value in addition (+) at lib/XML/Schema/Type/Builtin.pm line 198.
Use of uninitialized value in numeric le (<=) at lib/XML/Schema/Facet/Builtin.pm line 319.
Use of uninitialized value in addition (+) at lib/XML/Schema/Type/Builtin.pm line 198.
Use of uninitialized value in numeric le (<=) at lib/XML/Schema/Facet/Builtin.pm line 319.
t/builtin.t .... ok
t/choice.t ..... ok
t/complex.t .... ok
t/constants.t .. ok
t/content.t .... ok
t/element.t .... ok
t/enum.t ....... ok
t/exception.t .. ok
t/facet.t ...... ok
t/handler.t .... ok
Can't call method "parse" on an undefined value at t/id.t line 74.
t/id.t .........
Dubious, test returned 2 (wstat 512, 0x200)
Failed 1/4 subtests
t/instance.t ... ok
Use of uninitialized value in addition (+) at lib/XML/Schema/Type/Builtin.pm line 198.
Use of uninitialized value in numeric le (<=) at lib/XML/Schema/Facet/Builtin.pm line 319.
Use of uninitialized value in addition (+) at lib/XML/Schema/Type/Builtin.pm line 198.
Use of uninitialized value in numeric le (<=) at lib/XML/Schema/Facet/Builtin.pm line 319.
Use of uninitialized value in addition (+) at lib/XML/Schema/Type/Builtin.pm line 198.
Use of uninitialized value in numeric le (<=) at lib/XML/Schema/Facet/Builtin.pm line 319.
Use of uninitialized value in addition (+) at lib/XML/Schema/Type/Builtin.pm line 198.
Use of uninitialized value in numeric le (<=) at lib/XML/Schema/Facet/Builtin.pm line 319.
Use of uninitialized value in addition (+) at lib/XML/Schema/Type/Builtin.pm line 198.
Use of uninitialized value in numeric le (<=) at lib/XML/Schema/Facet/Builtin.pm line 319.
Use of uninitialized value in addition (+) at lib/XML/Schema/Type/Builtin.pm line 198.
Use of uninitialized value in numeric le (<=) at lib/XML/Schema/Facet/Builtin.pm line 319.
Use of uninitialized value in addition (+) at lib/XML/Schema/Type/Builtin.pm line 198.
Use of uninitialized value in numeric le (<=) at lib/XML/Schema/Facet/Builtin.pm line 319.
Use of uninitialized value in addition (+) at lib/XML/Schema/Type/Builtin.pm line 198.
Use of uninitialized value in numeric le (<=) at lib/XML/Schema/Facet/Builtin.pm line 319.
Use of uninitialized value in addition (+) at lib/XML/Schema/Type/Builtin.pm line 198.
Use of uninitialized value in numeric le (<=) at lib/XML/Schema/Facet/Builtin.pm line 319.
Use of uninitialized value in addition (+) at lib/XML/Schema/Type/Builtin.pm line 198.
Use of uninitialized value in numeric le (<=) at lib/XML/Schema/Facet/Builtin.pm line 319.
Use of uninitialized value in addition (+) at lib/XML/Schema/Type/Builtin.pm line 198.
Use of uninitialized value in numeric le (<=) at lib/XML/Schema/Facet/Builtin.pm line 319.
Use of uninitialized value in addition (+) at lib/XML/Schema/Type/Builtin.pm line 198.
Use of uninitialized value in numeric le (<=) at lib/XML/Schema/Facet/Builtin.pm line 319.
Use of uninitialized value in addition (+) at lib/XML/Schema/Type/Builtin.pm line 198.
Use of uninitialized value in numeric le (<=) at lib/XML/Schema/Facet/Builtin.pm line 319.
Use of uninitialized value in addition (+) at lib/XML/Schema/Type/Builtin.pm line 198.
Use of uninitialized value in numeric le (<=) at lib/XML/Schema/Facet/Builtin.pm line 319.
Use of uninitialized value in addition (+) at lib/XML/Schema/Type/Builtin.pm line 198.
Use of uninitialized value in numeric le (<=) at lib/XML/Schema/Facet/Builtin.pm line 319.
Use of uninitialized value in addition (+) at lib/XML/Schema/Type/Builtin.pm line 198.
Use of uninitialized value in numeric le (<=) at lib/XML/Schema/Facet/Builtin.pm line 319.
Use of uninitialized value in addition (+) at lib/XML/Schema/Type/Builtin.pm line 198.
Use of uninitialized value in numeric le (<=) at lib/XML/Schema/Facet/Builtin.pm line 319.
Use of uninitialized value in addition (+) at lib/XML/Schema/Type/Builtin.pm line 198.
Use of uninitialized value in numeric le (<=) at lib/XML/Schema/Facet/Builtin.pm line 319.
Use of uninitialized value in addition (+) at lib/XML/Schema/Type/Builtin.pm line 198.
Use of uninitialized value in numeric le (<=) at lib/XML/Schema/Facet/Builtin.pm line 319.
Use of uninitialized value in addition (+) at lib/XML/Schema/Type/Builtin.pm line 198.
Use of uninitialized value in numeric le (<=) at lib/XML/Schema/Facet/Builtin.pm line 319.
Use of uninitialized value in addition (+) at lib/XML/Schema/Type/Builtin.pm line 198.
Use of uninitialized value in numeric le (<=) at lib/XML/Schema/Facet/Builtin.pm line 319.
t/list.t ....... ok
Can't locate XML/Parser.pm in @INC (@INC contains: ./lib ../lib /usr/home/cpan/pit/thr/conf/perl-5.12.3/.cpanplus/5.12.3/build/XML-Schema-0.07/blib/lib /usr/home/cpan/pit/thr/conf/perl-5.12.3/.cpanplus/5.12.3/build/XML-Schema-0.07/blib/arch /usr/home/cpan/pit/thr/conf/perl-5.12.3/.cpanplus/5.12.3/build/XML-NamespaceSupport-1.11/blib/lib /usr/home/cpan/pit/thr/conf/perl-5.12.3/.cpanplus/5.12.3/build/XML-NamespaceSupport-1.11/blib/arch /usr/home/cpan/pit/thr/conf/perl-5.12.3/.cpanplus/5.12.3/build/XML-SAX-0.96/blib/lib /usr/home/cpan/pit/thr/conf/perl-5.12.3/.cpanplus/5.12.3/build/XML-SAX-0.96/blib/arch /usr/home/cpan/pit/thr/conf/perl-5.12.3/.cpanplus/5.12.3/build/XML-LibXML-1.73/blib/lib /usr/home/cpan/pit/thr/conf/perl-5.12.3/.cpanplus/5.12.3/build/XML-LibXML-1.73/blib/arch /usr/home/cpan/pit/thr/perl-5.12.3/lib/site_perl/5.12.3/amd64-freebsd-thread-multi /usr/home/cpan/pit/thr/perl-5.12.3/lib/site_perl/5.12.3 /usr/home/cpan/pit/thr/perl-5.12.3/lib/5.12.3/amd64-freebsd-thread-multi /usr/home/cpan/pit/thr/perl-5.12.3/lib/5.12.3 .) at lib/XML/Schema/Parser.pm line 27.
BEGIN failed--compilation aborted at lib/XML/Schema/Parser.pm line 27.
Compilation failed in require at t/name.t line 28.
BEGIN failed--compilation aborted at t/name.t line 28.
t/name.t ....... skipped: (no reason given)
Can't locate XML/Parser.pm in @INC (@INC contains: ./lib ../lib /usr/home/cpan/pit/thr/conf/perl-5.12.3/.cpanplus/5.12.3/build/XML-Schema-0.07/blib/lib /usr/home/cpan/pit/thr/conf/perl-5.12.3/.cpanplus/5.12.3/build/XML-Schema-0.07/blib/arch /usr/home/cpan/pit/thr/conf/perl-5.12.3/.cpanplus/5.12.3/build/XML-NamespaceSupport-1.11/blib/lib /usr/home/cpan/pit/thr/conf/perl-5.12.3/.cpanplus/5.12.3/build/XML-NamespaceSupport-1.11/blib/arch /usr/home/cpan/pit/thr/conf/perl-5.12.3/.cpanplus/5.12.3/build/XML-SAX-0.96/blib/lib /usr/home/cpan/pit/thr/conf/perl-5.12.3/.cpanplus/5.12.3/build/XML-SAX-0.96/blib/arch /usr/home/cpan/pit/thr/conf/perl-5.12.3/.cpanplus/5.12.3/build/XML-LibXML-1.73/blib/lib /usr/home/cpan/pit/thr/conf/perl-5.12.3/.cpanplus/5.12.3/build/XML-LibXML-1.73/blib/arch /usr/home/cpan/pit/thr/perl-5.12.3/lib/site_perl/5.12.3/amd64-freebsd-thread-multi /usr/home/cpan/pit/thr/perl-5.12.3/lib/site_perl/5.12.3 /usr/home/cpan/pit/thr/perl-5.12.3/lib/5.12.3/amd64-freebsd-thread-multi /usr/home/cpan/pit/thr/perl-5.12.3/lib/5.12.3 .) at lib/XML/Schema/Parser.pm line 27.
BEGIN failed--compilation aborted at lib/XML/Schema/Parser.pm line 27.
Compilation failed in require at t/names.t line 29.
BEGIN failed--compilation aborted at t/names.t line 29.
t/names.t ...... skipped: (no reason given)
t/parser.t ..... ok
t/particle.t ... ok
Can't locate XML/Parser.pm in @INC (@INC contains: ./lib ../lib /usr/home/cpan/pit/thr/conf/perl-5.12.3/.cpanplus/5.12.3/build/XML-Schema-0.07/blib/lib /usr/home/cpan/pit/thr/conf/perl-5.12.3/.cpanplus/5.12.3/build/XML-Schema-0.07/blib/arch /usr/home/cpan/pit/thr/conf/perl-5.12.3/.cpanplus/5.12.3/build/XML-NamespaceSupport-1.11/blib/lib /usr/home/cpan/pit/thr/conf/perl-5.12.3/.cpanplus/5.12.3/build/XML-NamespaceSupport-1.11/blib/arch /usr/home/cpan/pit/thr/conf/perl-5.12.3/.cpanplus/5.12.3/build/XML-SAX-0.96/blib/lib /usr/home/cpan/pit/thr/conf/perl-5.12.3/.cpanplus/5.12.3/build/XML-SAX-0.96/blib/arch /usr/home/cpan/pit/thr/conf/perl-5.12.3/.cpanplus/5.12.3/build/XML-LibXML-1.73/blib/lib /usr/home/cpan/pit/thr/conf/perl-5.12.3/.cpanplus/5.12.3/build/XML-LibXML-1.73/blib/arch /usr/home/cpan/pit/thr/perl-5.12.3/lib/site_perl/5.12.3/amd64-freebsd-thread-multi /usr/home/cpan/pit/thr/perl-5.12.3/lib/site_perl/5.12.3 /usr/home/cpan/pit/thr/perl-5.12.3/lib/5.12.3/amd64-freebsd-thread-multi /usr/home/cpan/pit/thr/perl-5.12.3/lib/5.12.3 .) at lib/XML/Schema/Parser.pm line 27.
BEGIN failed--compilation aborted at lib/XML/Schema/Parser.pm line 27.
Compilation failed in require at t/person.t line 26.
BEGIN failed--compilation aborted at t/person.t line 26.
t/person.t ..... skipped: (no reason given)
t/scheduler.t .. ok
Use of uninitialized value in addition (+) at lib/XML/Schema/Type/Builtin.pm line 198.
Use of uninitialized value in numeric le (<=) at lib/XML/Schema/Facet/Builtin.pm line 319.
t/scope.t ...... ok
t/sequence.t ... ok
t/simple.t ..... ok
t/type.t ....... ok
Use of uninitialized value in addition (+) at lib/XML/Schema/Type/Builtin.pm line 198.
Use of uninitialized value in numeric le (<=) at lib/XML/Schema/Facet/Builtin.pm line 319.
t/union.t ...... ok
t/wildcard.t ... ok
Test Summary Report
-------------------
t/id.t (Wstat: 512 Tests: 4 Failed: 1)
Failed test: 4
Non-zero exit status: 2
t/name.t (Wstat: 512 Tests: 0 Failed: 0)
Non-zero exit status: 2
t/names.t (Wstat: 512 Tests: 0 Failed: 0)
Non-zero exit status: 2
t/person.t (Wstat: 512 Tests: 0 Failed: 0)
Non-zero exit status: 2
Files=28, Tests=1441, 2 wallclock secs ( 0.25 usr 0.10 sys + 1.51 cusr 0.59 csys = 2.45 CPU)
Result: FAIL
Failed 4/28 test programs. 1/1441 subtests failed.
*** Error code 255
Stop in /usr/home/cpan/pit/thr/conf/perl-5.12.3/.cpanplus/5.12.3/build/XML-Schema-0.07.
[MSG] [Sun Jun 19 05:42:51 2011] DEFAULT 'proceed_on_test_failure' HANDLER RETURNING 'sub return value'
MISSING PREREQUISITES:
It was observed that the test suite seem to fail without these modules:
XML::Parser
As such, adding the prerequisite module(s) to 'PREREQ_PM' in your
Makefile.PL should solve this problem. For example:
WriteMakefile(
AUTHOR => 'Andy Wardley (cpan@wardley.org)',
... # other information
PREREQ_PM => {
'XML::Parser' => '0', # or a minimum working version
}
);
Thanks! :-)
Perl module toolchain versions installed:
Module Name Have
CPANPLUS 0.9105
CPANPLUS::Dist::Build 0.56
Cwd 3.33
ExtUtils::CBuilder 0.280202
ExtUtils::Command 1.16
ExtUtils::Install 1.55
ExtUtils::MakeMaker 6.56
ExtUtils::Manifest 1.58
ExtUtils::ParseXS 2.2206
File::Spec 3.33
Module::Build 0.3800
Test::Harness 3.23
Test::More 0.98
version 0.88
******************************** NOTE ********************************
The comments above are created mechanically, possibly without manual
checking by the sender. As there are many people performing automatic
tests on each upload to CPAN, it is likely that you will receive
identical messages about the same problem.
If you believe that the message is mistaken, please reply to the first
one with correction and/or additional informations, and do not take
it personally. We appreciate your patience. :)
**********************************************************************
Additional comments:
This report was machine-generated by CPANPLUS::Dist::YACSmoke 0.62.
Powered by minismokebox version 0.48
------------------------------
ENVIRONMENT AND OTHER CONTEXT
------------------------------
Environment variables:
AUTOMATED_TESTING = 1
PATH = /sbin:/bin:/usr/sbin:/usr/bin:/usr/games:/usr/local/sbin:/usr/local/bin:/home/cpan/bin
PERL5LIB = :/usr/home/cpan/pit/thr/conf/perl-5.12.3/.cpanplus/5.12.3/build/XML-NamespaceSupport-1.11/blib/lib:/usr/home/cpan/pit/thr/conf/perl-5.12.3/.cpanplus/5.12.3/build/XML-NamespaceSupport-1.11/blib/arch:/usr/home/cpan/pit/thr/conf/perl-5.12.3/.cpanplus/5.12.3/build/XML-SAX-0.96/blib/lib:/usr/home/cpan/pit/thr/conf/perl-5.12.3/.cpanplus/5.12.3/build/XML-SAX-0.96/blib/arch:/usr/home/cpan/pit/thr/conf/perl-5.12.3/.cpanplus/5.12.3/build/XML-LibXML-1.73/blib/lib:/usr/home/cpan/pit/thr/conf/perl-5.12.3/.cpanplus/5.12.3/build/XML-LibXML-1.73/blib/arch:/usr/home/cpan/pit/thr/conf/perl-5.12.3/.cpanplus/5.12.3/build/XML-Schema-0.07/blib/lib:/usr/home/cpan/pit/thr/conf/perl-5.12.3/.cpanplus/5.12.3/build/XML-Schema-0.07/blib/arch
PERL5_CPANPLUS_IS_RUNNING = 96684
PERL5_CPANPLUS_IS_VERSION = 0.9105
PERL5_MINISMOKEBOX = 0.48
PERL5_YACSMOKE_BASE = /usr/home/cpan/pit/thr/conf/perl-5.12.3
PERL_EXTUTILS_AUTOINSTALL = --defaultdeps
PERL_MM_USE_DEFAULT = 1
SHELL = /usr/local/bin/bash
TERM = screen
Perl special variables (and OS-specific diagnostics, for MSWin32):
Perl: $^X = /usr/home/cpan/pit/thr/perl-5.12.3/bin/perl
UID: $< = 1002
EUID: $> = 1002
GID: $( = 1002 1002
EGID: $) = 1002 1002
-------------------------------
--
Summary of my perl5 (revision 5 version 12 subversion 3) configuration:
Platform:
osname=freebsd, osvers=9.0-current-201101, archname=amd64-freebsd-thread-multi
uname='freebsd flooble.bingosnet.co.uk 9.0-current-201101 freebsd 9.0-current-201101 #0: mon jan 3 22:15:39 utc 2011 root@farrell.cse.buffalo.edu:usrobjusrsrcsysgeneric amd64 '
config_args='-des -Dprefix=/usr/home/cpan/pit/thr/perl-5.12.3 -Dusethreads'
hint=recommended, useposix=true, d_sigaction=define
useithreads=define, usemultiplicity=define
useperlio=define, d_sfio=undef, uselargefiles=define, usesocks=undef
use64bitint=define, use64bitall=define, uselongdouble=undef
usemymalloc=n, bincompat5005=undef
Compiler:
cc='cc', ccflags ='-DHAS_FPSETMASK -DHAS_FLOATINGPOINT_H -fno-strict-aliasing -pipe -fstack-protector -I/usr/local/include',
optimize='-O',
cppflags='-DHAS_FPSETMASK -DHAS_FLOATINGPOINT_H -fno-strict-aliasing -pipe -fstack-protector -I/usr/local/include'
ccversion='', gccversion='4.2.1 20070719 [FreeBSD]', gccosandvers=''
intsize=4, longsize=8, ptrsize=8, doublesize=8, byteorder=12345678
d_longlong=define, longlongsize=8, d_longdbl=define, longdblsize=16
ivtype='long', ivsize=8, nvtype='double', nvsize=8, Off_t='off_t', lseeksize=8
alignbytes=8, prototype=define
Linker and Libraries:
ld='cc', ldflags ='-pthread -Wl,-E -fstack-protector -L/usr/local/lib'
libpth=/usr/lib /usr/local/lib
libs=-lgdbm -lm -lcrypt
perllibs=-lm -lcrypt
libc=, so=so, useshrplib=false, libperl=libperl.a
gnulibc_version=''
Dynamic Linking:
dlsrc=dl_dlopen.xs, dlext=so, d_dlsymun=undef, ccdlflags=' '
cccdlflags='-DPIC -fPIC', lddlflags='-shared -L/usr/local/lib -fstack-protector'
Characteristics of this binary (from libperl):
Compile-time options: MULTIPLICITY PERL_DONT_CREATE_GVSV
PERL_IMPLICIT_CONTEXT PERL_MALLOC_WRAP USE_64_BIT_ALL
USE_64_BIT_INT USE_ITHREADS USE_LARGE_FILES
USE_PERLIO USE_PERL_ATOF USE_REENTRANT_API
Built under freebsd
Compiled at Apr 29 2011 07:15:31
%ENV:
PERL5LIB=":/usr/home/cpan/pit/thr/conf/perl-5.12.3/.cpanplus/5.12.3/build/XML-NamespaceSupport-1.11/blib/lib:/usr/home/cpan/pit/thr/conf/perl-5.12.3/.cpanplus/5.12.3/build/XML-NamespaceSupport-1.11/blib/arch:/usr/home/cpan/pit/thr/conf/perl-5.12.3/.cpanplus/5.12.3/build/XML-SAX-0.96/blib/lib:/usr/home/cpan/pit/thr/conf/perl-5.12.3/.cpanplus/5.12.3/build/XML-SAX-0.96/blib/arch:/usr/home/cpan/pit/thr/conf/perl-5.12.3/.cpanplus/5.12.3/build/XML-LibXML-1.73/blib/lib:/usr/home/cpan/pit/thr/conf/perl-5.12.3/.cpanplus/5.12.3/build/XML-LibXML-1.73/blib/arch:/usr/home/cpan/pit/thr/conf/perl-5.12.3/.cpanplus/5.12.3/build/XML-Schema-0.07/blib/lib:/usr/home/cpan/pit/thr/conf/perl-5.12.3/.cpanplus/5.12.3/build/XML-Schema-0.07/blib/arch"
PERL5_CPANPLUS_IS_RUNNING="96684"
PERL5_CPANPLUS_IS_VERSION="0.9105"
PERL5_MINISMOKEBOX="0.48"
PERL5_YACSMOKE_BASE="/usr/home/cpan/pit/thr/conf/perl-5.12.3"
PERL_EXTUTILS_AUTOINSTALL="--defaultdeps"
PERL_MM_USE_DEFAULT="1"
@INC:
/usr/home/cpan/pit/thr/conf/perl-5.12.3/.cpanplus/5.12.3/build/XML-NamespaceSupport-1.11/blib/lib
/usr/home/cpan/pit/thr/conf/perl-5.12.3/.cpanplus/5.12.3/build/XML-NamespaceSupport-1.11/blib/arch
/usr/home/cpan/pit/thr/conf/perl-5.12.3/.cpanplus/5.12.3/build/XML-SAX-0.96/blib/lib
/usr/home/cpan/pit/thr/conf/perl-5.12.3/.cpanplus/5.12.3/build/XML-SAX-0.96/blib/arch
/usr/home/cpan/pit/thr/conf/perl-5.12.3/.cpanplus/5.12.3/build/XML-LibXML-1.73/blib/lib
/usr/home/cpan/pit/thr/conf/perl-5.12.3/.cpanplus/5.12.3/build/XML-LibXML-1.73/blib/arch
/usr/home/cpan/pit/thr/conf/perl-5.12.3/.cpanplus/5.12.3/build/XML-Schema-0.07/blib/lib
/usr/home/cpan/pit/thr/conf/perl-5.12.3/.cpanplus/5.12.3/build/XML-Schema-0.07/blib/arch
/usr/home/cpan/pit/thr/perl-5.12.3/lib/site_perl/5.12.3/amd64-freebsd-thread-multi
/usr/home/cpan/pit/thr/perl-5.12.3/lib/site_perl/5.12.3
/usr/home/cpan/pit/thr/perl-5.12.3/lib/5.12.3/amd64-freebsd-thread-multi
/usr/home/cpan/pit/thr/perl-5.12.3/lib/5.12.3
.