Report for rpm-build-perl-0.82

Back
From: metabase:user:320bfe00-2aae-11df-837a-5e0a49663a4f
Subject: FAIL rpm-build-perl-0.82 v5.14.1 GNU/Linux
Date: 2012-09-30T12:59:23Z

This distribution has been tested as part of the CPAN Testers
project, supporting the Perl programming language.  See
http://wiki.cpantesters.org/ for more information or email
questions to cpan-testers-discuss@perl.org


--
Dear Alexey Tourbin,

This is a computer-generated report for rpm-build-perl-0.82
on perl 5.14.1, created by CPAN-Reporter-1.2002.

Thank you for uploading your work to CPAN.  However, there was a problem
testing your distribution.

If you think this report is invalid, please consult the CPAN Testers Wiki
for suggestions on how to avoid getting FAIL reports for missing library
or binary dependencies, unsupported operating systems, and so on:

http://wiki.cpantesters.org/wiki/CPANAuthorNotes

Sections of this report:

    * Tester comments
    * Program output
    * Prerequisites
    * Environment and other context

------------------------------
TESTER COMMENTS
------------------------------

Additional comments from tester:

this report is from an automated smoke testing program
and was not reviewed by a human for accuracy

------------------------------
PROGRAM OUTPUT
------------------------------

Output from '/usr/bin/make test':

make[1]: Entering directory `/tmp/loop_over_bdir-_gw7Au/rpm-build-perl-0.82-po9iZ0/ConstOptree'
make[1]: Leaving directory `/tmp/loop_over_bdir-_gw7Au/rpm-build-perl-0.82-po9iZ0/ConstOptree'
PERL_DL_NONLAZY=1 /mnt/k75/homesand/src/perl/repoperls/installed-perls/perl/v5.14.1/2b65/bin/perl "-MExtUtils::Command::MM" "-e" "test_harness(0, 'blib/lib', 'blib/arch')" t/*.t
dying at -e line 1
 at /tmp/loop_over_bdir-_gw7Au/rpm-build-perl-0.82-po9iZ0/blib/lib/B/PerlReq.pm line 388.
	B::PerlReq::__ANON__('Can\'t locate object method "padix" via package "B::SVOP" at ...') called at /tmp/loop_over_bdir-_gw7Au/rpm-build-perl-0.82-po9iZ0/blib/lib/B/PerlReq.pm line 319
	B::PerlReq::grok_entersub('B::UNOP=SCALAR(0x1c758a0)') called at /tmp/loop_over_bdir-_gw7Au/rpm-build-perl-0.82-po9iZ0/blib/lib/B/Walker.pm line 56
	B::Walker::walk_root('B::UNOP=SCALAR(0x1c758a0)') called at /tmp/loop_over_bdir-_gw7Au/rpm-build-perl-0.82-po9iZ0/blib/lib/B/Walker.pm line 64
	B::Walker::walk_root('B::LISTOP=SCALAR(0x1c75840)') called at /tmp/loop_over_bdir-_gw7Au/rpm-build-perl-0.82-po9iZ0/blib/lib/B/Walker.pm line 105
	B::Walker::walk_main() called at /tmp/loop_over_bdir-_gw7Au/rpm-build-perl-0.82-po9iZ0/blib/lib/B/PerlReq.pm line 391
	B::PerlReq::__ANON__() called at (eval 5) line 31
	O::CHECK() called at -e line 0
	eval {...} called at -e line 0
Can't locate object method "padix" via package "B::SVOP" at /tmp/loop_over_bdir-_gw7Au/rpm-build-perl-0.82-po9iZ0/blib/lib/B/PerlReq.pm line 319.
CHECK failed--call queue aborted.

#   Failed test at t/01-B-PerlReq.t line 93.
#          got: 'perl(Try/Tiny.pm)
# perl(Bar.pm)'
#     expected: ''
dying at -e line 1
 at /tmp/loop_over_bdir-_gw7Au/rpm-build-perl-0.82-po9iZ0/blib/lib/B/PerlReq.pm line 388.
	B::PerlReq::__ANON__('Can\'t locate object method "padix" via package "B::SVOP" at ...') called at /tmp/loop_over_bdir-_gw7Au/rpm-build-perl-0.82-po9iZ0/blib/lib/B/PerlReq.pm line 319
	B::PerlReq::grok_entersub('B::UNOP=SCALAR(0xb0fdf8)') called at /tmp/loop_over_bdir-_gw7Au/rpm-build-perl-0.82-po9iZ0/blib/lib/B/Walker.pm line 56
	B::Walker::walk_root('B::UNOP=SCALAR(0xb0fdf8)') called at /tmp/loop_over_bdir-_gw7Au/rpm-build-perl-0.82-po9iZ0/blib/lib/B/Walker.pm line 64
	B::Walker::walk_root('B::LISTOP=SCALAR(0xb0fde0)') called at /tmp/loop_over_bdir-_gw7Au/rpm-build-perl-0.82-po9iZ0/blib/lib/B/Walker.pm line 64
	B::Walker::walk_root('B::UNOP=SCALAR(0xb0fd50)') called at /tmp/loop_over_bdir-_gw7Au/rpm-build-perl-0.82-po9iZ0/blib/lib/B/Walker.pm line 91
	B::Walker::walk_cv('B::CV=SCALAR(0xb0fcd8)') called at /tmp/loop_over_bdir-_gw7Au/rpm-build-perl-0.82-po9iZ0/blib/lib/B/Walker.pm line 116
	B::Walker::walk_gv('B::GV=SCALAR(0xb0fca8)') called at /tmp/loop_over_bdir-_gw7Au/rpm-build-perl-0.82-po9iZ0/blib/lib/B/Walker.pm line 132
	B::Walker::walk_stash('HASH(0x906b20)', '') called at /tmp/loop_over_bdir-_gw7Au/rpm-build-perl-0.82-po9iZ0/blib/lib/B/Walker.pm line 139
	B::Walker::walk_subs() called at /tmp/loop_over_bdir-_gw7Au/rpm-build-perl-0.82-po9iZ0/blib/lib/B/PerlReq.pm line 392
	B::PerlReq::__ANON__() called at (eval 5) line 31
	O::CHECK() called at -e line 0
	eval {...} called at -e line 0
Can't locate object method "padix" via package "B::SVOP" at /tmp/loop_over_bdir-_gw7Au/rpm-build-perl-0.82-po9iZ0/blib/lib/B/PerlReq.pm line 319.
CHECK failed--call queue aborted.

#   Failed test at t/01-B-PerlReq.t line 94.
#          got: 'perl(Try/Tiny.pm)
# perl(Bar.pm)'
#     expected: ''
dying at -e line 1
 at /tmp/loop_over_bdir-_gw7Au/rpm-build-perl-0.82-po9iZ0/blib/lib/B/PerlReq.pm line 388.
	B::PerlReq::__ANON__('Can\'t locate object method "padix" via package "B::SVOP" at ...') called at /tmp/loop_over_bdir-_gw7Au/rpm-build-perl-0.82-po9iZ0/blib/lib/B/PerlReq.pm line 319
	B::PerlReq::grok_entersub('B::UNOP=SCALAR(0x15eda48)') called at /tmp/loop_over_bdir-_gw7Au/rpm-build-perl-0.82-po9iZ0/blib/lib/B/Walker.pm line 56
	B::Walker::walk_root('B::UNOP=SCALAR(0x15eda48)') called at /tmp/loop_over_bdir-_gw7Au/rpm-build-perl-0.82-po9iZ0/blib/lib/B/Walker.pm line 64
	B::Walker::walk_root('B::LISTOP=SCALAR(0x15ed9e8)') called at /tmp/loop_over_bdir-_gw7Au/rpm-build-perl-0.82-po9iZ0/blib/lib/B/Walker.pm line 105
	B::Walker::walk_main() called at /tmp/loop_over_bdir-_gw7Au/rpm-build-perl-0.82-po9iZ0/blib/lib/B/PerlReq.pm line 391
	B::PerlReq::__ANON__() called at (eval 5) line 31
	O::CHECK() called at -e line 0
	eval {...} called at -e line 0
Can't locate object method "padix" via package "B::SVOP" at /tmp/loop_over_bdir-_gw7Au/rpm-build-perl-0.82-po9iZ0/blib/lib/B/PerlReq.pm line 319.
CHECK failed--call queue aborted.

#   Failed test at t/01-B-PerlReq.t line 95.
#          got: 'perl(Try/Tiny.pm)
# perl(Baz.pm)'
#     expected: ''
dying at -e line 1
 at /tmp/loop_over_bdir-_gw7Au/rpm-build-perl-0.82-po9iZ0/blib/lib/B/PerlReq.pm line 388.
	B::PerlReq::__ANON__('Can\'t locate object method "padix" via package "B::SVOP" at ...') called at /tmp/loop_over_bdir-_gw7Au/rpm-build-perl-0.82-po9iZ0/blib/lib/B/PerlReq.pm line 319
	B::PerlReq::grok_entersub('B::UNOP=SCALAR(0x1aef000)') called at /tmp/loop_over_bdir-_gw7Au/rpm-build-perl-0.82-po9iZ0/blib/lib/B/Walker.pm line 56
	B::Walker::walk_root('B::UNOP=SCALAR(0x1aef000)') called at /tmp/loop_over_bdir-_gw7Au/rpm-build-perl-0.82-po9iZ0/blib/lib/B/Walker.pm line 64
	B::Walker::walk_root('B::UNOP=SCALAR(0x1ad02b8)') called at /tmp/loop_over_bdir-_gw7Au/rpm-build-perl-0.82-po9iZ0/blib/lib/B/Walker.pm line 64
	B::Walker::walk_root('B::LISTOP=SCALAR(0x1ad01b0)') called at /tmp/loop_over_bdir-_gw7Au/rpm-build-perl-0.82-po9iZ0/blib/lib/B/Walker.pm line 105
	B::Walker::walk_main() called at /tmp/loop_over_bdir-_gw7Au/rpm-build-perl-0.82-po9iZ0/blib/lib/B/PerlReq.pm line 391
	B::PerlReq::__ANON__() called at (eval 5) line 31
	O::CHECK() called at -e line 0
	eval {...} called at -e line 0
Can't locate object method "padix" via package "B::SVOP" at /tmp/loop_over_bdir-_gw7Au/rpm-build-perl-0.82-po9iZ0/blib/lib/B/PerlReq.pm line 319.
CHECK failed--call queue aborted.

#   Failed test at t/01-B-PerlReq.t line 128.
#          got: 'perl(File/Glob.pm)'
#     expected: ''
# Looks like you failed 4 tests of 78.
t/01-B-PerlReq.t .. 
Dubious, test returned 4 (wstat 1024, 0x400)
Failed 4/78 subtests 
dying at /home/src/perl/repoperls/installed-perls/perl/v5.14.1/2b65/lib/5.14.1/AutoLoader.pm line 23
 at /tmp/loop_over_bdir-_gw7Au/rpm-build-perl-0.82-po9iZ0/blib/lib/B/PerlReq.pm line 388.
	B::PerlReq::__ANON__('Can\'t locate object method "padix" via package "B::SVOP" at ...') called at /tmp/loop_over_bdir-_gw7Au/rpm-build-perl-0.82-po9iZ0/blib/lib/B/PerlReq.pm line 319
	B::PerlReq::grok_entersub('B::UNOP=SCALAR(0xbcc658)') called at /tmp/loop_over_bdir-_gw7Au/rpm-build-perl-0.82-po9iZ0/blib/lib/B/Walker.pm line 56
	B::Walker::walk_root('B::UNOP=SCALAR(0xbcc658)') called at /tmp/loop_over_bdir-_gw7Au/rpm-build-perl-0.82-po9iZ0/blib/lib/B/Walker.pm line 64
	B::Walker::walk_root('B::BINOP=SCALAR(0xbcc358)') called at /tmp/loop_over_bdir-_gw7Au/rpm-build-perl-0.82-po9iZ0/blib/lib/B/Walker.pm line 64
	B::Walker::walk_root('B::LISTOP=SCALAR(0xbcc340)') called at /tmp/loop_over_bdir-_gw7Au/rpm-build-perl-0.82-po9iZ0/blib/lib/B/Walker.pm line 64
	B::Walker::walk_root('B::UNOP=SCALAR(0xbcc1c0)') called at /tmp/loop_over_bdir-_gw7Au/rpm-build-perl-0.82-po9iZ0/blib/lib/B/Walker.pm line 91
	B::Walker::walk_cv('B::CV=SCALAR(0xbcc148)') called at /tmp/loop_over_bdir-_gw7Au/rpm-build-perl-0.82-po9iZ0/blib/lib/B/Walker.pm line 116
	B::Walker::walk_gv('B::GV=SCALAR(0xbcc0d0)') called at /tmp/loop_over_bdir-_gw7Au/rpm-build-perl-0.82-po9iZ0/blib/lib/B/Walker.pm line 132
	B::Walker::walk_stash('HASH(0x9d9230)', 'AutoLoader::') called at /tmp/loop_over_bdir-_gw7Au/rpm-build-perl-0.82-po9iZ0/blib/lib/B/Walker.pm line 127
	B::Walker::walk_stash('HASH(0x9b7b20)', '') called at /tmp/loop_over_bdir-_gw7Au/rpm-build-perl-0.82-po9iZ0/blib/lib/B/Walker.pm line 139
	B::Walker::walk_subs() called at /tmp/loop_over_bdir-_gw7Au/rpm-build-perl-0.82-po9iZ0/blib/lib/B/PerlReq.pm line 392
	B::PerlReq::__ANON__() called at (eval 2) line 31
	O::CHECK() called at /home/src/perl/repoperls/installed-perls/perl/v5.14.1/2b65/lib/5.14.1/AutoLoader.pm line 0
	eval {...} called at /home/src/perl/repoperls/installed-perls/perl/v5.14.1/2b65/lib/5.14.1/AutoLoader.pm line 0
Can't locate object method "padix" via package "B::SVOP" at /tmp/loop_over_bdir-_gw7Au/rpm-build-perl-0.82-po9iZ0/blib/lib/B/PerlReq.pm line 319.
CHECK failed--call queue aborted.
# /home/src/perl/repoperls/installed-perls/perl/v5.14.1/2b65/lib/5.14.1/AutoLoader.pm: deparse failed. prefix=/home/src/perl/repoperls/installed-perls/perl/v5.14.1/2b65/lib/5.14.1

#   Failed test 'AutoLoader.pm zero exit status'
#   at t/02-perlreq.t line 33.
dying at /home/src/perl/repoperls/installed-perls/perl/v5.14.1/2b65/lib/site_perl/5.14.1/Exporter.pm line 85
 at /tmp/loop_over_bdir-_gw7Au/rpm-build-perl-0.82-po9iZ0/blib/lib/B/PerlReq.pm line 388.
	B::PerlReq::__ANON__('Can\'t locate object method "padix" via package "B::SVOP" at ...') called at /tmp/loop_over_bdir-_gw7Au/rpm-build-perl-0.82-po9iZ0/blib/lib/B/PerlReq.pm line 319
	B::PerlReq::grok_entersub('B::UNOP=SCALAR(0x246d808)') called at /tmp/loop_over_bdir-_gw7Au/rpm-build-perl-0.82-po9iZ0/blib/lib/B/Walker.pm line 56
	B::Walker::walk_root('B::UNOP=SCALAR(0x246d808)') called at /tmp/loop_over_bdir-_gw7Au/rpm-build-perl-0.82-po9iZ0/blib/lib/B/Walker.pm line 64
	B::Walker::walk_root('B::LISTOP=SCALAR(0x2480170)') called at /tmp/loop_over_bdir-_gw7Au/rpm-build-perl-0.82-po9iZ0/blib/lib/B/Walker.pm line 64
	B::Walker::walk_root('B::UNOP=SCALAR(0x2480188)') called at /tmp/loop_over_bdir-_gw7Au/rpm-build-perl-0.82-po9iZ0/blib/lib/B/Walker.pm line 64
	B::Walker::walk_root('B::UNOP=SCALAR(0x2480680)') called at /tmp/loop_over_bdir-_gw7Au/rpm-build-perl-0.82-po9iZ0/blib/lib/B/Walker.pm line 64
	B::Walker::walk_root('B::UNOP=SCALAR(0x24806f8)') called at /tmp/loop_over_bdir-_gw7Au/rpm-build-perl-0.82-po9iZ0/blib/lib/B/Walker.pm line 64
	B::Walker::walk_root('B::UNOP=SCALAR(0x24806e0)') called at /tmp/loop_over_bdir-_gw7Au/rpm-build-perl-0.82-po9iZ0/blib/lib/B/Walker.pm line 64
	B::Walker::walk_root('B::UNOP=SCALAR(0x22aeb30)') called at /tmp/loop_over_bdir-_gw7Au/rpm-build-perl-0.82-po9iZ0/blib/lib/B/Walker.pm line 64
	B::Walker::walk_root('B::UNOP=SCALAR(0x22aea88)') called at /tmp/loop_over_bdir-_gw7Au/rpm-build-perl-0.82-po9iZ0/blib/lib/B/Walker.pm line 64
	B::Walker::walk_root('B::LISTOP=SCALAR(0x22aeb90)') called at /tmp/loop_over_bdir-_gw7Au/rpm-build-perl-0.82-po9iZ0/blib/lib/B/Walker.pm line 64
	B::Walker::walk_root('B::UNOP=SCALAR(0x22aea58)') called at /tmp/loop_over_bdir-_gw7Au/rpm-build-perl-0.82-po9iZ0/blib/lib/B/Walker.pm line 91
	B::Walker::walk_cv('B::CV=SCALAR(0x22aead0)') called at /tmp/loop_over_bdir-_gw7Au/rpm-build-perl-0.82-po9iZ0/blib/lib/B/Walker.pm line 116
	B::Walker::walk_gv('B::GV=SCALAR(0x22aea28)') called at /tmp/loop_over_bdir-_gw7Au/rpm-build-perl-0.82-po9iZ0/blib/lib/B/Walker.pm line 132
	B::Walker::walk_stash('HASH(0x22a7870)', 'Exporter::') called at /tmp/loop_over_bdir-_gw7Au/rpm-build-perl-0.82-po9iZ0/blib/lib/B/Walker.pm line 127
	B::Walker::walk_stash('HASH(0x2293b20)', '') called at /tmp/loop_over_bdir-_gw7Au/rpm-build-perl-0.82-po9iZ0/blib/lib/B/Walker.pm line 139
	B::Walker::walk_subs() called at /tmp/loop_over_bdir-_gw7Au/rpm-build-perl-0.82-po9iZ0/blib/lib/B/PerlReq.pm line 392
	B::PerlReq::__ANON__() called at (eval 2) line 31
	O::CHECK() called at /home/src/perl/repoperls/installed-perls/perl/v5.14.1/2b65/lib/site_perl/5.14.1/Exporter.pm line 0
	eval {...} called at /home/src/perl/repoperls/installed-perls/perl/v5.14.1/2b65/lib/site_perl/5.14.1/Exporter.pm line 0
Can't locate object method "padix" via package "B::SVOP" at /tmp/loop_over_bdir-_gw7Au/rpm-build-perl-0.82-po9iZ0/blib/lib/B/PerlReq.pm line 319.
CHECK failed--call queue aborted.
# /home/src/perl/repoperls/installed-perls/perl/v5.14.1/2b65/lib/site_perl/5.14.1/Exporter.pm: deparse failed. prefix=/home/src/perl/repoperls/installed-perls/perl/v5.14.1/2b65/lib/site_perl/5.14.1

#   Failed test 'Exporter.pm dependencies'
#   at t/02-perlreq.t line 32.
#          got: ''
#     expected: 'perl(Exporter/Heavy.pm)'

#   Failed test 'Exporter.pm zero exit status'
#   at t/02-perlreq.t line 33.
# Looks like you failed 3 tests of 4.
t/02-perlreq.t .... 
Dubious, test returned 3 (wstat 768, 0x300)
Failed 3/4 subtests 
t/03-perlprov.t ... ok

Test Summary Report
-------------------
t/01-B-PerlReq.t (Wstat: 1024 Tests: 78 Failed: 4)
  Failed tests:  46-48, 75
  Non-zero exit status: 4
t/02-perlreq.t  (Wstat: 768 Tests: 4 Failed: 3)
  Failed tests:  2-4
  Non-zero exit status: 3
Files=3, Tests=112,  6 wallclock secs ( 0.05 usr  0.01 sys +  3.54 cusr  0.56 csys =  4.16 CPU)
Result: FAIL
Failed 2/3 test programs. 7/112 subtests failed.
make: *** [test_dynamic] Error 255

------------------------------
PREREQUISITES
------------------------------

Prerequisite modules loaded:

requires:

    Module              Need Have   
    ------------------- ---- -------
    B                   0    1.29   
    Encode              0    2.47   
    O                   0    1.01   
    Safe                0    2.33   
    Test::More          0    0.98_03

build_requires:

    Module              Need Have   
    ------------------- ---- -------
    ExtUtils::MakeMaker 0    6.62   

configure_requires:

    Module              Need Have   
    ------------------- ---- -------
    ExtUtils::MakeMaker 0    6.62   


------------------------------
ENVIRONMENT AND OTHER CONTEXT
------------------------------

Environment variables:

    AUTOMATED_TESTING = 1
    LANG = en_US.UTF-8
    LANGUAGE = en_US:en
    PATH = /home/sand/bin:/usr/local/bin:/usr/bin:/bin:/usr/bin/X11:/usr/games:/usr/local/perl/bin:/usr/X11/bin:/sbin:/usr/sbin
    PERL5LIB = 
    PERL5OPT = 
    PERL5_CPANPLUS_IS_RUNNING = 13178
    PERL5_CPAN_IS_RUNNING = 13178
    PERL_MM_USE_DEFAULT = 1
    SHELL = /usr/bin/zsh
    TERM = screen

Perl special variables (and OS-specific diagnostics, for MSWin32):

    $^X = /mnt/k75/homesand/src/perl/repoperls/installed-perls/perl/v5.14.1/2b65/bin/perl
    $UID/$EUID = 1005 / 1005
    $GID = 1005 1005
    $EGID = 1005 1005

Perl module toolchain versions installed:

    Module              Have    
    ------------------- --------
    CPAN                1.9800  
    CPAN::Meta          2.120921
    Cwd                 3.36    
    ExtUtils::CBuilder  0.280203
    ExtUtils::Command   1.17    
    ExtUtils::Install   1.56    
    ExtUtils::MakeMaker 6.62    
    ExtUtils::Manifest  1.60    
    ExtUtils::ParseXS   3.15    
    File::Spec          3.33    
    JSON                2.53    
    JSON::PP            2.27200 
    Module::Build       0.4003  
    Module::Signature   0.68    
    Parse::CPAN::Meta   1.4404  
    Test::Harness       3.25    
    Test::More          0.98_03 
    YAML                0.84    
    YAML::Syck          1.21    
    version             0.9901  


--

Summary of my perl5 (revision 5 version 14 subversion 1) configuration:
  Commit id: cc92ef02098c000d945bcf93c92bdb2a0a05fa97
  Platform:
    osname=linux, osvers=2.6.39-1-amd64, archname=x86_64-linux-ld
    uname='linux k81 2.6.39-1-amd64 #1 smp tue may 24 14:34:19 utc 2011 x86_64 gnulinux '
    config_args='-Dprefix=/home/src/perl/repoperls/installed-perls/perl/v5.14.1/2b65 -Dinstallusrbinperl=n -Uversiononly -Dusedevel -des -Ui_db -Uuseithreads -Duselongdouble -DDEBUGGING=-g'
    hint=recommended, useposix=true, d_sigaction=define
    useithreads=undef, usemultiplicity=undef
    useperlio=define, d_sfio=undef, uselargefiles=define, usesocks=undef
    use64bitint=define, use64bitall=define, uselongdouble=define
    usemymalloc=n, bincompat5005=undef
  Compiler:
    cc='cc', ccflags ='-fno-strict-aliasing -pipe -fstack-protector -I/usr/local/include -D_LARGEFILE_SOURCE -D_FILE_OFFSET_BITS=64',
    optimize='-O2 -g',
    cppflags='-fno-strict-aliasing -pipe -fstack-protector -I/usr/local/include'
    ccversion='', gccversion='4.6.1 20110616 (prerelease)', gccosandvers=''
    intsize=4, longsize=8, ptrsize=8, doublesize=8, byteorder=12345678
    d_longlong=define, longlongsize=8, d_longdbl=define, longdblsize=16
    ivtype='long', ivsize=8, nvtype='long double', nvsize=16, Off_t='off_t', lseeksize=8
    alignbytes=16, prototype=define
  Linker and Libraries:
    ld='cc', ldflags =' -fstack-protector -L/usr/local/lib'
    libpth=/usr/local/lib /lib /usr/lib /usr/lib/x86_64-linux-gnu /lib64 /usr/lib64
    libs=-lnsl -ldb -ldl -lm -lcrypt -lutil -lc
    perllibs=-lnsl -ldl -lm -lcrypt -lutil -lc
    libc=, so=so, useshrplib=false, libperl=libperl.a
    gnulibc_version='2.13'
  Dynamic Linking:
    dlsrc=dl_dlopen.xs, dlext=so, d_dlsymun=undef, ccdlflags='-Wl,-E'
    cccdlflags='-fPIC', lddlflags='-shared -O2 -g -L/usr/local/lib -fstack-protector'


Characteristics of this binary (from libperl): 
  Compile-time options: PERL_DONT_CREATE_GVSV PERL_MALLOC_WRAP
                        PERL_PRESERVE_IVUV PERL_USE_DEVEL USE_64_BIT_ALL
                        USE_64_BIT_INT USE_LARGE_FILES USE_LONG_DOUBLE
                        USE_PERLIO USE_PERL_ATOF
  Built under linux
  Compiled at Jul 24 2011 11:22:51
  %ENV:
    PERL5LIB=""
    PERL5OPT=""
    PERL5_CPANPLUS_IS_RUNNING="13178"
    PERL5_CPAN_IS_RUNNING="13178"
    PERL_MM_USE_DEFAULT="1"
  @INC:
    /home/src/perl/repoperls/installed-perls/perl/v5.14.1/2b65/lib/site_perl/5.14.1/x86_64-linux-ld
    /home/src/perl/repoperls/installed-perls/perl/v5.14.1/2b65/lib/site_perl/5.14.1
    /home/src/perl/repoperls/installed-perls/perl/v5.14.1/2b65/lib/5.14.1/x86_64-linux-ld
    /home/src/perl/repoperls/installed-perls/perl/v5.14.1/2b65/lib/5.14.1
    .