Devel-CheckLib v1.16 Perl 5 v5.41.1 x86_64-cygwin-thread-quadmath
- Status
- Fail
- From
- Peter John Acklam (PJACKLAM)
- Dist
-
Devel-CheckLib v1.16
- Platform
- Perl 5 v5.41.1 x86_64-cygwin-thread-quadmath
- Date
- 2024-07-19 07:40:07
- ID
- a80bcffb-72a8-1014-90d7-bf16c143a78a
This distribution has been tested as part of the CPAN Testers
project, supporting the Perl programming language. See
http://wiki.cpantesters.org/ for more information or email
questions to cpan-testers-discuss@perl.org
--
Dear Yasuhiro Matsumoto,
This is a computer-generated report for Devel-CheckLib-1.16
on perl 5.41.1, created by CPAN-Reporter-1.2019.
Thank you for uploading your work to CPAN. However, there was a problem
testing your distribution.
If you think this report is invalid, please consult the CPAN Testers Wiki
for suggestions on how to avoid getting FAIL reports for missing library
or binary dependencies, unsupported operating systems, and so on:
http://wiki.cpantesters.org/wiki/CPANAuthorNotes
Sections of this report:
* Tester comments
* Program output
* Prerequisites
* Environment and other context
------------------------------
TESTER COMMENTS
------------------------------
Additional comments from tester:
this report is from an automated smoke testing program
and was not reviewed by a human for accuracy
------------------------------
PROGRAM OUTPUT
------------------------------
Output from '/usr/bin/make test':
PERL_DL_NONLAZY=1 "/cygdrive/d/opt/perl5/cygwin_nt-10.0/3.5.3/x86_64/perl/5.41.1/x86_64-cygwin-thread-quadmath/bin/perl5.41.1.exe" "-MExtUtils::Command::MM" "-MTest::Harness" "-e" "undef *Test::Harness::Switches; test_harness(0, 'blib/lib', 'blib/arch')" t/*.t
t/00-load.t ................... ok
t/analyze-binary.t ............ ok
t/bad-single-word-compiler.t .. ok
t/cmdline-LIBS-INC.t .......... ok
# Failed test 'failed to build: wrong result'
# at t/custom-function.t line 75.
#
# incpath => 't/inc',
# libpath => 'Devel-Assert-testlib-wPk1qfcE',
# lib => 'bazbam',
# header => 'headerfile.h',
# # libversion returns wrong result
# function => 'foo();if(libversion() < 5) return 0; else return 1;'
#
# Can't link/include C library 'quadmath', aborting.
#
# STDOUT:
# STDERR:
# Looks like you failed 1 test of 5.
t/custom-function.t ...........
Dubious, test returned 1 (wstat 256, 0x100)
Failed 1/5 subtests
t/dash-l-libs.t ............... ok
t/exit_with_message.t ......... ok
t/flags.t ..................... ok
t/found.t ..................... ok
t/headers.t ................... ok
t/multi-word-compiler.t ....... ok
t/not_found.t ................. ok
Test Summary Report
-------------------
t/custom-function.t (Wstat: 256 (exited 1) Tests: 5 Failed: 1)
Failed test: 1
Non-zero exit status: 1
Files=12, Tests=42, 181 wallclock secs ( 0.36 usr 0.92 sys + 24.31 cusr 92.63 csys = 118.23 CPU)
Result: FAIL
Failed 1/12 test programs. 1/42 subtests failed.
make: *** [Makefile:891: test_dynamic] Error 255
------------------------------
PREREQUISITES
------------------------------
Prerequisite modules loaded:
requires:
Module Need Have
------------------- -------- --------
Exporter 0 5.78
File::Spec 0 3.90
File::Temp 0.16 0.2311
perl 5.004050 5.041001
build_requires:
Module Need Have
------------------- -------- --------
Capture::Tiny 0 0.48
ExtUtils::MakeMaker 0 7.70
Mock::Config 0.02 0.03
Test::More 0.88 1.302199
configure_requires:
Module Need Have
------------------- -------- --------
ExtUtils::MakeMaker 0 7.70
------------------------------
ENVIRONMENT AND OTHER CONTEXT
------------------------------
Environment variables:
AUTOMATED_TESTING = 1
COMSPEC = C:\WINDOWS\system32\cmd.exe
NUMBER_OF_PROCESSORS = 8
PATH = /opt/perl5/cygwin_nt-10.0/3.5.3/x86_64/perl/5.41.1/x86_64-cygwin-thread-quadmath/bin:/opt/perl5/cygwin_nt-10.0/3.5.3/x86_64/perl/5.41.1/x86_64-cygwin-thread-quadmath/local/bin:/usr/lib/lapack:/usr/local/bin:/usr/bin:/bin
PERL5LIB = /opt/perl5/cygwin_nt-10.0/3.5.3/x86_64/perl/5.41.1/x86_64-cygwin-thread-quadmath/local/lib/perl5:/opt/perl5/cygwin_nt-10.0/3.5.3/x86_64/perl/5.41.1/x86_64-cygwin-thread-quadmath/local/lib/site_perl:/opt/perl5/cygwin_nt-10.0/3.5.3/x86_64/perl/5.41.1/x86_64-cygwin-thread-quadmath/local/lib
PERL5OPT =
PERL5_CPANPLUS_IS_RUNNING = 31613
PERL5_CPAN_IS_RUNNING = 31613
PERL_CANARY_STABILITY_NOPROMPT = 1
PERL_CPAN_REPORTER_CONFIG = /cygdrive/d/home/peter/.cpanreporter/config-cygwin-rigel.ini
PERL_EXTUTILS_AUTOINSTALL = 1
PERL_MB_OPT = --install_base /opt/perl5/cygwin_nt-10.0/3.5.3/x86_64/perl/5.41.1/x86_64-cygwin-thread-quadmath/local
PERL_MM_OPT = INSTALL_BASE=/opt/perl5/cygwin_nt-10.0/3.5.3/x86_64/perl/5.41.1/x86_64-cygwin-thread-quadmath/local LIBS=-lquadmath
PERL_MM_USE_DEFAULT = 1
PERL_TEST_CRITIC = 1
PERL_TEST_CRITIC = 1
PERL_TEST_POD = 1
PERL_TEST_POD = 1
PERL_USE_UNSAFE_INC = 1
POD_TESTING = 1
POD_TESTS = 1
PROCESSOR_IDENTIFIER = Intel64 Family 6 Model 42 Stepping 7, GenuineIntel
SHELL = /bin/bash
TEMP = /tmp
TERM = xterm
Perl special variables (and OS-specific diagnostics, for MSWin32):
$^X = /cygdrive/d/opt/perl5/cygwin_nt-10.0/3.5.3/x86_64/perl/5.41.1/x86_64-cygwin-thread-quadmath/bin/perl5.41.1
$UID/$EUID = 197609 / 197609
$GID = 197609 401408 545 4 66049 11 15 68380 113 4095 66048 262180
$EGID = 197609 401408 545 4 66049 11 15 68380 113 4095 66048 262180
Perl module toolchain versions installed:
Module Have
------------------- --------
CPAN 2.36
CPAN::Meta 2.150010
Cwd 3.90
ExtUtils::CBuilder 0.280240
ExtUtils::Command 7.70
ExtUtils::Install 2.22
ExtUtils::MakeMaker 7.70
ExtUtils::Manifest 1.75
ExtUtils::ParseXS 3.52
File::Spec 3.90
JSON n/a
JSON::PP 4.16
Module::Build 0.4234
Module::Signature n/a
Parse::CPAN::Meta 2.150010
Test2 1.302199
Test::Harness 3.48
Test::More 1.302199
YAML 1.31
YAML::Syck n/a
version 0.9930
--
Summary of my perl5 (revision 5 version 41 subversion 1) configuration:
Platform:
osname=cygwin
osvers=3.5.3-1.x86_64
archname=x86_64-cygwin-thread-quadmath
uname='cygwin_nt-10.0-19045 rigel 3.5.3-1.x86_64 2024-04-03 17:25 utc x86_64 cygwin '
config_args='-de -Dmksymlinks -Dusedevel -Uinc_version_list -Uinstallusrbinperl -Dusethreads -Uusemultiplicity -Dusequadmath -Uloclibpth -Dlibpth=/usr/lib /usr/lib/gcc/x86_64-pc-cygwin/11 -Dprefix=/opt/perl5/cygwin_nt-10.0/3.5.3/x86_64/perl/5.41.1/x86_64-cygwin-thread-quadmath -Darchname=x86_64-cygwin-thread-quadmath'
hint=recommended
useposix=true
d_sigaction=define
useithreads=define
usemultiplicity=undef
use64bitint=define
use64bitall=define
uselongdouble=undef
usemymalloc=n
default_inc_excludes_dot=define
Compiler:
cc='gcc'
ccflags ='-U__STRICT_ANSI__ -D_GNU_SOURCE -fwrapv -fno-strict-aliasing -pipe -fstack-protector-strong -D_FORTIFY_SOURCE=2'
optimize='-O3'
cppflags='-U__STRICT_ANSI__ -D_GNU_SOURCE -fwrapv -fno-strict-aliasing -pipe -fstack-protector-strong'
ccversion=''
gccversion='11.4.0'
gccosandvers=''
intsize=4
longsize=8
ptrsize=8
doublesize=8
byteorder=12345678
doublekind=3
d_longlong=define
longlongsize=8
d_longdbl=define
longdblsize=16
longdblkind=3
ivtype='long'
ivsize=8
nvtype='__float128'
nvsize=16
Off_t='off_t'
lseeksize=8
alignbytes=16
prototype=define
Linker and Libraries:
ld='g++'
ldflags =' -Wl,--enable-auto-import -Wl,--export-all-symbols -Wl,--enable-auto-image-base -fstack-protector-strong'
libpth=/usr/lib /usr/lib/gcc/x86_64-pc-cygwin/11 /usr/lib/w32api /lib /usr/local/lib
libs=-lpthread -ldl -lcrypt -lquadmath
perllibs=-lpthread -ldl -lcrypt -lquadmath
libc=/usr/lib/libcygwin.a
so=dll
useshrplib=true
libperl=cygperl5_41_1.dll
gnulibc_version=''
Dynamic Linking:
dlsrc=dl_dlopen.xs
dlext=dll
d_dlsymun=undef
ccdlflags=' '
cccdlflags=' '
lddlflags=' --shared -Wl,--enable-auto-import -Wl,--export-all-symbols -Wl,--enable-auto-image-base -fstack-protector-strong'
Characteristics of this binary (from libperl):
Compile-time options:
HAS_LONG_DOUBLE
HAS_STRTOLD
HAS_TIMES
MULTIPLICITY
PERLIO_LAYERS
PERL_COPY_ON_WRITE
PERL_DONT_CREATE_GVSV
PERL_HASH_FUNC_SIPHASH13
PERL_HASH_USE_SBOX32
PERL_MALLOC_WRAP
PERL_OP_PARENT
PERL_PRESERVE_IVUV
PERL_USE_DEVEL
PERL_USE_SAFE_PUTENV
USE_64_BIT_ALL
USE_64_BIT_INT
USE_ITHREADS
USE_LARGE_FILES
USE_LOCALE
USE_LOCALE_COLLATE
USE_LOCALE_CTYPE
USE_LOCALE_NUMERIC
USE_LOCALE_TIME
USE_PERLIO
USE_PERL_ATOF
USE_QUADMATH
USE_REENTRANT_API
Built under cygwin
Compiled at Jul 11 2024 14:38:33
%ENV:
PERL5LIB="/opt/perl5/cygwin_nt-10.0/3.5.3/x86_64/perl/5.41.1/x86_64-cygwin-thread-quadmath/local/lib/perl5:/opt/perl5/cygwin_nt-10.0/3.5.3/x86_64/perl/5.41.1/x86_64-cygwin-thread-quadmath/local/lib/site_perl:/opt/perl5/cygwin_nt-10.0/3.5.3/x86_64/perl/5.41.1/x86_64-cygwin-thread-quadmath/local/lib"
PERL5OPT=""
PERL5_CPANPLUS_IS_RUNNING="31613"
PERL5_CPAN_IS_RUNNING="31613"
PERL_CANARY_STABILITY_NOPROMPT="1"
PERL_CPAN_REPORTER_CONFIG="/cygdrive/d/home/peter/.cpanreporter/config-cygwin-rigel.ini"
PERL_EXTUTILS_AUTOINSTALL="1"
PERL_MB_OPT="--install_base /opt/perl5/cygwin_nt-10.0/3.5.3/x86_64/perl/5.41.1/x86_64-cygwin-thread-quadmath/local"
PERL_MM_OPT="INSTALL_BASE=/opt/perl5/cygwin_nt-10.0/3.5.3/x86_64/perl/5.41.1/x86_64-cygwin-thread-quadmath/local LIBS=-lquadmath"
PERL_MM_USE_DEFAULT="1"
PERL_TEST_CRITIC="1"
PERL_TEST_POD="1"
PERL_USE_UNSAFE_INC="1"
@INC:
/opt/perl5/cygwin_nt-10.0/3.5.3/x86_64/perl/5.41.1/x86_64-cygwin-thread-quadmath/local/lib/perl5/x86_64-cygwin-thread-quadmath
/opt/perl5/cygwin_nt-10.0/3.5.3/x86_64/perl/5.41.1/x86_64-cygwin-thread-quadmath/local/lib/perl5
/opt/perl5/cygwin_nt-10.0/3.5.3/x86_64/perl/5.41.1/x86_64-cygwin-thread-quadmath/local/lib/site_perl
/opt/perl5/cygwin_nt-10.0/3.5.3/x86_64/perl/5.41.1/x86_64-cygwin-thread-quadmath/local/lib
/opt/perl5/cygwin_nt-10.0/3.5.3/x86_64/perl/5.41.1/x86_64-cygwin-thread-quadmath/lib/site_perl/5.41.1/x86_64-cygwin-thread-quadmath
/opt/perl5/cygwin_nt-10.0/3.5.3/x86_64/perl/5.41.1/x86_64-cygwin-thread-quadmath/lib/site_perl/5.41.1
/opt/perl5/cygwin_nt-10.0/3.5.3/x86_64/perl/5.41.1/x86_64-cygwin-thread-quadmath/lib/5.41.1/x86_64-cygwin-thread-quadmath
/opt/perl5/cygwin_nt-10.0/3.5.3/x86_64/perl/5.41.1/x86_64-cygwin-thread-quadmath/lib/5.41.1
.