Back
From: metabase:user:314402c4-2aae-11df-837a-5e0a49663a4f
Subject: FAIL Passwd-Keyring-PWSafe3-0.20 v5.8.9 FreeBSD
Date: 2012-11-21T06:35:34Z
This distribution has been tested as part of the CPAN Testers
project, supporting the Perl programming language. See
http://wiki.cpantesters.org/ for more information or email
questions to cpan-testers-discuss@perl.org
--
Dear Marcin Kasperski,
This is a computer-generated report for Passwd-Keyring-PWSafe3-0.20
on perl 5.8.9, created by CPAN-Reporter-1.2006.
Thank you for uploading your work to CPAN. However, there was a problem
testing your distribution.
If you think this report is invalid, please consult the CPAN Testers Wiki
for suggestions on how to avoid getting FAIL reports for missing library
or binary dependencies, unsupported operating systems, and so on:
http://wiki.cpantesters.org/wiki/CPANAuthorNotes
Sections of this report:
* Tester comments
* Program output
* Prerequisites
* Environment and other context
------------------------------
TESTER COMMENTS
------------------------------
Additional comments from tester:
none provided
------------------------------
PROGRAM OUTPUT
------------------------------
Output from '/usr/bin/make test':
PERL_DL_NONLAZY=1 /usr/perl5.8.9/bin/perl5.8.9 "-MExtUtils::Command::MM" "-e" "test_harness(0, 'blib/lib', 'blib/arch')" t/*.t
# Testing Passwd::Keyring::PWSafe3 0.20, Perl 5.008009, /usr/perl5.8.9/bin/perl5.8.9
t/00-load.t .......................... ok
Invalid type 'W' in unpack at /usr/local/src/CPAN/build/Crypt-PWSafe3-1.07-OLH_ST/blib/lib/Crypt/PWSafe3/Field.pm line 79.
(in cleanup) Can't call method "save" on an undefined value at /var/tmp/CPAN-build/Passwd-Keyring-PWSafe3-0.20-YSgFjF/blib/lib/Passwd/Keyring/PWSafe3.pm line 277.
# Looks like your test exited with 255 before it could output anything.
t/01-set-and-get.t ...................
Dubious, test returned 255 (wstat 65280, 0xff00)
Failed 8/8 subtests
Invalid type 'W' in unpack at /usr/local/src/CPAN/build/Crypt-PWSafe3-1.07-OLH_ST/blib/lib/Crypt/PWSafe3/Field.pm line 79.
(in cleanup) Can't call method "save" on an undefined value at /var/tmp/CPAN-build/Passwd-Keyring-PWSafe3-0.20-YSgFjF/blib/lib/Passwd/Keyring/PWSafe3.pm line 277.
# Looks like your test exited with 255 before it could output anything.
t/02-is-persistent.t .................
Dubious, test returned 255 (wstat 65280, 0xff00)
Failed 2/2 subtests
Invalid type 'W' in unpack at /usr/local/src/CPAN/build/Crypt-PWSafe3-1.07-OLH_ST/blib/lib/Crypt/PWSafe3/Field.pm line 79.
(in cleanup) Can't call method "save" on an undefined value at /var/tmp/CPAN-build/Passwd-Keyring-PWSafe3-0.20-YSgFjF/blib/lib/Passwd/Keyring/PWSafe3.pm line 277.
# Looks like your test exited with 255 before it could output anything.
t/03-many-sets-and-gets.t ............
Dubious, test returned 255 (wstat 65280, 0xff00)
Failed 11/11 subtests
Invalid type 'W' in unpack at /usr/local/src/CPAN/build/Crypt-PWSafe3-1.07-OLH_ST/blib/lib/Crypt/PWSafe3/Field.pm line 79.
(in cleanup) Can't call method "save" on an undefined value at /var/tmp/CPAN-build/Passwd-Keyring-PWSafe3-0.20-YSgFjF/blib/lib/Passwd/Keyring/PWSafe3.pm line 277.
# Looks like your test exited with 255 before it could output anything.
t/04-recovering-in-sep-prog.t ........
Dubious, test returned 255 (wstat 65280, 0xff00)
Failed 14/14 subtests
Invalid type 'W' in unpack at /usr/local/src/CPAN/build/Crypt-PWSafe3-1.07-OLH_ST/blib/lib/Crypt/PWSafe3/Field.pm line 79.
(in cleanup) Can't call method "save" on an undefined value at /var/tmp/CPAN-build/Passwd-Keyring-PWSafe3-0.20-YSgFjF/blib/lib/Passwd/Keyring/PWSafe3.pm line 277.
# Looks like your test exited with 255 before it could output anything.
t/05-many-sets-and-gets-with-name.t ..
Dubious, test returned 255 (wstat 65280, 0xff00)
Failed 22/22 subtests
Invalid type 'W' in unpack at /usr/local/src/CPAN/build/Crypt-PWSafe3-1.07-OLH_ST/blib/lib/Crypt/PWSafe3/Field.pm line 79.
(in cleanup) Can't call method "save" on an undefined value at /var/tmp/CPAN-build/Passwd-Keyring-PWSafe3-0.20-YSgFjF/blib/lib/Passwd/Keyring/PWSafe3.pm line 277.
# Looks like your test exited with 255 before it could output anything.
t/06-recovering-with-app-change.t ....
Dubious, test returned 255 (wstat 65280, 0xff00)
Failed 16/16 subtests
Invalid type 'W' in unpack at /usr/local/src/CPAN/build/Crypt-PWSafe3-1.07-OLH_ST/blib/lib/Crypt/PWSafe3/Field.pm line 79.
(in cleanup) Can't call method "save" on an undefined value at /var/tmp/CPAN-build/Passwd-Keyring-PWSafe3-0.20-YSgFjF/blib/lib/Passwd/Keyring/PWSafe3.pm line 277.
# Looks like your test exited with 255 before it could output anything.
t/07-ugly-chars.t ....................
Dubious, test returned 255 (wstat 65280, 0xff00)
Failed 4/4 subtests
Invalid type 'W' in unpack at /usr/local/src/CPAN/build/Crypt-PWSafe3-1.07-OLH_ST/blib/lib/Crypt/PWSafe3/Field.pm line 79.
(in cleanup) Can't call method "save" on an undefined value at /var/tmp/CPAN-build/Passwd-Keyring-PWSafe3-0.20-YSgFjF/blib/lib/Passwd/Keyring/PWSafe3.pm line 277.
# Looks like you planned 6 tests but ran 2.
# Looks like your test exited with 255 just after 2.
t/08-verylong-params.t ...............
Dubious, test returned 255 (wstat 65280, 0xff00)
Failed 4/6 subtests
t/09-using-fresh-file.t .............. ok
# Consider spawning Password Safe GUI to check how test.psafe3 looks like and whether it differs from sampledb/test.psafe3. Master password is 10101010
t/99-note.t .......................... ok
t/boilerplate.t ...................... ok
t/cpan-meta-json.t ................... ok
t/cpan-meta.t ........................ ok
t/manifest.t ......................... skipped: Author tests not required for installation
t/pod-coverage.t ..................... ok
t/pod.t .............................. ok
Test Summary Report
-------------------
t/01-set-and-get.t (Wstat: 65280 Tests: 0 Failed: 0)
Non-zero exit status: 255
Parse errors: Bad plan. You planned 8 tests but ran 0.
t/02-is-persistent.t (Wstat: 65280 Tests: 0 Failed: 0)
Non-zero exit status: 255
Parse errors: Bad plan. You planned 2 tests but ran 0.
t/03-many-sets-and-gets.t (Wstat: 65280 Tests: 0 Failed: 0)
Non-zero exit status: 255
Parse errors: Bad plan. You planned 11 tests but ran 0.
t/04-recovering-in-sep-prog.t (Wstat: 65280 Tests: 0 Failed: 0)
Non-zero exit status: 255
Parse errors: Bad plan. You planned 14 tests but ran 0.
t/05-many-sets-and-gets-with-name.t (Wstat: 65280 Tests: 0 Failed: 0)
Non-zero exit status: 255
Parse errors: Bad plan. You planned 22 tests but ran 0.
t/06-recovering-with-app-change.t (Wstat: 65280 Tests: 0 Failed: 0)
Non-zero exit status: 255
Parse errors: Bad plan. You planned 16 tests but ran 0.
t/07-ugly-chars.t (Wstat: 65280 Tests: 0 Failed: 0)
Non-zero exit status: 255
Parse errors: Bad plan. You planned 4 tests but ran 0.
t/08-verylong-params.t (Wstat: 65280 Tests: 2 Failed: 0)
Non-zero exit status: 255
Parse errors: Bad plan. You planned 6 tests but ran 2.
t/boilerplate.t (Wstat: 0 Tests: 3 Failed: 0)
TODO passed: 1-3
Files=17, Tests=20, 3 wallclock secs ( 0.05 usr 0.05 sys + 1.84 cusr 0.60 csys = 2.55 CPU)
Result: FAIL
Failed 8/17 test programs. 0/20 subtests failed.
*** Error code 255
Stop in /var/tmp/CPAN-build/Passwd-Keyring-PWSafe3-0.20-YSgFjF.
------------------------------
PREREQUISITES
------------------------------
Prerequisite modules loaded:
requires:
Module Need Have
--------------------- ---- ------
Bytes::Random::Secure 0.09 0.09
Crypt::PWSafe3 1.07 1.07
Module::Build 0.36 0.4003
Pod::Readme 0 0.11
Test::More 0 0.98
Test::Pod::Coverage 1.0 1.08
build_requires:
Module Need Have
--------------------- ---- ------
ExtUtils::MakeMaker 0 6.62
configure_requires:
Module Need Have
--------------------- ---- ------
Module::Build 0.36 0.4003
------------------------------
ENVIRONMENT AND OTHER CONTEXT
------------------------------
Environment variables:
DBIC_NO_WARN_BAD_PERL = 1
PATH = /usr/local/bin:/usr/X11R6/bin:/usr/X11/bin:/usr/perl5.8.0/bin:/usr/bin:/bin:/usr/local/sbin:/usr/sbin:/sbin:/usr/local/pilot/bin:/home/cpansand/bin/freebsd8.0:/home/cpansand/bin/sh:/home/cpansand/bin:/usr/X386/bin:/usr/games:/home/cpansand/devel:/usr/home/e/eserte/work/srezic-misc/scripts
PERL5LIB = /usr/local/src/CPAN/build/Crypt-PWSafe3-1.07-OLH_ST/blib/arch:/usr/local/src/CPAN/build/Crypt-PWSafe3-1.07-OLH_ST/blib/lib:/usr/local/src/CPAN/build/Bytes-Random-Secure-0.09-MOAV87/blib/arch:/usr/local/src/CPAN/build/Bytes-Random-Secure-0.09-MOAV87/blib/lib:/usr/local/src/CPAN/build/Config-AutoConf-0.20-kbRaDA/blib/arch:/usr/local/src/CPAN/build/Config-AutoConf-0.20-kbRaDA/blib/lib
PERL5OPT =
PERL5_CPANPLUS_IS_RUNNING = 95361
PERL5_CPAN_IS_RUNNING = 95361
PERL5_CPAN_IS_RUNNING_IN_RECURSION = 95341,95361
PERL_BATCH = yes
PERL_CPAN_REPORTER_CONFIG = /var/tmp/cpansmoker-1023/CGsSDQZP20_config.ini
PERL_EXTUTILS_AUTOINSTALL = --defaultdeps
PERL_HTML_DISPLAY_CLASS = HTML::Display::Mozilla
SHELL = /usr/local/bin/zsh
TERM = screen
TMPDIR = /var/tmp/cpansmoker-1023
Perl special variables (and OS-specific diagnostics, for MSWin32):
$^X = /usr/perl5.8.9/bin/perl5.8.9
$UID/$EUID = 1023 / 1023
$GID = 1023 1023
$EGID = 1023 1023
Perl module toolchain versions installed:
Module Have
------------------- --------
CPAN 1.9800
CPAN::Meta 2.112150
Cwd 3.33
ExtUtils::CBuilder 0.280205
ExtUtils::Command 1.16
ExtUtils::Install 1.52
ExtUtils::MakeMaker 6.62
ExtUtils::Manifest 1.58
ExtUtils::ParseXS 3.15
File::Spec 3.33
JSON 2.53
JSON::PP 2.27200
Module::Build 0.4003
Module::Signature 0.68
Parse::CPAN::Meta 1.4404
Test::Harness 3.23
Test::More 0.98
YAML 0.84
YAML::Syck 1.20
version 0.96
--
Summary of my perl5 (revision 5 version 8 subversion 9) configuration:
Platform:
osname=freebsd, osvers=8.0-release, archname=i386-freebsd
uname='freebsd biokovo.herceg.de 8.0-release freebsd 8.0-release #0: sat nov 21 15:48:17 utc 2009 root@almeida.cse.buffalo.edu:usrobjusrsrcsysgeneric i386 '
config_args='-Dprefix=/usr/perl5.8.9 -Dusemymalloc=n -D cc=ccache cc -Dgccansipedantic -Duse64bit -de -D hintfile=myfreebsd'
hint=recommended, useposix=true, d_sigaction=define
usethreads=undef use5005threads=undef useithreads=undef usemultiplicity=undef
useperlio=define d_sfio=undef uselargefiles=define usesocks=undef
use64bitint=undef use64bitall=undef uselongdouble=undef
usemymalloc=n, bincompat5005=undef
Compiler:
cc='ccache cc', ccflags ='-DHAS_FPSETMASK -DHAS_FLOATINGPOINT_H -fno-strict-aliasing -pipe -I/usr/local/include',
optimize='-O2 -mtune=athlon64 -pipe',
cppflags='-DHAS_FPSETMASK -DHAS_FLOATINGPOINT_H -fno-strict-aliasing -pipe -I/usr/local/include'
ccversion='', gccversion='4.2.1 20070719 [FreeBSD]', gccosandvers=''
intsize=4, longsize=4, ptrsize=4, doublesize=8, byteorder=1234
d_longlong=define, longlongsize=8, d_longdbl=define, longdblsize=12
ivtype='long', ivsize=4, nvtype='double', nvsize=8, Off_t='off_t', lseeksize=8
alignbytes=4, prototype=define
Linker and Libraries:
ld='ccache cc', ldflags ='-Wl,-E -L/usr/local/lib'
libpth=/usr/lib /usr/local/lib
libs=-lgdbm -lm -lcrypt -lutil -lc
perllibs=-lm -lcrypt -lutil -lc
libc=, so=so, useshrplib=false, libperl=libperl.a
gnulibc_version=''
Dynamic Linking:
dlsrc=dl_dlopen.xs, dlext=so, d_dlsymun=undef, ccdlflags=' '
cccdlflags='-DPIC -fPIC', lddlflags='-shared -L/usr/local/lib'
Characteristics of this binary (from libperl):
Compile-time options: PERL_MALLOC_WRAP USE_FAST_STDIO USE_LARGE_FILES
USE_PERLIO
Built under freebsd
Compiled at Jan 28 2011 08:40:05
%ENV:
PERL5LIB="/usr/local/src/CPAN/build/Crypt-PWSafe3-1.07-OLH_ST/blib/arch:/usr/local/src/CPAN/build/Crypt-PWSafe3-1.07-OLH_ST/blib/lib:/usr/local/src/CPAN/build/Bytes-Random-Secure-0.09-MOAV87/blib/arch:/usr/local/src/CPAN/build/Bytes-Random-Secure-0.09-MOAV87/blib/lib:/usr/local/src/CPAN/build/Config-AutoConf-0.20-kbRaDA/blib/arch:/usr/local/src/CPAN/build/Config-AutoConf-0.20-kbRaDA/blib/lib"
PERL5OPT=""
PERL5_CPANPLUS_IS_RUNNING="95361"
PERL5_CPAN_IS_RUNNING="95361"
PERL5_CPAN_IS_RUNNING_IN_RECURSION="95341,95361"
PERL_BATCH="yes"
PERL_CPAN_REPORTER_CONFIG="/var/tmp/cpansmoker-1023/CGsSDQZP20_config.ini"
PERL_EXTUTILS_AUTOINSTALL="--defaultdeps"
PERL_HTML_DISPLAY_CLASS="HTML::Display::Mozilla"
@INC:
/usr/local/src/CPAN/build/Crypt-PWSafe3-1.07-OLH_ST/blib/arch
/usr/local/src/CPAN/build/Crypt-PWSafe3-1.07-OLH_ST/blib/lib
/usr/local/src/CPAN/build/Bytes-Random-Secure-0.09-MOAV87/blib/arch
/usr/local/src/CPAN/build/Bytes-Random-Secure-0.09-MOAV87/blib/lib
/usr/local/src/CPAN/build/Config-AutoConf-0.20-kbRaDA/blib/arch
/usr/local/src/CPAN/build/Config-AutoConf-0.20-kbRaDA/blib/lib
/usr/perl5.8.9/lib/5.8.9/i386-freebsd
/usr/perl5.8.9/lib/5.8.9
/usr/perl5.8.9/lib/site_perl/5.8.9/i386-freebsd
/usr/perl5.8.9/lib/site_perl/5.8.9
.