CloudDeploy v1.07 Perl 5 v5.20.1 x86_64-linux-thread-multi

Status
Fail
From
Chris Williams (BINGOS)
Dist
CloudDeploy v1.07
Platform
Perl 5 v5.20.1 x86_64-linux-thread-multi
Date
2019-02-22T09:02:59
ID
a6fadd02-3680-11e9-9066-e374b0ba08e8
This distribution has been tested as part of the CPAN Testers
project, supporting the Perl programming language.  See
http://wiki.cpantesters.org/ for more information or email
questions to cpan-testers-discuss@perl.org


--

Dear JLMARTIN,

This is a computer-generated error report created automatically by
CPANPLUS, version 0.9176. Testers personal comments may appear
at the end of this report.


Thank you for uploading your work to CPAN.  However, it appears that
there were some problems testing your distribution.

TEST RESULTS:

Below is the error stack from stage 'make test':

PERL_DL_NONLAZY=1 "/home/cpan/pit/thr/perl-5.20.1/bin/perl" "-MExtUtils::Command::MM" "-MTest::Harness" "-e" "undef *Test::Harness::Switches; test_harness(0, 'blib/lib', 'blib/arch')" t/*.t
t/005_dynamicvalues.t ............. ok
t/099_build.t ..................... ok
t/101_cfstring.t .................. ok
t/102_outputs.t ................... ok
t/105_dependson.t ................. ok
t/106_resource_extended.t ......... ok
t/107_attachments.t ............... ok
t/108_policy_addstatement.t ....... ok
t/109_short_param_and_atts.t ...... ok
t/110_fn_namespace.t .............. ok
t/112_dup_resource.t .............. ok
t/113_stack_metadata.t ............ ok
Can't store CODE items at /home/cpan/pit/jail/G9hqXsodoV/lib/perl5/Hash/Merge.pm line 222.
# Tests were run but no plan was declared and done_testing() was not seen.
# Looks like your test exited with 2 just after 5.
t/117_resource_inheritance_dsl.t .. 
Dubious, test returned 2 (wstat 512, 0x200)
All 5 subtests passed 
t/300_makeamibase.t ............... ok
Resolved R2 Prop1 at /home/cpan/pit/jail/G9hqXsodoV/lib/perl5/Cfn.pm line 726.
Resolved R2 Attribute at /home/cpan/pit/jail/G9hqXsodoV/lib/perl5/Cfn.pm line 726.
t/400_create.t .................... ok
Can't locate Cfn/Resource/Monitoring/Host.pm in @INC (you may need to install the Cfn::Resource::Monitoring::Host module) (@INC contains: /home/cpan/pit/thr/conf/perl-5.20.1/.cpanplus/5.20.1/build/lP8QXF8iNw/CloudDeploy-1.07/blib/lib /home/cpan/pit/thr/conf/perl-5.20.1/.cpanplus/5.20.1/build/lP8QXF8iNw/CloudDeploy-1.07/blib/arch /home/cpan/pit/jail/G9hqXsodoV/lib/perl5/5.20.1/x86_64-linux-thread-multi /home/cpan/pit/jail/G9hqXsodoV/lib/perl5/5.20.1/x86_64-linux-thread-multi /home/cpan/pit/jail/G9hqXsodoV/lib/perl5/5.20.1 /home/cpan/pit/jail/G9hqXsodoV/lib/perl5/x86_64-linux-thread-multi /home/cpan/pit/jail/G9hqXsodoV/lib/perl5/5.20.1/x86_64-linux-thread-multi /home/cpan/pit/jail/G9hqXsodoV/lib/perl5/5.20.1 /home/cpan/pit/jail/G9hqXsodoV/lib/perl5/x86_64-linux-thread-multi /home/cpan/pit/jail/G9hqXsodoV/lib/perl5 /home/cpan/pit/thr/conf/perl-5.20.1/.cpanplus/5.20.1/build/pBrW1LbHeV/Text-ASCIITable-0.22/blib/lib /home/cpan/pit/thr/conf/perl-5.20.1/.cpanplus/5.20.1/build/pBrW1LbHeV/Text-ASCIITable-0.22/blib/arch /home/cpan/pit/jail/G9hqXsodoV/lib/perl5/5.20.1/x86_64-linux-thread-multi /home/cpan/pit/jail/G9hqXsodoV/lib/perl5/5.20.1 /home/cpan/pit/jail/G9hqXsodoV/lib/perl5/x86_64-linux-thread-multi /home/cpan/pit/jail/G9hqXsodoV/lib/perl5 /home/cpan/pit/thr/conf/perl-5.20.1/.cpanplus/5.20.1/build/pBrW1LbHeV/Text-ASCIITable-0.22/blib/lib /home/cpan/pit/thr/conf/perl-5.20.1/.cpanplus/5.20.1/build/pBrW1LbHeV/Text-ASCIITable-0.22/blib/arch /home/cpan/pit/thr/conf/perl-5.20.1/.cpanplus/5.20.1/build/lP8QXF8iNw/CloudDeploy-1.07/blib/lib /home/cpan/pit/thr/conf/perl-5.20.1/.cpanplus/5.20.1/build/lP8QXF8iNw/CloudDeploy-1.07/blib/arch /home/cpan/pit/thr/perl-5.20.1/lib/site_perl/5.20.1/x86_64-linux-thread-multi /home/cpan/pit/thr/perl-5.20.1/lib/site_perl/5.20.1 /home/cpan/pit/thr/perl-5.20.1/lib/5.20.1/x86_64-linux-thread-multi /home/cpan/pit/thr/perl-5.20.1/lib/5.20.1 .) at /home/cpan/pit/jail/G9hqXsodoV/lib/perl5/Module/Runtime.pm line 314.
# Tests were run but no plan was declared and done_testing() was not seen.
# Looks like your test exited with 2 just after 19.
t/401_diff.t ...................... 
Dubious, test returned 2 (wstat 512, 0x200)
All 19 subtests passed 

Test Summary Report
-------------------
t/117_resource_inheritance_dsl.t (Wstat: 512 Tests: 5 Failed: 0)
  Non-zero exit status: 2
  Parse errors: No plan found in TAP output
t/401_diff.t                    (Wstat: 512 Tests: 19 Failed: 0)
  Non-zero exit status: 2
  Parse errors: No plan found in TAP output
Files=16, Tests=92, 12 wallclock secs ( 0.04 usr  0.03 sys + 11.00 cusr  0.94 csys = 12.01 CPU)
Result: FAIL
Failed 2/16 test programs. 0/92 subtests failed.
make: *** [test_dynamic] Error 2
Makefile:978: recipe for target 'test_dynamic' failed



MISSING PREREQUISITES:

It was observed that the test suite seem to fail without these modules:

Cfn::Resource::Monitoring::Host

As such, adding the prerequisite module(s) to 'PREREQ_PM' in your
Makefile.PL should solve this problem.  For example:

WriteMakefile(
    AUTHOR      => 'JLMARTIN (cpanplus-info@lists.sf.net)',
    ... # other information
    PREREQ_PM   => {
	'Cfn::Resource::Monitoring::Host'	=> '0', # or a minimum working version
    }
);

Thanks! :-)

PREREQUISITES:

Here is a list of prerequisites you specified and versions we
managed to load:

	  Module Name                        Have     Want
	  AWS::CLIWrapper                    1.16        0
	  Array::Compare                    3.0.2        0
	  Cfn                                0.01        0
	  Data::Graph::Util                 0.006        0
	  Data::Printer                      0.40        0
	  ExtUtils::MakeMaker                7.34        0
	  File::Slurp                     9999.26        0
	  Hash::Merge                       0.300        0
	  Module::Runtime                   0.016        0
	  MongoDB                          v2.0.3        0
	  Moose                            2.2011        0
	  MooseX::App                        1.39        0
	  MooseX::Getopt                     0.74        0
	  MooseX::StrictConstructor          0.21        0
	  Paws                               0.39        0
	  Regexp::Common                 2017060201        0
	  String::Diff                       0.07        0
	  Template                           2.28        0
	  Term::ANSIColor                    4.02        0
	  Text::ASCIITable                   0.22        0

Perl module toolchain versions installed:
	Module Name                        Have
	CPANPLUS                         0.9176
	CPANPLUS::Dist::Build              0.90
	Cwd                                3.75
	ExtUtils::CBuilder             0.280230
	ExtUtils::Command                  7.34
	ExtUtils::Install                  2.14
	ExtUtils::MakeMaker                7.34
	ExtUtils::Manifest                 1.71
	ExtUtils::ParseXS                  3.35
	File::Spec                         3.75
	Module::Build                    0.4224
	Pod::Parser                        1.62
	Pod::Simple                        3.28
	Test2                          1.302162
	Test::Harness                      3.42
	Test::More                     1.302162
	version                          0.9924

******************************** NOTE ********************************
The comments above are created mechanically, possibly without manual
checking by the sender.  As there are many people performing automatic
tests on each upload to CPAN, it is likely that you will receive
identical messages about the same problem.

If you believe that the message is mistaken, please reply to the first
one with correction and/or additional informations, and do not take
it personally.  We appreciate your patience. :)
**********************************************************************

Additional comments:


This report was machine-generated by CPANPLUS::Dist::YACSmoke 1.06.
Powered by minismokebox version 0.68

------------------------------
ENVIRONMENT AND OTHER CONTEXT
------------------------------

Environment variables:

    AUTOMATED_TESTING = 1
    LANG = en_GB.UTF-8
    LANGUAGE = en_GB:en
    NONINTERACTIVE_TESTING = 1
    PATH = /home/cpan/pit/thr/conf/perl-5.20.1/.cpanplus/5.20.1/build/lP8QXF8iNw/CloudDeploy-1.07/blib/script:/usr/local/sbin:/usr/local/bin:/usr/sbin:/usr/bin:/sbin:/bin:/usr/games:/usr/local/games:/snap/bin
    PERL5LIB = /home/cpan/pit/jail/G9hqXsodoV/lib/perl5:/home/cpan/pit/thr/conf/perl-5.20.1/.cpanplus/5.20.1/build/pBrW1LbHeV/Text-ASCIITable-0.22/blib/lib:/home/cpan/pit/thr/conf/perl-5.20.1/.cpanplus/5.20.1/build/pBrW1LbHeV/Text-ASCIITable-0.22/blib/arch:/home/cpan/pit/thr/conf/perl-5.20.1/.cpanplus/5.20.1/build/lP8QXF8iNw/CloudDeploy-1.07/blib/lib:/home/cpan/pit/thr/conf/perl-5.20.1/.cpanplus/5.20.1/build/lP8QXF8iNw/CloudDeploy-1.07/blib/arch
    PERL5_CPANPLUS_IS_RUNNING = 26142
    PERL5_CPANPLUS_IS_VERSION = 0.9176
    PERL5_MINISMOKEBOX = 0.68
    PERL5_YACSMOKE_BASE = /home/cpan/pit/thr/conf/perl-5.20.1
    PERL_EXTUTILS_AUTOINSTALL = --defaultdeps
    PERL_LOCAL_LIB_ROOT = /home/cpan/pit/jail/G9hqXsodoV
    PERL_MB_OPT = --install_base "/home/cpan/pit/jail/G9hqXsodoV"
    PERL_MM_OPT = INSTALL_BASE=/home/cpan/pit/jail/G9hqXsodoV
    PERL_MM_USE_DEFAULT = 1
    SHELL = /bin/bash
    TERM = screen

Perl special variables (and OS-specific diagnostics, for MSWin32):

    Perl: $^X = /home/cpan/pit/thr/perl-5.20.1/bin/perl
    UID:  $<  = 1001
    EUID: $>  = 1001
    GID:  $(  = 1001 1001
    EGID: $)  = 1001 1001


-------------------------------


--

Summary of my perl5 (revision 5 version 20 subversion 1) configuration:
   
  Platform:
    osname=linux, osvers=4.4.0-21-generic, archname=x86_64-linux-thread-multi
    uname='linux uchder 4.4.0-21-generic #37-ubuntu smp mon apr 18 18:33:37 utc 2016 x86_64 x86_64 x86_64 gnulinux '
    config_args='-des -Dprefix=/home/cpan/pit/thr/perl-5.20.1 -Dusethreads'
    hint=recommended, useposix=true, d_sigaction=define
    useithreads=define, usemultiplicity=define
    use64bitint=define, use64bitall=define, uselongdouble=undef
    usemymalloc=n, bincompat5005=undef
  Compiler:
    cc='cc', ccflags ='-D_REENTRANT -D_GNU_SOURCE -fwrapv -fno-strict-aliasing -pipe -fstack-protector -I/usr/local/include -D_LARGEFILE_SOURCE -D_FILE_OFFSET_BITS=64',
    optimize='-O2',
    cppflags='-D_REENTRANT -D_GNU_SOURCE -fwrapv -fno-strict-aliasing -pipe -fstack-protector -I/usr/local/include'
    ccversion='', gccversion='5.3.1 20160413', gccosandvers=''
    intsize=4, longsize=8, ptrsize=8, doublesize=8, byteorder=12345678
    d_longlong=define, longlongsize=8, d_longdbl=define, longdblsize=16
    ivtype='long', ivsize=8, nvtype='double', nvsize=8, Off_t='off_t', lseeksize=8
    alignbytes=8, prototype=define
  Linker and Libraries:
    ld='cc', ldflags =' -fstack-protector -L/usr/local/lib'
    libpth=/usr/local/lib /usr/lib/gcc/x86_64-linux-gnu/5/include-fixed /usr/include/x86_64-linux-gnu /usr/lib /lib/x86_64-linux-gnu /lib/../lib /usr/lib/x86_64-linux-gnu /usr/lib/../lib /lib
    libs=-lnsl -lgdbm -ldl -lm -lcrypt -lutil -lpthread -lc -lgdbm_compat
    perllibs=-lnsl -ldl -lm -lcrypt -lutil -lpthread -lc
    libc=libc-2.23.so, so=so, useshrplib=false, libperl=libperl.a
    gnulibc_version='2.23'
  Dynamic Linking:
    dlsrc=dl_dlopen.xs, dlext=so, d_dlsymun=undef, ccdlflags='-Wl,-E'
    cccdlflags='-fPIC', lddlflags='-shared -O2 -L/usr/local/lib -fstack-protector'


Characteristics of this binary (from libperl): 
  Compile-time options: HAS_TIMES MULTIPLICITY PERLIO_LAYERS
                        PERL_DONT_CREATE_GVSV
                        PERL_HASH_FUNC_ONE_AT_A_TIME_HARD
                        PERL_IMPLICIT_CONTEXT PERL_MALLOC_WRAP
                        PERL_NEW_COPY_ON_WRITE PERL_PRESERVE_IVUV
                        USE_64_BIT_ALL USE_64_BIT_INT USE_ITHREADS
                        USE_LARGE_FILES USE_LOCALE USE_LOCALE_COLLATE
                        USE_LOCALE_CTYPE USE_LOCALE_NUMERIC USE_PERLIO
                        USE_PERL_ATOF USE_REENTRANT_API
  Locally applied patches:
	Devel::PatchPerl 1.42
  Built under linux
  Compiled at May  2 2016 04:03:56
  %ENV:
    PERL5LIB="/home/cpan/pit/jail/G9hqXsodoV/lib/perl5:/home/cpan/pit/thr/conf/perl-5.20.1/.cpanplus/5.20.1/build/pBrW1LbHeV/Text-ASCIITable-0.22/blib/lib:/home/cpan/pit/thr/conf/perl-5.20.1/.cpanplus/5.20.1/build/pBrW1LbHeV/Text-ASCIITable-0.22/blib/arch:/home/cpan/pit/thr/conf/perl-5.20.1/.cpanplus/5.20.1/build/lP8QXF8iNw/CloudDeploy-1.07/blib/lib:/home/cpan/pit/thr/conf/perl-5.20.1/.cpanplus/5.20.1/build/lP8QXF8iNw/CloudDeploy-1.07/blib/arch"
    PERL5_CPANPLUS_IS_RUNNING="26142"
    PERL5_CPANPLUS_IS_VERSION="0.9176"
    PERL5_MINISMOKEBOX="0.68"
    PERL5_YACSMOKE_BASE="/home/cpan/pit/thr/conf/perl-5.20.1"
    PERL_EXTUTILS_AUTOINSTALL="--defaultdeps"
    PERL_LOCAL_LIB_ROOT="/home/cpan/pit/jail/G9hqXsodoV"
    PERL_MB_OPT="--install_base "/home/cpan/pit/jail/G9hqXsodoV""
    PERL_MM_OPT="INSTALL_BASE=/home/cpan/pit/jail/G9hqXsodoV"
    PERL_MM_USE_DEFAULT="1"
  @INC:
    /home/cpan/pit/jail/G9hqXsodoV/lib/perl5/5.20.1/x86_64-linux-thread-multi
    /home/cpan/pit/jail/G9hqXsodoV/lib/perl5/5.20.1
    /home/cpan/pit/jail/G9hqXsodoV/lib/perl5/x86_64-linux-thread-multi
    /home/cpan/pit/jail/G9hqXsodoV/lib/perl5
    /home/cpan/pit/thr/conf/perl-5.20.1/.cpanplus/5.20.1/build/pBrW1LbHeV/Text-ASCIITable-0.22/blib/lib
    /home/cpan/pit/thr/conf/perl-5.20.1/.cpanplus/5.20.1/build/pBrW1LbHeV/Text-ASCIITable-0.22/blib/arch
    /home/cpan/pit/thr/conf/perl-5.20.1/.cpanplus/5.20.1/build/lP8QXF8iNw/CloudDeploy-1.07/blib/lib
    /home/cpan/pit/thr/conf/perl-5.20.1/.cpanplus/5.20.1/build/lP8QXF8iNw/CloudDeploy-1.07/blib/arch
    /home/cpan/pit/thr/perl-5.20.1/lib/site_perl/5.20.1/x86_64-linux-thread-multi
    /home/cpan/pit/thr/perl-5.20.1/lib/site_perl/5.20.1
    /home/cpan/pit/thr/perl-5.20.1/lib/5.20.1/x86_64-linux-thread-multi
    /home/cpan/pit/thr/perl-5.20.1/lib/5.20.1
    .