Report for MooseX-WithCache-0.01002

Back
From: metabase:user:d2c9f356-b46f-11df-9a90-20a83c0b7757
Subject: FAIL MooseX-WithCache-0.01002 v5.17.4 SunOS/Solaris
Date: 2012-10-20T11:02:34Z

This distribution has been tested as part of the CPAN Testers
project, supporting the Perl programming language.  See
http://wiki.cpantesters.org/ for more information or email
questions to cpan-testers-discuss@perl.org


--
Dear Daisuke Maki,

This is a computer-generated report for MooseX-WithCache-0.01002
on perl 5.17.4, created by CPAN-Reporter-1.2006.

Thank you for uploading your work to CPAN.  However, there was a problem
testing your distribution.

If you think this report is invalid, please consult the CPAN Testers Wiki
for suggestions on how to avoid getting FAIL reports for missing library
or binary dependencies, unsupported operating systems, and so on:

http://wiki.cpantesters.org/wiki/CPANAuthorNotes

Sections of this report:

    * Tester comments
    * Program output
    * Prerequisites
    * Environment and other context

------------------------------
TESTER COMMENTS
------------------------------

Additional comments from tester:

this report is from an automated smoke testing program
and was not reviewed by a human for accuracy

------------------------------
PROGRAM OUTPUT
------------------------------

Output from '/usr/local/bin/make test':

PERL_DL_NONLAZY=1 /export/home/cpant5/perl5/perlbrew/perls/perl-5.17.4/bin/perl5.17.4 "-MExtUtils::Command::MM" "-e" "test_harness(0, 'inc', 'blib/lib', 'blib/arch')" t/*.t t/*/*.t
t/00_compile.t ............... ok
syntax error at t/02_memcached.t line 25, near "$class qw(Cache::Memcached Cache::Memcached::Fast Cache::memcached::libmemcached)"
Global symbol "$class" requires explicit package name at t/02_memcached.t line 29.
Global symbol "$class" requires explicit package name at t/02_memcached.t line 31.
Global symbol "$tests" requires explicit package name at t/02_memcached.t line 37.
BEGIN not safe after errors--compilation aborted at t/02_memcached.t line 39.
t/02_memcached.t ............. 
Dubious, test returned 255 (wstat 65280, 0xff00)
No subtests run 
t/03_chi.t ................... skipped: CHI not available
t/04_fastmmap.t .............. ok
t/deprecated/00_compile.t .... ok
syntax error at t/deprecated/02_memcached.t line 20, near "$class qw(Cache::Memcached Cache::Memcached::Fast Cache::memcached::libmemcached)"
Global symbol "$class" requires explicit package name at t/deprecated/02_memcached.t line 24.
Global symbol "$class" requires explicit package name at t/deprecated/02_memcached.t line 26.
Global symbol "$tests" requires explicit package name at t/deprecated/02_memcached.t line 32.
BEGIN not safe after errors--compilation aborted at t/deprecated/02_memcached.t line 34.
t/deprecated/02_memcached.t .. 
Dubious, test returned 255 (wstat 65280, 0xff00)
No subtests run 
t/deprecated/03_chi.t ........ skipped: CHI not available
t/deprecated/04_fastmmap.t ... ok

Test Summary Report
-------------------
t/02_memcached.t           (Wstat: 65280 Tests: 0 Failed: 0)
  Non-zero exit status: 255
  Parse errors: No plan found in TAP output
t/deprecated/02_memcached.t (Wstat: 65280 Tests: 0 Failed: 0)
  Non-zero exit status: 255
  Parse errors: No plan found in TAP output
Files=8, Tests=43,  4 wallclock secs ( 0.12 usr  0.07 sys +  3.06 cusr  0.69 csys =  3.94 CPU)
Result: FAIL
Failed 2/8 test programs. 0/43 subtests failed.
make: *** [test_dynamic] Error 255

------------------------------
PREREQUISITES
------------------------------

Prerequisite modules loaded:

requires:

    Module                      Need  Have    
    --------------------------- ----- --------
    Cache::Memcached            0     1.30    
    Data::Dumper                0     2.136   
    Digest::MD5                 0     2.52    
    Moose                       0.59  2.0604  
    MooseX::Role::Parameterized 0     1.00    
    perl                        5.008 5.017004

build_requires:

    Module                      Need  Have    
    --------------------------- ----- --------
    ExtUtils::MakeMaker         6.42  6.63_02 
    IO::Socket::INET            0     1.33    
    Test::Exception             0     0.31    
    Test::More                  0     0.98    

configure_requires:

    Module                      Need  Have    
    --------------------------- ----- --------
    ExtUtils::MakeMaker         6.42  6.63_02 


------------------------------
ENVIRONMENT AND OTHER CONTEXT
------------------------------

Environment variables:

    AUTOMATED_TESTING = 1
    LANG = C
    LD_LIBRARY_PATH = /usr/local/lib:
    MANPATH_WITHOUT_PERLBREW = 
    PATH = /export/home/cpant5/perl5/perlbrew/bin:/export/home/cpant5/perl5/perlbrew/perls/perl-5.17.4/bin:/export/home/cpant5/perl5/bin:/usr/local/bin:/usr/bin
    PATH_WITHOUT_PERLBREW = /export/home/cpant5/perl5/bin:/usr/local/bin:/usr/bin
    PERL5LIB = /export/home/cpant5/.cpan/build/URL-Encode-0.01-8wQIOH/blib/arch:/export/home/cpant5/.cpan/build/URL-Encode-0.01-8wQIOH/blib/lib:/export/home/cpant5/.cpan/build/Algorithm-GooglePolylineEncoding-0.03-te8Y7d/blib/arch:/export/home/cpant5/.cpan/build/Algorithm-GooglePolylineEncoding-0.03-te8Y7d/blib/lib:/export/home/cpant5/.cpan/build/Cache-FastMmap-1.40-E41jRd/blib/arch:/export/home/cpant5/.cpan/build/Cache-FastMmap-1.40-E41jRd/blib/lib:/export/home/cpant5/.cpan/build/MooseX-Aliases-0.10-N5Gmh7/blib/arch:/export/home/cpant5/.cpan/build/MooseX-Aliases-0.10-N5Gmh7/blib/lib
    PERL5OPT = 
    PERL5_CPANPLUS_IS_RUNNING = 3330
    PERL5_CPAN_IS_RUNNING = 3330
    PERL5_CPAN_IS_RUNNING_IN_RECURSION = 29444,3330
    PERLBREW_BASHRC_VERSION = 0.44
    PERLBREW_HOME = /export/home/cpant5/.perlbrew
    PERLBREW_MANPATH = /export/home/cpant5/perl5/perlbrew/perls/perl-5.17.4/man
    PERLBREW_PATH = /export/home/cpant5/perl5/perlbrew/bin:/export/home/cpant5/perl5/perlbrew/perls/perl-5.17.4/bin
    PERLBREW_PERL = perl-5.17.4
    PERLBREW_ROOT = /export/home/cpant5/perl5/perlbrew
    PERLBREW_VERSION = 0.44
    PERL_CR_SMOKER_CURRENT = Google-Directions-0.09
    PERL_EXTUTILS_AUTOINSTALL = --defaultdeps
    PERL_MM_USE_DEFAULT = 1
    SHELL = /bin/bash
    TERM = xterm

Perl special variables (and OS-specific diagnostics, for MSWin32):

    $^X = /export/home/cpant5/perl5/perlbrew/perls/perl-5.17.4/bin/perl5.17.4
    $UID/$EUID = 105 / 105
    $GID = 1 1
    $EGID = 1 1

Perl module toolchain versions installed:

    Module              Have    
    ------------------- --------
    CPAN                1.9800  
    CPAN::Meta          2.120921
    Cwd                 3.39_02 
    ExtUtils::CBuilder  0.280208
    ExtUtils::Command   1.17    
    ExtUtils::Install   1.58    
    ExtUtils::MakeMaker 6.63_02 
    ExtUtils::Manifest  1.61    
    ExtUtils::ParseXS   3.18    
    File::Spec          3.39_02 
    JSON                2.53    
    JSON::PP            2.27200 
    Module::Build       0.4003  
    Module::Signature   n/a     
    Parse::CPAN::Meta   1.4404  
    Test::Harness       3.25_01 
    Test::More          0.98    
    YAML                0.84    
    YAML::Syck          1.21    
    version             0.9901  


--

Summary of my perl5 (revision 5 version 17 subversion 4) configuration:
   
  Platform:
    osname=solaris, osvers=2.10, archname=i86pc-solaris-64int
    uname='sunos vmrz0046 5.10 generic_141445-09 i86pc i386 i86pc solaris '
    config_args='-de -Dprefix=/export/home/cpant5/perl5/perlbrew/perls/perl-5.17.4 -Dcc=gcc -Duse64bitint -Dusedevel -Dusedevel -Aeval:scriptdir=/export/home/cpant5/perl5/perlbrew/perls/perl-5.17.4/bin'
    hint=recommended, useposix=true, d_sigaction=define
    useithreads=undef, usemultiplicity=undef
    useperlio=define, d_sfio=undef, uselargefiles=define, usesocks=undef
    use64bitint=define, use64bitall=undef, uselongdouble=undef
    usemymalloc=n, bincompat5005=undef
  Compiler:
    cc='gcc', ccflags ='-DPTR_IS_LONG -fno-strict-aliasing -pipe -I/usr/local/include -D_LARGEFILE_SOURCE -D_FILE_OFFSET_BITS=64 -DPERL_USE_SAFE_PUTENV',
    optimize='-O',
    cppflags='-DPTR_IS_LONG -fno-strict-aliasing -pipe -I/usr/local/include'
    ccversion='', gccversion='3.4.6', gccosandvers='solaris2.10'
    intsize=4, longsize=4, ptrsize=4, doublesize=8, byteorder=12345678
    d_longlong=define, longlongsize=8, d_longdbl=define, longdblsize=12
    ivtype='long long', ivsize=8, nvtype='double', nvsize=8, Off_t='off_t', lseeksize=8
    alignbytes=4, prototype=define
  Linker and Libraries:
    ld='gcc', ldflags =' -L/usr/local/lib '
    libpth=/usr/local/lib /usr/lib /usr/ccs/lib
    libs=-lsocket -lnsl -lgdbm -ldl -lm -lc
    perllibs=-lsocket -lnsl -ldl -lm -lc
    libc=/lib/libc.so, so=so, useshrplib=false, libperl=libperl.a
    gnulibc_version=''
  Dynamic Linking:
    dlsrc=dl_dlopen.xs, dlext=so, d_dlsymun=undef, ccdlflags=' '
    cccdlflags='-fPIC', lddlflags='-G -L/usr/local/lib'


Characteristics of this binary (from libperl): 
  Compile-time options: HAS_TIMES PERLIO_LAYERS PERL_DONT_CREATE_GVSV
                        PERL_MALLOC_WRAP PERL_PRESERVE_IVUV PERL_USE_DEVEL
                        PERL_USE_SAFE_PUTENV USE_64_BIT_INT USE_LARGE_FILES
                        USE_LOCALE USE_LOCALE_COLLATE USE_LOCALE_CTYPE
                        USE_LOCALE_NUMERIC USE_PERLIO USE_PERL_ATOF
  Built under solaris
  Compiled at Oct  9 2012 12:36:16
  %ENV:
    PERL5LIB="/export/home/cpant5/.cpan/build/URL-Encode-0.01-8wQIOH/blib/arch:/export/home/cpant5/.cpan/build/URL-Encode-0.01-8wQIOH/blib/lib:/export/home/cpant5/.cpan/build/Algorithm-GooglePolylineEncoding-0.03-te8Y7d/blib/arch:/export/home/cpant5/.cpan/build/Algorithm-GooglePolylineEncoding-0.03-te8Y7d/blib/lib:/export/home/cpant5/.cpan/build/Cache-FastMmap-1.40-E41jRd/blib/arch:/export/home/cpant5/.cpan/build/Cache-FastMmap-1.40-E41jRd/blib/lib:/export/home/cpant5/.cpan/build/MooseX-Aliases-0.10-N5Gmh7/blib/arch:/export/home/cpant5/.cpan/build/MooseX-Aliases-0.10-N5Gmh7/blib/lib"
    PERL5OPT=""
    PERL5_CPANPLUS_IS_RUNNING="3330"
    PERL5_CPAN_IS_RUNNING="3330"
    PERL5_CPAN_IS_RUNNING_IN_RECURSION="29444,3330"
    PERLBREW_BASHRC_VERSION="0.44"
    PERLBREW_HOME="/export/home/cpant5/.perlbrew"
    PERLBREW_MANPATH="/export/home/cpant5/perl5/perlbrew/perls/perl-5.17.4/man"
    PERLBREW_PATH="/export/home/cpant5/perl5/perlbrew/bin:/export/home/cpant5/perl5/perlbrew/perls/perl-5.17.4/bin"
    PERLBREW_PERL="perl-5.17.4"
    PERLBREW_ROOT="/export/home/cpant5/perl5/perlbrew"
    PERLBREW_VERSION="0.44"
    PERL_CR_SMOKER_CURRENT="Google-Directions-0.09"
    PERL_EXTUTILS_AUTOINSTALL="--defaultdeps"
    PERL_MM_USE_DEFAULT="1"
  @INC:
    /export/home/cpant5/.cpan/build/URL-Encode-0.01-8wQIOH/blib/arch
    /export/home/cpant5/.cpan/build/URL-Encode-0.01-8wQIOH/blib/lib
    /export/home/cpant5/.cpan/build/Algorithm-GooglePolylineEncoding-0.03-te8Y7d/blib/arch
    /export/home/cpant5/.cpan/build/Algorithm-GooglePolylineEncoding-0.03-te8Y7d/blib/lib
    /export/home/cpant5/.cpan/build/Cache-FastMmap-1.40-E41jRd/blib/arch
    /export/home/cpant5/.cpan/build/Cache-FastMmap-1.40-E41jRd/blib/lib
    /export/home/cpant5/.cpan/build/MooseX-Aliases-0.10-N5Gmh7/blib/arch
    /export/home/cpant5/.cpan/build/MooseX-Aliases-0.10-N5Gmh7/blib/lib
    /export/home/cpant5/perl5/perlbrew/perls/perl-5.17.4/lib/site_perl/5.17.4/i86pc-solaris-64int
    /export/home/cpant5/perl5/perlbrew/perls/perl-5.17.4/lib/site_perl/5.17.4
    /export/home/cpant5/perl5/perlbrew/perls/perl-5.17.4/lib/5.17.4/i86pc-solaris-64int
    /export/home/cpant5/perl5/perlbrew/perls/perl-5.17.4/lib/5.17.4
    .