Encode-JP-Mobile v0.30 Perl 5 v5.27.3 x86_64-linux
- Status
- Fail
- From
- Andreas J. König (ANDK)
- Dist
-
Encode-JP-Mobile v0.30
- Platform
- Perl 5 v5.27.3 x86_64-linux
- Date
- 2017-08-31 21:16:27
- ID
- a6b314e2-8e91-11e7-ba1a-ab142dff826a
This distribution has been tested as part of the CPAN Testers
project, supporting the Perl programming language. See
http://wiki.cpantesters.org/ for more information or email
questions to cpan-testers-discuss@perl.org
--
Dear Tatsuhiko Miyagawa,
This is a computer-generated report for Encode-JP-Mobile-0.30
on perl 5.27.3, created by CPAN-Reporter-1.2018.
Thank you for uploading your work to CPAN. However, there was a problem
testing your distribution.
If you think this report is invalid, please consult the CPAN Testers Wiki
for suggestions on how to avoid getting FAIL reports for missing library
or binary dependencies, unsupported operating systems, and so on:
http://wiki.cpantesters.org/wiki/CPANAuthorNotes
Sections of this report:
* Tester comments
* Program output
* Prerequisites
* Environment and other context
------------------------------
TESTER COMMENTS
------------------------------
Additional comments from tester:
this report is from an automated smoke testing program
and was not reviewed by a human for accuracy
------------------------------
PROGRAM OUTPUT
------------------------------
Output from '/usr/bin/make test':
"/tmp/basesmoker-reloperl-JRRA/bin/perl" -MExtUtils::Command::MM -e 'cp_nonempty' -- Mobile.bs blib/arch/auto/Encode/JP/Mobile/Mobile.bs 644
PERL_DL_NONLAZY=1 "/tmp/basesmoker-reloperl-JRRA/bin/perl" "-MExtUtils::Command::MM" "-MTest::Harness" "-e" "undef *Test::Harness::Switches; test_harness(0, 'blib/lib', 'blib/arch')" t/*.t
Use of uninitialized value in subroutine entry at /home/sand/src/perl/repoperls/installed-perls/host/k93x64sid/v5.27.3/29a83/lib/site_perl/5.27.3/File/ShareDir.pm line 329.
t/airh-jis.t ......................... ok
Use of uninitialized value in subroutine entry at /home/sand/src/perl/repoperls/installed-perls/host/k93x64sid/v5.27.3/29a83/lib/site_perl/5.27.3/File/ShareDir.pm line 329.
Use of uninitialized value in subroutine entry at /home/sand/src/perl/repoperls/installed-perls/host/k93x64sid/v5.27.3/29a83/lib/site_perl/5.27.3/File/ShareDir.pm line 329.
Use of uninitialized value in subroutine entry at /home/sand/src/perl/repoperls/installed-perls/host/k93x64sid/v5.27.3/29a83/lib/site_perl/5.27.3/File/ShareDir.pm line 329.
Use of uninitialized value in subroutine entry at /home/sand/src/perl/repoperls/installed-perls/host/k93x64sid/v5.27.3/29a83/lib/site_perl/5.27.3/File/ShareDir.pm line 329.
t/character.t ........................ ok
Use of uninitialized value in subroutine entry at /home/sand/src/perl/repoperls/installed-perls/host/k93x64sid/v5.27.3/29a83/lib/site_perl/5.27.3/File/ShareDir.pm line 329.
t/charnames-clobber-it.t ............. ok
# Failed test at t/charnames.t line 45.
# got: '1'
# expected: 'î³'
# Failed test 'check warn num'
# at t/charnames.t line 60.
# got: '4'
# expected: '1'
# Failed test 'warning when unkown character'
# at t/charnames.t line 61.
# 'unknown charnames: ãÂÂã¡ã¼ã¹ãÂÂãÂÂã¼ã at t/charnames.t line 45.
# '
# doesn't match '(?^:unknown charnames: Foo)'
# Looks like you failed 3 tests of 34.
t/charnames.t ........................
Dubious, test returned 3 (wstat 768, 0x300)
Failed 3/34 subtests
Use of uninitialized value in subroutine entry at /home/sand/src/perl/repoperls/installed-perls/host/k93x64sid/v5.27.3/29a83/lib/site_perl/5.27.3/File/ShareDir.pm line 329.
t/convert-bruteforce.t ............... ok
Use of uninitialized value in subroutine entry at /home/sand/src/perl/repoperls/installed-perls/host/k93x64sid/v5.27.3/29a83/lib/site_perl/5.27.3/File/ShareDir.pm line 329.
t/convert-sjis-fallback-leave_src.t .. ok
Use of uninitialized value in subroutine entry at /home/sand/src/perl/repoperls/installed-perls/host/k93x64sid/v5.27.3/29a83/lib/site_perl/5.27.3/File/ShareDir.pm line 329.
t/docomo-bruteforce.t ................ ok
Use of uninitialized value in subroutine entry at /home/sand/src/perl/repoperls/installed-perls/host/k93x64sid/v5.27.3/29a83/lib/site_perl/5.27.3/File/ShareDir.pm line 329.
t/emoji_convert_sjis.t ............... ok
Use of uninitialized value in subroutine entry at /home/sand/src/perl/repoperls/installed-perls/host/k93x64sid/v5.27.3/29a83/lib/site_perl/5.27.3/File/ShareDir.pm line 329.
t/emoji_convert_utf8.t ............... ok
Use of uninitialized value in subroutine entry at /home/sand/src/perl/repoperls/installed-perls/host/k93x64sid/v5.27.3/29a83/lib/site_perl/5.27.3/File/ShareDir.pm line 329.
t/emoji_convert_utf8_fb.t ............ ok
Use of uninitialized value in subroutine entry at /home/sand/src/perl/repoperls/installed-perls/host/k93x64sid/v5.27.3/29a83/lib/site_perl/5.27.3/File/ShareDir.pm line 329.
t/fallback.t ......................... ok
Use of uninitialized value in subroutine entry at /home/sand/src/perl/repoperls/installed-perls/host/k93x64sid/v5.27.3/29a83/lib/site_perl/5.27.3/File/ShareDir.pm line 329.
t/fullwidth_tilde.t .................. ok
Use of uninitialized value in subroutine entry at /home/sand/src/perl/repoperls/installed-perls/host/k93x64sid/v5.27.3/29a83/lib/site_perl/5.27.3/File/ShareDir.pm line 329.
t/kddi-bruteforce.t .................. ok
Use of uninitialized value in subroutine entry at /home/sand/src/perl/repoperls/installed-perls/host/k93x64sid/v5.27.3/29a83/lib/site_perl/5.27.3/File/ShareDir.pm line 329.
t/kddi-jis.t ......................... ok
Use of uninitialized value in subroutine entry at /home/sand/src/perl/repoperls/installed-perls/host/k93x64sid/v5.27.3/29a83/lib/site_perl/5.27.3/File/ShareDir.pm line 329.
t/kddi-trans.t ....................... ok
Use of uninitialized value in subroutine entry at /home/sand/src/perl/repoperls/installed-perls/host/k93x64sid/v5.27.3/29a83/lib/site_perl/5.27.3/File/ShareDir.pm line 329.
t/mime_encoding.t .................... ok
Use of uninitialized value in subroutine entry at /home/sand/src/perl/repoperls/installed-perls/host/k93x64sid/v5.27.3/29a83/lib/site_perl/5.27.3/File/ShareDir.pm line 329.
t/mime_name.t ........................ ok
Use of uninitialized value in subroutine entry at /home/sand/src/perl/repoperls/installed-perls/host/k93x64sid/v5.27.3/29a83/lib/site_perl/5.27.3/File/ShareDir.pm line 329.
t/Mobile.t ........................... ok
Use of uninitialized value in subroutine entry at /home/sand/src/perl/repoperls/installed-perls/host/k93x64sid/v5.27.3/29a83/lib/site_perl/5.27.3/File/ShareDir.pm line 329.
t/props-bruteforce-yaml.t ............ ok
Use of uninitialized value in subroutine entry at /home/sand/src/perl/repoperls/installed-perls/host/k93x64sid/v5.27.3/29a83/lib/site_perl/5.27.3/File/ShareDir.pm line 329.
t/props-bruteforce.t ................. ok
Use of uninitialized value in subroutine entry at /home/sand/src/perl/repoperls/installed-perls/host/k93x64sid/v5.27.3/29a83/lib/site_perl/5.27.3/File/ShareDir.pm line 329.
t/props.t ............................ ok
Use of uninitialized value in subroutine entry at /home/sand/src/perl/repoperls/installed-perls/host/k93x64sid/v5.27.3/29a83/lib/site_perl/5.27.3/File/ShareDir.pm line 329.
t/softbank-bruteforce.t .............. ok
Use of uninitialized value in subroutine entry at /home/sand/src/perl/repoperls/installed-perls/host/k93x64sid/v5.27.3/29a83/lib/site_perl/5.27.3/File/ShareDir.pm line 329.
t/softbank-manychars.t ............... ok
Use of uninitialized value in subroutine entry at /home/sand/src/perl/repoperls/installed-perls/host/k93x64sid/v5.27.3/29a83/lib/site_perl/5.27.3/File/ShareDir.pm line 329.
t/vodafone-fallback.t ................ ok
Test Summary Report
-------------------
t/charnames.t (Wstat: 768 Tests: 34 Failed: 3)
Failed tests: 18, 22-23
Non-zero exit status: 3
Files=24, Tests=27835, 6 wallclock secs ( 1.05 usr 0.30 sys + 5.30 cusr 0.57 csys = 7.22 CPU)
Result: FAIL
Failed 1/24 test programs. 3/27835 subtests failed.
Makefile:1042: recipe for target 'test_dynamic' failed
make: *** [test_dynamic] Error 255
------------------------------
PREREQUISITES
------------------------------
Prerequisite modules loaded:
requires:
Module Need Have
------------------- ----- -----
Encode 2.23 2.92
File::ShareDir 0.05 1.104
MIME::Words 5.428 5.509
build_requires:
Module Need Have
------------------- ----- -----
ExtUtils::MakeMaker 0 7.30
configure_requires:
Module Need Have
------------------- ----- -----
ExtUtils::MakeMaker 0 7.30
------------------------------
ENVIRONMENT AND OTHER CONTEXT
------------------------------
Environment variables:
AUTOMATED_TESTING = 1
LANG = en_US.UTF-8
PATH = /home/sand/bin:/usr/local/bin:/usr/bin:/bin:/usr/games:/usr/local/perl/bin:/usr/X11/bin:/sbin:/usr/sbin
PERL5LIB = /tmp/loop_over_bdir-6888-siGVFp/Net-DNS-1.12-0/blib/arch:/tmp/loop_over_bdir-6888-siGVFp/Net-DNS-1.12-0/blib/lib
PERL5OPT =
PERL5_CPANPLUS_IS_RUNNING = 15811
PERL5_CPAN_IS_RUNNING = 15811
PERL_CANARY_STABILITY_NOPROMPT = 1
PERL_MM_USE_DEFAULT = 1
PERL_USE_UNSAFE_INC = 1
SHELL = /usr/bin/zsh
TERM = screen
Perl special variables (and OS-specific diagnostics, for MSWin32):
$^X = /tmp/basesmoker-reloperl-JRRA/bin/perl
$UID/$EUID = 1005 / 1005
$GID = 1005 1005
$EGID = 1005 1005
Perl module toolchain versions installed:
Module Have
------------------- --------
CPAN 2.18
CPAN::Meta 2.150010
Cwd 3.68
ExtUtils::CBuilder 0.280228
ExtUtils::Command 7.30
ExtUtils::Install 2.14
ExtUtils::MakeMaker 7.30
ExtUtils::Manifest 1.70
ExtUtils::ParseXS 3.35
File::Spec 3.68
JSON 2.94
JSON::PP 2.94
Module::Build 0.4224
Module::Signature 0.81
Parse::CPAN::Meta 2.150010
Test::Harness 3.39
Test::More 1.302086
YAML 1.23
YAML::Syck 1.30
version 0.9918
--
Summary of my perl5 (revision 5 version 27 subversion 3) configuration:
Commit id: 7c9c5138c6a704d1caf5908650193f777b81ad23
Platform:
osname=linux
osvers=4.12.0-1-amd64
archname=x86_64-linux
uname='linux k93x64sid 4.12.0-1-amd64 #1 smp debian 4.12.6-1 (2017-08-12) x86_64 gnulinux '
config_args='-Dprefix=/home/sand/src/perl/repoperls/installed-perls/host/k93x64sid/v5.27.3/29a83 -Dmyhostname=k93x64sid -Dinstallusrbinperl=n -Uversiononly -Dusedevel -des -Ui_db -Dlibswanted=cl pthread socket inet nsl gdbm dbm malloc dl ld sun m crypt sec util c cposix posix ucb BSD gdbm_compat -Uuseithreads -Uuselongdouble -DDEBUGGING=-g'
hint=recommended
useposix=true
d_sigaction=define
useithreads=undef
usemultiplicity=undef
use64bitint=define
use64bitall=define
uselongdouble=undef
usemymalloc=n
default_inc_excludes_dot=define
bincompat5005=undef
Compiler:
cc='cc'
ccflags ='-fwrapv -fno-strict-aliasing -pipe -fstack-protector-strong -I/usr/local/include -D_LARGEFILE_SOURCE -D_FILE_OFFSET_BITS=64 -D_FORTIFY_SOURCE=2'
optimize='-O2 -g'
cppflags='-fwrapv -fno-strict-aliasing -pipe -fstack-protector-strong -I/usr/local/include'
ccversion=''
gccversion='7.2.0'
gccosandvers=''
intsize=4
longsize=8
ptrsize=8
doublesize=8
byteorder=12345678
doublekind=3
d_longlong=define
longlongsize=8
d_longdbl=define
longdblsize=16
longdblkind=3
ivtype='long'
ivsize=8
nvtype='double'
nvsize=8
Off_t='off_t'
lseeksize=8
alignbytes=8
prototype=define
Linker and Libraries:
ld='cc'
ldflags =' -fstack-protector-strong -L/usr/local/lib'
libpth=/usr/local/lib /usr/lib/gcc/x86_64-linux-gnu/7/include-fixed /usr/include/x86_64-linux-gnu /usr/lib /lib/x86_64-linux-gnu /lib/../lib /usr/lib/x86_64-linux-gnu /usr/lib/../lib /lib
libs=-lpthread -lnsl -ldl -lm -lcrypt -lutil -lc
perllibs=-lpthread -lnsl -ldl -lm -lcrypt -lutil -lc
libc=libc-2.24.so
so=so
useshrplib=false
libperl=libperl.a
gnulibc_version='2.24'
Dynamic Linking:
dlsrc=dl_dlopen.xs
dlext=so
d_dlsymun=undef
ccdlflags='-Wl,-E'
cccdlflags='-fPIC'
lddlflags='-shared -O2 -g -L/usr/local/lib -fstack-protector-strong'
Characteristics of this binary (from libperl):
Compile-time options:
HAS_TIMES
PERLIO_LAYERS
PERL_COPY_ON_WRITE
PERL_DONT_CREATE_GVSV
PERL_MALLOC_WRAP
PERL_OP_PARENT
PERL_PRESERVE_IVUV
PERL_USE_DEVEL
USE_64_BIT_ALL
USE_64_BIT_INT
USE_LARGE_FILES
USE_LOCALE
USE_LOCALE_COLLATE
USE_LOCALE_CTYPE
USE_LOCALE_NUMERIC
USE_LOCALE_TIME
USE_PERLIO
USE_PERL_ATOF
Built under linux
Compiled at Aug 31 2017 05:23:11
%ENV:
PERL5LIB="/tmp/loop_over_bdir-6888-siGVFp/Net-DNS-1.12-0/blib/arch:/tmp/loop_over_bdir-6888-siGVFp/Net-DNS-1.12-0/blib/lib"
PERL5OPT=""
PERL5_CPANPLUS_IS_RUNNING="15811"
PERL5_CPAN_IS_RUNNING="15811"
PERL_CANARY_STABILITY_NOPROMPT="1"
PERL_MM_USE_DEFAULT="1"
PERL_USE_UNSAFE_INC="1"
@INC:
/tmp/loop_over_bdir-6888-siGVFp/Net-DNS-1.12-0/blib/arch
/tmp/loop_over_bdir-6888-siGVFp/Net-DNS-1.12-0/blib/lib
/home/sand/src/perl/repoperls/installed-perls/host/k93x64sid/v5.27.3/29a83/lib/site_perl/5.27.3/x86_64-linux
/home/sand/src/perl/repoperls/installed-perls/host/k93x64sid/v5.27.3/29a83/lib/site_perl/5.27.3
/home/sand/src/perl/repoperls/installed-perls/host/k93x64sid/v5.27.3/29a83/lib/5.27.3/x86_64-linux
/home/sand/src/perl/repoperls/installed-perls/host/k93x64sid/v5.27.3/29a83/lib/5.27.3
.